57.141.0.51 - - [11/Mar/2026:08:53:58 -0400] "GET /shop/parieto/irrelatively06744715486.shtml HTTP/1.1" 200 72972 "-" "meta-externalagent/1.1 (+https://developers.facebook.com/docs/sharing/webmasters/crawler)"
57.141.0.41 - - [11/Mar/2026:08:53:59 -0400] "GET /shop/insessores/psychopathist023136838443.shtml HTTP/1.1" 200 72972 "-" "meta-externalagent/1.1 (+https://developers.facebook.com/docs/sharing/webmasters/crawler)"
57.141.0.24 - - [11/Mar/2026:08:54:00 -0400] "GET /shop/tetractinellida/rucked043527213762.shtml HTTP/1.1" 200 72972 "-" "meta-externalagent/1.1 (+https://developers.facebook.com/docs/sharing/webmasters/crawler)"
57.141.0.12 - - [11/Mar/2026:08:54:00 -0400] "GET /shop/closet/gaudless05541096873.shtml HTTP/1.1" 200 72972 "-" "meta-externalagent/1.1 (+https://developers.facebook.com/docs/sharing/webmasters/crawler)"
57.141.0.56 - - [11/Mar/2026:08:54:01 -0400] "GET /shop/petrescence/heterogenetic042966021869.shtml HTTP/1.1" 200 72972 "-" "meta-externalagent/1.1 (+https://developers.facebook.com/docs/sharing/webmasters/crawler)"
57.141.0.40 - - [11/Mar/2026:08:54:01 -0400] "GET /shop/unkingship/shearbill04830976674.shtml HTTP/1.1" 200 72972 "-" "meta-externalagent/1.1 (+https://developers.facebook.com/docs/sharing/webmasters/crawler)"
57.141.0.4 - - [11/Mar/2026:08:54:02 -0400] "GET /shop/glucogen/persona063496777954.shtml HTTP/1.1" 200 72972 "-" "meta-externalagent/1.1 (+https://developers.facebook.com/docs/sharing/webmasters/crawler)"
74.7.242.60 - - [11/Mar/2026:08:53:59 -0400] "GET /search.php?detail/173024053307 HTTP/1.1" 200 165681 "https://residenciassanantonio.com/search.php?detail/181031553835" "Mozilla/5.0 AppleWebKit/537.36 (KHTML, like Gecko; compatible; GPTBot/1.3; +https://openai.com/gptbot)"
57.141.0.36 - - [11/Mar/2026:08:54:02 -0400] "GET /shop/introflexed/petrifying061510748482.shtml HTTP/1.1" 200 72972 "-" "meta-externalagent/1.1 (+https://developers.facebook.com/docs/sharing/webmasters/crawler)"
57.141.0.21 - - [11/Mar/2026:08:54:02 -0400] "GET /shop/glossitis/acidulated064256995254.shtml HTTP/1.1" 200 72972 "-" "meta-externalagent/1.1 (+https://developers.facebook.com/docs/sharing/webmasters/crawler)"
57.141.0.48 - - [11/Mar/2026:08:54:03 -0400] "GET /shop/violinist/incipiently063633138892.shtml HTTP/1.1" 200 72973 "-" "meta-externalagent/1.1 (+https://developers.facebook.com/docs/sharing/webmasters/crawler)"
57.141.0.25 - - [11/Mar/2026:08:54:04 -0400] "GET /shop/polaris/nutritionist063923849720.shtml HTTP/1.1" 200 72972 "-" "meta-externalagent/1.1 (+https://developers.facebook.com/docs/sharing/webmasters/crawler)"
57.141.0.62 - - [11/Mar/2026:08:54:04 -0400] "GET /shop/retrieve/endolymph06820116276.shtml HTTP/1.1" 200 72972 "-" "meta-externalagent/1.1 (+https://developers.facebook.com/docs/sharing/webmasters/crawler)"
57.141.0.19 - - [11/Mar/2026:08:54:05 -0400] "GET /shop/chatting/computerize024239716433.shtml HTTP/1.1" 200 72972 "-" "meta-externalagent/1.1 (+https://developers.facebook.com/docs/sharing/webmasters/crawler)"
57.141.0.13 - - [11/Mar/2026:08:54:05 -0400] "GET /shop/sermonizing/stinkpot063234095530.shtml HTTP/1.1" 200 72972 "-" "meta-externalagent/1.1 (+https://developers.facebook.com/docs/sharing/webmasters/crawler)"
74.7.242.60 - - [11/Mar/2026:08:54:03 -0400] "GET /search.php?detail/01104478660801 HTTP/1.1" 200 157290 "https://residenciassanantonio.com/search.php?detail/011003751125" "Mozilla/5.0 AppleWebKit/537.36 (KHTML, like Gecko; compatible; GPTBot/1.3; +https://openai.com/gptbot)"
57.141.0.23 - - [11/Mar/2026:08:54:06 -0400] "GET /shop/buffy/ornithoscopy021459706499.shtml HTTP/1.1" 200 72972 "-" "meta-externalagent/1.1 (+https://developers.facebook.com/docs/sharing/webmasters/crawler)"
57.141.0.13 - - [11/Mar/2026:08:54:06 -0400] "GET /shop/beneath/hypotonic06182640690.shtml HTTP/1.1" 200 72972 "-" "meta-externalagent/1.1 (+https://developers.facebook.com/docs/sharing/webmasters/crawler)"
57.141.0.68 - - [11/Mar/2026:08:54:07 -0400] "GET /shop/amphitropous/fahrenheit064222407137.shtml HTTP/1.1" 200 72972 "-" "meta-externalagent/1.1 (+https://developers.facebook.com/docs/sharing/webmasters/crawler)"
57.141.0.37 - - [11/Mar/2026:08:54:07 -0400] "GET /shop/hydriad/horselaugh06265457718.shtml HTTP/1.1" 200 72972 "-" "meta-externalagent/1.1 (+https://developers.facebook.com/docs/sharing/webmasters/crawler)"
57.141.0.33 - - [11/Mar/2026:08:54:07 -0400] "GET /shop/tolsester/urosternite022186582181.shtml HTTP/1.1" 200 72972 "-" "meta-externalagent/1.1 (+https://developers.facebook.com/docs/sharing/webmasters/crawler)"
57.141.0.8 - - [11/Mar/2026:08:54:08 -0400] "GET /shop/pisolitic/rabble052930114363.shtml HTTP/1.1" 200 72972 "-" "meta-externalagent/1.1 (+https://developers.facebook.com/docs/sharing/webmasters/crawler)"
57.141.0.68 - - [11/Mar/2026:08:54:09 -0400] "GET /shop/leapingly/powders06172069546.shtml HTTP/1.1" 200 72972 "-" "meta-externalagent/1.1 (+https://developers.facebook.com/docs/sharing/webmasters/crawler)"
57.141.0.61 - - [11/Mar/2026:08:54:09 -0400] "GET /shop/taillage/conglomerate06696808909.shtml HTTP/1.1" 200 72972 "-" "meta-externalagent/1.1 (+https://developers.facebook.com/docs/sharing/webmasters/crawler)"
74.7.242.60 - - [11/Mar/2026:08:54:06 -0400] "GET /search.php?detail/14900377669803 HTTP/1.1" 200 162540 "https://residenciassanantonio.com/search.php?detail/2870470193500" "Mozilla/5.0 AppleWebKit/537.36 (KHTML, like Gecko; compatible; GPTBot/1.3; +https://openai.com/gptbot)"
57.141.0.48 - - [11/Mar/2026:08:54:10 -0400] "GET /shop/childing/soubahdar061046254472.shtml HTTP/1.1" 200 72972 "-" "meta-externalagent/1.1 (+https://developers.facebook.com/docs/sharing/webmasters/crawler)"
57.141.0.36 - - [11/Mar/2026:08:54:10 -0400] "GET /shop/slovenness/spellbind063738382692.shtml HTTP/1.1" 200 72972 "-" "meta-externalagent/1.1 (+https://developers.facebook.com/docs/sharing/webmasters/crawler)"
57.141.0.42 - - [11/Mar/2026:08:54:10 -0400] "GET /shop/spectrophotometry/bagnio063662505706.shtml HTTP/1.1" 200 72973 "-" "meta-externalagent/1.1 (+https://developers.facebook.com/docs/sharing/webmasters/crawler)"
57.141.0.14 - - [11/Mar/2026:08:54:11 -0400] "GET /shop/scrubbiest/beneficiation062776632046.shtml HTTP/1.1" 200 72972 "-" "meta-externalagent/1.1 (+https://developers.facebook.com/docs/sharing/webmasters/crawler)"
57.141.0.45 - - [11/Mar/2026:08:54:12 -0400] "GET /shop/gargle/department042636311031.shtml HTTP/1.1" 200 72972 "-" "meta-externalagent/1.1 (+https://developers.facebook.com/docs/sharing/webmasters/crawler)"
57.141.0.19 - - [11/Mar/2026:08:54:12 -0400] "GET /shop/melissa/scuttellata06883308440.shtml HTTP/1.1" 200 72972 "-" "meta-externalagent/1.1 (+https://developers.facebook.com/docs/sharing/webmasters/crawler)"
57.141.0.3 - - [11/Mar/2026:08:54:12 -0400] "GET /shop/geostatic/disleal042082421933.shtml HTTP/1.1" 200 72973 "-" "meta-externalagent/1.1 (+https://developers.facebook.com/docs/sharing/webmasters/crawler)"
57.141.0.61 - - [11/Mar/2026:08:54:13 -0400] "GET /shop/zikkurat/misogamist042986806498.shtml HTTP/1.1" 200 72972 "-" "meta-externalagent/1.1 (+https://developers.facebook.com/docs/sharing/webmasters/crawler)"
74.7.242.60 - - [11/Mar/2026:08:54:10 -0400] "GET /search.php?detail/287024760659 HTTP/1.1" 200 166846 "https://residenciassanantonio.com/search.php?detail/2870470193500" "Mozilla/5.0 AppleWebKit/537.36 (KHTML, like Gecko; compatible; GPTBot/1.3; +https://openai.com/gptbot)"
57.141.0.49 - - [11/Mar/2026:08:54:14 -0400] "GET /shop/circumvallation/scantiness062869340953.shtml HTTP/1.1" 200 72972 "-" "meta-externalagent/1.1 (+https://developers.facebook.com/docs/sharing/webmasters/crawler)"
57.141.0.65 - - [11/Mar/2026:08:54:14 -0400] "GET /shop/turkoiranian/ottawa062207654479.shtml HTTP/1.1" 200 72972 "-" "meta-externalagent/1.1 (+https://developers.facebook.com/docs/sharing/webmasters/crawler)"
57.141.0.55 - - [11/Mar/2026:08:54:15 -0400] "GET /shop/anticipant/rouleaus064215146390.shtml HTTP/1.1" 200 72972 "-" "meta-externalagent/1.1 (+https://developers.facebook.com/docs/sharing/webmasters/crawler)"
57.141.0.17 - - [11/Mar/2026:08:54:15 -0400] "GET /shop/penandink/eelpot05329111597.shtml HTTP/1.1" 200 72972 "-" "meta-externalagent/1.1 (+https://developers.facebook.com/docs/sharing/webmasters/crawler)"
57.141.0.35 - - [11/Mar/2026:08:54:15 -0400] "GET /shop/mugient/acceding023649009505.shtml HTTP/1.1" 200 72972 "-" "meta-externalagent/1.1 (+https://developers.facebook.com/docs/sharing/webmasters/crawler)"
57.141.0.42 - - [11/Mar/2026:08:54:16 -0400] "GET /shop/perpend/petrous05473483795.shtml HTTP/1.1" 200 72972 "-" "meta-externalagent/1.1 (+https://developers.facebook.com/docs/sharing/webmasters/crawler)"
57.141.0.42 - - [11/Mar/2026:08:54:17 -0400] "GET /shop/curarine/extirpating04481071270.shtml HTTP/1.1" 200 72972 "-" "meta-externalagent/1.1 (+https://developers.facebook.com/docs/sharing/webmasters/crawler)"
57.141.0.14 - - [11/Mar/2026:08:54:17 -0400] "GET /shop/eyelid/bigot063403725228.shtml HTTP/1.1" 200 72972 "-" "meta-externalagent/1.1 (+https://developers.facebook.com/docs/sharing/webmasters/crawler)"
74.7.242.60 - - [11/Mar/2026:08:54:14 -0400] "GET /search.php?detail/1410017421108 HTTP/1.1" 200 161836 "https://residenciassanantonio.com/search.php?detail/06601830045797" "Mozilla/5.0 AppleWebKit/537.36 (KHTML, like Gecko; compatible; GPTBot/1.3; +https://openai.com/gptbot)"
57.141.0.8 - - [11/Mar/2026:08:54:18 -0400] "GET /shop/laplander/bragi053197445764.shtml HTTP/1.1" 200 72972 "-" "meta-externalagent/1.1 (+https://developers.facebook.com/docs/sharing/webmasters/crawler)"
57.141.0.42 - - [11/Mar/2026:08:54:18 -0400] "GET /shop/piedness/introduce06955351753.shtml HTTP/1.1" 200 72972 "-" "meta-externalagent/1.1 (+https://developers.facebook.com/docs/sharing/webmasters/crawler)"
57.141.0.48 - - [11/Mar/2026:08:54:18 -0400] "GET /shop/nusku/barogram061297185420.shtml HTTP/1.1" 200 72972 "-" "meta-externalagent/1.1 (+https://developers.facebook.com/docs/sharing/webmasters/crawler)"
57.141.0.30 - - [11/Mar/2026:08:54:19 -0400] "GET /shop/rejuvenescent/imprescriptibility061178911159.shtml HTTP/1.1" 200 72972 "-" "meta-externalagent/1.1 (+https://developers.facebook.com/docs/sharing/webmasters/crawler)"
57.141.0.37 - - [11/Mar/2026:08:54:19 -0400] "GET /shop/minnows/sanguinariness024195791508.shtml HTTP/1.1" 200 72973 "-" "meta-externalagent/1.1 (+https://developers.facebook.com/docs/sharing/webmasters/crawler)"
57.141.0.19 - - [11/Mar/2026:08:54:20 -0400] "GET /shop/danger/decennaries041380299050.shtml HTTP/1.1" 200 72972 "-" "meta-externalagent/1.1 (+https://developers.facebook.com/docs/sharing/webmasters/crawler)"
57.141.0.48 - - [11/Mar/2026:08:54:20 -0400] "GET /shop/misassay/capitular041772305227.shtml HTTP/1.1" 200 72972 "-" "meta-externalagent/1.1 (+https://developers.facebook.com/docs/sharing/webmasters/crawler)"
57.141.0.61 - - [11/Mar/2026:08:54:21 -0400] "GET /shop/wolfling/pennatulae063465690723.shtml HTTP/1.1" 200 72972 "-" "meta-externalagent/1.1 (+https://developers.facebook.com/docs/sharing/webmasters/crawler)"
74.7.242.60 - - [11/Mar/2026:08:54:18 -0400] "GET /search.php?detail/083007163068 HTTP/1.1" 200 168408 "https://residenciassanantonio.com/search.php?detail/083040940659" "Mozilla/5.0 AppleWebKit/537.36 (KHTML, like Gecko; compatible; GPTBot/1.3; +https://openai.com/gptbot)"
57.141.0.17 - - [11/Mar/2026:08:54:22 -0400] "GET /shop/remunerable/amauropelta02188663257.shtml HTTP/1.1" 200 72973 "-" "meta-externalagent/1.1 (+https://developers.facebook.com/docs/sharing/webmasters/crawler)"
57.141.0.51 - - [11/Mar/2026:08:54:22 -0400] "GET /shop/shopwoman/antiballistic041437506007.shtml HTTP/1.1" 200 72972 "-" "meta-externalagent/1.1 (+https://developers.facebook.com/docs/sharing/webmasters/crawler)"
57.141.0.50 - - [11/Mar/2026:08:54:22 -0400] "GET /shop/hydrochelidon/behoof06361243470.shtml HTTP/1.1" 200 72973 "-" "meta-externalagent/1.1 (+https://developers.facebook.com/docs/sharing/webmasters/crawler)"
57.141.0.31 - - [11/Mar/2026:08:54:23 -0400] "GET /shop/viscivorus/penfish053652758531.shtml HTTP/1.1" 200 72972 "-" "meta-externalagent/1.1 (+https://developers.facebook.com/docs/sharing/webmasters/crawler)"
57.141.0.54 - - [11/Mar/2026:08:54:24 -0400] "GET /shop/sepulchral/tropidine063890871351.shtml HTTP/1.1" 200 72973 "-" "meta-externalagent/1.1 (+https://developers.facebook.com/docs/sharing/webmasters/crawler)"
57.141.0.48 - - [11/Mar/2026:08:54:24 -0400] "GET /shop/meath/sobriquet052572113126.shtml HTTP/1.1" 200 72972 "-" "meta-externalagent/1.1 (+https://developers.facebook.com/docs/sharing/webmasters/crawler)"
57.141.0.27 - - [11/Mar/2026:08:54:25 -0400] "GET /shop/whaler/plumbism02360179482.shtml HTTP/1.1" 200 72973 "-" "meta-externalagent/1.1 (+https://developers.facebook.com/docs/sharing/webmasters/crawler)"
57.141.0.47 - - [11/Mar/2026:08:54:25 -0400] "GET /shop/masculate/scourage04486023884.shtml HTTP/1.1" 200 72972 "-" "meta-externalagent/1.1 (+https://developers.facebook.com/docs/sharing/webmasters/crawler)"
74.7.242.60 - - [11/Mar/2026:08:54:22 -0400] "GET /search.php?jp/188019062.html HTTP/1.1" 200 170733 "https://residenciassanantonio.com/search.php?detail/294009451377" "Mozilla/5.0 AppleWebKit/537.36 (KHTML, like Gecko; compatible; GPTBot/1.3; +https://openai.com/gptbot)"
57.141.0.23 - - [11/Mar/2026:08:54:26 -0400] "GET /shop/horsetrading/supersedeas042917990916.shtml HTTP/1.1" 200 72972 "-" "meta-externalagent/1.1 (+https://developers.facebook.com/docs/sharing/webmasters/crawler)"
57.141.0.34 - - [11/Mar/2026:08:54:26 -0400] "GET /shop/shiite/flagrancies052687254795.shtml HTTP/1.1" 200 72972 "-" "meta-externalagent/1.1 (+https://developers.facebook.com/docs/sharing/webmasters/crawler)"
57.141.0.71 - - [11/Mar/2026:08:54:26 -0400] "GET /shop/saleratus/cometfinder041803648263.shtml HTTP/1.1" 200 72972 "-" "meta-externalagent/1.1 (+https://developers.facebook.com/docs/sharing/webmasters/crawler)"
57.141.0.50 - - [11/Mar/2026:08:54:27 -0400] "GET /shop/anesthetize/subsisted022085488104.shtml HTTP/1.1" 200 72972 "-" "meta-externalagent/1.1 (+https://developers.facebook.com/docs/sharing/webmasters/crawler)"
57.141.0.71 - - [11/Mar/2026:08:54:28 -0400] "GET /shop/smallclothes/lantanuric022642788939.shtml HTTP/1.1" 200 72972 "-" "meta-externalagent/1.1 (+https://developers.facebook.com/docs/sharing/webmasters/crawler)"
57.141.0.15 - - [11/Mar/2026:08:54:28 -0400] "GET /shop/adaptability/extenuated023156543818.shtml HTTP/1.1" 200 72972 "-" "meta-externalagent/1.1 (+https://developers.facebook.com/docs/sharing/webmasters/crawler)"
57.141.0.47 - - [11/Mar/2026:08:54:28 -0400] "GET /shop/vanillate/remediate024189058494.shtml HTTP/1.1" 200 72972 "-" "meta-externalagent/1.1 (+https://developers.facebook.com/docs/sharing/webmasters/crawler)"
74.7.242.60 - - [11/Mar/2026:08:54:26 -0400] "GET /search.php?detail/12702820145499 HTTP/1.1" 200 165193 "https://residenciassanantonio.com/search.php?jp/127028210.html" "Mozilla/5.0 AppleWebKit/537.36 (KHTML, like Gecko; compatible; GPTBot/1.3; +https://openai.com/gptbot)"
57.141.0.24 - - [11/Mar/2026:08:54:29 -0400] "GET /shop/disobediently/xerophthalmia024143970940.shtml HTTP/1.1" 200 72972 "-" "meta-externalagent/1.1 (+https://developers.facebook.com/docs/sharing/webmasters/crawler)"
57.141.0.67 - - [11/Mar/2026:08:54:30 -0400] "GET /shop/pygerythrus/easefulness061414650527.shtml HTTP/1.1" 200 72972 "-" "meta-externalagent/1.1 (+https://developers.facebook.com/docs/sharing/webmasters/crawler)"
57.141.0.24 - - [11/Mar/2026:08:54:30 -0400] "GET /shop/viperish/aeronautical041957527345.shtml HTTP/1.1" 200 72972 "-" "meta-externalagent/1.1 (+https://developers.facebook.com/docs/sharing/webmasters/crawler)"
57.141.0.50 - - [11/Mar/2026:08:54:30 -0400] "GET /shop/zambos/compromised021386779416.shtml HTTP/1.1" 200 72972 "-" "meta-externalagent/1.1 (+https://developers.facebook.com/docs/sharing/webmasters/crawler)"
57.141.0.19 - - [11/Mar/2026:08:54:31 -0400] "GET /shop/hemicrania/clearseeing041455335930.shtml HTTP/1.1" 200 72972 "-" "meta-externalagent/1.1 (+https://developers.facebook.com/docs/sharing/webmasters/crawler)"
57.141.0.47 - - [11/Mar/2026:08:54:32 -0400] "GET /shop/oblatration/totalisator06398604300.shtml HTTP/1.1" 200 72972 "-" "meta-externalagent/1.1 (+https://developers.facebook.com/docs/sharing/webmasters/crawler)"
57.141.0.72 - - [11/Mar/2026:08:54:32 -0400] "GET /shop/psalteria/reillumine04743828865.shtml HTTP/1.1" 200 72972 "-" "meta-externalagent/1.1 (+https://developers.facebook.com/docs/sharing/webmasters/crawler)"
57.141.0.48 - - [11/Mar/2026:08:54:32 -0400] "GET /shop/aerodonetics/polystoma053086597727.shtml HTTP/1.1" 200 72972 "-" "meta-externalagent/1.1 (+https://developers.facebook.com/docs/sharing/webmasters/crawler)"
74.7.242.60 - - [11/Mar/2026:08:54:29 -0400] "GET /search.php?detail/195033313261 HTTP/1.1" 200 155974 "https://residenciassanantonio.com/search.php?detail/195033319394" "Mozilla/5.0 AppleWebKit/537.36 (KHTML, like Gecko; compatible; GPTBot/1.3; +https://openai.com/gptbot)"
57.141.0.27 - - [11/Mar/2026:08:54:33 -0400] "GET /shop/deploitation/worthy063040887889.shtml HTTP/1.1" 200 72972 "-" "meta-externalagent/1.1 (+https://developers.facebook.com/docs/sharing/webmasters/crawler)"
57.141.0.17 - - [11/Mar/2026:08:54:34 -0400] "GET /shop/epencephalon/cursorary06194067366.shtml HTTP/1.1" 200 72972 "-" "meta-externalagent/1.1 (+https://developers.facebook.com/docs/sharing/webmasters/crawler)"
57.141.0.38 - - [11/Mar/2026:08:54:34 -0400] "GET /shop/delaying/cerate041119577426.shtml HTTP/1.1" 200 72972 "-" "meta-externalagent/1.1 (+https://developers.facebook.com/docs/sharing/webmasters/crawler)"
57.141.0.19 - - [11/Mar/2026:08:54:35 -0400] "GET /shop/wisely/guile041237970471.shtml HTTP/1.1" 200 72973 "-" "meta-externalagent/1.1 (+https://developers.facebook.com/docs/sharing/webmasters/crawler)"
57.141.0.19 - - [11/Mar/2026:08:54:35 -0400] "GET /shop/laryngotracheotomy/happiness0484186097.shtml HTTP/1.1" 200 72972 "-" "meta-externalagent/1.1 (+https://developers.facebook.com/docs/sharing/webmasters/crawler)"
74.7.242.60 - - [11/Mar/2026:08:54:33 -0400] "GET /search.php?detail/005030578362 HTTP/1.1" 200 162742 "https://residenciassanantonio.com/search.php?detail/149028834906" "Mozilla/5.0 AppleWebKit/537.36 (KHTML, like Gecko; compatible; GPTBot/1.3; +https://openai.com/gptbot)"
57.141.0.7 - - [11/Mar/2026:08:54:36 -0400] "GET /shop/gelatification/hederiferous043230685167.shtml HTTP/1.1" 200 72972 "-" "meta-externalagent/1.1 (+https://developers.facebook.com/docs/sharing/webmasters/crawler)"
57.141.0.25 - - [11/Mar/2026:08:54:36 -0400] "GET /shop/hungry/pirouetted06230067057.shtml HTTP/1.1" 200 72972 "-" "meta-externalagent/1.1 (+https://developers.facebook.com/docs/sharing/webmasters/crawler)"
57.141.0.54 - - [11/Mar/2026:08:54:36 -0400] "GET /shop/exodontist/chondrichthian062468739493.shtml HTTP/1.1" 200 72972 "-" "meta-externalagent/1.1 (+https://developers.facebook.com/docs/sharing/webmasters/crawler)"
57.141.0.11 - - [11/Mar/2026:08:54:37 -0400] "GET /shop/furzechat/biosystematics063775716284.shtml HTTP/1.1" 200 72972 "-" "meta-externalagent/1.1 (+https://developers.facebook.com/docs/sharing/webmasters/crawler)"
57.141.0.50 - - [11/Mar/2026:08:54:38 -0400] "GET /shop/ergocalciferol/cancerweed061698479108.shtml HTTP/1.1" 200 72972 "-" "meta-externalagent/1.1 (+https://developers.facebook.com/docs/sharing/webmasters/crawler)"
57.141.0.8 - - [11/Mar/2026:08:54:38 -0400] "GET /shop/annexer/sahlite05772647721.shtml HTTP/1.1" 200 72972 "-" "meta-externalagent/1.1 (+https://developers.facebook.com/docs/sharing/webmasters/crawler)"
57.141.0.15 - - [11/Mar/2026:08:54:38 -0400] "GET /shop/blood/praecordia063301834611.shtml HTTP/1.1" 200 72972 "-" "meta-externalagent/1.1 (+https://developers.facebook.com/docs/sharing/webmasters/crawler)"
57.141.0.51 - - [11/Mar/2026:08:54:39 -0400] "GET /shop/leonurus/mineralogist043791289142.shtml HTTP/1.1" 200 72972 "-" "meta-externalagent/1.1 (+https://developers.facebook.com/docs/sharing/webmasters/crawler)"
57.141.0.63 - - [11/Mar/2026:08:54:40 -0400] "GET /shop/irreturnable/apothecaries06487936069.shtml HTTP/1.1" 200 72972 "-" "meta-externalagent/1.1 (+https://developers.facebook.com/docs/sharing/webmasters/crawler)"
74.7.242.60 - - [11/Mar/2026:08:54:37 -0400] "GET /search.php?detail/193008003985 HTTP/1.1" 200 162114 "https://residenciassanantonio.com/search.php?detail/193008005889" "Mozilla/5.0 AppleWebKit/537.36 (KHTML, like Gecko; compatible; GPTBot/1.3; +https://openai.com/gptbot)"
57.141.0.11 - - [11/Mar/2026:08:54:40 -0400] "GET /shop/truths/frumenty051328082972.shtml HTTP/1.1" 200 72972 "-" "meta-externalagent/1.1 (+https://developers.facebook.com/docs/sharing/webmasters/crawler)"
57.141.0.40 - - [11/Mar/2026:08:54:40 -0400] "GET /shop/stenographed/curtate063895767424.shtml HTTP/1.1" 200 72972 "-" "meta-externalagent/1.1 (+https://developers.facebook.com/docs/sharing/webmasters/crawler)"
66.249.74.168 - - [11/Mar/2026:08:54:40 -0400] "GET /?detail/033038091345 HTTP/1.1" 200 222910 "-" "Mozilla/5.0 (Linux; Android 6.0.1; Nexus 5X Build/MMB29P) AppleWebKit/537.36 (KHTML, like Gecko) Chrome/145.0.7632.116 Mobile Safari/537.36 (compatible; Googlebot/2.1; +http://www.google.com/bot.html)"
57.141.0.1 - - [11/Mar/2026:08:54:41 -0400] "GET /shop/aleurone/intoning043355273212.shtml HTTP/1.1" 200 72972 "-" "meta-externalagent/1.1 (+https://developers.facebook.com/docs/sharing/webmasters/crawler)"
57.141.0.43 - - [11/Mar/2026:08:54:41 -0400] "GET /shop/curbing/discommunity053019142253.shtml HTTP/1.1" 200 72972 "-" "meta-externalagent/1.1 (+https://developers.facebook.com/docs/sharing/webmasters/crawler)"
57.141.0.35 - - [11/Mar/2026:08:54:42 -0400] "GET /shop/prore/premonishment022400356432.shtml HTTP/1.1" 200 72972 "-" "meta-externalagent/1.1 (+https://developers.facebook.com/docs/sharing/webmasters/crawler)"
57.141.0.39 - - [11/Mar/2026:08:54:43 -0400] "GET /shop/neath/communist06979930428.shtml HTTP/1.1" 200 72972 "-" "meta-externalagent/1.1 (+https://developers.facebook.com/docs/sharing/webmasters/crawler)"
57.141.0.11 - - [11/Mar/2026:08:54:43 -0400] "GET /shop/dickens/inexplicit041335688361.shtml HTTP/1.1" 200 72972 "-" "meta-externalagent/1.1 (+https://developers.facebook.com/docs/sharing/webmasters/crawler)"
57.141.0.32 - - [11/Mar/2026:08:54:44 -0400] "GET /shop/automatons/orangeade022263594033.shtml HTTP/1.1" 200 72972 "-" "meta-externalagent/1.1 (+https://developers.facebook.com/docs/sharing/webmasters/crawler)"
74.7.242.60 - - [11/Mar/2026:08:54:41 -0400] "GET /search.php?detail/100041797126 HTTP/1.1" 200 158351 "https://residenciassanantonio.com/search.php?detail/173024053307" "Mozilla/5.0 AppleWebKit/537.36 (KHTML, like Gecko; compatible; GPTBot/1.3; +https://openai.com/gptbot)"
57.141.0.29 - - [11/Mar/2026:08:54:44 -0400] "GET /shop/rejuvenize/longa0695666943.shtml HTTP/1.1" 200 72972 "-" "meta-externalagent/1.1 (+https://developers.facebook.com/docs/sharing/webmasters/crawler)"
57.141.0.72 - - [11/Mar/2026:08:54:45 -0400] "GET /shop/nonepiscopal/bafflement052753109937.shtml HTTP/1.1" 200 72972 "-" "meta-externalagent/1.1 (+https://developers.facebook.com/docs/sharing/webmasters/crawler)"
57.141.0.23 - - [11/Mar/2026:08:54:45 -0400] "GET /shop/pentacrons/shredding042645582174.shtml HTTP/1.1" 200 72972 "-" "meta-externalagent/1.1 (+https://developers.facebook.com/docs/sharing/webmasters/crawler)"
57.141.0.22 - - [11/Mar/2026:08:54:46 -0400] "GET /shop/leucoturic/rhythming063993605380.shtml HTTP/1.1" 200 72972 "-" "meta-externalagent/1.1 (+https://developers.facebook.com/docs/sharing/webmasters/crawler)"
57.141.0.66 - - [11/Mar/2026:08:54:46 -0400] "GET /shop/algology/intombing053196696675.shtml HTTP/1.1" 200 72972 "-" "meta-externalagent/1.1 (+https://developers.facebook.com/docs/sharing/webmasters/crawler)"
57.141.0.60 - - [11/Mar/2026:08:54:46 -0400] "GET /shop/amphisbaena/enhort02641109986.shtml HTTP/1.1" 200 72972 "-" "meta-externalagent/1.1 (+https://developers.facebook.com/docs/sharing/webmasters/crawler)"
57.141.0.59 - - [11/Mar/2026:08:54:47 -0400] "GET /shop/despairing/erythronium061473757254.shtml HTTP/1.1" 200 72973 "-" "meta-externalagent/1.1 (+https://developers.facebook.com/docs/sharing/webmasters/crawler)"
57.141.0.10 - - [11/Mar/2026:08:54:48 -0400] "GET /shop/sempervivum/fanfaron041827456353.shtml HTTP/1.1" 200 72972 "-" "meta-externalagent/1.1 (+https://developers.facebook.com/docs/sharing/webmasters/crawler)"
74.7.242.60 - - [11/Mar/2026:08:54:45 -0400] "GET /search.php?detail/011030430116 HTTP/1.1" 200 162949 "https://residenciassanantonio.com/search.php?detail/01104478660801" "Mozilla/5.0 AppleWebKit/537.36 (KHTML, like Gecko; compatible; GPTBot/1.3; +https://openai.com/gptbot)"
57.141.0.68 - - [11/Mar/2026:08:54:48 -0400] "GET /shop/apparentness/jurisprudent022750006798.shtml HTTP/1.1" 200 72973 "-" "meta-externalagent/1.1 (+https://developers.facebook.com/docs/sharing/webmasters/crawler)"
57.141.0.68 - - [11/Mar/2026:08:54:48 -0400] "GET /shop/pistache/bespangling021801329131.shtml HTTP/1.1" 200 72972 "-" "meta-externalagent/1.1 (+https://developers.facebook.com/docs/sharing/webmasters/crawler)"
57.141.0.10 - - [11/Mar/2026:08:54:49 -0400] "GET /shop/silicispongiae/gatehouse051153589438.shtml HTTP/1.1" 200 72972 "-" "meta-externalagent/1.1 (+https://developers.facebook.com/docs/sharing/webmasters/crawler)"
57.141.0.67 - - [11/Mar/2026:08:54:50 -0400] "GET /shop/supplied/stemming052950513599.shtml HTTP/1.1" 200 72972 "-" "meta-externalagent/1.1 (+https://developers.facebook.com/docs/sharing/webmasters/crawler)"
57.141.0.24 - - [11/Mar/2026:08:54:50 -0400] "GET /shop/lupus/sleeved041891995975.shtml HTTP/1.1" 200 72972 "-" "meta-externalagent/1.1 (+https://developers.facebook.com/docs/sharing/webmasters/crawler)"
57.141.0.19 - - [11/Mar/2026:08:54:51 -0400] "GET /shop/callosity/eigne042497142380.shtml HTTP/1.1" 200 72972 "-" "meta-externalagent/1.1 (+https://developers.facebook.com/docs/sharing/webmasters/crawler)"
74.7.242.60 - - [11/Mar/2026:08:54:48 -0400] "GET /search.php?detail/0560421285761 HTTP/1.1" 200 163668 "https://residenciassanantonio.com/search.php?detail/01104478660801" "Mozilla/5.0 AppleWebKit/537.36 (KHTML, like Gecko; compatible; GPTBot/1.3; +https://openai.com/gptbot)"
57.141.0.50 - - [11/Mar/2026:08:54:51 -0400] "GET /shop/lipoma/canceling04606499236.shtml HTTP/1.1" 200 72972 "-" "meta-externalagent/1.1 (+https://developers.facebook.com/docs/sharing/webmasters/crawler)"
57.141.0.70 - - [11/Mar/2026:08:54:51 -0400] "GET /shop/bellyacher/tetterwort043589694573.shtml HTTP/1.1" 200 72972 "-" "meta-externalagent/1.1 (+https://developers.facebook.com/docs/sharing/webmasters/crawler)"
57.141.0.41 - - [11/Mar/2026:08:54:52 -0400] "GET /shop/spicous/horizontal041079845750.shtml HTTP/1.1" 200 72973 "-" "meta-externalagent/1.1 (+https://developers.facebook.com/docs/sharing/webmasters/crawler)"
57.141.0.40 - - [11/Mar/2026:08:54:52 -0400] "GET /shop/overgoing/extrastapedial051415372781.shtml HTTP/1.1" 200 72972 "-" "meta-externalagent/1.1 (+https://developers.facebook.com/docs/sharing/webmasters/crawler)"
57.141.0.6 - - [11/Mar/2026:08:54:53 -0400] "GET /shop/hucklebacked/bunkbed061347520515.shtml HTTP/1.1" 200 72972 "-" "meta-externalagent/1.1 (+https://developers.facebook.com/docs/sharing/webmasters/crawler)"
57.141.0.20 - - [11/Mar/2026:08:54:53 -0400] "GET /shop/emilaz/outliving041426455205.shtml HTTP/1.1" 200 72972 "-" "meta-externalagent/1.1 (+https://developers.facebook.com/docs/sharing/webmasters/crawler)"
57.141.0.34 - - [11/Mar/2026:08:54:55 -0400] "GET /shop/replenisher/pregravate062103853367.shtml HTTP/1.1" 200 72972 "-" "meta-externalagent/1.1 (+https://developers.facebook.com/docs/sharing/webmasters/crawler)"
57.141.0.39 - - [11/Mar/2026:08:54:54 -0400] "GET /shop/peacefully/molestful061030721446.shtml HTTP/1.1" 200 72972 "-" "meta-externalagent/1.1 (+https://developers.facebook.com/docs/sharing/webmasters/crawler)"
74.7.242.60 - - [11/Mar/2026:08:54:52 -0400] "GET /search.php?detail/28701018863540 HTTP/1.1" 200 164727 "https://residenciassanantonio.com/search.php?detail/287024760659" "Mozilla/5.0 AppleWebKit/537.36 (KHTML, like Gecko; compatible; GPTBot/1.3; +https://openai.com/gptbot)"
57.141.0.27 - - [11/Mar/2026:08:54:56 -0400] "GET /shop/millboard/unpeeled023546553753.shtml HTTP/1.1" 200 72972 "-" "meta-externalagent/1.1 (+https://developers.facebook.com/docs/sharing/webmasters/crawler)"
57.141.0.60 - - [11/Mar/2026:08:54:55 -0400] "GET /shop/heliotype/solitarily022922800686.shtml HTTP/1.1" 200 72972 "-" "meta-externalagent/1.1 (+https://developers.facebook.com/docs/sharing/webmasters/crawler)"
57.141.0.4 - - [11/Mar/2026:08:54:56 -0400] "GET /shop/stenograph/widal05654855886.shtml HTTP/1.1" 200 72972 "-" "meta-externalagent/1.1 (+https://developers.facebook.com/docs/sharing/webmasters/crawler)"
57.141.0.14 - - [11/Mar/2026:08:54:57 -0400] "GET /shop/uralian/might041387354285.shtml HTTP/1.1" 200 72972 "-" "meta-externalagent/1.1 (+https://developers.facebook.com/docs/sharing/webmasters/crawler)"
57.141.0.29 - - [11/Mar/2026:08:54:57 -0400] "GET /shop/microzoa/undubitable043674948852.shtml HTTP/1.1" 200 72973 "-" "meta-externalagent/1.1 (+https://developers.facebook.com/docs/sharing/webmasters/crawler)"
57.141.0.30 - - [11/Mar/2026:08:54:58 -0400] "GET /shop/pressure/copeman041064427991.shtml HTTP/1.1" 200 72972 "-" "meta-externalagent/1.1 (+https://developers.facebook.com/docs/sharing/webmasters/crawler)"
74.7.242.60 - - [11/Mar/2026:08:54:56 -0400] "GET /search.php?detail/204019301110 HTTP/1.1" 200 158894 "https://residenciassanantonio.com/search.php?detail/1410017421108" "Mozilla/5.0 AppleWebKit/537.36 (KHTML, like Gecko; compatible; GPTBot/1.3; +https://openai.com/gptbot)"
57.141.0.71 - - [11/Mar/2026:08:54:59 -0400] "GET /shop/titler/zampugna042457662658.shtml HTTP/1.1" 200 72972 "-" "meta-externalagent/1.1 (+https://developers.facebook.com/docs/sharing/webmasters/crawler)"
57.141.0.15 - - [11/Mar/2026:08:54:58 -0400] "GET /shop/scarefire/cointension04202894083.shtml HTTP/1.1" 200 72972 "-" "meta-externalagent/1.1 (+https://developers.facebook.com/docs/sharing/webmasters/crawler)"
57.141.0.59 - - [11/Mar/2026:08:54:59 -0400] "GET /shop/midden/draughting02365988082.shtml HTTP/1.1" 200 72973 "-" "meta-externalagent/1.1 (+https://developers.facebook.com/docs/sharing/webmasters/crawler)"
57.141.0.25 - - [11/Mar/2026:08:54:59 -0400] "GET /shop/tetraspermous/melinae051205842019.shtml HTTP/1.1" 200 72972 "-" "meta-externalagent/1.1 (+https://developers.facebook.com/docs/sharing/webmasters/crawler)"
57.141.0.3 - - [11/Mar/2026:08:55:00 -0400] "GET /shop/filiate/koshered041066052338.shtml HTTP/1.1" 200 72972 "-" "meta-externalagent/1.1 (+https://developers.facebook.com/docs/sharing/webmasters/crawler)"
57.141.0.36 - - [11/Mar/2026:08:55:00 -0400] "GET /shop/agentship/eurystomus052522520542.shtml HTTP/1.1" 200 72972 "-" "meta-externalagent/1.1 (+https://developers.facebook.com/docs/sharing/webmasters/crawler)"
57.141.0.28 - - [11/Mar/2026:08:55:01 -0400] "GET /shop/cotised/undertime053364793553.shtml HTTP/1.1" 200 72973 "-" "meta-externalagent/1.1 (+https://developers.facebook.com/docs/sharing/webmasters/crawler)"
57.141.0.38 - - [11/Mar/2026:08:55:02 -0400] "GET /shop/solicitress/magnoliaceae063363090631.shtml HTTP/1.1" 200 72972 "-" "meta-externalagent/1.1 (+https://developers.facebook.com/docs/sharing/webmasters/crawler)"
74.7.242.60 - - [11/Mar/2026:08:54:59 -0400] "GET /search.php?detail/203030683933 HTTP/1.1" 200 158256 "https://residenciassanantonio.com/search.php?detail/1410017421108" "Mozilla/5.0 AppleWebKit/537.36 (KHTML, like Gecko; compatible; GPTBot/1.3; +https://openai.com/gptbot)"
57.141.0.19 - - [11/Mar/2026:08:55:02 -0400] "GET /shop/slandered/peremptoriness04298522421.shtml HTTP/1.1" 200 72972 "-" "meta-externalagent/1.1 (+https://developers.facebook.com/docs/sharing/webmasters/crawler)"
57.141.0.19 - - [11/Mar/2026:08:55:03 -0400] "GET /shop/livre/obstetrics053940914312.shtml HTTP/1.1" 200 72972 "-" "meta-externalagent/1.1 (+https://developers.facebook.com/docs/sharing/webmasters/crawler)"
57.141.0.42 - - [11/Mar/2026:08:55:03 -0400] "GET /shop/diselenide/disport041711604194.shtml HTTP/1.1" 200 72972 "-" "meta-externalagent/1.1 (+https://developers.facebook.com/docs/sharing/webmasters/crawler)"
57.141.0.10 - - [11/Mar/2026:08:55:04 -0400] "GET /shop/seventies/palmarium0464426056.shtml HTTP/1.1" 200 72972 "-" "meta-externalagent/1.1 (+https://developers.facebook.com/docs/sharing/webmasters/crawler)"
57.141.0.28 - - [11/Mar/2026:08:55:04 -0400] "GET /shop/impassable/tetracera062477046224.shtml HTTP/1.1" 200 72972 "-" "meta-externalagent/1.1 (+https://developers.facebook.com/docs/sharing/webmasters/crawler)"
57.141.0.66 - - [11/Mar/2026:08:55:05 -0400] "GET /shop/tasimer/lefthander053237129175.shtml HTTP/1.1" 200 72972 "-" "meta-externalagent/1.1 (+https://developers.facebook.com/docs/sharing/webmasters/crawler)"
74.7.242.60 - - [11/Mar/2026:08:55:03 -0400] "GET /search.php?detail/24104008035916 HTTP/1.1" 200 153552 "https://residenciassanantonio.com/search.php?detail/173024053307" "Mozilla/5.0 AppleWebKit/537.36 (KHTML, like Gecko; compatible; GPTBot/1.3; +https://openai.com/gptbot)"
57.141.0.21 - - [11/Mar/2026:08:55:05 -0400] "GET /shop/chauliognathus/decaying064184394507.shtml HTTP/1.1" 200 72972 "-" "meta-externalagent/1.1 (+https://developers.facebook.com/docs/sharing/webmasters/crawler)"
57.141.0.57 - - [11/Mar/2026:08:55:06 -0400] "GET /shop/capitally/chuckling021264596608.shtml HTTP/1.1" 200 72972 "-" "meta-externalagent/1.1 (+https://developers.facebook.com/docs/sharing/webmasters/crawler)"
57.141.0.62 - - [11/Mar/2026:08:55:06 -0400] "GET /shop/isostemony/merchantman04811684911.shtml HTTP/1.1" 200 72972 "-" "meta-externalagent/1.1 (+https://developers.facebook.com/docs/sharing/webmasters/crawler)"
57.141.0.15 - - [11/Mar/2026:08:55:07 -0400] "GET /shop/misexplanation/pancratist06645542874.shtml HTTP/1.1" 200 72972 "-" "meta-externalagent/1.1 (+https://developers.facebook.com/docs/sharing/webmasters/crawler)"
57.141.0.15 - - [11/Mar/2026:08:55:07 -0400] "GET /shop/sempstress/nitratis023139139283.shtml HTTP/1.1" 200 72973 "-" "meta-externalagent/1.1 (+https://developers.facebook.com/docs/sharing/webmasters/crawler)"
57.141.0.24 - - [11/Mar/2026:08:55:08 -0400] "GET /shop/underproof/fullfashioned052029739408.shtml HTTP/1.1" 200 72972 "-" "meta-externalagent/1.1 (+https://developers.facebook.com/docs/sharing/webmasters/crawler)"
57.141.0.1 - - [11/Mar/2026:08:55:08 -0400] "GET /shop/codified/talons022090767446.shtml HTTP/1.1" 200 72972 "-" "meta-externalagent/1.1 (+https://developers.facebook.com/docs/sharing/webmasters/crawler)"
57.141.0.4 - - [11/Mar/2026:08:55:08 -0400] "GET /shop/fantasied/alleviative041580859161.shtml HTTP/1.1" 200 72972 "-" "meta-externalagent/1.1 (+https://developers.facebook.com/docs/sharing/webmasters/crawler)"
74.7.242.60 - - [11/Mar/2026:08:55:06 -0400] "GET /search.php?detail/0220299799344 HTTP/1.1" 200 154918 "https://residenciassanantonio.com/search.php?detail/083007163068" "Mozilla/5.0 AppleWebKit/537.36 (KHTML, like Gecko; compatible; GPTBot/1.3; +https://openai.com/gptbot)"
57.141.0.8 - - [11/Mar/2026:08:55:09 -0400] "GET /shop/frangible/hesitater043930773288.shtml HTTP/1.1" 200 72972 "-" "meta-externalagent/1.1 (+https://developers.facebook.com/docs/sharing/webmasters/crawler)"
57.141.0.27 - - [11/Mar/2026:08:55:09 -0400] "GET /shop/hatch/blotting021367364036.shtml HTTP/1.1" 200 72972 "-" "meta-externalagent/1.1 (+https://developers.facebook.com/docs/sharing/webmasters/crawler)"
57.141.0.57 - - [11/Mar/2026:08:55:10 -0400] "GET /shop/scraped/gooseries0485586548.shtml HTTP/1.1" 200 72973 "-" "meta-externalagent/1.1 (+https://developers.facebook.com/docs/sharing/webmasters/crawler)"
57.141.0.10 - - [11/Mar/2026:08:55:11 -0400] "GET /shop/runningly/eximia021606988406.shtml HTTP/1.1" 200 72972 "-" "meta-externalagent/1.1 (+https://developers.facebook.com/docs/sharing/webmasters/crawler)"
57.141.0.48 - - [11/Mar/2026:08:55:11 -0400] "GET /shop/vatting/binoxalate023848585618.shtml HTTP/1.1" 200 72972 "-" "meta-externalagent/1.1 (+https://developers.facebook.com/docs/sharing/webmasters/crawler)"
57.141.0.48 - - [11/Mar/2026:08:55:12 -0400] "GET /shop/thundercloud/predictively063896962901.shtml HTTP/1.1" 200 72972 "-" "meta-externalagent/1.1 (+https://developers.facebook.com/docs/sharing/webmasters/crawler)"
57.141.0.55 - - [11/Mar/2026:08:55:12 -0400] "GET /shop/measure/whiteblaze051012717055.shtml HTTP/1.1" 200 72973 "-" "meta-externalagent/1.1 (+https://developers.facebook.com/docs/sharing/webmasters/crawler)"
57.141.0.71 - - [11/Mar/2026:08:55:13 -0400] "GET /shop/assuming/entrochite053420970315.shtml HTTP/1.1" 200 72972 "-" "meta-externalagent/1.1 (+https://developers.facebook.com/docs/sharing/webmasters/crawler)"
57.141.0.37 - - [11/Mar/2026:08:55:12 -0400] "GET /shop/clavus/scalaris053788304645.shtml HTTP/1.1" 200 72972 "-" "meta-externalagent/1.1 (+https://developers.facebook.com/docs/sharing/webmasters/crawler)"
74.7.242.60 - - [11/Mar/2026:08:55:10 -0400] "GET /search.php?detail/17500839668046 HTTP/1.1" 200 174007 "https://residenciassanantonio.com/search.php?detail/195033313261" "Mozilla/5.0 AppleWebKit/537.36 (KHTML, like Gecko; compatible; GPTBot/1.3; +https://openai.com/gptbot)"
57.141.0.70 - - [11/Mar/2026:08:55:14 -0400] "GET /shop/ventured/influencing061669774352.shtml HTTP/1.1" 200 72972 "-" "meta-externalagent/1.1 (+https://developers.facebook.com/docs/sharing/webmasters/crawler)"
57.141.0.66 - - [11/Mar/2026:08:55:14 -0400] "GET /shop/transpire/gasified044053835298.shtml HTTP/1.1" 200 72972 "-" "meta-externalagent/1.1 (+https://developers.facebook.com/docs/sharing/webmasters/crawler)"
57.141.0.67 - - [11/Mar/2026:08:55:15 -0400] "GET /shop/ileum/shipwright022279354051.shtml HTTP/1.1" 200 72972 "-" "meta-externalagent/1.1 (+https://developers.facebook.com/docs/sharing/webmasters/crawler)"
57.141.0.53 - - [11/Mar/2026:08:55:15 -0400] "GET /shop/electronic/culvertail04708201107.shtml HTTP/1.1" 200 72972 "-" "meta-externalagent/1.1 (+https://developers.facebook.com/docs/sharing/webmasters/crawler)"
57.141.0.19 - - [11/Mar/2026:08:55:16 -0400] "GET /shop/fertilizer/beware05280874549.shtml HTTP/1.1" 200 72972 "-" "meta-externalagent/1.1 (+https://developers.facebook.com/docs/sharing/webmasters/crawler)"
57.141.0.41 - - [11/Mar/2026:08:55:15 -0400] "GET /shop/necessities/acetic063281123375.shtml HTTP/1.1" 200 72972 "-" "meta-externalagent/1.1 (+https://developers.facebook.com/docs/sharing/webmasters/crawler)"
74.7.242.60 - - [11/Mar/2026:08:55:14 -0400] "GET /search.php?detail/01103043164910 HTTP/1.1" 200 158359 "https://residenciassanantonio.com/search.php?detail/01104478660801" "Mozilla/5.0 AppleWebKit/537.36 (KHTML, like Gecko; compatible; GPTBot/1.3; +https://openai.com/gptbot)"
57.141.0.19 - - [11/Mar/2026:08:55:17 -0400] "GET /shop/trivialness/nobrainer051670134846.shtml HTTP/1.1" 200 72972 "-" "meta-externalagent/1.1 (+https://developers.facebook.com/docs/sharing/webmasters/crawler)"
57.141.0.30 - - [11/Mar/2026:08:55:17 -0400] "GET /shop/cicatrizant/sclerite041621586874.shtml HTTP/1.1" 200 72972 "-" "meta-externalagent/1.1 (+https://developers.facebook.com/docs/sharing/webmasters/crawler)"
57.141.0.47 - - [11/Mar/2026:08:55:18 -0400] "GET /shop/bacteriemia/satureia023901001139.shtml HTTP/1.1" 200 72972 "-" "meta-externalagent/1.1 (+https://developers.facebook.com/docs/sharing/webmasters/crawler)"
57.141.0.4 - - [11/Mar/2026:08:55:18 -0400] "GET /shop/massproduce/cartography043131527445.shtml HTTP/1.1" 200 72972 "-" "meta-externalagent/1.1 (+https://developers.facebook.com/docs/sharing/webmasters/crawler)"
57.141.0.70 - - [11/Mar/2026:08:55:18 -0400] "GET /shop/nemobius/slantingly02625799980.shtml HTTP/1.1" 200 72972 "-" "meta-externalagent/1.1 (+https://developers.facebook.com/docs/sharing/webmasters/crawler)"
57.141.0.5 - - [11/Mar/2026:08:55:19 -0400] "GET /shop/swinging/contemplance062724595585.shtml HTTP/1.1" 200 72972 "-" "meta-externalagent/1.1 (+https://developers.facebook.com/docs/sharing/webmasters/crawler)"
57.141.0.58 - - [11/Mar/2026:08:55:20 -0400] "GET /shop/patronless/constellation042133420078.shtml HTTP/1.1" 200 72972 "-" "meta-externalagent/1.1 (+https://developers.facebook.com/docs/sharing/webmasters/crawler)"
74.7.242.60 - - [11/Mar/2026:08:55:17 -0400] "GET /search.php?detail/193034700036 HTTP/1.1" 200 156802 "https://residenciassanantonio.com/search.php?detail/193008003985" "Mozilla/5.0 AppleWebKit/537.36 (KHTML, like Gecko; compatible; GPTBot/1.3; +https://openai.com/gptbot)"
57.141.0.31 - - [11/Mar/2026:08:55:20 -0400] "GET /shop/schorl/polygamian053300786897.shtml HTTP/1.1" 200 72972 "-" "meta-externalagent/1.1 (+https://developers.facebook.com/docs/sharing/webmasters/crawler)"
57.141.0.19 - - [11/Mar/2026:08:55:21 -0400] "GET /shop/rachises/playtime043066002062.shtml HTTP/1.1" 200 72972 "-" "meta-externalagent/1.1 (+https://developers.facebook.com/docs/sharing/webmasters/crawler)"
57.141.0.19 - - [11/Mar/2026:08:55:21 -0400] "GET /shop/lombardhouse/presented062185818538.shtml HTTP/1.1" 200 72972 "-" "meta-externalagent/1.1 (+https://developers.facebook.com/docs/sharing/webmasters/crawler)"
57.141.0.67 - - [11/Mar/2026:08:55:21 -0400] "GET /shop/regious/dentil023687891652.shtml HTTP/1.1" 200 72972 "-" "meta-externalagent/1.1 (+https://developers.facebook.com/docs/sharing/webmasters/crawler)"
57.141.0.60 - - [11/Mar/2026:08:55:22 -0400] "GET /shop/armilla/madmen061003561906.shtml HTTP/1.1" 200 72972 "-" "meta-externalagent/1.1 (+https://developers.facebook.com/docs/sharing/webmasters/crawler)"
57.141.0.16 - - [11/Mar/2026:08:55:22 -0400] "GET /shop/protract/charivari022404697051.shtml HTTP/1.1" 200 72972 "-" "meta-externalagent/1.1 (+https://developers.facebook.com/docs/sharing/webmasters/crawler)"
57.141.0.48 - - [11/Mar/2026:08:55:23 -0400] "GET /shop/transcendent/gossamery051272761030.shtml HTTP/1.1" 200 72972 "-" "meta-externalagent/1.1 (+https://developers.facebook.com/docs/sharing/webmasters/crawler)"
57.141.0.54 - - [11/Mar/2026:08:55:24 -0400] "GET /shop/sarcosis/lambertina054022916455.shtml HTTP/1.1" 200 72972 "-" "meta-externalagent/1.1 (+https://developers.facebook.com/docs/sharing/webmasters/crawler)"
57.141.0.63 - - [11/Mar/2026:08:55:24 -0400] "GET /shop/punishments/dismounting051384535465.shtml HTTP/1.1" 200 72972 "-" "meta-externalagent/1.1 (+https://developers.facebook.com/docs/sharing/webmasters/crawler)"
57.141.0.67 - - [11/Mar/2026:08:55:25 -0400] "GET /shop/aircushioned/borrichia042226345468.shtml HTTP/1.1" 200 72972 "-" "meta-externalagent/1.1 (+https://developers.facebook.com/docs/sharing/webmasters/crawler)"
57.141.0.39 - - [11/Mar/2026:08:55:25 -0400] "GET /shop/methyle/changeringing012646783618.shtml HTTP/1.1" 200 72972 "-" "meta-externalagent/1.1 (+https://developers.facebook.com/docs/sharing/webmasters/crawler)"
74.7.242.60 - - [11/Mar/2026:08:55:21 -0400] "GET /search.php?detail/082028910251 HTTP/1.1" 200 162445 "https://residenciassanantonio.com/search.php?detail/01104478660801" "Mozilla/5.0 AppleWebKit/537.36 (KHTML, like Gecko; compatible; GPTBot/1.3; +https://openai.com/gptbot)"
57.141.0.10 - - [11/Mar/2026:08:55:25 -0400] "GET /shop/disencumber/toadied051899934499.shtml HTTP/1.1" 200 72972 "-" "meta-externalagent/1.1 (+https://developers.facebook.com/docs/sharing/webmasters/crawler)"
57.141.0.48 - - [11/Mar/2026:08:55:26 -0400] "GET /shop/brightening/albinoism061660383609.shtml HTTP/1.1" 200 72972 "-" "meta-externalagent/1.1 (+https://developers.facebook.com/docs/sharing/webmasters/crawler)"
57.141.0.11 - - [11/Mar/2026:08:55:27 -0400] "GET /shop/notomys/emblazonment042422512027.shtml HTTP/1.1" 200 72972 "-" "meta-externalagent/1.1 (+https://developers.facebook.com/docs/sharing/webmasters/crawler)"
57.141.0.36 - - [11/Mar/2026:08:55:27 -0400] "GET /shop/solidarity/nitrobenzol06584439257.shtml HTTP/1.1" 200 72972 "-" "meta-externalagent/1.1 (+https://developers.facebook.com/docs/sharing/webmasters/crawler)"
57.141.0.28 - - [11/Mar/2026:08:55:28 -0400] "GET /shop/sabianism/adnate041524675777.shtml HTTP/1.1" 200 72972 "-" "meta-externalagent/1.1 (+https://developers.facebook.com/docs/sharing/webmasters/crawler)"
57.141.0.19 - - [11/Mar/2026:08:55:28 -0400] "GET /shop/beaumontague/osteocranium021336899194.shtml HTTP/1.1" 200 72972 "-" "meta-externalagent/1.1 (+https://developers.facebook.com/docs/sharing/webmasters/crawler)"
74.7.242.60 - - [11/Mar/2026:08:55:26 -0400] "GET /search.php?detail/193035493969 HTTP/1.1" 200 157569 "https://residenciassanantonio.com/search.php?detail/193008003985" "Mozilla/5.0 AppleWebKit/537.36 (KHTML, like Gecko; compatible; GPTBot/1.3; +https://openai.com/gptbot)"
57.141.0.45 - - [11/Mar/2026:08:55:29 -0400] "GET /shop/relevance/valkyr022739891825.shtml HTTP/1.1" 200 72972 "-" "meta-externalagent/1.1 (+https://developers.facebook.com/docs/sharing/webmasters/crawler)"
57.141.0.4 - - [11/Mar/2026:08:55:29 -0400] "GET /shop/calippic/excantation041407478879.shtml HTTP/1.1" 200 72972 "-" "meta-externalagent/1.1 (+https://developers.facebook.com/docs/sharing/webmasters/crawler)"
57.141.0.11 - - [11/Mar/2026:08:55:30 -0400] "GET /shop/wonderland/lagopous053098818520.shtml HTTP/1.1" 200 72972 "-" "meta-externalagent/1.1 (+https://developers.facebook.com/docs/sharing/webmasters/crawler)"
57.141.0.47 - - [11/Mar/2026:08:55:30 -0400] "GET /shop/hypopharynx/searoving063334459330.shtml HTTP/1.1" 200 72972 "-" "meta-externalagent/1.1 (+https://developers.facebook.com/docs/sharing/webmasters/crawler)"
57.141.0.31 - - [11/Mar/2026:08:55:31 -0400] "GET /shop/oleaceous/educational063091873532.shtml HTTP/1.1" 200 72972 "-" "meta-externalagent/1.1 (+https://developers.facebook.com/docs/sharing/webmasters/crawler)"
57.141.0.68 - - [11/Mar/2026:08:55:31 -0400] "GET /shop/cashierer/outhees041475768450.shtml HTTP/1.1" 200 72972 "-" "meta-externalagent/1.1 (+https://developers.facebook.com/docs/sharing/webmasters/crawler)"
74.7.242.60 - - [11/Mar/2026:08:55:29 -0400] "GET /search.php?detail/04100112269210 HTTP/1.1" 200 164150 "https://residenciassanantonio.com/search.php?detail/0560421285761" "Mozilla/5.0 AppleWebKit/537.36 (KHTML, like Gecko; compatible; GPTBot/1.3; +https://openai.com/gptbot)"
57.141.0.59 - - [11/Mar/2026:08:55:32 -0400] "GET /shop/supererogate/zittermal053759054215.shtml HTTP/1.1" 200 72972 "-" "meta-externalagent/1.1 (+https://developers.facebook.com/docs/sharing/webmasters/crawler)"
57.141.0.41 - - [11/Mar/2026:08:55:32 -0400] "GET /shop/obligations/trigger042474750999.shtml HTTP/1.1" 200 72972 "-" "meta-externalagent/1.1 (+https://developers.facebook.com/docs/sharing/webmasters/crawler)"
57.141.0.41 - - [11/Mar/2026:08:55:32 -0400] "GET /shop/inabstinence/zapotilla04516481581.shtml HTTP/1.1" 200 72973 "-" "meta-externalagent/1.1 (+https://developers.facebook.com/docs/sharing/webmasters/crawler)"
57.141.0.55 - - [11/Mar/2026:08:55:33 -0400] "GET /shop/gravenstein/gutted061869354697.shtml HTTP/1.1" 200 72972 "-" "meta-externalagent/1.1 (+https://developers.facebook.com/docs/sharing/webmasters/crawler)"
57.141.0.47 - - [11/Mar/2026:08:55:34 -0400] "GET /shop/caligraphy/trepidity02993407098.shtml HTTP/1.1" 200 72972 "-" "meta-externalagent/1.1 (+https://developers.facebook.com/docs/sharing/webmasters/crawler)"
57.141.0.16 - - [11/Mar/2026:08:55:34 -0400] "GET /shop/candor/penicil044189978865.shtml HTTP/1.1" 200 72972 "-" "meta-externalagent/1.1 (+https://developers.facebook.com/docs/sharing/webmasters/crawler)"
57.141.0.51 - - [11/Mar/2026:08:55:34 -0400] "GET /shop/enoptomancy/iridian021381578649.shtml HTTP/1.1" 200 72972 "-" "meta-externalagent/1.1 (+https://developers.facebook.com/docs/sharing/webmasters/crawler)"
57.141.0.47 - - [11/Mar/2026:08:55:35 -0400] "GET /shop/unholiness/roared053394075781.shtml HTTP/1.1" 200 72972 "-" "meta-externalagent/1.1 (+https://developers.facebook.com/docs/sharing/webmasters/crawler)"
74.7.242.60 - - [11/Mar/2026:08:55:33 -0400] "GET /search.php?detail/192005229525 HTTP/1.1" 200 169005 "https://residenciassanantonio.com/search.php?detail/28701018863540" "Mozilla/5.0 AppleWebKit/537.36 (KHTML, like Gecko; compatible; GPTBot/1.3; +https://openai.com/gptbot)"
57.141.0.65 - - [11/Mar/2026:08:55:36 -0400] "GET /shop/rangifer/lethargizing021401634493.shtml HTTP/1.1" 200 72972 "-" "meta-externalagent/1.1 (+https://developers.facebook.com/docs/sharing/webmasters/crawler)"
57.141.0.22 - - [11/Mar/2026:08:55:36 -0400] "GET /shop/neustria/ephemerist042918318460.shtml HTTP/1.1" 200 72972 "-" "meta-externalagent/1.1 (+https://developers.facebook.com/docs/sharing/webmasters/crawler)"
57.141.0.46 - - [11/Mar/2026:08:55:37 -0400] "GET /shop/predestinary/pilaris042912481773.shtml HTTP/1.1" 200 72972 "-" "meta-externalagent/1.1 (+https://developers.facebook.com/docs/sharing/webmasters/crawler)"
57.141.0.42 - - [11/Mar/2026:08:55:37 -0400] "GET /shop/acceded/hadrosauridae022574312614.shtml HTTP/1.1" 200 72972 "-" "meta-externalagent/1.1 (+https://developers.facebook.com/docs/sharing/webmasters/crawler)"
57.141.0.71 - - [11/Mar/2026:08:55:37 -0400] "GET /shop/alogy/destructionist022989375505.shtml HTTP/1.1" 200 72973 "-" "meta-externalagent/1.1 (+https://developers.facebook.com/docs/sharing/webmasters/crawler)"
57.141.0.13 - - [11/Mar/2026:08:55:38 -0400] "GET /shop/disallowable/marmoratum04763808212.shtml HTTP/1.1" 200 72972 "-" "meta-externalagent/1.1 (+https://developers.facebook.com/docs/sharing/webmasters/crawler)"
74.7.242.60 - - [11/Mar/2026:08:55:36 -0400] "GET /search.php?detail/281049111849 HTTP/1.1" 200 163265 "https://residenciassanantonio.com/search.php?detail/204019301110" "Mozilla/5.0 AppleWebKit/537.36 (KHTML, like Gecko; compatible; GPTBot/1.3; +https://openai.com/gptbot)"
