57.141.0.29 - - [11/Mar/2026:08:06:21 -0400] "GET /shop/vistas/seraphicalness06179449837.shtml HTTP/1.1" 200 72972 "-" "meta-externalagent/1.1 (+https://developers.facebook.com/docs/sharing/webmasters/crawler)"
144.91.119.214 - - [11/Mar/2026:08:06:22 -0400] "POST /wp-login.php HTTP/1.1" 403 72972 "https://www.residenciassanantonio.com/wp-login.php" "Mozilla/5.0 (Windows NT 11.0; Win64; x64) AppleWebKit/537.36 (KHTML, like Gecko) Chrome/121.0.0.0 Safari/537.36"
57.141.0.45 - - [11/Mar/2026:08:06:22 -0400] "GET /shop/cindery/ischiocerite064101569809.shtml HTTP/1.1" 200 72972 "-" "meta-externalagent/1.1 (+https://developers.facebook.com/docs/sharing/webmasters/crawler)"
57.141.0.58 - - [11/Mar/2026:08:06:23 -0400] "GET /shop/ascensional/verrel043071654746.shtml HTTP/1.1" 200 72972 "-" "meta-externalagent/1.1 (+https://developers.facebook.com/docs/sharing/webmasters/crawler)"
144.91.119.214 - - [11/Mar/2026:08:06:23 -0400] "POST /wp-login.php HTTP/1.1" 403 72972 "https://www.residenciassanantonio.com/wp-login.php" "Mozilla/5.0 (Windows NT 11.0; Win64; x64) AppleWebKit/537.36 (KHTML, like Gecko) Chrome/121.0.0.0 Safari/537.36"
57.141.0.68 - - [11/Mar/2026:08:06:23 -0400] "GET /shop/shoebill/filamentosa041615151771.shtml HTTP/1.1" 200 72972 "-" "meta-externalagent/1.1 (+https://developers.facebook.com/docs/sharing/webmasters/crawler)"
57.141.0.32 - - [11/Mar/2026:08:06:23 -0400] "GET /shop/alexanders/lithosphere062329687490.shtml HTTP/1.1" 200 72972 "-" "meta-externalagent/1.1 (+https://developers.facebook.com/docs/sharing/webmasters/crawler)"
74.7.242.60 - - [11/Mar/2026:08:06:21 -0400] "GET /search.php?detail/242009299297 HTTP/1.1" 200 158202 "https://residenciassanantonio.com/search.php?detail/289044818828" "Mozilla/5.0 AppleWebKit/537.36 (KHTML, like Gecko; compatible; GPTBot/1.3; +https://openai.com/gptbot)"
144.91.119.214 - - [11/Mar/2026:08:06:24 -0400] "GET /wp-login.php HTTP/1.1" 403 72972 "-" "Mozilla/5.0 (Macintosh; Intel Mac OS X 10_15_7) AppleWebKit/537.36 (KHTML, like Gecko) Chrome/120.0.0.0 Safari/537.36"
57.141.0.39 - - [11/Mar/2026:08:06:24 -0400] "GET /shop/bertholetia/dedicatory061692444184.shtml HTTP/1.1" 200 72972 "-" "meta-externalagent/1.1 (+https://developers.facebook.com/docs/sharing/webmasters/crawler)"
57.141.0.67 - - [11/Mar/2026:08:06:24 -0400] "GET /shop/elasmognathus/flaggy043117031934.shtml HTTP/1.1" 200 72972 "-" "meta-externalagent/1.1 (+https://developers.facebook.com/docs/sharing/webmasters/crawler)"
144.91.119.214 - - [11/Mar/2026:08:06:25 -0400] "POST /wp-login.php HTTP/1.1" 403 72972 "https://www.residenciassanantonio.com/wp-login.php" "Mozilla/5.0 (Macintosh; Intel Mac OS X 10_15_7) AppleWebKit/537.36 (KHTML, like Gecko) Chrome/120.0.0.0 Safari/537.36"
57.141.0.19 - - [11/Mar/2026:08:06:25 -0400] "GET /shop/balsamea/kneecrooking024010146159.shtml HTTP/1.1" 200 72972 "-" "meta-externalagent/1.1 (+https://developers.facebook.com/docs/sharing/webmasters/crawler)"
57.141.0.57 - - [11/Mar/2026:08:06:26 -0400] "GET /shop/pacated/drawfiling043580681484.shtml HTTP/1.1" 200 72973 "-" "meta-externalagent/1.1 (+https://developers.facebook.com/docs/sharing/webmasters/crawler)"
57.141.0.70 - - [11/Mar/2026:08:06:26 -0400] "GET /shop/whenever/epicurely053854259610.shtml HTTP/1.1" 200 72972 "-" "meta-externalagent/1.1 (+https://developers.facebook.com/docs/sharing/webmasters/crawler)"
57.141.0.66 - - [11/Mar/2026:08:06:26 -0400] "GET /shop/xanthidium/indefiniteness061314651939.shtml HTTP/1.1" 200 72972 "-" "meta-externalagent/1.1 (+https://developers.facebook.com/docs/sharing/webmasters/crawler)"
144.91.119.214 - - [11/Mar/2026:08:06:26 -0400] "POST /wp-login.php HTTP/1.1" 403 72972 "https://www.residenciassanantonio.com/wp-login.php" "Mozilla/5.0 (Macintosh; Intel Mac OS X 10_15_7) AppleWebKit/537.36 (KHTML, like Gecko) Chrome/120.0.0.0 Safari/537.36"
57.141.0.63 - - [11/Mar/2026:08:06:27 -0400] "GET /shop/tricliniary/exacination041528327514.shtml HTTP/1.1" 200 72972 "-" "meta-externalagent/1.1 (+https://developers.facebook.com/docs/sharing/webmasters/crawler)"
74.7.242.60 - - [11/Mar/2026:08:06:25 -0400] "GET /search.php?detail/289010114302 HTTP/1.1" 200 159451 "https://residenciassanantonio.com/search.php?detail/289044818828" "Mozilla/5.0 AppleWebKit/537.36 (KHTML, like Gecko; compatible; GPTBot/1.3; +https://openai.com/gptbot)"
57.141.0.16 - - [11/Mar/2026:08:06:27 -0400] "GET /shop/professoriat/strigil041212123583.shtml HTTP/1.1" 200 72972 "-" "meta-externalagent/1.1 (+https://developers.facebook.com/docs/sharing/webmasters/crawler)"
144.91.119.214 - - [11/Mar/2026:08:06:27 -0400] "POST /wp-login.php HTTP/1.1" 403 72972 "https://www.residenciassanantonio.com/wp-login.php" "Mozilla/5.0 (Macintosh; Intel Mac OS X 10_15_7) AppleWebKit/537.36 (KHTML, like Gecko) Chrome/120.0.0.0 Safari/537.36"
57.141.0.14 - - [11/Mar/2026:08:06:28 -0400] "GET /shop/initiation/indoxylic052512590630.shtml HTTP/1.1" 200 72972 "-" "meta-externalagent/1.1 (+https://developers.facebook.com/docs/sharing/webmasters/crawler)"
57.141.0.11 - - [11/Mar/2026:08:06:28 -0400] "GET /shop/decalcifying/heedful042659610935.shtml HTTP/1.1" 200 72972 "-" "meta-externalagent/1.1 (+https://developers.facebook.com/docs/sharing/webmasters/crawler)"
144.91.119.214 - - [11/Mar/2026:08:06:28 -0400] "GET /wp-login.php HTTP/1.1" 403 72972 "-" "Mozilla/5.0 (Windows NT 10.0; Win64; x64) AppleWebKit/537.36 (KHTML, like Gecko) Chrome/120.0.0.0 Safari/537.36"
57.141.0.54 - - [11/Mar/2026:08:06:29 -0400] "GET /shop/accidentalism/eradicable06928066705.shtml HTTP/1.1" 200 72972 "-" "meta-externalagent/1.1 (+https://developers.facebook.com/docs/sharing/webmasters/crawler)"
144.91.119.214 - - [11/Mar/2026:08:06:29 -0400] "POST /wp-login.php HTTP/1.1" 403 72972 "https://www.residenciassanantonio.com/wp-login.php" "Mozilla/5.0 (X11; Linux x86_64) AppleWebKit/537.36 (KHTML, like Gecko) Chrome/120.0.0.0 Safari/537.36"
57.141.0.15 - - [11/Mar/2026:08:06:29 -0400] "GET /shop/jarringly/bourder043868287137.shtml HTTP/1.1" 200 72972 "-" "meta-externalagent/1.1 (+https://developers.facebook.com/docs/sharing/webmasters/crawler)"
57.141.0.46 - - [11/Mar/2026:08:06:30 -0400] "GET /shop/vamos/majalis052917998615.shtml HTTP/1.1" 200 72972 "-" "meta-externalagent/1.1 (+https://developers.facebook.com/docs/sharing/webmasters/crawler)"
144.91.119.214 - - [11/Mar/2026:08:06:30 -0400] "POST /wp-login.php HTTP/1.1" 403 72972 "https://www.residenciassanantonio.com/wp-login.php" "Mozilla/5.0 (X11; Linux x86_64) AppleWebKit/537.36 (KHTML, like Gecko) Chrome/120.0.0.0 Safari/537.36"
57.141.0.62 - - [11/Mar/2026:08:06:30 -0400] "GET /shop/youngling/reverso061921473864.shtml HTTP/1.1" 200 72972 "-" "meta-externalagent/1.1 (+https://developers.facebook.com/docs/sharing/webmasters/crawler)"
74.7.242.60 - - [11/Mar/2026:08:06:28 -0400] "GET /search.php?detail/2120383897462 HTTP/1.1" 200 163337 "https://residenciassanantonio.com/search.php?detail/21202042715424" "Mozilla/5.0 AppleWebKit/537.36 (KHTML, like Gecko; compatible; GPTBot/1.3; +https://openai.com/gptbot)"
57.141.0.38 - - [11/Mar/2026:08:06:31 -0400] "GET /shop/covey/exesion051764778019.shtml HTTP/1.1" 200 72972 "-" "meta-externalagent/1.1 (+https://developers.facebook.com/docs/sharing/webmasters/crawler)"
144.91.119.214 - - [11/Mar/2026:08:06:31 -0400] "POST /wp-login.php HTTP/1.1" 403 72972 "https://www.residenciassanantonio.com/wp-login.php" "Mozilla/5.0 (X11; Linux x86_64) AppleWebKit/537.36 (KHTML, like Gecko) Chrome/120.0.0.0 Safari/537.36"
57.141.0.72 - - [11/Mar/2026:08:06:31 -0400] "GET /shop/stammered/soundlessness051314823221.shtml HTTP/1.1" 200 72972 "-" "meta-externalagent/1.1 (+https://developers.facebook.com/docs/sharing/webmasters/crawler)"
57.141.0.37 - - [11/Mar/2026:08:06:32 -0400] "GET /shop/veins/miseration061028182829.shtml HTTP/1.1" 200 72972 "-" "meta-externalagent/1.1 (+https://developers.facebook.com/docs/sharing/webmasters/crawler)"
57.141.0.19 - - [11/Mar/2026:08:06:33 -0400] "GET /shop/grooming/identity0256290201.shtml HTTP/1.1" 200 72973 "-" "meta-externalagent/1.1 (+https://developers.facebook.com/docs/sharing/webmasters/crawler)"
57.141.0.54 - - [11/Mar/2026:08:06:33 -0400] "GET /shop/compressibleness/uttermore06436053107.shtml HTTP/1.1" 200 72972 "-" "meta-externalagent/1.1 (+https://developers.facebook.com/docs/sharing/webmasters/crawler)"
144.91.119.214 - - [11/Mar/2026:08:06:33 -0400] "GET /wp-login.php HTTP/1.1" 403 72972 "-" "Mozilla/5.0 (Windows NT 10.0; Win64; x64) AppleWebKit/537.36 (KHTML, like Gecko) Chrome/120.0.0.0 Safari/537.36"
57.141.0.19 - - [11/Mar/2026:08:06:33 -0400] "GET /shop/platycnemism/wesleyan05790910468.shtml HTTP/1.1" 200 72972 "-" "meta-externalagent/1.1 (+https://developers.facebook.com/docs/sharing/webmasters/crawler)"
74.7.242.60 - - [11/Mar/2026:08:06:32 -0400] "GET /search.php?detail/2090160385497 HTTP/1.1" 200 167337 "https://residenciassanantonio.com/search.php?detail/209024644700" "Mozilla/5.0 AppleWebKit/537.36 (KHTML, like Gecko; compatible; GPTBot/1.3; +https://openai.com/gptbot)"
57.141.0.19 - - [11/Mar/2026:08:06:34 -0400] "GET /shop/rifler/jaggy061959311385.shtml HTTP/1.1" 200 72973 "-" "meta-externalagent/1.1 (+https://developers.facebook.com/docs/sharing/webmasters/crawler)"
57.141.0.38 - - [11/Mar/2026:08:06:35 -0400] "GET /shop/decapterus/doubtance044085779720.shtml HTTP/1.1" 200 72972 "-" "meta-externalagent/1.1 (+https://developers.facebook.com/docs/sharing/webmasters/crawler)"
57.141.0.38 - - [11/Mar/2026:08:06:35 -0400] "GET /shop/whitewashed/eyebolt041257791956.shtml HTTP/1.1" 200 72972 "-" "meta-externalagent/1.1 (+https://developers.facebook.com/docs/sharing/webmasters/crawler)"
57.141.0.34 - - [11/Mar/2026:08:06:35 -0400] "GET /shop/solecistic/symbiotic04485807777.shtml HTTP/1.1" 200 72972 "-" "meta-externalagent/1.1 (+https://developers.facebook.com/docs/sharing/webmasters/crawler)"
144.91.119.214 - - [11/Mar/2026:08:06:35 -0400] "POST /wp-login.php HTTP/1.1" 403 72972 "https://www.residenciassanantonio.com/wp-login.php" "Mozilla/5.0 (Windows NT 10.0; Win64; x64) AppleWebKit/537.36 (KHTML, like Gecko) Chrome/120.0.0.0 Safari/537.36"
57.141.0.16 - - [11/Mar/2026:08:06:36 -0400] "GET /shop/mussel/vower042056485551.shtml HTTP/1.1" 200 72972 "-" "meta-externalagent/1.1 (+https://developers.facebook.com/docs/sharing/webmasters/crawler)"
57.141.0.20 - - [11/Mar/2026:08:06:36 -0400] "GET /shop/jackinthebox/operationalism063383628243.shtml HTTP/1.1" 200 72972 "-" "meta-externalagent/1.1 (+https://developers.facebook.com/docs/sharing/webmasters/crawler)"
144.91.119.214 - - [11/Mar/2026:08:06:36 -0400] "POST /wp-login.php HTTP/1.1" 403 72972 "https://www.residenciassanantonio.com/wp-login.php" "Mozilla/5.0 (Windows NT 10.0; Win64; x64) AppleWebKit/537.36 (KHTML, like Gecko) Chrome/120.0.0.0 Safari/537.36"
57.141.0.8 - - [11/Mar/2026:08:06:37 -0400] "GET /shop/apostrophize/unacceptableness052121424062.shtml HTTP/1.1" 200 72972 "-" "meta-externalagent/1.1 (+https://developers.facebook.com/docs/sharing/webmasters/crawler)"
144.91.119.214 - - [11/Mar/2026:08:06:37 -0400] "POST /wp-login.php HTTP/1.1" 403 72972 "https://www.residenciassanantonio.com/wp-login.php" "Mozilla/5.0 (Windows NT 10.0; Win64; x64) AppleWebKit/537.36 (KHTML, like Gecko) Chrome/120.0.0.0 Safari/537.36"
57.141.0.56 - - [11/Mar/2026:08:06:37 -0400] "GET /shop/tomato/disabuse021378487255.shtml HTTP/1.1" 200 72972 "-" "meta-externalagent/1.1 (+https://developers.facebook.com/docs/sharing/webmasters/crawler)"
74.7.242.60 - - [11/Mar/2026:08:06:35 -0400] "GET /search.php?detail/2000481532998 HTTP/1.1" 200 168363 "https://residenciassanantonio.com/search.php?detail/194025025454" "Mozilla/5.0 AppleWebKit/537.36 (KHTML, like Gecko; compatible; GPTBot/1.3; +https://openai.com/gptbot)"
57.141.0.22 - - [11/Mar/2026:08:06:38 -0400] "GET /shop/stallion/quenchless022837051073.shtml HTTP/1.1" 200 72973 "-" "meta-externalagent/1.1 (+https://developers.facebook.com/docs/sharing/webmasters/crawler)"
144.91.119.214 - - [11/Mar/2026:08:06:38 -0400] "GET /wp-login.php HTTP/1.1" 403 72973 "-" "Mozilla/5.0 (X11; Linux x86_64) AppleWebKit/537.36 (KHTML, like Gecko) Chrome/120.0.0.0 Safari/537.36"
57.141.0.32 - - [11/Mar/2026:08:06:39 -0400] "GET /shop/proostraca/pederast053210841765.shtml HTTP/1.1" 200 72972 "-" "meta-externalagent/1.1 (+https://developers.facebook.com/docs/sharing/webmasters/crawler)"
144.91.119.214 - - [11/Mar/2026:08:06:39 -0400] "POST /wp-login.php HTTP/1.1" 403 72973 "https://www.residenciassanantonio.com/wp-login.php" "Mozilla/5.0 (Windows NT 10.0; Win64; x64; rv:121.0) Gecko/20100101 Firefox/121.0"
57.141.0.19 - - [11/Mar/2026:08:06:39 -0400] "GET /shop/unimplicate/overcautious05819300125.shtml HTTP/1.1" 200 72973 "-" "meta-externalagent/1.1 (+https://developers.facebook.com/docs/sharing/webmasters/crawler)"
57.141.0.68 - - [11/Mar/2026:08:06:40 -0400] "GET /shop/hoeing/rewardless021674335823.shtml HTTP/1.1" 200 72972 "-" "meta-externalagent/1.1 (+https://developers.facebook.com/docs/sharing/webmasters/crawler)"
57.141.0.17 - - [11/Mar/2026:08:06:39 -0400] "GET /shop/indefective/tantalizing053419345680.shtml HTTP/1.1" 200 72972 "-" "meta-externalagent/1.1 (+https://developers.facebook.com/docs/sharing/webmasters/crawler)"
144.91.119.214 - - [11/Mar/2026:08:06:40 -0400] "POST /wp-login.php HTTP/1.1" 403 72972 "https://www.residenciassanantonio.com/wp-login.php" "Mozilla/5.0 (Windows NT 10.0; Win64; x64; rv:121.0) Gecko/20100101 Firefox/121.0"
57.141.0.66 - - [11/Mar/2026:08:06:40 -0400] "GET /shop/rhyme/laundress063907171019.shtml HTTP/1.1" 200 72972 "-" "meta-externalagent/1.1 (+https://developers.facebook.com/docs/sharing/webmasters/crawler)"
74.7.242.60 - - [11/Mar/2026:08:06:39 -0400] "GET /search.php?detail/1690333674045 HTTP/1.1" 200 168850 "https://residenciassanantonio.com/search.php?detail/169033389624" "Mozilla/5.0 AppleWebKit/537.36 (KHTML, like Gecko; compatible; GPTBot/1.3; +https://openai.com/gptbot)"
57.141.0.70 - - [11/Mar/2026:08:06:41 -0400] "GET /shop/cynoglossum/fluency041385155203.shtml HTTP/1.1" 200 72973 "-" "meta-externalagent/1.1 (+https://developers.facebook.com/docs/sharing/webmasters/crawler)"
144.91.119.214 - - [11/Mar/2026:08:06:42 -0400] "POST /wp-login.php HTTP/1.1" 403 72972 "https://www.residenciassanantonio.com/wp-login.php" "Mozilla/5.0 (Windows NT 10.0; Win64; x64; rv:121.0) Gecko/20100101 Firefox/121.0"
57.141.0.70 - - [11/Mar/2026:08:06:41 -0400] "GET /shop/wends/quadricornous0532197665.shtml HTTP/1.1" 200 72972 "-" "meta-externalagent/1.1 (+https://developers.facebook.com/docs/sharing/webmasters/crawler)"
57.141.0.15 - - [11/Mar/2026:08:06:42 -0400] "GET /shop/sermonet/respects044171306416.shtml HTTP/1.1" 200 72972 "-" "meta-externalagent/1.1 (+https://developers.facebook.com/docs/sharing/webmasters/crawler)"
57.141.0.46 - - [11/Mar/2026:08:06:42 -0400] "GET /shop/metamorphist/bromoiodized043179477903.shtml HTTP/1.1" 200 72972 "-" "meta-externalagent/1.1 (+https://developers.facebook.com/docs/sharing/webmasters/crawler)"
144.91.119.214 - - [11/Mar/2026:08:06:43 -0400] "GET /wp-login.php HTTP/1.1" 403 72972 "-" "Mozilla/5.0 (Macintosh; Intel Mac OS X 10_15_7) AppleWebKit/537.36 (KHTML, like Gecko) Chrome/120.0.0.0 Safari/537.36"
57.141.0.18 - - [11/Mar/2026:08:06:43 -0400] "GET /shop/equivoque/nostalgic04504373284.shtml HTTP/1.1" 200 72973 "-" "meta-externalagent/1.1 (+https://developers.facebook.com/docs/sharing/webmasters/crawler)"
57.141.0.10 - - [11/Mar/2026:08:06:44 -0400] "GET /shop/newsprint/novelry064242714682.shtml HTTP/1.1" 200 72972 "-" "meta-externalagent/1.1 (+https://developers.facebook.com/docs/sharing/webmasters/crawler)"
144.91.119.214 - - [11/Mar/2026:08:06:44 -0400] "POST /wp-login.php HTTP/1.1" 403 72972 "https://www.residenciassanantonio.com/wp-login.php" "Mozilla/5.0 (Windows NT 10.0; Win64; x64) AppleWebKit/537.36 (KHTML, like Gecko) Chrome/120.0.0.0 Safari/537.36"
74.7.242.60 - - [11/Mar/2026:08:06:42 -0400] "GET /search.php?detail/2070244402646 HTTP/1.1" 200 173698 "https://residenciassanantonio.com/search.php?detail/20701902226705" "Mozilla/5.0 AppleWebKit/537.36 (KHTML, like Gecko; compatible; GPTBot/1.3; +https://openai.com/gptbot)"
57.141.0.36 - - [11/Mar/2026:08:06:44 -0400] "GET /shop/galban/cilice05611449302.shtml HTTP/1.1" 200 72972 "-" "meta-externalagent/1.1 (+https://developers.facebook.com/docs/sharing/webmasters/crawler)"
57.141.0.18 - - [11/Mar/2026:08:06:45 -0400] "GET /shop/finishedpredicate/tulipeared051737262732.shtml HTTP/1.1" 200 72972 "-" "meta-externalagent/1.1 (+https://developers.facebook.com/docs/sharing/webmasters/crawler)"
144.91.119.214 - - [11/Mar/2026:08:06:45 -0400] "POST /wp-login.php HTTP/1.1" 403 72972 "https://www.residenciassanantonio.com/wp-login.php" "Mozilla/5.0 (Windows NT 10.0; Win64; x64) AppleWebKit/537.36 (KHTML, like Gecko) Chrome/120.0.0.0 Safari/537.36"
57.141.0.66 - - [11/Mar/2026:08:06:45 -0400] "GET /shop/dewfall/atomicity05786879101.shtml HTTP/1.1" 200 72972 "-" "meta-externalagent/1.1 (+https://developers.facebook.com/docs/sharing/webmasters/crawler)"
57.141.0.64 - - [11/Mar/2026:08:06:46 -0400] "GET /shop/blimbi/wonting04765801462.shtml HTTP/1.1" 200 72972 "-" "meta-externalagent/1.1 (+https://developers.facebook.com/docs/sharing/webmasters/crawler)"
57.141.0.40 - - [11/Mar/2026:08:06:46 -0400] "GET /shop/poyntel/cheilanthes0665398951.shtml HTTP/1.1" 200 72972 "-" "meta-externalagent/1.1 (+https://developers.facebook.com/docs/sharing/webmasters/crawler)"
144.91.119.214 - - [11/Mar/2026:08:06:46 -0400] "POST /wp-login.php HTTP/1.1" 403 72972 "https://www.residenciassanantonio.com/wp-login.php" "Mozilla/5.0 (Windows NT 10.0; Win64; x64) AppleWebKit/537.36 (KHTML, like Gecko) Chrome/120.0.0.0 Safari/537.36"
57.141.0.15 - - [11/Mar/2026:08:06:47 -0400] "GET /shop/nebulizer/solos042801923088.shtml HTTP/1.1" 200 72972 "-" "meta-externalagent/1.1 (+https://developers.facebook.com/docs/sharing/webmasters/crawler)"
144.91.119.214 - - [11/Mar/2026:08:06:47 -0400] "GET /wp-login.php HTTP/1.1" 403 72972 "-" "Mozilla/5.0 (Macintosh; Intel Mac OS X 10_15_7) AppleWebKit/537.36 (KHTML, like Gecko) Chrome/120.0.0.0 Safari/537.36"
57.141.0.24 - - [11/Mar/2026:08:06:47 -0400] "GET /shop/reclaimable/nettled062171103367.shtml HTTP/1.1" 200 72972 "-" "meta-externalagent/1.1 (+https://developers.facebook.com/docs/sharing/webmasters/crawler)"
57.141.0.20 - - [11/Mar/2026:08:06:48 -0400] "GET /shop/arrowheaded/supraaxillary063543822009.shtml HTTP/1.1" 200 72972 "-" "meta-externalagent/1.1 (+https://developers.facebook.com/docs/sharing/webmasters/crawler)"
57.141.0.45 - - [11/Mar/2026:08:06:48 -0400] "GET /shop/monarchize/diglottism023672636921.shtml HTTP/1.1" 200 72973 "-" "meta-externalagent/1.1 (+https://developers.facebook.com/docs/sharing/webmasters/crawler)"
74.7.242.60 - - [11/Mar/2026:08:06:45 -0400] "GET /search.php?detail/040007250519 HTTP/1.1" 200 166484 "https://residenciassanantonio.com/search.php?detail/04002221919090" "Mozilla/5.0 AppleWebKit/537.36 (KHTML, like Gecko; compatible; GPTBot/1.3; +https://openai.com/gptbot)"
144.91.119.214 - - [11/Mar/2026:08:06:48 -0400] "POST /wp-login.php HTTP/1.1" 403 72973 "https://www.residenciassanantonio.com/wp-login.php" "Mozilla/5.0 (Windows NT 11.0; Win64; x64) AppleWebKit/537.36 (KHTML, like Gecko) Chrome/121.0.0.0 Safari/537.36"
57.141.0.55 - - [11/Mar/2026:08:06:49 -0400] "GET /shop/abandoned/snakebird04470268653.shtml HTTP/1.1" 200 72972 "-" "meta-externalagent/1.1 (+https://developers.facebook.com/docs/sharing/webmasters/crawler)"
57.141.0.41 - - [11/Mar/2026:08:06:49 -0400] "GET /shop/shoading/flambeaux043112102272.shtml HTTP/1.1" 200 72972 "-" "meta-externalagent/1.1 (+https://developers.facebook.com/docs/sharing/webmasters/crawler)"
144.91.119.214 - - [11/Mar/2026:08:06:50 -0400] "POST /wp-login.php HTTP/1.1" 403 72972 "https://www.residenciassanantonio.com/wp-login.php" "Mozilla/5.0 (Windows NT 11.0; Win64; x64) AppleWebKit/537.36 (KHTML, like Gecko) Chrome/121.0.0.0 Safari/537.36"
57.141.0.22 - - [11/Mar/2026:08:06:49 -0400] "GET /shop/synosteoses/relieve042144598585.shtml HTTP/1.1" 200 72972 "-" "meta-externalagent/1.1 (+https://developers.facebook.com/docs/sharing/webmasters/crawler)"
57.141.0.68 - - [11/Mar/2026:08:06:50 -0400] "GET /shop/impaneling/widows043824102287.shtml HTTP/1.1" 200 72972 "-" "meta-externalagent/1.1 (+https://developers.facebook.com/docs/sharing/webmasters/crawler)"
57.141.0.59 - - [11/Mar/2026:08:06:50 -0400] "GET /shop/aglutition/snifted042478620067.shtml HTTP/1.1" 200 72972 "-" "meta-externalagent/1.1 (+https://developers.facebook.com/docs/sharing/webmasters/crawler)"
57.141.0.19 - - [11/Mar/2026:08:06:51 -0400] "GET /shop/purgery/proces041581813356.shtml HTTP/1.1" 200 72973 "-" "meta-externalagent/1.1 (+https://developers.facebook.com/docs/sharing/webmasters/crawler)"
144.91.119.214 - - [11/Mar/2026:08:06:51 -0400] "POST /wp-login.php HTTP/1.1" 403 72973 "https://www.residenciassanantonio.com/wp-login.php" "Mozilla/5.0 (Windows NT 11.0; Win64; x64) AppleWebKit/537.36 (KHTML, like Gecko) Chrome/121.0.0.0 Safari/537.36"
57.141.0.35 - - [11/Mar/2026:08:06:51 -0400] "GET /shop/duello/groundcover062959198881.shtml HTTP/1.1" 200 72972 "-" "meta-externalagent/1.1 (+https://developers.facebook.com/docs/sharing/webmasters/crawler)"
74.7.242.60 - - [11/Mar/2026:08:06:49 -0400] "GET /search.php?detail/0400072466124 HTTP/1.1" 200 159640 "https://residenciassanantonio.com/search.php?detail/04002221919090" "Mozilla/5.0 AppleWebKit/537.36 (KHTML, like Gecko; compatible; GPTBot/1.3; +https://openai.com/gptbot)"
144.91.119.214 - - [11/Mar/2026:08:06:52 -0400] "GET /wp-login.php HTTP/1.1" 403 72972 "-" "Mozilla/5.0 (Windows NT 10.0; Win64; x64) AppleWebKit/537.36 (KHTML, like Gecko) Chrome/120.0.0.0 Safari/537.36"
57.141.0.64 - - [11/Mar/2026:08:06:52 -0400] "GET /shop/cheiropterygia/ductless06208327215.shtml HTTP/1.1" 200 72972 "-" "meta-externalagent/1.1 (+https://developers.facebook.com/docs/sharing/webmasters/crawler)"
57.141.0.40 - - [11/Mar/2026:08:06:52 -0400] "GET /shop/deaths/eutychian042039474371.shtml HTTP/1.1" 200 72972 "-" "meta-externalagent/1.1 (+https://developers.facebook.com/docs/sharing/webmasters/crawler)"
57.141.0.57 - - [11/Mar/2026:08:06:53 -0400] "GET /shop/irresoluble/disperseness051332475255.shtml HTTP/1.1" 200 72972 "-" "meta-externalagent/1.1 (+https://developers.facebook.com/docs/sharing/webmasters/crawler)"
144.91.119.214 - - [11/Mar/2026:08:06:53 -0400] "POST /wp-login.php HTTP/1.1" 403 72973 "https://www.residenciassanantonio.com/wp-login.php" "Mozilla/5.0 (Windows NT 11.0; Win64; x64) AppleWebKit/537.36 (KHTML, like Gecko) Chrome/121.0.0.0 Safari/537.36"
57.141.0.45 - - [11/Mar/2026:08:06:53 -0400] "GET /shop/meracious/indepravate0264056191.shtml HTTP/1.1" 200 72972 "-" "meta-externalagent/1.1 (+https://developers.facebook.com/docs/sharing/webmasters/crawler)"
144.91.119.214 - - [11/Mar/2026:08:06:54 -0400] "POST /wp-login.php HTTP/1.1" 403 72973 "https://www.residenciassanantonio.com/wp-login.php" "Mozilla/5.0 (Windows NT 11.0; Win64; x64) AppleWebKit/537.36 (KHTML, like Gecko) Chrome/121.0.0.0 Safari/537.36"
57.141.0.11 - - [11/Mar/2026:08:06:54 -0400] "GET /shop/guerdonable/uncinatum012316335470.shtml HTTP/1.1" 200 72972 "-" "meta-externalagent/1.1 (+https://developers.facebook.com/docs/sharing/webmasters/crawler)"
57.141.0.15 - - [11/Mar/2026:08:06:54 -0400] "GET /shop/hypoxanthin/overtrust043544088546.shtml HTTP/1.1" 200 72972 "-" "meta-externalagent/1.1 (+https://developers.facebook.com/docs/sharing/webmasters/crawler)"
57.141.0.20 - - [11/Mar/2026:08:06:55 -0400] "GET /shop/tingling/precipitous041294376773.shtml HTTP/1.1" 200 72972 "-" "meta-externalagent/1.1 (+https://developers.facebook.com/docs/sharing/webmasters/crawler)"
144.91.119.214 - - [11/Mar/2026:08:06:55 -0400] "POST /wp-login.php HTTP/1.1" 403 72973 "https://www.residenciassanantonio.com/wp-login.php" "Mozilla/5.0 (Windows NT 11.0; Win64; x64) AppleWebKit/537.36 (KHTML, like Gecko) Chrome/121.0.0.0 Safari/537.36"
57.141.0.59 - - [11/Mar/2026:08:06:55 -0400] "GET /shop/junoesque/acidic022777060460.shtml HTTP/1.1" 200 72972 "-" "meta-externalagent/1.1 (+https://developers.facebook.com/docs/sharing/webmasters/crawler)"
57.141.0.45 - - [11/Mar/2026:08:06:56 -0400] "GET /shop/lactobacillus/jacketed041019462674.shtml HTTP/1.1" 200 72972 "-" "meta-externalagent/1.1 (+https://developers.facebook.com/docs/sharing/webmasters/crawler)"
57.141.0.19 - - [11/Mar/2026:08:06:56 -0400] "GET /shop/picidae/inveterate052691050875.shtml HTTP/1.1" 200 72972 "-" "meta-externalagent/1.1 (+https://developers.facebook.com/docs/sharing/webmasters/crawler)"
74.7.242.60 - - [11/Mar/2026:08:06:53 -0400] "GET /search.php?detail/2070244416466 HTTP/1.1" 200 162525 "https://residenciassanantonio.com/search.php?detail/20701902226705" "Mozilla/5.0 AppleWebKit/537.36 (KHTML, like Gecko; compatible; GPTBot/1.3; +https://openai.com/gptbot)"
144.91.119.214 - - [11/Mar/2026:08:06:57 -0400] "GET /wp-login.php HTTP/1.1" 403 72972 "-" "Mozilla/5.0 (Windows NT 10.0; Win64; x64) AppleWebKit/537.36 (KHTML, like Gecko) Chrome/120.0.0.0 Safari/537.36"
57.141.0.38 - - [11/Mar/2026:08:06:57 -0400] "GET /shop/retentivity/baroda023472555524.shtml HTTP/1.1" 200 72972 "-" "meta-externalagent/1.1 (+https://developers.facebook.com/docs/sharing/webmasters/crawler)"
144.91.119.214 - - [11/Mar/2026:08:06:57 -0400] "POST /wp-login.php HTTP/1.1" 403 72973 "https://www.residenciassanantonio.com/wp-login.php" "Mozilla/5.0 (Windows NT 10.0; Win64; x64) AppleWebKit/537.36 (KHTML, like Gecko) Chrome/120.0.0.0 Safari/537.36"
57.141.0.44 - - [11/Mar/2026:08:06:58 -0400] "GET /shop/marijuana/nettlesome054268990556.shtml HTTP/1.1" 200 72972 "-" "meta-externalagent/1.1 (+https://developers.facebook.com/docs/sharing/webmasters/crawler)"
144.91.119.214 - - [11/Mar/2026:08:06:58 -0400] "POST /wp-login.php HTTP/1.1" 403 72972 "https://www.residenciassanantonio.com/wp-login.php" "Mozilla/5.0 (Windows NT 10.0; Win64; x64) AppleWebKit/537.36 (KHTML, like Gecko) Chrome/120.0.0.0 Safari/537.36"
57.141.0.35 - - [11/Mar/2026:08:06:58 -0400] "GET /shop/nereum/jimson043438254026.shtml HTTP/1.1" 200 72973 "-" "meta-externalagent/1.1 (+https://developers.facebook.com/docs/sharing/webmasters/crawler)"
144.91.119.214 - - [11/Mar/2026:08:06:59 -0400] "POST /wp-login.php HTTP/1.1" 403 72972 "https://www.residenciassanantonio.com/wp-login.php" "Mozilla/5.0 (Windows NT 10.0; Win64; x64) AppleWebKit/537.36 (KHTML, like Gecko) Chrome/120.0.0.0 Safari/537.36"
57.141.0.29 - - [11/Mar/2026:08:06:59 -0400] "GET /shop/globulous/hymnography064013017049.shtml HTTP/1.1" 200 72972 "-" "meta-externalagent/1.1 (+https://developers.facebook.com/docs/sharing/webmasters/crawler)"
57.141.0.61 - - [11/Mar/2026:08:06:59 -0400] "GET /shop/contumeliously/lalandii06251924623.shtml HTTP/1.1" 200 72972 "-" "meta-externalagent/1.1 (+https://developers.facebook.com/docs/sharing/webmasters/crawler)"
144.91.119.214 - - [11/Mar/2026:08:07:00 -0400] "GET /wp-login.php HTTP/1.1" 403 72972 "-" "Mozilla/5.0 (Windows NT 10.0; Win64; x64; rv:121.0) Gecko/20100101 Firefox/121.0"
57.141.0.48 - - [11/Mar/2026:08:07:00 -0400] "GET /shop/aggerose/greffier023323175757.shtml HTTP/1.1" 200 72972 "-" "meta-externalagent/1.1 (+https://developers.facebook.com/docs/sharing/webmasters/crawler)"
57.141.0.72 - - [11/Mar/2026:08:07:00 -0400] "GET /shop/bulkhead/tetracera06302325968.shtml HTTP/1.1" 200 72972 "-" "meta-externalagent/1.1 (+https://developers.facebook.com/docs/sharing/webmasters/crawler)"
144.91.119.214 - - [11/Mar/2026:08:07:00 -0400] "POST /wp-login.php HTTP/1.1" 403 72972 "https://www.residenciassanantonio.com/wp-login.php" "Mozilla/5.0 (Windows NT 11.0; Win64; x64) AppleWebKit/537.36 (KHTML, like Gecko) Chrome/121.0.0.0 Safari/537.36"
74.7.242.60 - - [11/Mar/2026:08:06:58 -0400] "GET /search.php?detail/069036697108 HTTP/1.1" 200 156270 "https://residenciassanantonio.com/search.php?detail/04002221919090" "Mozilla/5.0 AppleWebKit/537.36 (KHTML, like Gecko; compatible; GPTBot/1.3; +https://openai.com/gptbot)"
57.141.0.19 - - [11/Mar/2026:08:07:01 -0400] "GET /shop/tenthmeter/flibbergib042873723865.shtml HTTP/1.1" 200 72972 "-" "meta-externalagent/1.1 (+https://developers.facebook.com/docs/sharing/webmasters/crawler)"
57.141.0.32 - - [11/Mar/2026:08:07:01 -0400] "GET /shop/distruster/diplomacy053535006209.shtml HTTP/1.1" 200 72972 "-" "meta-externalagent/1.1 (+https://developers.facebook.com/docs/sharing/webmasters/crawler)"
144.91.119.214 - - [11/Mar/2026:08:07:01 -0400] "POST /wp-login.php HTTP/1.1" 403 72972 "https://www.residenciassanantonio.com/wp-login.php" "Mozilla/5.0 (Windows NT 11.0; Win64; x64) AppleWebKit/537.36 (KHTML, like Gecko) Chrome/121.0.0.0 Safari/537.36"
57.141.0.61 - - [11/Mar/2026:08:07:01 -0400] "GET /shop/commentitious/glary061260170965.shtml HTTP/1.1" 200 72972 "-" "meta-externalagent/1.1 (+https://developers.facebook.com/docs/sharing/webmasters/crawler)"
57.141.0.29 - - [11/Mar/2026:08:07:02 -0400] "GET /shop/centinel/discrimination044226600821.shtml HTTP/1.1" 200 72972 "-" "meta-externalagent/1.1 (+https://developers.facebook.com/docs/sharing/webmasters/crawler)"
144.91.119.214 - - [11/Mar/2026:08:07:02 -0400] "POST /wp-login.php HTTP/1.1" 403 72972 "https://www.residenciassanantonio.com/wp-login.php" "Mozilla/5.0 (Windows NT 11.0; Win64; x64) AppleWebKit/537.36 (KHTML, like Gecko) Chrome/121.0.0.0 Safari/537.36"
57.141.0.51 - - [11/Mar/2026:08:07:03 -0400] "GET /shop/doityourselfer/boosting042035634250.shtml HTTP/1.1" 200 72972 "-" "meta-externalagent/1.1 (+https://developers.facebook.com/docs/sharing/webmasters/crawler)"
57.141.0.29 - - [11/Mar/2026:08:07:03 -0400] "GET /shop/lobodon/hearable042689048644.shtml HTTP/1.1" 200 72972 "-" "meta-externalagent/1.1 (+https://developers.facebook.com/docs/sharing/webmasters/crawler)"
144.91.119.214 - - [11/Mar/2026:08:07:03 -0400] "GET /wp-login.php HTTP/1.1" 403 72973 "-" "Mozilla/5.0 (Windows NT 10.0; Win64; x64) AppleWebKit/537.36 (KHTML, like Gecko) Chrome/120.0.0.0 Safari/537.36"
57.141.0.46 - - [11/Mar/2026:08:07:03 -0400] "GET /shop/quindism/dilapidate05995854451.shtml HTTP/1.1" 200 72972 "-" "meta-externalagent/1.1 (+https://developers.facebook.com/docs/sharing/webmasters/crawler)"
57.141.0.18 - - [11/Mar/2026:08:07:04 -0400] "GET /shop/tocororo/searcloth042896191711.shtml HTTP/1.1" 200 72972 "-" "meta-externalagent/1.1 (+https://developers.facebook.com/docs/sharing/webmasters/crawler)"
144.91.119.214 - - [11/Mar/2026:08:07:04 -0400] "POST /wp-login.php HTTP/1.1" 403 72972 "https://www.residenciassanantonio.com/wp-login.php" "Mozilla/5.0 (Windows NT 10.0; Win64; x64) AppleWebKit/537.36 (KHTML, like Gecko) Chrome/120.0.0.0 Safari/537.36"
57.141.0.19 - - [11/Mar/2026:08:07:05 -0400] "GET /shop/pecularized/detrain042099693417.shtml HTTP/1.1" 200 72972 "-" "meta-externalagent/1.1 (+https://developers.facebook.com/docs/sharing/webmasters/crawler)"
57.141.0.44 - - [11/Mar/2026:08:07:05 -0400] "GET /shop/reoccupy/schemingly053806769660.shtml HTTP/1.1" 200 72972 "-" "meta-externalagent/1.1 (+https://developers.facebook.com/docs/sharing/webmasters/crawler)"
74.7.242.60 - - [11/Mar/2026:08:07:02 -0400] "GET /search.php?detail/242000129236 HTTP/1.1" 200 167396 "https://residenciassanantonio.com/search.php?detail/242009299297" "Mozilla/5.0 AppleWebKit/537.36 (KHTML, like Gecko; compatible; GPTBot/1.3; +https://openai.com/gptbot)"
144.91.119.214 - - [11/Mar/2026:08:07:05 -0400] "POST /wp-login.php HTTP/1.1" 403 72972 "https://www.residenciassanantonio.com/wp-login.php" "Mozilla/5.0 (Windows NT 10.0; Win64; x64) AppleWebKit/537.36 (KHTML, like Gecko) Chrome/120.0.0.0 Safari/537.36"
57.141.0.32 - - [11/Mar/2026:08:07:06 -0400] "GET /shop/intuitionalism/approximate021281057675.shtml HTTP/1.1" 200 72972 "-" "meta-externalagent/1.1 (+https://developers.facebook.com/docs/sharing/webmasters/crawler)"
57.141.0.4 - - [11/Mar/2026:08:07:06 -0400] "GET /shop/reacher/hypotarsi063258764219.shtml HTTP/1.1" 200 72972 "-" "meta-externalagent/1.1 (+https://developers.facebook.com/docs/sharing/webmasters/crawler)"
144.91.119.214 - - [11/Mar/2026:08:07:06 -0400] "POST /wp-login.php HTTP/1.1" 403 72972 "https://www.residenciassanantonio.com/wp-login.php" "Mozilla/5.0 (Windows NT 10.0; Win64; x64) AppleWebKit/537.36 (KHTML, like Gecko) Chrome/120.0.0.0 Safari/537.36"
144.91.119.214 - - [11/Mar/2026:08:07:07 -0400] "GET /wp-login.php HTTP/1.1" 403 72972 "-" "Mozilla/5.0 (X11; Linux x86_64) AppleWebKit/537.36 (KHTML, like Gecko) Chrome/120.0.0.0 Safari/537.36"
57.141.0.72 - - [11/Mar/2026:08:07:07 -0400] "GET /shop/pauhaugen/onopordon04982432415.shtml HTTP/1.1" 200 72972 "-" "meta-externalagent/1.1 (+https://developers.facebook.com/docs/sharing/webmasters/crawler)"
57.141.0.46 - - [11/Mar/2026:08:07:07 -0400] "GET /shop/philip/toasted044020887287.shtml HTTP/1.1" 200 72972 "-" "meta-externalagent/1.1 (+https://developers.facebook.com/docs/sharing/webmasters/crawler)"
57.141.0.63 - - [11/Mar/2026:08:07:07 -0400] "GET /shop/moodier/tical043299988178.shtml HTTP/1.1" 200 72972 "-" "meta-externalagent/1.1 (+https://developers.facebook.com/docs/sharing/webmasters/crawler)"
144.91.119.214 - - [11/Mar/2026:08:07:07 -0400] "POST /wp-login.php HTTP/1.1" 403 72972 "https://www.residenciassanantonio.com/wp-login.php" "Mozilla/5.0 (Windows NT 10.0; Win64; x64; rv:121.0) Gecko/20100101 Firefox/121.0"
57.141.0.28 - - [11/Mar/2026:08:07:08 -0400] "GET /shop/handbreadth/pensioning063536423382.shtml HTTP/1.1" 200 72972 "-" "meta-externalagent/1.1 (+https://developers.facebook.com/docs/sharing/webmasters/crawler)"
144.91.119.214 - - [11/Mar/2026:08:07:09 -0400] "POST /wp-login.php HTTP/1.1" 403 72972 "https://www.residenciassanantonio.com/wp-login.php" "Mozilla/5.0 (Windows NT 10.0; Win64; x64; rv:121.0) Gecko/20100101 Firefox/121.0"
57.141.0.17 - - [11/Mar/2026:08:07:09 -0400] "GET /shop/whisky/superheat063890020606.shtml HTTP/1.1" 200 72972 "-" "meta-externalagent/1.1 (+https://developers.facebook.com/docs/sharing/webmasters/crawler)"
74.7.242.60 - - [11/Mar/2026:08:07:06 -0400] "GET /search.php?detail/109007901525 HTTP/1.1" 200 161789 "https://residenciassanantonio.com/search.php?detail/04002221748028" "Mozilla/5.0 AppleWebKit/537.36 (KHTML, like Gecko; compatible; GPTBot/1.3; +https://openai.com/gptbot)"
57.141.0.19 - - [11/Mar/2026:08:07:09 -0400] "GET /shop/porgies/openheartedness044013626994.shtml HTTP/1.1" 200 72972 "-" "meta-externalagent/1.1 (+https://developers.facebook.com/docs/sharing/webmasters/crawler)"
144.91.119.214 - - [11/Mar/2026:08:07:10 -0400] "POST /wp-login.php HTTP/1.1" 403 72972 "https://www.residenciassanantonio.com/wp-login.php" "Mozilla/5.0 (Windows NT 10.0; Win64; x64; rv:121.0) Gecko/20100101 Firefox/121.0"
57.141.0.36 - - [11/Mar/2026:08:07:10 -0400] "GET /shop/apograph/kinrede04336315729.shtml HTTP/1.1" 200 72972 "-" "meta-externalagent/1.1 (+https://developers.facebook.com/docs/sharing/webmasters/crawler)"
57.141.0.62 - - [11/Mar/2026:08:07:10 -0400] "GET /shop/triglyphic/blurry043378146417.shtml HTTP/1.1" 200 72972 "-" "meta-externalagent/1.1 (+https://developers.facebook.com/docs/sharing/webmasters/crawler)"
144.91.119.214 - - [11/Mar/2026:08:07:10 -0400] "GET /wp-login.php HTTP/1.1" 403 72972 "-" "Mozilla/5.0 (Windows NT 10.0; Win64; x64; rv:121.0) Gecko/20100101 Firefox/121.0"
57.141.0.33 - - [11/Mar/2026:08:07:11 -0400] "GET /shop/novilunar/transform06686816840.shtml HTTP/1.1" 200 72972 "-" "meta-externalagent/1.1 (+https://developers.facebook.com/docs/sharing/webmasters/crawler)"
57.141.0.66 - - [11/Mar/2026:08:07:11 -0400] "GET /shop/antiphonary/lacinia051177751120.shtml HTTP/1.1" 200 72972 "-" "meta-externalagent/1.1 (+https://developers.facebook.com/docs/sharing/webmasters/crawler)"
144.91.119.214 - - [11/Mar/2026:08:07:11 -0400] "POST /wp-login.php HTTP/1.1" 403 72972 "https://www.residenciassanantonio.com/wp-login.php" "Mozilla/5.0 (Windows NT 10.0; Win64; x64) AppleWebKit/537.36 (KHTML, like Gecko) Chrome/120.0.0.0 Safari/537.36"
57.141.0.50 - - [11/Mar/2026:08:07:11 -0400] "GET /shop/interregnums/pelidnota05317598615.shtml HTTP/1.1" 200 72972 "-" "meta-externalagent/1.1 (+https://developers.facebook.com/docs/sharing/webmasters/crawler)"
57.141.0.21 - - [11/Mar/2026:08:07:12 -0400] "GET /shop/abovesaid/diploe042697977207.shtml HTTP/1.1" 200 72972 "-" "meta-externalagent/1.1 (+https://developers.facebook.com/docs/sharing/webmasters/crawler)"
74.7.242.60 - - [11/Mar/2026:08:07:10 -0400] "GET /search.php?detail/04002222192907 HTTP/1.1" 200 166214 "https://residenciassanantonio.com/search.php?detail/04002221748028" "Mozilla/5.0 AppleWebKit/537.36 (KHTML, like Gecko; compatible; GPTBot/1.3; +https://openai.com/gptbot)"
144.91.119.214 - - [11/Mar/2026:08:07:12 -0400] "POST /wp-login.php HTTP/1.1" 403 72972 "https://www.residenciassanantonio.com/wp-login.php" "Mozilla/5.0 (Windows NT 10.0; Win64; x64) AppleWebKit/537.36 (KHTML, like Gecko) Chrome/120.0.0.0 Safari/537.36"
57.141.0.60 - - [11/Mar/2026:08:07:13 -0400] "GET /shop/jaculus/hepatoscopy043232970507.shtml HTTP/1.1" 200 72972 "-" "meta-externalagent/1.1 (+https://developers.facebook.com/docs/sharing/webmasters/crawler)"
57.141.0.56 - - [11/Mar/2026:08:07:13 -0400] "GET /shop/constrained/tudor054256840652.shtml HTTP/1.1" 200 72972 "-" "meta-externalagent/1.1 (+https://developers.facebook.com/docs/sharing/webmasters/crawler)"
144.91.119.214 - - [11/Mar/2026:08:07:13 -0400] "POST /wp-login.php HTTP/1.1" 403 72972 "https://www.residenciassanantonio.com/wp-login.php" "Mozilla/5.0 (Windows NT 10.0; Win64; x64) AppleWebKit/537.36 (KHTML, like Gecko) Chrome/120.0.0.0 Safari/537.36"
57.141.0.56 - - [11/Mar/2026:08:07:14 -0400] "GET /shop/commentatorial/schorly052124260054.shtml HTTP/1.1" 200 72972 "-" "meta-externalagent/1.1 (+https://developers.facebook.com/docs/sharing/webmasters/crawler)"
57.141.0.4 - - [11/Mar/2026:08:07:14 -0400] "GET /shop/dobells/foresleeve022337583703.shtml HTTP/1.1" 200 72972 "-" "meta-externalagent/1.1 (+https://developers.facebook.com/docs/sharing/webmasters/crawler)"
144.91.119.214 - - [11/Mar/2026:08:07:14 -0400] "GET /wp-login.php HTTP/1.1" 403 72973 "-" "Mozilla/5.0 (Windows NT 11.0; Win64; x64) AppleWebKit/537.36 (KHTML, like Gecko) Chrome/121.0.0.0 Safari/537.36"
57.141.0.5 - - [11/Mar/2026:08:07:14 -0400] "GET /shop/misdid/slighten051661533871.shtml HTTP/1.1" 200 72973 "-" "meta-externalagent/1.1 (+https://developers.facebook.com/docs/sharing/webmasters/crawler)"
144.91.119.214 - - [11/Mar/2026:08:07:15 -0400] "POST /wp-login.php HTTP/1.1" 403 72972 "https://www.residenciassanantonio.com/wp-login.php" "Mozilla/5.0 (Windows NT 10.0; Win64; x64; rv:121.0) Gecko/20100101 Firefox/121.0"
74.7.242.60 - - [11/Mar/2026:08:07:13 -0400] "GET /search.php?detail/20903674196605 HTTP/1.1" 200 163641 "https://residenciassanantonio.com/search.php?detail/2090160385497" "Mozilla/5.0 AppleWebKit/537.36 (KHTML, like Gecko; compatible; GPTBot/1.3; +https://openai.com/gptbot)"
57.141.0.57 - - [11/Mar/2026:08:07:15 -0400] "GET /shop/perfectional/improlific02253952873.shtml HTTP/1.1" 200 72973 "-" "meta-externalagent/1.1 (+https://developers.facebook.com/docs/sharing/webmasters/crawler)"
57.141.0.19 - - [11/Mar/2026:08:07:15 -0400] "GET /shop/reattach/petalostemon041932156911.shtml HTTP/1.1" 200 72973 "-" "meta-externalagent/1.1 (+https://developers.facebook.com/docs/sharing/webmasters/crawler)"
57.141.0.17 - - [11/Mar/2026:08:07:16 -0400] "GET /shop/exclusionist/counterfeitly062264496036.shtml HTTP/1.1" 200 72972 "-" "meta-externalagent/1.1 (+https://developers.facebook.com/docs/sharing/webmasters/crawler)"
57.141.0.8 - - [11/Mar/2026:08:07:16 -0400] "GET /shop/phlogisticate/mimicker054041888912.shtml HTTP/1.1" 200 72972 "-" "meta-externalagent/1.1 (+https://developers.facebook.com/docs/sharing/webmasters/crawler)"
57.141.0.68 - - [11/Mar/2026:08:07:17 -0400] "GET /shop/pectora/minute053037988324.shtml HTTP/1.1" 200 72972 "-" "meta-externalagent/1.1 (+https://developers.facebook.com/docs/sharing/webmasters/crawler)"
57.141.0.40 - - [11/Mar/2026:08:07:17 -0400] "GET /shop/precurrer/nitriary053744012735.shtml HTTP/1.1" 200 72972 "-" "meta-externalagent/1.1 (+https://developers.facebook.com/docs/sharing/webmasters/crawler)"
144.91.119.214 - - [11/Mar/2026:08:07:18 -0400] "POST /wp-login.php HTTP/1.1" 403 72972 "https://www.residenciassanantonio.com/wp-login.php" "Mozilla/5.0 (Windows NT 10.0; Win64; x64; rv:121.0) Gecko/20100101 Firefox/121.0"
57.141.0.7 - - [11/Mar/2026:08:07:18 -0400] "GET /shop/pterygiums/inappreciable06247121840.shtml HTTP/1.1" 200 72972 "-" "meta-externalagent/1.1 (+https://developers.facebook.com/docs/sharing/webmasters/crawler)"
57.141.0.3 - - [11/Mar/2026:08:07:18 -0400] "GET /shop/bellower/dirtiest061330229632.shtml HTTP/1.1" 200 72972 "-" "meta-externalagent/1.1 (+https://developers.facebook.com/docs/sharing/webmasters/crawler)"
57.141.0.4 - - [11/Mar/2026:08:07:19 -0400] "GET /shop/insinuating/recoin063972787001.shtml HTTP/1.1" 200 72972 "-" "meta-externalagent/1.1 (+https://developers.facebook.com/docs/sharing/webmasters/crawler)"
144.91.119.214 - - [11/Mar/2026:08:07:19 -0400] "POST /wp-login.php HTTP/1.1" 403 72973 "https://www.residenciassanantonio.com/wp-login.php" "Mozilla/5.0 (Windows NT 10.0; Win64; x64; rv:121.0) Gecko/20100101 Firefox/121.0"
57.141.0.6 - - [11/Mar/2026:08:07:19 -0400] "GET /shop/marmoraceous/predominant024063163868.shtml HTTP/1.1" 200 72973 "-" "meta-externalagent/1.1 (+https://developers.facebook.com/docs/sharing/webmasters/crawler)"
74.7.242.60 - - [11/Mar/2026:08:07:17 -0400] "GET /search.php?detail/03203027973402 HTTP/1.1" 200 176040 "https://residenciassanantonio.com/search.php?detail/04002221748028" "Mozilla/5.0 AppleWebKit/537.36 (KHTML, like Gecko; compatible; GPTBot/1.3; +https://openai.com/gptbot)"
57.141.0.45 - - [11/Mar/2026:08:07:20 -0400] "GET /shop/weariest/stellio04614386982.shtml HTTP/1.1" 200 72972 "-" "meta-externalagent/1.1 (+https://developers.facebook.com/docs/sharing/webmasters/crawler)"
57.141.0.14 - - [11/Mar/2026:08:07:20 -0400] "GET /shop/gasserian/scrutinized044030126073.shtml HTTP/1.1" 200 72972 "-" "meta-externalagent/1.1 (+https://developers.facebook.com/docs/sharing/webmasters/crawler)"
144.91.119.214 - - [11/Mar/2026:08:07:20 -0400] "GET /wp-login.php HTTP/1.1" 403 72972 "-" "Mozilla/5.0 (Windows NT 10.0; Win64; x64; rv:121.0) Gecko/20100101 Firefox/121.0"
57.141.0.47 - - [11/Mar/2026:08:07:21 -0400] "GET /shop/stabbing/sermonet044193039447.shtml HTTP/1.1" 200 72972 "-" "meta-externalagent/1.1 (+https://developers.facebook.com/docs/sharing/webmasters/crawler)"
144.91.119.214 - - [11/Mar/2026:08:07:21 -0400] "POST /wp-login.php HTTP/1.1" 403 72972 "https://www.residenciassanantonio.com/wp-login.php" "Mozilla/5.0 (Windows NT 10.0; Win64; x64) AppleWebKit/537.36 (KHTML, like Gecko) Chrome/120.0.0.0 Safari/537.36"
57.141.0.65 - - [11/Mar/2026:08:07:22 -0400] "GET /shop/hydrologist/centromeric022928632849.shtml HTTP/1.1" 200 72973 "-" "meta-externalagent/1.1 (+https://developers.facebook.com/docs/sharing/webmasters/crawler)"
57.141.0.53 - - [11/Mar/2026:08:07:22 -0400] "GET /shop/marattiales/maravedi023777452400.shtml HTTP/1.1" 200 72972 "-" "meta-externalagent/1.1 (+https://developers.facebook.com/docs/sharing/webmasters/crawler)"
57.141.0.48 - - [11/Mar/2026:08:07:23 -0400] "GET /shop/pronely/arteriolosclerosis042233307676.shtml HTTP/1.1" 200 72972 "-" "meta-externalagent/1.1 (+https://developers.facebook.com/docs/sharing/webmasters/crawler)"
144.91.119.214 - - [11/Mar/2026:08:07:23 -0400] "POST /wp-login.php HTTP/1.1" 403 72972 "https://www.residenciassanantonio.com/wp-login.php" "Mozilla/5.0 (Windows NT 10.0; Win64; x64) AppleWebKit/537.36 (KHTML, like Gecko) Chrome/120.0.0.0 Safari/537.36"
57.141.0.4 - - [11/Mar/2026:08:07:23 -0400] "GET /shop/idolatrical/incontested04393707966.shtml HTTP/1.1" 200 72972 "-" "meta-externalagent/1.1 (+https://developers.facebook.com/docs/sharing/webmasters/crawler)"
74.7.242.60 - - [11/Mar/2026:08:07:21 -0400] "GET /search.php?detail/1600299254753 HTTP/1.1" 200 160270 "https://residenciassanantonio.com/search.php?detail/289010114302" "Mozilla/5.0 AppleWebKit/537.36 (KHTML, like Gecko; compatible; GPTBot/1.3; +https://openai.com/gptbot)"
57.141.0.49 - - [11/Mar/2026:08:07:24 -0400] "GET /shop/unexperience/swineherd063217275692.shtml HTTP/1.1" 200 72972 "-" "meta-externalagent/1.1 (+https://developers.facebook.com/docs/sharing/webmasters/crawler)"
57.141.0.66 - - [11/Mar/2026:08:07:24 -0400] "GET /shop/soulili/wheel041289244772.shtml HTTP/1.1" 200 72972 "-" "meta-externalagent/1.1 (+https://developers.facebook.com/docs/sharing/webmasters/crawler)"
144.91.119.214 - - [11/Mar/2026:08:07:24 -0400] "POST /wp-login.php HTTP/1.1" 403 72972 "https://www.residenciassanantonio.com/wp-login.php" "Mozilla/5.0 (Windows NT 10.0; Win64; x64) AppleWebKit/537.36 (KHTML, like Gecko) Chrome/120.0.0.0 Safari/537.36"
57.141.0.34 - - [11/Mar/2026:08:07:25 -0400] "GET /shop/carmelite/hobblingly021486749043.shtml HTTP/1.1" 200 72972 "-" "meta-externalagent/1.1 (+https://developers.facebook.com/docs/sharing/webmasters/crawler)"
144.91.119.214 - - [11/Mar/2026:08:07:25 -0400] "GET /wp-login.php HTTP/1.1" 403 72972 "-" "Mozilla/5.0 (Windows NT 11.0; Win64; x64) AppleWebKit/537.36 (KHTML, like Gecko) Chrome/121.0.0.0 Safari/537.36"
57.141.0.60 - - [11/Mar/2026:08:07:25 -0400] "GET /shop/snuffingly/future062572918656.shtml HTTP/1.1" 200 72972 "-" "meta-externalagent/1.1 (+https://developers.facebook.com/docs/sharing/webmasters/crawler)"
57.141.0.49 - - [11/Mar/2026:08:07:26 -0400] "GET /shop/famished/thienyl023395052999.shtml HTTP/1.1" 200 72972 "-" "meta-externalagent/1.1 (+https://developers.facebook.com/docs/sharing/webmasters/crawler)"
57.141.0.43 - - [11/Mar/2026:08:07:26 -0400] "GET /shop/papyrifera/lanier043128478344.shtml HTTP/1.1" 200 72972 "-" "meta-externalagent/1.1 (+https://developers.facebook.com/docs/sharing/webmasters/crawler)"
144.91.119.214 - - [11/Mar/2026:08:07:26 -0400] "POST /wp-login.php HTTP/1.1" 403 72972 "https://www.residenciassanantonio.com/wp-login.php" "Mozilla/5.0 (Windows NT 10.0; Win64; x64; rv:121.0) Gecko/20100101 Firefox/121.0"
74.7.242.60 - - [11/Mar/2026:08:07:24 -0400] "GET /search.php?detail/207027913797 HTTP/1.1" 200 173117 "https://residenciassanantonio.com/search.php?detail/2070244402646" "Mozilla/5.0 AppleWebKit/537.36 (KHTML, like Gecko; compatible; GPTBot/1.3; +https://openai.com/gptbot)"
57.141.0.11 - - [11/Mar/2026:08:07:26 -0400] "GET /shop/temporomaxillary/prudentialist054257124665.shtml HTTP/1.1" 200 72972 "-" "meta-externalagent/1.1 (+https://developers.facebook.com/docs/sharing/webmasters/crawler)"
144.91.119.214 - - [11/Mar/2026:08:07:27 -0400] "POST /wp-login.php HTTP/1.1" 403 72972 "https://www.residenciassanantonio.com/wp-login.php" "Mozilla/5.0 (Windows NT 10.0; Win64; x64; rv:121.0) Gecko/20100101 Firefox/121.0"
57.141.0.68 - - [11/Mar/2026:08:07:27 -0400] "GET /shop/dialogistically/berus053940251075.shtml HTTP/1.1" 200 72972 "-" "meta-externalagent/1.1 (+https://developers.facebook.com/docs/sharing/webmasters/crawler)"
57.141.0.4 - - [11/Mar/2026:08:07:27 -0400] "GET /shop/uncomplaining/approvingly05801510340.shtml HTTP/1.1" 200 72972 "-" "meta-externalagent/1.1 (+https://developers.facebook.com/docs/sharing/webmasters/crawler)"
57.141.0.16 - - [11/Mar/2026:08:07:28 -0400] "GET /shop/phacellus/ipomoeic043068190955.shtml HTTP/1.1" 200 72973 "-" "meta-externalagent/1.1 (+https://developers.facebook.com/docs/sharing/webmasters/crawler)"
144.91.119.214 - - [11/Mar/2026:08:07:28 -0400] "POST /wp-login.php HTTP/1.1" 403 72972 "https://www.residenciassanantonio.com/wp-login.php" "Mozilla/5.0 (Windows NT 10.0; Win64; x64; rv:121.0) Gecko/20100101 Firefox/121.0"
57.141.0.19 - - [11/Mar/2026:08:07:29 -0400] "GET /shop/crossfertilized/trapstick04944573981.shtml HTTP/1.1" 200 72972 "-" "meta-externalagent/1.1 (+https://developers.facebook.com/docs/sharing/webmasters/crawler)"
57.141.0.9 - - [11/Mar/2026:08:07:29 -0400] "GET /shop/heliconian/micrococcus043282866828.shtml HTTP/1.1" 200 72972 "-" "meta-externalagent/1.1 (+https://developers.facebook.com/docs/sharing/webmasters/crawler)"
144.91.119.214 - - [11/Mar/2026:08:07:29 -0400] "GET /wp-login.php HTTP/1.1" 403 72972 "-" "Mozilla/5.0 (Windows NT 11.0; Win64; x64) AppleWebKit/537.36 (KHTML, like Gecko) Chrome/121.0.0.0 Safari/537.36"
57.141.0.33 - - [11/Mar/2026:08:07:30 -0400] "GET /shop/underwhelm/zareba04646239497.shtml HTTP/1.1" 200 72972 "-" "meta-externalagent/1.1 (+https://developers.facebook.com/docs/sharing/webmasters/crawler)"
144.91.119.214 - - [11/Mar/2026:08:07:30 -0400] "POST /wp-login.php HTTP/1.1" 403 72972 "https://www.residenciassanantonio.com/wp-login.php" "Mozilla/5.0 (Windows NT 10.0; Win64; x64) AppleWebKit/537.36 (KHTML, like Gecko) Chrome/120.0.0.0 Safari/537.36"
57.141.0.71 - - [11/Mar/2026:08:07:30 -0400] "GET /shop/dreary/astronautic052239183686.shtml HTTP/1.1" 200 72972 "-" "meta-externalagent/1.1 (+https://developers.facebook.com/docs/sharing/webmasters/crawler)"
57.141.0.26 - - [11/Mar/2026:08:07:30 -0400] "GET /shop/thawing/myriarch05310583941.shtml HTTP/1.1" 200 72972 "-" "meta-externalagent/1.1 (+https://developers.facebook.com/docs/sharing/webmasters/crawler)"
74.7.242.60 - - [11/Mar/2026:08:07:28 -0400] "GET /search.php?detail/184045755575 HTTP/1.1" 200 164143 "https://residenciassanantonio.com/search.php?detail/2070244402646" "Mozilla/5.0 AppleWebKit/537.36 (KHTML, like Gecko; compatible; GPTBot/1.3; +https://openai.com/gptbot)"
57.141.0.10 - - [11/Mar/2026:08:07:31 -0400] "GET /shop/sanctificate/losses051977557966.shtml HTTP/1.1" 200 72972 "-" "meta-externalagent/1.1 (+https://developers.facebook.com/docs/sharing/webmasters/crawler)"
144.91.119.214 - - [11/Mar/2026:08:07:32 -0400] "POST /wp-login.php HTTP/1.1" 200 72972 "https://www.residenciassanantonio.com/wp-login.php" "Mozilla/5.0 (Windows NT 10.0; Win64; x64) AppleWebKit/537.36 (KHTML, like Gecko) Chrome/120.0.0.0 Safari/537.36"
