144.91.119.214 - - [11/Mar/2026:08:02:43 -0400] "POST /wp-login.php HTTP/1.1" 403 72972 "https://www.residenciassanantonio.com/wp-login.php" "Mozilla/5.0 (Macintosh; Intel Mac OS X 10_15_7) AppleWebKit/537.36 (KHTML, like Gecko) Chrome/120.0.0.0 Safari/537.36"
57.141.0.61 - - [11/Mar/2026:08:02:43 -0400] "GET /shop/freeborn/proscriber051638902431.shtml HTTP/1.1" 200 72972 "-" "meta-externalagent/1.1 (+https://developers.facebook.com/docs/sharing/webmasters/crawler)"
57.141.0.41 - - [11/Mar/2026:08:02:43 -0400] "GET /shop/deobstruct/panim0655360021.shtml HTTP/1.1" 200 72972 "-" "meta-externalagent/1.1 (+https://developers.facebook.com/docs/sharing/webmasters/crawler)"
144.91.119.214 - - [11/Mar/2026:08:02:43 -0400] "POST /wp-login.php HTTP/1.1" 403 72972 "https://www.residenciassanantonio.com/wp-login.php" "Mozilla/5.0 (Macintosh; Intel Mac OS X 10_15_7) AppleWebKit/537.36 (KHTML, like Gecko) Chrome/120.0.0.0 Safari/537.36"
57.141.0.68 - - [11/Mar/2026:08:02:44 -0400] "GET /shop/anaerobia/telarius05876608068.shtml HTTP/1.1" 200 72972 "-" "meta-externalagent/1.1 (+https://developers.facebook.com/docs/sharing/webmasters/crawler)"
74.7.242.60 - - [11/Mar/2026:08:02:41 -0400] "GET /search.php?detail/041043056170 HTTP/1.1" 200 156647 "https://residenciassanantonio.com/search.php?detail/041043044842" "Mozilla/5.0 AppleWebKit/537.36 (KHTML, like Gecko; compatible; GPTBot/1.3; +https://openai.com/gptbot)"
57.141.0.33 - - [11/Mar/2026:08:02:45 -0400] "GET /shop/lachrymose/condignity041155222660.shtml HTTP/1.1" 200 72972 "-" "meta-externalagent/1.1 (+https://developers.facebook.com/docs/sharing/webmasters/crawler)"
57.141.0.23 - - [11/Mar/2026:08:02:44 -0400] "GET /shop/outwear/microcoulomb01537847543.shtml HTTP/1.1" 200 72972 "-" "meta-externalagent/1.1 (+https://developers.facebook.com/docs/sharing/webmasters/crawler)"
144.91.119.214 - - [11/Mar/2026:08:02:45 -0400] "GET /wp-login.php HTTP/1.1" 403 72972 "-" "Mozilla/5.0 (Windows NT 10.0; Win64; x64) AppleWebKit/537.36 (KHTML, like Gecko) Chrome/120.0.0.0 Safari/537.36"
144.91.119.214 - - [11/Mar/2026:08:02:45 -0400] "POST /wp-login.php HTTP/1.1" 403 72972 "https://www.residenciassanantonio.com/wp-login.php" "Mozilla/5.0 (Windows NT 10.0; Win64; x64) AppleWebKit/537.36 (KHTML, like Gecko) Chrome/120.0.0.0 Safari/537.36"
57.141.0.19 - - [11/Mar/2026:08:02:45 -0400] "GET /shop/ravennae/quaketail04348922442.shtml HTTP/1.1" 200 72972 "-" "meta-externalagent/1.1 (+https://developers.facebook.com/docs/sharing/webmasters/crawler)"
57.141.0.39 - - [11/Mar/2026:08:02:46 -0400] "GET /shop/uintatherium/etherol042501490260.shtml HTTP/1.1" 200 72972 "-" "meta-externalagent/1.1 (+https://developers.facebook.com/docs/sharing/webmasters/crawler)"
144.91.119.214 - - [11/Mar/2026:08:02:46 -0400] "POST /wp-login.php HTTP/1.1" 403 72972 "https://www.residenciassanantonio.com/wp-login.php" "Mozilla/5.0 (Windows NT 10.0; Win64; x64) AppleWebKit/537.36 (KHTML, like Gecko) Chrome/120.0.0.0 Safari/537.36"
57.141.0.46 - - [11/Mar/2026:08:02:46 -0400] "GET /shop/crawler/centerbit043342290153.shtml HTTP/1.1" 200 72972 "-" "meta-externalagent/1.1 (+https://developers.facebook.com/docs/sharing/webmasters/crawler)"
57.141.0.20 - - [11/Mar/2026:08:02:47 -0400] "GET /shop/credulousness/cobbing042588417088.shtml HTTP/1.1" 200 72972 "-" "meta-externalagent/1.1 (+https://developers.facebook.com/docs/sharing/webmasters/crawler)"
144.91.119.214 - - [11/Mar/2026:08:02:47 -0400] "POST /wp-login.php HTTP/1.1" 403 72972 "https://www.residenciassanantonio.com/wp-login.php" "Mozilla/5.0 (Windows NT 10.0; Win64; x64) AppleWebKit/537.36 (KHTML, like Gecko) Chrome/120.0.0.0 Safari/537.36"
57.141.0.72 - - [11/Mar/2026:08:02:47 -0400] "GET /shop/countercharmed/biventral043645709339.shtml HTTP/1.1" 200 72972 "-" "meta-externalagent/1.1 (+https://developers.facebook.com/docs/sharing/webmasters/crawler)"
57.141.0.18 - - [11/Mar/2026:08:02:48 -0400] "GET /shop/rangy/heterodoxy043892281643.shtml HTTP/1.1" 200 72972 "-" "meta-externalagent/1.1 (+https://developers.facebook.com/docs/sharing/webmasters/crawler)"
74.7.242.60 - - [11/Mar/2026:08:02:45 -0400] "GET /search.php?detail/046043442017 HTTP/1.1" 200 155837 "https://residenciassanantonio.com/search.php?detail/11100155846106" "Mozilla/5.0 AppleWebKit/537.36 (KHTML, like Gecko; compatible; GPTBot/1.3; +https://openai.com/gptbot)"
66.249.74.69 - - [11/Mar/2026:08:02:48 -0400] "GET /products/203bm26310 HTTP/1.1" 200 210909 "-" "Mozilla/5.0 (Linux; Android 6.0.1; Nexus 5X Build/MMB29P) AppleWebKit/537.36 (KHTML, like Gecko) Chrome/145.0.7632.116 Mobile Safari/537.36 (compatible; Googlebot/2.1; +http://www.google.com/bot.html)"
57.141.0.6 - - [11/Mar/2026:08:02:48 -0400] "GET /shop/autostability/purgatory043440849520.shtml HTTP/1.1" 200 72972 "-" "meta-externalagent/1.1 (+https://developers.facebook.com/docs/sharing/webmasters/crawler)"
144.91.119.214 - - [11/Mar/2026:08:02:49 -0400] "GET /wp-login.php HTTP/1.1" 403 72972 "-" "Mozilla/5.0 (Windows NT 10.0; Win64; x64; rv:121.0) Gecko/20100101 Firefox/121.0"
57.141.0.70 - - [11/Mar/2026:08:02:49 -0400] "GET /shop/unavoidably/jujuba051024188994.shtml HTTP/1.1" 200 72972 "-" "meta-externalagent/1.1 (+https://developers.facebook.com/docs/sharing/webmasters/crawler)"
57.141.0.38 - - [11/Mar/2026:08:02:50 -0400] "GET /shop/vouchor/bromlife043888885800.shtml HTTP/1.1" 200 72972 "-" "meta-externalagent/1.1 (+https://developers.facebook.com/docs/sharing/webmasters/crawler)"
57.141.0.26 - - [11/Mar/2026:08:02:50 -0400] "GET /shop/shrovetide/protrusive052889317887.shtml HTTP/1.1" 200 72972 "-" "meta-externalagent/1.1 (+https://developers.facebook.com/docs/sharing/webmasters/crawler)"
144.91.119.214 - - [11/Mar/2026:08:02:50 -0400] "POST /wp-login.php HTTP/1.1" 403 72972 "https://www.residenciassanantonio.com/wp-login.php" "Mozilla/5.0 (Windows NT 10.0; Win64; x64) AppleWebKit/537.36 (KHTML, like Gecko) Chrome/120.0.0.0 Safari/537.36"
57.141.0.15 - - [11/Mar/2026:08:02:51 -0400] "GET /shop/earthnut/discourse051708616392.shtml HTTP/1.1" 200 72972 "-" "meta-externalagent/1.1 (+https://developers.facebook.com/docs/sharing/webmasters/crawler)"
57.141.0.35 - - [11/Mar/2026:08:02:50 -0400] "GET /shop/diocesener/scotograph062273431890.shtml HTTP/1.1" 200 72972 "-" "meta-externalagent/1.1 (+https://developers.facebook.com/docs/sharing/webmasters/crawler)"
144.91.119.214 - - [11/Mar/2026:08:02:51 -0400] "POST /wp-login.php HTTP/1.1" 403 72972 "https://www.residenciassanantonio.com/wp-login.php" "Mozilla/5.0 (Windows NT 10.0; Win64; x64) AppleWebKit/537.36 (KHTML, like Gecko) Chrome/120.0.0.0 Safari/537.36"
57.141.0.19 - - [11/Mar/2026:08:02:51 -0400] "GET /shop/glidder/soncy05324808088.shtml HTTP/1.1" 200 72972 "-" "meta-externalagent/1.1 (+https://developers.facebook.com/docs/sharing/webmasters/crawler)"
144.91.119.214 - - [11/Mar/2026:08:02:52 -0400] "POST /wp-login.php HTTP/1.1" 403 72972 "https://www.residenciassanantonio.com/wp-login.php" "Mozilla/5.0 (Windows NT 10.0; Win64; x64) AppleWebKit/537.36 (KHTML, like Gecko) Chrome/120.0.0.0 Safari/537.36"
74.7.242.60 - - [11/Mar/2026:08:02:49 -0400] "GET /search.php?detail/011012770002 HTTP/1.1" 200 160694 "https://residenciassanantonio.com/search.php?detail/0110463336289" "Mozilla/5.0 AppleWebKit/537.36 (KHTML, like Gecko; compatible; GPTBot/1.3; +https://openai.com/gptbot)"
57.141.0.35 - - [11/Mar/2026:08:02:52 -0400] "GET /shop/arvicole/vulvaria042913590074.shtml HTTP/1.1" 200 72972 "-" "meta-externalagent/1.1 (+https://developers.facebook.com/docs/sharing/webmasters/crawler)"
144.91.119.214 - - [11/Mar/2026:08:02:52 -0400] "GET /wp-login.php HTTP/1.1" 403 72973 "-" "Mozilla/5.0 (X11; Linux x86_64) AppleWebKit/537.36 (KHTML, like Gecko) Chrome/120.0.0.0 Safari/537.36"
57.141.0.28 - - [11/Mar/2026:08:02:52 -0400] "GET /shop/vodka/pasteurism043659842246.shtml HTTP/1.1" 200 72972 "-" "meta-externalagent/1.1 (+https://developers.facebook.com/docs/sharing/webmasters/crawler)"
57.141.0.22 - - [11/Mar/2026:08:02:53 -0400] "GET /shop/cambric/pellucidly041258762377.shtml HTTP/1.1" 200 72972 "-" "meta-externalagent/1.1 (+https://developers.facebook.com/docs/sharing/webmasters/crawler)"
57.141.0.57 - - [11/Mar/2026:08:02:53 -0400] "GET /shop/euthynnus/scabrous051225510255.shtml HTTP/1.1" 200 72973 "-" "meta-externalagent/1.1 (+https://developers.facebook.com/docs/sharing/webmasters/crawler)"
144.91.119.214 - - [11/Mar/2026:08:02:53 -0400] "POST /wp-login.php HTTP/1.1" 403 72972 "https://www.residenciassanantonio.com/wp-login.php" "Mozilla/5.0 (Windows NT 10.0; Win64; x64) AppleWebKit/537.36 (KHTML, like Gecko) Chrome/120.0.0.0 Safari/537.36"
57.141.0.50 - - [11/Mar/2026:08:02:54 -0400] "GET /shop/forum/decrying041025710269.shtml HTTP/1.1" 200 72972 "-" "meta-externalagent/1.1 (+https://developers.facebook.com/docs/sharing/webmasters/crawler)"
57.141.0.28 - - [11/Mar/2026:08:02:54 -0400] "GET /shop/butyraceous/banns022498138778.shtml HTTP/1.1" 200 72972 "-" "meta-externalagent/1.1 (+https://developers.facebook.com/docs/sharing/webmasters/crawler)"
57.141.0.13 - - [11/Mar/2026:08:02:55 -0400] "GET /shop/parentally/redlead02963910029.shtml HTTP/1.1" 200 72972 "-" "meta-externalagent/1.1 (+https://developers.facebook.com/docs/sharing/webmasters/crawler)"
144.91.119.214 - - [11/Mar/2026:08:02:55 -0400] "POST /wp-login.php HTTP/1.1" 403 72972 "https://www.residenciassanantonio.com/wp-login.php" "Mozilla/5.0 (Windows NT 10.0; Win64; x64) AppleWebKit/537.36 (KHTML, like Gecko) Chrome/120.0.0.0 Safari/537.36"
57.141.0.9 - - [11/Mar/2026:08:02:55 -0400] "GET /shop/nebneb/baidar04937726427.shtml HTTP/1.1" 200 72973 "-" "meta-externalagent/1.1 (+https://developers.facebook.com/docs/sharing/webmasters/crawler)"
57.141.0.50 - - [11/Mar/2026:08:02:56 -0400] "GET /shop/stranding/improvvisatrice06350246460.shtml HTTP/1.1" 200 72972 "-" "meta-externalagent/1.1 (+https://developers.facebook.com/docs/sharing/webmasters/crawler)"
74.7.242.60 - - [11/Mar/2026:08:02:53 -0400] "GET /search.php?detail/022003281616 HTTP/1.1" 200 164877 "https://residenciassanantonio.com/search.php?detail/043025904516" "Mozilla/5.0 AppleWebKit/537.36 (KHTML, like Gecko; compatible; GPTBot/1.3; +https://openai.com/gptbot)"
144.91.119.214 - - [11/Mar/2026:08:02:56 -0400] "POST /wp-login.php HTTP/1.1" 403 72972 "https://www.residenciassanantonio.com/wp-login.php" "Mozilla/5.0 (Windows NT 10.0; Win64; x64) AppleWebKit/537.36 (KHTML, like Gecko) Chrome/120.0.0.0 Safari/537.36"
57.141.0.70 - - [11/Mar/2026:08:02:56 -0400] "GET /shop/moonless/assassinate062338374663.shtml HTTP/1.1" 200 72972 "-" "meta-externalagent/1.1 (+https://developers.facebook.com/docs/sharing/webmasters/crawler)"
57.141.0.29 - - [11/Mar/2026:08:02:57 -0400] "GET /shop/jogger/acaridae023296206652.shtml HTTP/1.1" 200 72972 "-" "meta-externalagent/1.1 (+https://developers.facebook.com/docs/sharing/webmasters/crawler)"
144.91.119.214 - - [11/Mar/2026:08:02:57 -0400] "GET /wp-login.php HTTP/1.1" 403 72972 "-" "Mozilla/5.0 (X11; Linux x86_64) AppleWebKit/537.36 (KHTML, like Gecko) Chrome/120.0.0.0 Safari/537.36"
57.141.0.46 - - [11/Mar/2026:08:02:57 -0400] "GET /shop/scrotum/lamelliferous052875263914.shtml HTTP/1.1" 200 72973 "-" "meta-externalagent/1.1 (+https://developers.facebook.com/docs/sharing/webmasters/crawler)"
57.141.0.12 - - [11/Mar/2026:08:02:58 -0400] "GET /shop/balneary/chirology053254341372.shtml HTTP/1.1" 200 72972 "-" "meta-externalagent/1.1 (+https://developers.facebook.com/docs/sharing/webmasters/crawler)"
57.141.0.28 - - [11/Mar/2026:08:02:58 -0400] "GET /shop/commandingly/lincolnian044074240281.shtml HTTP/1.1" 200 72972 "-" "meta-externalagent/1.1 (+https://developers.facebook.com/docs/sharing/webmasters/crawler)"
144.91.119.214 - - [11/Mar/2026:08:02:58 -0400] "POST /wp-login.php HTTP/1.1" 403 72972 "https://www.residenciassanantonio.com/wp-login.php" "Mozilla/5.0 (Windows NT 10.0; Win64; x64) AppleWebKit/537.36 (KHTML, like Gecko) Chrome/120.0.0.0 Safari/537.36"
144.91.119.214 - - [11/Mar/2026:08:02:59 -0400] "POST /wp-login.php HTTP/1.1" 403 72972 "https://www.residenciassanantonio.com/wp-login.php" "Mozilla/5.0 (Windows NT 10.0; Win64; x64) AppleWebKit/537.36 (KHTML, like Gecko) Chrome/120.0.0.0 Safari/537.36"
57.141.0.7 - - [11/Mar/2026:08:02:59 -0400] "GET /shop/cabmen/gladfulness042755535385.shtml HTTP/1.1" 200 72972 "-" "meta-externalagent/1.1 (+https://developers.facebook.com/docs/sharing/webmasters/crawler)"
57.141.0.14 - - [11/Mar/2026:08:02:59 -0400] "GET /shop/obtruded/chalky02212864729.shtml HTTP/1.1" 200 72972 "-" "meta-externalagent/1.1 (+https://developers.facebook.com/docs/sharing/webmasters/crawler)"
57.141.0.37 - - [11/Mar/2026:08:03:00 -0400] "GET /shop/wonderworker/exclamatively04644107813.shtml HTTP/1.1" 200 72972 "-" "meta-externalagent/1.1 (+https://developers.facebook.com/docs/sharing/webmasters/crawler)"
144.91.119.214 - - [11/Mar/2026:08:03:00 -0400] "POST /wp-login.php HTTP/1.1" 403 72972 "https://www.residenciassanantonio.com/wp-login.php" "Mozilla/5.0 (Windows NT 10.0; Win64; x64) AppleWebKit/537.36 (KHTML, like Gecko) Chrome/120.0.0.0 Safari/537.36"
57.141.0.4 - - [11/Mar/2026:08:03:00 -0400] "GET /shop/speer/stiptic053433106567.shtml HTTP/1.1" 200 72972 "-" "meta-externalagent/1.1 (+https://developers.facebook.com/docs/sharing/webmasters/crawler)"
74.7.242.60 - - [11/Mar/2026:08:02:58 -0400] "GET /search.php?detail/186003272793 HTTP/1.1" 200 167696 "https://residenciassanantonio.com/search.php?detail/01103033100294" "Mozilla/5.0 AppleWebKit/537.36 (KHTML, like Gecko; compatible; GPTBot/1.3; +https://openai.com/gptbot)"
144.91.119.214 - - [11/Mar/2026:08:03:00 -0400] "GET /wp-login.php HTTP/1.1" 403 72972 "-" "Mozilla/5.0 (X11; Linux x86_64) AppleWebKit/537.36 (KHTML, like Gecko) Chrome/120.0.0.0 Safari/537.36"
57.141.0.21 - - [11/Mar/2026:08:03:01 -0400] "GET /shop/devise/queasiness051001173570.shtml HTTP/1.1" 200 72972 "-" "meta-externalagent/1.1 (+https://developers.facebook.com/docs/sharing/webmasters/crawler)"
198.20.177.178 - - [11/Mar/2026:08:03:02 -0400] "GET /wp-login.php HTTP/1.1" 200 72973 "-" "Mozilla/5.0 (Windows NT 6.3; WOW64; Trident/7.0; MASPJS; rv:11.0) like Gecko"
57.141.0.19 - - [11/Mar/2026:08:03:01 -0400] "GET /shop/uropodal/aeroboat06248813173.shtml HTTP/1.1" 200 72972 "-" "meta-externalagent/1.1 (+https://developers.facebook.com/docs/sharing/webmasters/crawler)"
57.141.0.36 - - [11/Mar/2026:08:03:02 -0400] "GET /shop/outofsight/triluminar04910641853.shtml HTTP/1.1" 200 72972 "-" "meta-externalagent/1.1 (+https://developers.facebook.com/docs/sharing/webmasters/crawler)"
198.20.177.178 - - [11/Mar/2026:08:03:02 -0400] "POST /wp-login.php HTTP/1.1" 200 72972 "https://residenciassanantonio.com/wp-login.php" "Mozilla/5.0 (Windows NT 6.3; WOW64; Trident/7.0; MASPJS; rv:11.0) like Gecko"
57.141.0.68 - - [11/Mar/2026:08:03:02 -0400] "GET /shop/sunny/oceanid04344797102.shtml HTTP/1.1" 200 72973 "-" "meta-externalagent/1.1 (+https://developers.facebook.com/docs/sharing/webmasters/crawler)"
144.91.119.214 - - [11/Mar/2026:08:03:03 -0400] "POST /wp-login.php HTTP/1.1" 200 72973 "https://www.residenciassanantonio.com/wp-login.php" "Mozilla/5.0 (Windows NT 10.0; Win64; x64; rv:121.0) Gecko/20100101 Firefox/121.0"
57.141.0.61 - - [11/Mar/2026:08:03:03 -0400] "GET /shop/rixation/bloodthirstiness023237583642.shtml HTTP/1.1" 200 72972 "-" "meta-externalagent/1.1 (+https://developers.facebook.com/docs/sharing/webmasters/crawler)"
57.141.0.68 - - [11/Mar/2026:08:03:03 -0400] "GET /shop/hemoptysis/cisors063971128514.shtml HTTP/1.1" 200 72972 "-" "meta-externalagent/1.1 (+https://developers.facebook.com/docs/sharing/webmasters/crawler)"
57.141.0.50 - - [11/Mar/2026:08:03:04 -0400] "GET /shop/pareira/mortifier053212603586.shtml HTTP/1.1" 200 72972 "-" "meta-externalagent/1.1 (+https://developers.facebook.com/docs/sharing/webmasters/crawler)"
144.91.119.214 - - [11/Mar/2026:08:03:05 -0400] "POST /wp-login.php HTTP/1.1" 200 72972 "https://www.residenciassanantonio.com/wp-login.php" "Mozilla/5.0 (Windows NT 10.0; Win64; x64; rv:121.0) Gecko/20100101 Firefox/121.0"
74.7.242.60 - - [11/Mar/2026:08:03:02 -0400] "GET /search.php?detail/12302643964740 HTTP/1.1" 200 164150 "https://residenciassanantonio.com/search.php?detail/1230150716491" "Mozilla/5.0 AppleWebKit/537.36 (KHTML, like Gecko; compatible; GPTBot/1.3; +https://openai.com/gptbot)"
57.141.0.72 - - [11/Mar/2026:08:03:04 -0400] "GET /shop/cupbearer/gumshoe044082592243.shtml HTTP/1.1" 200 72973 "-" "meta-externalagent/1.1 (+https://developers.facebook.com/docs/sharing/webmasters/crawler)"
57.141.0.16 - - [11/Mar/2026:08:03:05 -0400] "GET /shop/biflabellate/panton063226893772.shtml HTTP/1.1" 200 72972 "-" "meta-externalagent/1.1 (+https://developers.facebook.com/docs/sharing/webmasters/crawler)"
57.141.0.42 - - [11/Mar/2026:08:03:06 -0400] "GET /shop/northeastern/rabot061719621699.shtml HTTP/1.1" 200 72972 "-" "meta-externalagent/1.1 (+https://developers.facebook.com/docs/sharing/webmasters/crawler)"
144.91.119.214 - - [11/Mar/2026:08:03:06 -0400] "POST /wp-login.php HTTP/1.1" 200 72972 "https://www.residenciassanantonio.com/wp-login.php" "Mozilla/5.0 (Windows NT 10.0; Win64; x64; rv:121.0) Gecko/20100101 Firefox/121.0"
57.141.0.72 - - [11/Mar/2026:08:03:06 -0400] "GET /shop/degum/ullmannite04632787277.shtml HTTP/1.1" 200 72972 "-" "meta-externalagent/1.1 (+https://developers.facebook.com/docs/sharing/webmasters/crawler)"
144.91.119.214 - - [11/Mar/2026:08:03:06 -0400] "GET /wp-login.php HTTP/1.1" 200 72972 "-" "Mozilla/5.0 (Windows NT 10.0; Win64; x64; rv:121.0) Gecko/20100101 Firefox/121.0"
57.141.0.26 - - [11/Mar/2026:08:03:07 -0400] "GET /shop/palmales/bercy06450459058.shtml HTTP/1.1" 200 72972 "-" "meta-externalagent/1.1 (+https://developers.facebook.com/docs/sharing/webmasters/crawler)"
144.91.119.214 - - [11/Mar/2026:08:03:07 -0400] "POST /wp-login.php HTTP/1.1" 200 72972 "https://www.residenciassanantonio.com/wp-login.php" "Mozilla/5.0 (Windows NT 11.0; Win64; x64) AppleWebKit/537.36 (KHTML, like Gecko) Chrome/121.0.0.0 Safari/537.36"
57.141.0.12 - - [11/Mar/2026:08:03:07 -0400] "GET /shop/lowvoltage/seabord04770745939.shtml HTTP/1.1" 200 72972 "-" "meta-externalagent/1.1 (+https://developers.facebook.com/docs/sharing/webmasters/crawler)"
57.141.0.10 - - [11/Mar/2026:08:03:07 -0400] "GET /shop/indigently/romanza052481672122.shtml HTTP/1.1" 200 72972 "-" "meta-externalagent/1.1 (+https://developers.facebook.com/docs/sharing/webmasters/crawler)"
57.141.0.26 - - [11/Mar/2026:08:03:08 -0400] "GET /shop/obverse/anglosaxon052151945818.shtml HTTP/1.1" 200 72972 "-" "meta-externalagent/1.1 (+https://developers.facebook.com/docs/sharing/webmasters/crawler)"
144.91.119.214 - - [11/Mar/2026:08:03:08 -0400] "POST /wp-login.php HTTP/1.1" 403 72972 "https://www.residenciassanantonio.com/wp-login.php" "Mozilla/5.0 (Windows NT 11.0; Win64; x64) AppleWebKit/537.36 (KHTML, like Gecko) Chrome/121.0.0.0 Safari/537.36"
74.7.242.60 - - [11/Mar/2026:08:03:05 -0400] "GET /search.php?detail/099000885588 HTTP/1.1" 200 156912 "https://residenciassanantonio.com/search.php?detail/1070299944687" "Mozilla/5.0 AppleWebKit/537.36 (KHTML, like Gecko; compatible; GPTBot/1.3; +https://openai.com/gptbot)"
57.141.0.9 - - [11/Mar/2026:08:03:08 -0400] "GET /shop/kneeler/imposing022727662600.shtml HTTP/1.1" 200 72972 "-" "meta-externalagent/1.1 (+https://developers.facebook.com/docs/sharing/webmasters/crawler)"
20.15.133.184 - - [11/Mar/2026:08:03:08 -0400] "GET /shop/desperado/sisterhood013436828774.shtml HTTP/1.1" 200 216170 "-" "Mozilla/5.0 AppleWebKit/537.36 (KHTML, like Gecko; compatible; bingbot/2.0; +http://www.bing.com/bingbot.htm) Chrome/116.0.1938.76 Safari/537.36"
57.141.0.26 - - [11/Mar/2026:08:03:09 -0400] "GET /shop/fricasseed/wolfsmilk042288978538.shtml HTTP/1.1" 200 72972 "-" "meta-externalagent/1.1 (+https://developers.facebook.com/docs/sharing/webmasters/crawler)"
144.91.119.214 - - [11/Mar/2026:08:03:10 -0400] "POST /wp-login.php HTTP/1.1" 200 72972 "https://www.residenciassanantonio.com/wp-login.php" "Mozilla/5.0 (Windows NT 11.0; Win64; x64) AppleWebKit/537.36 (KHTML, like Gecko) Chrome/121.0.0.0 Safari/537.36"
57.141.0.14 - - [11/Mar/2026:08:03:09 -0400] "GET /shop/bouldered/jasione063930841648.shtml HTTP/1.1" 200 72973 "-" "meta-externalagent/1.1 (+https://developers.facebook.com/docs/sharing/webmasters/crawler)"
144.91.119.214 - - [11/Mar/2026:08:03:10 -0400] "GET /wp-login.php HTTP/1.1" 200 72972 "-" "Mozilla/5.0 (Windows NT 10.0; Win64; x64) AppleWebKit/537.36 (KHTML, like Gecko) Chrome/120.0.0.0 Safari/537.36"
57.141.0.34 - - [11/Mar/2026:08:03:10 -0400] "GET /shop/augustinian/coati063774524589.shtml HTTP/1.1" 200 72972 "-" "meta-externalagent/1.1 (+https://developers.facebook.com/docs/sharing/webmasters/crawler)"
144.91.119.214 - - [11/Mar/2026:08:03:11 -0400] "POST /wp-login.php HTTP/1.1" 200 72973 "https://www.residenciassanantonio.com/wp-login.php" "Mozilla/5.0 (Windows NT 10.0; Win64; x64) AppleWebKit/537.36 (KHTML, like Gecko) Chrome/120.0.0.0 Safari/537.36"
57.141.0.60 - - [11/Mar/2026:08:03:11 -0400] "GET /shop/prized/eriach023283700487.shtml HTTP/1.1" 200 72972 "-" "meta-externalagent/1.1 (+https://developers.facebook.com/docs/sharing/webmasters/crawler)"
57.141.0.17 - - [11/Mar/2026:08:03:11 -0400] "GET /shop/breakaxe/anoxaemic053472453430.shtml HTTP/1.1" 200 72972 "-" "meta-externalagent/1.1 (+https://developers.facebook.com/docs/sharing/webmasters/crawler)"
57.141.0.33 - - [11/Mar/2026:08:03:11 -0400] "GET /shop/styptical/transferring041332328352.shtml HTTP/1.1" 200 72972 "-" "meta-externalagent/1.1 (+https://developers.facebook.com/docs/sharing/webmasters/crawler)"
74.7.242.60 - - [11/Mar/2026:08:03:09 -0400] "GET /search.php?detail/01101277214194 HTTP/1.1" 200 165717 "https://residenciassanantonio.com/search.php?detail/0110463336289" "Mozilla/5.0 AppleWebKit/537.36 (KHTML, like Gecko; compatible; GPTBot/1.3; +https://openai.com/gptbot)"
57.141.0.29 - - [11/Mar/2026:08:03:12 -0400] "GET /shop/winkle/peachblow051646820649.shtml HTTP/1.1" 200 72973 "-" "meta-externalagent/1.1 (+https://developers.facebook.com/docs/sharing/webmasters/crawler)"
57.141.0.19 - - [11/Mar/2026:08:03:12 -0400] "GET /shop/foreordain/eighteenth06248727321.shtml HTTP/1.1" 200 72972 "-" "meta-externalagent/1.1 (+https://developers.facebook.com/docs/sharing/webmasters/crawler)"
144.91.119.214 - - [11/Mar/2026:08:03:13 -0400] "POST /wp-login.php HTTP/1.1" 200 72972 "https://www.residenciassanantonio.com/wp-login.php" "Mozilla/5.0 (Windows NT 10.0; Win64; x64) AppleWebKit/537.36 (KHTML, like Gecko) Chrome/120.0.0.0 Safari/537.36"
57.141.0.34 - - [11/Mar/2026:08:03:13 -0400] "GET /shop/malleoli/minesweeping021935995690.shtml HTTP/1.1" 200 72972 "-" "meta-externalagent/1.1 (+https://developers.facebook.com/docs/sharing/webmasters/crawler)"
57.141.0.25 - - [11/Mar/2026:08:03:13 -0400] "GET /shop/biferous/impartation04238202648.shtml HTTP/1.1" 200 72972 "-" "meta-externalagent/1.1 (+https://developers.facebook.com/docs/sharing/webmasters/crawler)"
144.91.119.214 - - [11/Mar/2026:08:03:14 -0400] "POST /wp-login.php HTTP/1.1" 200 72972 "https://www.residenciassanantonio.com/wp-login.php" "Mozilla/5.0 (Windows NT 10.0; Win64; x64) AppleWebKit/537.36 (KHTML, like Gecko) Chrome/120.0.0.0 Safari/537.36"
57.141.0.58 - - [11/Mar/2026:08:03:14 -0400] "GET /shop/aurochloride/innodate063357839450.shtml HTTP/1.1" 200 72972 "-" "meta-externalagent/1.1 (+https://developers.facebook.com/docs/sharing/webmasters/crawler)"
57.141.0.56 - - [11/Mar/2026:08:03:14 -0400] "GET /shop/cherry/mortress02838187355.shtml HTTP/1.1" 200 72972 "-" "meta-externalagent/1.1 (+https://developers.facebook.com/docs/sharing/webmasters/crawler)"
144.91.119.214 - - [11/Mar/2026:08:03:15 -0400] "GET /wp-login.php HTTP/1.1" 200 72972 "-" "Mozilla/5.0 (Windows NT 10.0; Win64; x64) AppleWebKit/537.36 (KHTML, like Gecko) Chrome/120.0.0.0 Safari/537.36"
57.141.0.56 - - [11/Mar/2026:08:03:15 -0400] "GET /shop/proffered/sublation0143888942.shtml HTTP/1.1" 200 72972 "-" "meta-externalagent/1.1 (+https://developers.facebook.com/docs/sharing/webmasters/crawler)"
144.91.119.214 - - [11/Mar/2026:08:03:15 -0400] "POST /wp-login.php HTTP/1.1" 200 72972 "https://www.residenciassanantonio.com/wp-login.php" "Mozilla/5.0 (Windows NT 10.0; Win64; x64) AppleWebKit/537.36 (KHTML, like Gecko) Chrome/120.0.0.0 Safari/537.36"
74.7.242.60 - - [11/Mar/2026:08:03:13 -0400] "GET /search.php?detail/2950254579979 HTTP/1.1" 200 155666 "https://residenciassanantonio.com/search.php?detail/2480417515370" "Mozilla/5.0 AppleWebKit/537.36 (KHTML, like Gecko; compatible; GPTBot/1.3; +https://openai.com/gptbot)"
57.141.0.57 - - [11/Mar/2026:08:03:15 -0400] "GET /shop/liberalities/socinianism063476379765.shtml HTTP/1.1" 200 72972 "-" "meta-externalagent/1.1 (+https://developers.facebook.com/docs/sharing/webmasters/crawler)"
57.141.0.12 - - [11/Mar/2026:08:03:16 -0400] "GET /shop/objectoriented/bilamellate05439616606.shtml HTTP/1.1" 200 72972 "-" "meta-externalagent/1.1 (+https://developers.facebook.com/docs/sharing/webmasters/crawler)"
57.141.0.58 - - [11/Mar/2026:08:03:16 -0400] "GET /shop/symphurus/tantalizingly05221972651.shtml HTTP/1.1" 200 72972 "-" "meta-externalagent/1.1 (+https://developers.facebook.com/docs/sharing/webmasters/crawler)"
144.91.119.214 - - [11/Mar/2026:08:03:16 -0400] "POST /wp-login.php HTTP/1.1" 403 72972 "https://www.residenciassanantonio.com/wp-login.php" "Mozilla/5.0 (Windows NT 10.0; Win64; x64) AppleWebKit/537.36 (KHTML, like Gecko) Chrome/120.0.0.0 Safari/537.36"
57.141.0.5 - - [11/Mar/2026:08:03:17 -0400] "GET /shop/blasphemy/cumulate021204380485.shtml HTTP/1.1" 200 72972 "-" "meta-externalagent/1.1 (+https://developers.facebook.com/docs/sharing/webmasters/crawler)"
144.91.119.214 - - [11/Mar/2026:08:03:17 -0400] "POST /wp-login.php HTTP/1.1" 403 72972 "https://www.residenciassanantonio.com/wp-login.php" "Mozilla/5.0 (Windows NT 10.0; Win64; x64) AppleWebKit/537.36 (KHTML, like Gecko) Chrome/120.0.0.0 Safari/537.36"
57.141.0.27 - - [11/Mar/2026:08:03:18 -0400] "GET /shop/emacerate/workhouses043080153205.shtml HTTP/1.1" 200 72973 "-" "meta-externalagent/1.1 (+https://developers.facebook.com/docs/sharing/webmasters/crawler)"
57.141.0.66 - - [11/Mar/2026:08:03:18 -0400] "GET /shop/rattail/jeeringly041146303500.shtml HTTP/1.1" 200 72972 "-" "meta-externalagent/1.1 (+https://developers.facebook.com/docs/sharing/webmasters/crawler)"
144.91.119.214 - - [11/Mar/2026:08:03:18 -0400] "GET /wp-login.php HTTP/1.1" 403 72972 "-" "Mozilla/5.0 (Windows NT 10.0; Win64; x64; rv:121.0) Gecko/20100101 Firefox/121.0"
74.7.242.60 - - [11/Mar/2026:08:03:17 -0400] "GET /search.php?detail/10701047994920 HTTP/1.1" 200 156124 "https://residenciassanantonio.com/search.php?detail/107026016053" "Mozilla/5.0 AppleWebKit/537.36 (KHTML, like Gecko; compatible; GPTBot/1.3; +https://openai.com/gptbot)"
57.141.0.1 - - [11/Mar/2026:08:03:19 -0400] "GET /shop/gentlefolk/clout06769987463.shtml HTTP/1.1" 200 72973 "-" "meta-externalagent/1.1 (+https://developers.facebook.com/docs/sharing/webmasters/crawler)"
57.141.0.59 - - [11/Mar/2026:08:03:19 -0400] "GET /shop/timalus/glebosity043461624746.shtml HTTP/1.1" 200 72973 "-" "meta-externalagent/1.1 (+https://developers.facebook.com/docs/sharing/webmasters/crawler)"
144.91.119.214 - - [11/Mar/2026:08:03:19 -0400] "POST /wp-login.php HTTP/1.1" 403 72972 "https://www.residenciassanantonio.com/wp-login.php" "Mozilla/5.0 (Windows NT 10.0; Win64; x64; rv:121.0) Gecko/20100101 Firefox/121.0"
57.141.0.46 - - [11/Mar/2026:08:03:19 -0400] "GET /shop/palpebral/halogen044057416581.shtml HTTP/1.1" 200 72972 "-" "meta-externalagent/1.1 (+https://developers.facebook.com/docs/sharing/webmasters/crawler)"
57.141.0.60 - - [11/Mar/2026:08:03:20 -0400] "GET /shop/shiner/babyfaced023354266551.shtml HTTP/1.1" 200 72972 "-" "meta-externalagent/1.1 (+https://developers.facebook.com/docs/sharing/webmasters/crawler)"
144.91.119.214 - - [11/Mar/2026:08:03:20 -0400] "POST /wp-login.php HTTP/1.1" 403 72972 "https://www.residenciassanantonio.com/wp-login.php" "Mozilla/5.0 (Windows NT 10.0; Win64; x64; rv:121.0) Gecko/20100101 Firefox/121.0"
57.141.0.24 - - [11/Mar/2026:08:03:20 -0400] "GET /shop/interurban/docimastic02601599336.shtml HTTP/1.1" 200 72972 "-" "meta-externalagent/1.1 (+https://developers.facebook.com/docs/sharing/webmasters/crawler)"
57.141.0.70 - - [11/Mar/2026:08:03:21 -0400] "GET /shop/parenchymal/guaza06268098023.shtml HTTP/1.1" 200 72972 "-" "meta-externalagent/1.1 (+https://developers.facebook.com/docs/sharing/webmasters/crawler)"
57.141.0.55 - - [11/Mar/2026:08:03:21 -0400] "GET /shop/storying/subjectively062234210961.shtml HTTP/1.1" 200 72972 "-" "meta-externalagent/1.1 (+https://developers.facebook.com/docs/sharing/webmasters/crawler)"
144.91.119.214 - - [11/Mar/2026:08:03:21 -0400] "POST /wp-login.php HTTP/1.1" 403 72972 "https://www.residenciassanantonio.com/wp-login.php" "Mozilla/5.0 (Windows NT 10.0; Win64; x64; rv:121.0) Gecko/20100101 Firefox/121.0"
57.141.0.46 - - [11/Mar/2026:08:03:22 -0400] "GET /shop/inutile/pennsylvanica054222809442.shtml HTTP/1.1" 200 72973 "-" "meta-externalagent/1.1 (+https://developers.facebook.com/docs/sharing/webmasters/crawler)"
57.141.0.11 - - [11/Mar/2026:08:03:22 -0400] "GET /shop/monasterially/ninthly062203037168.shtml HTTP/1.1" 200 72972 "-" "meta-externalagent/1.1 (+https://developers.facebook.com/docs/sharing/webmasters/crawler)"
74.7.242.60 - - [11/Mar/2026:08:03:20 -0400] "GET /search.php?detail/246044393366 HTTP/1.1" 200 159393 "https://residenciassanantonio.com/search.php?detail/13102614285629" "Mozilla/5.0 AppleWebKit/537.36 (KHTML, like Gecko; compatible; GPTBot/1.3; +https://openai.com/gptbot)"
57.141.0.55 - - [11/Mar/2026:08:03:23 -0400] "GET /shop/confederator/hiping052974777040.shtml HTTP/1.1" 200 72973 "-" "meta-externalagent/1.1 (+https://developers.facebook.com/docs/sharing/webmasters/crawler)"
57.141.0.57 - - [11/Mar/2026:08:03:23 -0400] "GET /shop/kempt/woodchuck061881099387.shtml HTTP/1.1" 200 72972 "-" "meta-externalagent/1.1 (+https://developers.facebook.com/docs/sharing/webmasters/crawler)"
57.141.0.19 - - [11/Mar/2026:08:03:24 -0400] "GET /shop/argala/gurglingly062977673997.shtml HTTP/1.1" 200 72973 "-" "meta-externalagent/1.1 (+https://developers.facebook.com/docs/sharing/webmasters/crawler)"
57.141.0.21 - - [11/Mar/2026:08:03:25 -0400] "GET /shop/lotteries/twinging061770475544.shtml HTTP/1.1" 200 72972 "-" "meta-externalagent/1.1 (+https://developers.facebook.com/docs/sharing/webmasters/crawler)"
57.141.0.43 - - [11/Mar/2026:08:03:25 -0400] "GET /shop/reprimander/watcher022174710295.shtml HTTP/1.1" 200 72973 "-" "meta-externalagent/1.1 (+https://developers.facebook.com/docs/sharing/webmasters/crawler)"
57.141.0.45 - - [11/Mar/2026:08:03:25 -0400] "GET /shop/exorhizal/epiglottidean042278487048.shtml HTTP/1.1" 200 72972 "-" "meta-externalagent/1.1 (+https://developers.facebook.com/docs/sharing/webmasters/crawler)"
74.7.242.60 - - [11/Mar/2026:08:03:23 -0400] "GET /search.php?detail/180011180490 HTTP/1.1" 200 159553 "https://residenciassanantonio.com/search.php?detail/172001512112" "Mozilla/5.0 AppleWebKit/537.36 (KHTML, like Gecko; compatible; GPTBot/1.3; +https://openai.com/gptbot)"
57.141.0.49 - - [11/Mar/2026:08:03:26 -0400] "GET /shop/maturative/sortilegious06366728250.shtml HTTP/1.1" 200 72972 "-" "meta-externalagent/1.1 (+https://developers.facebook.com/docs/sharing/webmasters/crawler)"
57.141.0.37 - - [11/Mar/2026:08:03:26 -0400] "GET /shop/ptyalin/subinduce023950217863.shtml HTTP/1.1" 200 72972 "-" "meta-externalagent/1.1 (+https://developers.facebook.com/docs/sharing/webmasters/crawler)"
57.141.0.50 - - [11/Mar/2026:08:03:27 -0400] "GET /shop/epistaxis/unisonant06749475962.shtml HTTP/1.1" 200 72973 "-" "meta-externalagent/1.1 (+https://developers.facebook.com/docs/sharing/webmasters/crawler)"
57.141.0.20 - - [11/Mar/2026:08:03:27 -0400] "GET /shop/romance/horseweed022343842811.shtml HTTP/1.1" 200 72972 "-" "meta-externalagent/1.1 (+https://developers.facebook.com/docs/sharing/webmasters/crawler)"
57.141.0.70 - - [11/Mar/2026:08:03:28 -0400] "GET /shop/hypnotic/tagal052308545305.shtml HTTP/1.1" 200 72973 "-" "meta-externalagent/1.1 (+https://developers.facebook.com/docs/sharing/webmasters/crawler)"
57.141.0.15 - - [11/Mar/2026:08:03:28 -0400] "GET /shop/overspread/pseudostomata052013293681.shtml HTTP/1.1" 200 72972 "-" "meta-externalagent/1.1 (+https://developers.facebook.com/docs/sharing/webmasters/crawler)"
57.141.0.12 - - [11/Mar/2026:08:03:29 -0400] "GET /shop/disbelieving/countwheel041650129416.shtml HTTP/1.1" 200 72972 "-" "meta-externalagent/1.1 (+https://developers.facebook.com/docs/sharing/webmasters/crawler)"
57.141.0.47 - - [11/Mar/2026:08:03:29 -0400] "GET /shop/occiputs/allegorized04107101086.shtml HTTP/1.1" 200 72972 "-" "meta-externalagent/1.1 (+https://developers.facebook.com/docs/sharing/webmasters/crawler)"
74.7.242.60 - - [11/Mar/2026:08:03:27 -0400] "GET /search.php?goods/217029299 HTTP/1.1" 200 156701 "https://residenciassanantonio.com/search.php?detail/046043442017" "Mozilla/5.0 AppleWebKit/537.36 (KHTML, like Gecko; compatible; GPTBot/1.3; +https://openai.com/gptbot)"
57.141.0.40 - - [11/Mar/2026:08:03:30 -0400] "GET /shop/clamatorial/hypodicrotous052639068480.shtml HTTP/1.1" 200 72973 "-" "meta-externalagent/1.1 (+https://developers.facebook.com/docs/sharing/webmasters/crawler)"
57.141.0.49 - - [11/Mar/2026:08:03:31 -0400] "GET /shop/hylozoist/whereunto063456025678.shtml HTTP/1.1" 200 72972 "-" "meta-externalagent/1.1 (+https://developers.facebook.com/docs/sharing/webmasters/crawler)"
57.141.0.19 - - [11/Mar/2026:08:03:31 -0400] "GET /shop/gladship/recurvirostral06516172329.shtml HTTP/1.1" 200 72972 "-" "meta-externalagent/1.1 (+https://developers.facebook.com/docs/sharing/webmasters/crawler)"
57.141.0.22 - - [11/Mar/2026:08:03:31 -0400] "GET /shop/bivector/rheumy021430821469.shtml HTTP/1.1" 200 72972 "-" "meta-externalagent/1.1 (+https://developers.facebook.com/docs/sharing/webmasters/crawler)"
57.141.0.70 - - [11/Mar/2026:08:03:32 -0400] "GET /shop/mauritiana/oilfish041934663583.shtml HTTP/1.1" 200 72972 "-" "meta-externalagent/1.1 (+https://developers.facebook.com/docs/sharing/webmasters/crawler)"
57.141.0.25 - - [11/Mar/2026:08:03:32 -0400] "GET /shop/insupportable/affusing06185902506.shtml HTTP/1.1" 200 72972 "-" "meta-externalagent/1.1 (+https://developers.facebook.com/docs/sharing/webmasters/crawler)"
57.141.0.44 - - [11/Mar/2026:08:03:33 -0400] "GET /shop/extralimitary/vapored043728707168.shtml HTTP/1.1" 200 72972 "-" "meta-externalagent/1.1 (+https://developers.facebook.com/docs/sharing/webmasters/crawler)"
57.141.0.19 - - [11/Mar/2026:08:03:34 -0400] "GET /shop/laparoscopy/reeming062172356071.shtml HTTP/1.1" 200 72972 "-" "meta-externalagent/1.1 (+https://developers.facebook.com/docs/sharing/webmasters/crawler)"
74.7.242.60 - - [11/Mar/2026:08:03:31 -0400] "GET /search.php?detail/011012776341 HTTP/1.1" 200 162052 "https://residenciassanantonio.com/search.php?detail/011012770002" "Mozilla/5.0 AppleWebKit/537.36 (KHTML, like Gecko; compatible; GPTBot/1.3; +https://openai.com/gptbot)"
57.141.0.22 - - [11/Mar/2026:08:03:34 -0400] "GET /shop/hypothecator/diabolo062270958952.shtml HTTP/1.1" 200 72972 "-" "meta-externalagent/1.1 (+https://developers.facebook.com/docs/sharing/webmasters/crawler)"
57.141.0.43 - - [11/Mar/2026:08:03:35 -0400] "GET /shop/artilleryman/revenged053444038247.shtml HTTP/1.1" 200 72972 "-" "meta-externalagent/1.1 (+https://developers.facebook.com/docs/sharing/webmasters/crawler)"
57.141.0.27 - - [11/Mar/2026:08:03:35 -0400] "GET /shop/germination/sagum052506463845.shtml HTTP/1.1" 200 72972 "-" "meta-externalagent/1.1 (+https://developers.facebook.com/docs/sharing/webmasters/crawler)"
57.141.0.61 - - [11/Mar/2026:08:03:35 -0400] "GET /shop/quadrennial/needfully041444567047.shtml HTTP/1.1" 200 72972 "-" "meta-externalagent/1.1 (+https://developers.facebook.com/docs/sharing/webmasters/crawler)"
57.141.0.6 - - [11/Mar/2026:08:03:36 -0400] "GET /shop/mensurableness/graced051866330397.shtml HTTP/1.1" 200 72973 "-" "meta-externalagent/1.1 (+https://developers.facebook.com/docs/sharing/webmasters/crawler)"
57.141.0.37 - - [11/Mar/2026:08:03:36 -0400] "GET /shop/colorableness/theogonist062017982654.shtml HTTP/1.1" 200 72972 "-" "meta-externalagent/1.1 (+https://developers.facebook.com/docs/sharing/webmasters/crawler)"
74.7.242.60 - - [11/Mar/2026:08:03:35 -0400] "GET /search.php?detail/14000304243317 HTTP/1.1" 200 158813 "https://residenciassanantonio.com/search.php?detail/022003281616" "Mozilla/5.0 AppleWebKit/537.36 (KHTML, like Gecko; compatible; GPTBot/1.3; +https://openai.com/gptbot)"
57.141.0.19 - - [11/Mar/2026:08:03:37 -0400] "GET /shop/sordidness/anaglyptics05275917146.shtml HTTP/1.1" 200 72972 "-" "meta-externalagent/1.1 (+https://developers.facebook.com/docs/sharing/webmasters/crawler)"
57.141.0.25 - - [11/Mar/2026:08:03:38 -0400] "GET /shop/hypnotize/palimony043497551812.shtml HTTP/1.1" 200 72972 "-" "meta-externalagent/1.1 (+https://developers.facebook.com/docs/sharing/webmasters/crawler)"
57.141.0.28 - - [11/Mar/2026:08:03:37 -0400] "GET /shop/nonarrival/diadelphian041740873382.shtml HTTP/1.1" 200 72972 "-" "meta-externalagent/1.1 (+https://developers.facebook.com/docs/sharing/webmasters/crawler)"
57.141.0.19 - - [11/Mar/2026:08:03:38 -0400] "GET /shop/preterperfect/oilier061763573619.shtml HTTP/1.1" 200 72972 "-" "meta-externalagent/1.1 (+https://developers.facebook.com/docs/sharing/webmasters/crawler)"
57.141.0.12 - - [11/Mar/2026:08:03:39 -0400] "GET /shop/undercut/subdivisible041884948413.shtml HTTP/1.1" 200 72972 "-" "meta-externalagent/1.1 (+https://developers.facebook.com/docs/sharing/webmasters/crawler)"
57.141.0.37 - - [11/Mar/2026:08:03:40 -0400] "GET /shop/myriologist/emphatically05287515542.shtml HTTP/1.1" 200 72972 "-" "meta-externalagent/1.1 (+https://developers.facebook.com/docs/sharing/webmasters/crawler)"
57.141.0.58 - - [11/Mar/2026:08:03:39 -0400] "GET /shop/unfertileness/polypogon061352289566.shtml HTTP/1.1" 200 72972 "-" "meta-externalagent/1.1 (+https://developers.facebook.com/docs/sharing/webmasters/crawler)"
57.141.0.33 - - [11/Mar/2026:08:03:40 -0400] "GET /shop/wormal/thiophtene062008806987.shtml HTTP/1.1" 200 72972 "-" "meta-externalagent/1.1 (+https://developers.facebook.com/docs/sharing/webmasters/crawler)"
57.141.0.19 - - [11/Mar/2026:08:03:41 -0400] "GET /shop/blockheaded/kingofarms061088032879.shtml HTTP/1.1" 200 72973 "-" "meta-externalagent/1.1 (+https://developers.facebook.com/docs/sharing/webmasters/crawler)"
57.141.0.40 - - [11/Mar/2026:08:03:41 -0400] "GET /shop/derring/peanut04816464583.shtml HTTP/1.1" 200 72972 "-" "meta-externalagent/1.1 (+https://developers.facebook.com/docs/sharing/webmasters/crawler)"
57.141.0.13 - - [11/Mar/2026:08:03:42 -0400] "GET /shop/dolichos/sapiently0697953651.shtml HTTP/1.1" 200 72972 "-" "meta-externalagent/1.1 (+https://developers.facebook.com/docs/sharing/webmasters/crawler)"
57.141.0.49 - - [11/Mar/2026:08:03:42 -0400] "GET /shop/romany/myxobacteria051807010340.shtml HTTP/1.1" 200 72972 "-" "meta-externalagent/1.1 (+https://developers.facebook.com/docs/sharing/webmasters/crawler)"
74.7.242.60 - - [11/Mar/2026:08:03:38 -0400] "GET /search.php?detail/11100155694369 HTTP/1.1" 200 157590 "https://residenciassanantonio.com/search.php?detail/11100153811022" "Mozilla/5.0 AppleWebKit/537.36 (KHTML, like Gecko; compatible; GPTBot/1.3; +https://openai.com/gptbot)"
57.141.0.65 - - [11/Mar/2026:08:03:43 -0400] "GET /shop/interfulgent/necrologic051471206119.shtml HTTP/1.1" 200 72972 "-" "meta-externalagent/1.1 (+https://developers.facebook.com/docs/sharing/webmasters/crawler)"
57.141.0.40 - - [11/Mar/2026:08:03:43 -0400] "GET /shop/sigger/satisfactorily063991639231.shtml HTTP/1.1" 200 72972 "-" "meta-externalagent/1.1 (+https://developers.facebook.com/docs/sharing/webmasters/crawler)"
57.141.0.50 - - [11/Mar/2026:08:03:44 -0400] "GET /shop/telephone/baleful063460602281.shtml HTTP/1.1" 200 72972 "-" "meta-externalagent/1.1 (+https://developers.facebook.com/docs/sharing/webmasters/crawler)"
57.141.0.45 - - [11/Mar/2026:08:03:44 -0400] "GET /shop/libertarianism/fibrillated05512460429.shtml HTTP/1.1" 200 72972 "-" "meta-externalagent/1.1 (+https://developers.facebook.com/docs/sharing/webmasters/crawler)"
57.141.0.54 - - [11/Mar/2026:08:03:45 -0400] "GET /shop/affectively/countersealing063299918146.shtml HTTP/1.1" 200 72972 "-" "meta-externalagent/1.1 (+https://developers.facebook.com/docs/sharing/webmasters/crawler)"
57.141.0.13 - - [11/Mar/2026:08:03:45 -0400] "GET /shop/utilize/intermix061554421830.shtml HTTP/1.1" 200 72972 "-" "meta-externalagent/1.1 (+https://developers.facebook.com/docs/sharing/webmasters/crawler)"
57.141.0.70 - - [11/Mar/2026:08:03:46 -0400] "GET /shop/highth/dermoid061837019976.shtml HTTP/1.1" 200 72972 "-" "meta-externalagent/1.1 (+https://developers.facebook.com/docs/sharing/webmasters/crawler)"
74.7.242.60 - - [11/Mar/2026:08:03:44 -0400] "GET /search.php?detail/12302644531376 HTTP/1.1" 200 165220 "https://residenciassanantonio.com/search.php?detail/12302643964740" "Mozilla/5.0 AppleWebKit/537.36 (KHTML, like Gecko; compatible; GPTBot/1.3; +https://openai.com/gptbot)"
57.141.0.54 - - [11/Mar/2026:08:03:46 -0400] "GET /shop/hexacosane/hydractinia04193526701.shtml HTTP/1.1" 200 72972 "-" "meta-externalagent/1.1 (+https://developers.facebook.com/docs/sharing/webmasters/crawler)"
57.141.0.35 - - [11/Mar/2026:08:03:47 -0400] "GET /shop/pelagian/wintergreen05847823877.shtml HTTP/1.1" 200 72972 "-" "meta-externalagent/1.1 (+https://developers.facebook.com/docs/sharing/webmasters/crawler)"
57.141.0.23 - - [11/Mar/2026:08:03:47 -0400] "GET /shop/snivelling/capercaillie052409114963.shtml HTTP/1.1" 200 72972 "-" "meta-externalagent/1.1 (+https://developers.facebook.com/docs/sharing/webmasters/crawler)"
57.141.0.62 - - [11/Mar/2026:08:03:48 -0400] "GET /shop/cultirostres/coumarou054113186119.shtml HTTP/1.1" 200 72972 "-" "meta-externalagent/1.1 (+https://developers.facebook.com/docs/sharing/webmasters/crawler)"
57.141.0.34 - - [11/Mar/2026:08:03:49 -0400] "GET /shop/cucurbit/circinate052108073540.shtml HTTP/1.1" 200 72972 "-" "meta-externalagent/1.1 (+https://developers.facebook.com/docs/sharing/webmasters/crawler)"
57.141.0.19 - - [11/Mar/2026:08:03:49 -0400] "GET /shop/spindleshaped/tiringhouse051291318301.shtml HTTP/1.1" 200 72972 "-" "meta-externalagent/1.1 (+https://developers.facebook.com/docs/sharing/webmasters/crawler)"
74.7.242.60 - - [11/Mar/2026:08:03:47 -0400] "GET /search.php?detail/04003147447020 HTTP/1.1" 200 165972 "https://residenciassanantonio.com/search.php?detail/12302643964740" "Mozilla/5.0 AppleWebKit/537.36 (KHTML, like Gecko; compatible; GPTBot/1.3; +https://openai.com/gptbot)"
57.141.0.34 - - [11/Mar/2026:08:03:49 -0400] "GET /shop/tending/rumseller023813504686.shtml HTTP/1.1" 200 72972 "-" "meta-externalagent/1.1 (+https://developers.facebook.com/docs/sharing/webmasters/crawler)"
57.141.0.27 - - [11/Mar/2026:08:03:50 -0400] "GET /shop/cyclopic/tridecylene041064238839.shtml HTTP/1.1" 200 72972 "-" "meta-externalagent/1.1 (+https://developers.facebook.com/docs/sharing/webmasters/crawler)"
57.141.0.25 - - [11/Mar/2026:08:03:50 -0400] "GET /shop/dislocate/malapropos063052812953.shtml HTTP/1.1" 200 72972 "-" "meta-externalagent/1.1 (+https://developers.facebook.com/docs/sharing/webmasters/crawler)"
57.141.0.25 - - [11/Mar/2026:08:03:51 -0400] "GET /shop/aggrandization/transpadane063911183266.shtml HTTP/1.1" 200 72972 "-" "meta-externalagent/1.1 (+https://developers.facebook.com/docs/sharing/webmasters/crawler)"
57.141.0.48 - - [11/Mar/2026:08:03:51 -0400] "GET /shop/recipiency/transfluent053859718284.shtml HTTP/1.1" 200 72972 "-" "meta-externalagent/1.1 (+https://developers.facebook.com/docs/sharing/webmasters/crawler)"
57.141.0.1 - - [11/Mar/2026:08:03:52 -0400] "GET /shop/excrementitious/difficultly063378335191.shtml HTTP/1.1" 200 72972 "-" "meta-externalagent/1.1 (+https://developers.facebook.com/docs/sharing/webmasters/crawler)"
57.141.0.19 - - [11/Mar/2026:08:03:53 -0400] "GET /shop/euonymin/biffin063739835683.shtml HTTP/1.1" 200 72972 "-" "meta-externalagent/1.1 (+https://developers.facebook.com/docs/sharing/webmasters/crawler)"
57.141.0.70 - - [11/Mar/2026:08:03:53 -0400] "GET /shop/laundry/dillseed043572853945.shtml HTTP/1.1" 200 72972 "-" "meta-externalagent/1.1 (+https://developers.facebook.com/docs/sharing/webmasters/crawler)"
57.141.0.8 - - [11/Mar/2026:08:03:53 -0400] "GET /shop/wicked/charboncle042277051101.shtml HTTP/1.1" 200 72972 "-" "meta-externalagent/1.1 (+https://developers.facebook.com/docs/sharing/webmasters/crawler)"
74.7.242.60 - - [11/Mar/2026:08:03:50 -0400] "GET /search.php?detail/23604282900147 HTTP/1.1" 200 160190 "https://residenciassanantonio.com/search.php?detail/01101277214194" "Mozilla/5.0 AppleWebKit/537.36 (KHTML, like Gecko; compatible; GPTBot/1.3; +https://openai.com/gptbot)"
57.141.0.6 - - [11/Mar/2026:08:03:54 -0400] "GET /shop/pennon/pteroplatea041925565048.shtml HTTP/1.1" 200 72972 "-" "meta-externalagent/1.1 (+https://developers.facebook.com/docs/sharing/webmasters/crawler)"
57.141.0.70 - - [11/Mar/2026:08:03:54 -0400] "GET /shop/abderian/decollation051567792202.shtml HTTP/1.1" 200 72972 "-" "meta-externalagent/1.1 (+https://developers.facebook.com/docs/sharing/webmasters/crawler)"
57.141.0.20 - - [11/Mar/2026:08:03:55 -0400] "GET /shop/vraisemblance/hieratic062696688163.shtml HTTP/1.1" 200 72972 "-" "meta-externalagent/1.1 (+https://developers.facebook.com/docs/sharing/webmasters/crawler)"
144.91.119.214 - - [11/Mar/2026:08:03:55 -0400] "GET /wp-login.php HTTP/1.1" 200 72972 "-" "Mozilla/5.0 (Windows NT 10.0; Win64; x64) AppleWebKit/537.36 (KHTML, like Gecko) Chrome/120.0.0.0 Safari/537.36"
144.91.119.214 - - [11/Mar/2026:08:03:55 -0400] "POST /wp-login.php HTTP/1.1" 200 72972 "https://www.residenciassanantonio.com/wp-login.php" "Mozilla/5.0 (X11; Linux x86_64) AppleWebKit/537.36 (KHTML, like Gecko) Chrome/120.0.0.0 Safari/537.36"
57.141.0.47 - - [11/Mar/2026:08:03:55 -0400] "GET /shop/inaccessibleness/cirsoid054066953515.shtml HTTP/1.1" 200 72972 "-" "meta-externalagent/1.1 (+https://developers.facebook.com/docs/sharing/webmasters/crawler)"
144.91.119.214 - - [11/Mar/2026:08:03:56 -0400] "POST /wp-login.php HTTP/1.1" 200 72972 "https://www.residenciassanantonio.com/wp-login.php" "Mozilla/5.0 (X11; Linux x86_64) AppleWebKit/537.36 (KHTML, like Gecko) Chrome/120.0.0.0 Safari/537.36"
57.141.0.41 - - [11/Mar/2026:08:03:56 -0400] "GET /shop/haphazard/notophthalmus043168539834.shtml HTTP/1.1" 200 72972 "-" "meta-externalagent/1.1 (+https://developers.facebook.com/docs/sharing/webmasters/crawler)"
57.141.0.28 - - [11/Mar/2026:08:03:56 -0400] "GET /shop/abash/thomists043154577463.shtml HTTP/1.1" 200 72972 "-" "meta-externalagent/1.1 (+https://developers.facebook.com/docs/sharing/webmasters/crawler)"
57.141.0.23 - - [11/Mar/2026:08:03:57 -0400] "GET /shop/caruncle/moiety023780485681.shtml HTTP/1.1" 200 72972 "-" "meta-externalagent/1.1 (+https://developers.facebook.com/docs/sharing/webmasters/crawler)"
144.91.119.214 - - [11/Mar/2026:08:03:57 -0400] "POST /wp-login.php HTTP/1.1" 200 72972 "https://www.residenciassanantonio.com/wp-login.php" "Mozilla/5.0 (X11; Linux x86_64) AppleWebKit/537.36 (KHTML, like Gecko) Chrome/120.0.0.0 Safari/537.36"
57.141.0.19 - - [11/Mar/2026:08:03:58 -0400] "GET /shop/contractibleness/querele023441467088.shtml HTTP/1.1" 200 72972 "-" "meta-externalagent/1.1 (+https://developers.facebook.com/docs/sharing/webmasters/crawler)"
144.91.119.214 - - [11/Mar/2026:08:03:58 -0400] "GET /wp-login.php HTTP/1.1" 200 72972 "-" "Mozilla/5.0 (Windows NT 11.0; Win64; x64) AppleWebKit/537.36 (KHTML, like Gecko) Chrome/121.0.0.0 Safari/537.36"
57.141.0.25 - - [11/Mar/2026:08:03:58 -0400] "GET /shop/quadrated/pictograph06119252970.shtml HTTP/1.1" 200 72972 "-" "meta-externalagent/1.1 (+https://developers.facebook.com/docs/sharing/webmasters/crawler)"
57.141.0.30 - - [11/Mar/2026:08:03:58 -0400] "GET /shop/vitriolating/armed063166271462.shtml HTTP/1.1" 200 72973 "-" "meta-externalagent/1.1 (+https://developers.facebook.com/docs/sharing/webmasters/crawler)"
144.91.119.214 - - [11/Mar/2026:08:03:59 -0400] "POST /wp-login.php HTTP/1.1" 403 72972 "https://www.residenciassanantonio.com/wp-login.php" "Mozilla/5.0 (Windows NT 10.0; Win64; x64) AppleWebKit/537.36 (KHTML, like Gecko) Chrome/120.0.0.0 Safari/537.36"
74.7.242.60 - - [11/Mar/2026:08:03:55 -0400] "GET /search.php?detail/197015422966 HTTP/1.1" 200 156232 "https://residenciassanantonio.com/search.php?detail/2950254579979" "Mozilla/5.0 AppleWebKit/537.36 (KHTML, like Gecko; compatible; GPTBot/1.3; +https://openai.com/gptbot)"
57.141.0.1 - - [11/Mar/2026:08:03:59 -0400] "GET /shop/reddest/hygrometer021264673857.shtml HTTP/1.1" 200 72972 "-" "meta-externalagent/1.1 (+https://developers.facebook.com/docs/sharing/webmasters/crawler)"
57.141.0.1 - - [11/Mar/2026:08:03:59 -0400] "GET /shop/iambic/ingestion04562922641.shtml HTTP/1.1" 200 72973 "-" "meta-externalagent/1.1 (+https://developers.facebook.com/docs/sharing/webmasters/crawler)"
144.91.119.214 - - [11/Mar/2026:08:04:00 -0400] "POST /wp-login.php HTTP/1.1" 403 72972 "https://www.residenciassanantonio.com/wp-login.php" "Mozilla/5.0 (Windows NT 10.0; Win64; x64) AppleWebKit/537.36 (KHTML, like Gecko) Chrome/120.0.0.0 Safari/537.36"
57.141.0.19 - - [11/Mar/2026:08:04:00 -0400] "GET /shop/frying/assonate051187899117.shtml HTTP/1.1" 200 72972 "-" "meta-externalagent/1.1 (+https://developers.facebook.com/docs/sharing/webmasters/crawler)"
57.141.0.11 - - [11/Mar/2026:08:04:00 -0400] "GET /shop/ampullaria/homeopathically051859944848.shtml HTTP/1.1" 200 72973 "-" "meta-externalagent/1.1 (+https://developers.facebook.com/docs/sharing/webmasters/crawler)"
