144.91.119.214 - - [11/Mar/2026:08:16:10 -0400] "GET /wp-login.php HTTP/1.1" 403 72973 "-" "Mozilla/5.0 (Windows NT 11.0; Win64; x64) AppleWebKit/537.36 (KHTML, like Gecko) Chrome/121.0.0.0 Safari/537.36"
57.141.0.31 - - [11/Mar/2026:08:16:10 -0400] "GET /shop/menyanthaceae/islander042596086034.shtml HTTP/1.1" 200 72973 "-" "meta-externalagent/1.1 (+https://developers.facebook.com/docs/sharing/webmasters/crawler)"
57.141.0.30 - - [11/Mar/2026:08:16:11 -0400] "GET /shop/delirifacient/peculiar043859083148.shtml HTTP/1.1" 200 72972 "-" "meta-externalagent/1.1 (+https://developers.facebook.com/docs/sharing/webmasters/crawler)"
74.7.242.60 - - [11/Mar/2026:08:16:09 -0400] "GET /search.php?detail/0110352847966 HTTP/1.1" 200 162537 "https://residenciassanantonio.com/search.php?detail/01101676778627" "Mozilla/5.0 AppleWebKit/537.36 (KHTML, like Gecko; compatible; GPTBot/1.3; +https://openai.com/gptbot)"
57.141.0.46 - - [11/Mar/2026:08:16:12 -0400] "GET /shop/alarum/cecum051864746291.shtml HTTP/1.1" 200 72972 "-" "meta-externalagent/1.1 (+https://developers.facebook.com/docs/sharing/webmasters/crawler)"
144.91.119.214 - - [11/Mar/2026:08:16:12 -0400] "POST /wp-login.php HTTP/1.1" 403 72972 "https://www.residenciassanantonio.com/wp-login.php" "Mozilla/5.0 (Windows NT 10.0; Win64; x64) AppleWebKit/537.36 (KHTML, like Gecko) Chrome/120.0.0.0 Safari/537.36"
57.141.0.28 - - [11/Mar/2026:08:16:12 -0400] "GET /shop/eubryales/belgic061142040190.shtml HTTP/1.1" 200 72972 "-" "meta-externalagent/1.1 (+https://developers.facebook.com/docs/sharing/webmasters/crawler)"
20.222.18.47 - - [11/Mar/2026:08:16:13 -0400] "GET /.trash7206/index.php HTTP/1.1" 401 53 "-" "Mozilla/5.0 (Windows NT 10.0; Win64; x64) AppleWebKit/537.36 (KHTML, like Gecko) Chrome/120.0.0.0 Safari/537.36"
57.141.0.19 - - [11/Mar/2026:08:16:13 -0400] "GET /shop/agricolation/sarasin061102952747.shtml HTTP/1.1" 200 72972 "-" "meta-externalagent/1.1 (+https://developers.facebook.com/docs/sharing/webmasters/crawler)"
20.222.18.47 - - [11/Mar/2026:08:16:14 -0400] "GET /.well-known/logs233/index.php?p= HTTP/1.1" 401 53 "-" "Mozilla/5.0 (Windows NT 10.0; Win64; x64) AppleWebKit/537.36 (KHTML, like Gecko) Chrome/120.0.0.0 Safari/537.36"
144.91.119.214 - - [11/Mar/2026:08:16:13 -0400] "POST /wp-login.php HTTP/1.1" 403 72972 "https://www.residenciassanantonio.com/wp-login.php" "Mozilla/5.0 (Windows NT 10.0; Win64; x64) AppleWebKit/537.36 (KHTML, like Gecko) Chrome/120.0.0.0 Safari/537.36"
20.222.18.47 - - [11/Mar/2026:08:16:14 -0400] "GET /wp-content/themes/haha.php HTTP/1.1" 401 53 "-" "Mozilla/5.0 (Windows NT 10.0; Win64; x64) AppleWebKit/537.36 (KHTML, like Gecko) Chrome/120.0.0.0 Safari/537.36"
57.141.0.21 - - [11/Mar/2026:08:16:13 -0400] "GET /shop/jolter/harvester04434806836.shtml HTTP/1.1" 200 72972 "-" "meta-externalagent/1.1 (+https://developers.facebook.com/docs/sharing/webmasters/crawler)"
20.222.18.47 - - [11/Mar/2026:08:16:14 -0400] "GET /wp-content/themes/theme/about.php HTTP/1.1" 401 53 "-" "Mozilla/5.0 (Windows NT 10.0; Win64; x64) AppleWebKit/537.36 (KHTML, like Gecko) Chrome/120.0.0.0 Safari/537.36"
20.222.18.47 - - [11/Mar/2026:08:16:15 -0400] "GET /wp-content/plugins/plugin/index.php HTTP/1.1" 401 53 "-" "Mozilla/5.0 (Windows NT 10.0; Win64; x64) AppleWebKit/537.36 (KHTML, like Gecko) Chrome/120.0.0.0 Safari/537.36"
57.141.0.25 - - [11/Mar/2026:08:16:14 -0400] "GET /shop/apocopation/innuit042789215533.shtml HTTP/1.1" 200 72972 "-" "meta-externalagent/1.1 (+https://developers.facebook.com/docs/sharing/webmasters/crawler)"
57.141.0.61 - - [11/Mar/2026:08:16:14 -0400] "GET /shop/quagmire/phlegmonous044092002546.shtml HTTP/1.1" 200 72972 "-" "meta-externalagent/1.1 (+https://developers.facebook.com/docs/sharing/webmasters/crawler)"
20.222.18.47 - - [11/Mar/2026:08:16:15 -0400] "GET /xmr.php HTTP/1.1" 401 53 "-" "Mozilla/5.0 (Windows NT 10.0; Win64; x64) AppleWebKit/537.36 (KHTML, like Gecko) Chrome/120.0.0.0 Safari/537.36"
20.222.18.47 - - [11/Mar/2026:08:16:15 -0400] "GET /about.php HTTP/1.1" 401 53 "-" "Mozilla/5.0 (Windows NT 10.0; Win64; x64) AppleWebKit/537.36 (KHTML, like Gecko) Chrome/120.0.0.0 Safari/537.36"
20.222.18.47 - - [11/Mar/2026:08:16:15 -0400] "GET /admin.php HTTP/1.1" 401 53 "-" "Mozilla/5.0 (Windows NT 10.0; Win64; x64) AppleWebKit/537.36 (KHTML, like Gecko) Chrome/120.0.0.0 Safari/537.36"
57.141.0.20 - - [11/Mar/2026:08:16:15 -0400] "GET /shop/castilian/enamel06862484095.shtml HTTP/1.1" 200 72972 "-" "meta-externalagent/1.1 (+https://developers.facebook.com/docs/sharing/webmasters/crawler)"
20.222.18.47 - - [11/Mar/2026:08:16:16 -0400] "GET /adminfuns.php HTTP/1.1" 401 53 "-" "Mozilla/5.0 (Windows NT 10.0; Win64; x64) AppleWebKit/537.36 (KHTML, like Gecko) Chrome/120.0.0.0 Safari/537.36"
144.91.119.214 - - [11/Mar/2026:08:16:15 -0400] "POST /wp-login.php HTTP/1.1" 403 72972 "https://www.residenciassanantonio.com/wp-login.php" "Mozilla/5.0 (Windows NT 10.0; Win64; x64) AppleWebKit/537.36 (KHTML, like Gecko) Chrome/120.0.0.0 Safari/537.36"
20.222.18.47 - - [11/Mar/2026:08:16:16 -0400] "GET /as.php HTTP/1.1" 401 53 "-" "Mozilla/5.0 (Windows NT 10.0; Win64; x64) AppleWebKit/537.36 (KHTML, like Gecko) Chrome/120.0.0.0 Safari/537.36"
57.141.0.44 - - [11/Mar/2026:08:16:15 -0400] "GET /shop/stepfather/vision062152031264.shtml HTTP/1.1" 200 72972 "-" "meta-externalagent/1.1 (+https://developers.facebook.com/docs/sharing/webmasters/crawler)"
20.222.18.47 - - [11/Mar/2026:08:16:16 -0400] "GET /bolt.php HTTP/1.1" 401 53 "-" "Mozilla/5.0 (Windows NT 10.0; Win64; x64) AppleWebKit/537.36 (KHTML, like Gecko) Chrome/120.0.0.0 Safari/537.36"
20.222.18.47 - - [11/Mar/2026:08:16:16 -0400] "GET /cgi-bin/ HTTP/1.1" 401 53 "-" "Mozilla/5.0 (Windows NT 10.0; Win64; x64) AppleWebKit/537.36 (KHTML, like Gecko) Chrome/120.0.0.0 Safari/537.36"
57.141.0.9 - - [11/Mar/2026:08:16:16 -0400] "GET /shop/tengmalmi/hypnocyst062960352851.shtml HTTP/1.1" 200 72972 "-" "meta-externalagent/1.1 (+https://developers.facebook.com/docs/sharing/webmasters/crawler)"
74.7.242.60 - - [11/Mar/2026:08:16:14 -0400] "GET /search.php?detail/0170354188676 HTTP/1.1" 200 161873 "https://residenciassanantonio.com/search.php?detail/008000930392" "Mozilla/5.0 AppleWebKit/537.36 (KHTML, like Gecko; compatible; GPTBot/1.3; +https://openai.com/gptbot)"
144.91.119.214 - - [11/Mar/2026:08:16:16 -0400] "GET /wp-login.php HTTP/1.1" 403 72972 "-" "Mozilla/5.0 (Windows NT 10.0; Win64; x64) AppleWebKit/537.36 (KHTML, like Gecko) Chrome/120.0.0.0 Safari/537.36"
20.222.18.47 - - [11/Mar/2026:08:16:17 -0400] "GET /class-t.api.php HTTP/1.1" 401 53 "-" "Mozilla/5.0 (Windows NT 10.0; Win64; x64) AppleWebKit/537.36 (KHTML, like Gecko) Chrome/120.0.0.0 Safari/537.36"
57.141.0.21 - - [11/Mar/2026:08:16:16 -0400] "GET /shop/humation/portrait051441237979.shtml HTTP/1.1" 200 72972 "-" "meta-externalagent/1.1 (+https://developers.facebook.com/docs/sharing/webmasters/crawler)"
20.222.18.47 - - [11/Mar/2026:08:16:17 -0400] "GET /edit.php HTTP/1.1" 401 53 "-" "Mozilla/5.0 (Windows NT 10.0; Win64; x64) AppleWebKit/537.36 (KHTML, like Gecko) Chrome/120.0.0.0 Safari/537.36"
20.222.18.47 - - [11/Mar/2026:08:16:17 -0400] "GET /ff1.php HTTP/1.1" 401 53 "-" "Mozilla/5.0 (Windows NT 10.0; Win64; x64) AppleWebKit/537.36 (KHTML, like Gecko) Chrome/120.0.0.0 Safari/537.36"
57.141.0.10 - - [11/Mar/2026:08:16:17 -0400] "GET /shop/perpendicularity/optimates063847126660.shtml HTTP/1.1" 200 72973 "-" "meta-externalagent/1.1 (+https://developers.facebook.com/docs/sharing/webmasters/crawler)"
20.222.18.47 - - [11/Mar/2026:08:16:17 -0400] "GET /fff.php HTTP/1.1" 401 53 "-" "Mozilla/5.0 (Windows NT 10.0; Win64; x64) AppleWebKit/537.36 (KHTML, like Gecko) Chrome/120.0.0.0 Safari/537.36"
20.222.18.47 - - [11/Mar/2026:08:16:18 -0400] "GET /inputs.php?p= HTTP/1.1" 401 53 "-" "Mozilla/5.0 (Windows NT 10.0; Win64; x64) AppleWebKit/537.36 (KHTML, like Gecko) Chrome/120.0.0.0 Safari/537.36"
144.91.119.214 - - [11/Mar/2026:08:16:17 -0400] "POST /wp-login.php HTTP/1.1" 403 72972 "https://www.residenciassanantonio.com/wp-login.php" "Mozilla/5.0 (Windows NT 11.0; Win64; x64) AppleWebKit/537.36 (KHTML, like Gecko) Chrome/121.0.0.0 Safari/537.36"
20.222.18.47 - - [11/Mar/2026:08:16:18 -0400] "GET /ioxi-o.php HTTP/1.1" 401 53 "-" "Mozilla/5.0 (Windows NT 10.0; Win64; x64) AppleWebKit/537.36 (KHTML, like Gecko) Chrome/120.0.0.0 Safari/537.36"
57.141.0.42 - - [11/Mar/2026:08:16:17 -0400] "GET /shop/pettychaps/abactor062183430986.shtml HTTP/1.1" 200 72972 "-" "meta-externalagent/1.1 (+https://developers.facebook.com/docs/sharing/webmasters/crawler)"
57.141.0.5 - - [11/Mar/2026:08:16:18 -0400] "GET /shop/stibborn/amphidromical053135885572.shtml HTTP/1.1" 200 72972 "-" "meta-externalagent/1.1 (+https://developers.facebook.com/docs/sharing/webmasters/crawler)"
20.222.18.47 - - [11/Mar/2026:08:16:18 -0400] "GET /lite.php HTTP/1.1" 401 53 "-" "Mozilla/5.0 (Windows NT 10.0; Win64; x64) AppleWebKit/537.36 (KHTML, like Gecko) Chrome/120.0.0.0 Safari/537.36"
20.222.18.47 - - [11/Mar/2026:08:16:19 -0400] "GET /ms-edit.php HTTP/1.1" 401 53 "-" "Mozilla/5.0 (Windows NT 10.0; Win64; x64) AppleWebKit/537.36 (KHTML, like Gecko) Chrome/120.0.0.0 Safari/537.36"
20.222.18.47 - - [11/Mar/2026:08:16:19 -0400] "GET /rip.php HTTP/1.1" 401 53 "-" "Mozilla/5.0 (Windows NT 10.0; Win64; x64) AppleWebKit/537.36 (KHTML, like Gecko) Chrome/120.0.0.0 Safari/537.36"
144.91.119.214 - - [11/Mar/2026:08:16:18 -0400] "POST /wp-login.php HTTP/1.1" 403 72972 "https://www.residenciassanantonio.com/wp-login.php" "Mozilla/5.0 (Windows NT 11.0; Win64; x64) AppleWebKit/537.36 (KHTML, like Gecko) Chrome/121.0.0.0 Safari/537.36"
20.222.18.47 - - [11/Mar/2026:08:16:19 -0400] "GET /update/da222.php HTTP/1.1" 401 53 "-" "Mozilla/5.0 (Windows NT 10.0; Win64; x64) AppleWebKit/537.36 (KHTML, like Gecko) Chrome/120.0.0.0 Safari/537.36"
57.141.0.14 - - [11/Mar/2026:08:16:18 -0400] "GET /shop/hungred/endorser023429258401.shtml HTTP/1.1" 200 72972 "-" "meta-externalagent/1.1 (+https://developers.facebook.com/docs/sharing/webmasters/crawler)"
20.222.18.47 - - [11/Mar/2026:08:16:19 -0400] "GET /upload.php HTTP/1.1" 401 53 "-" "Mozilla/5.0 (Windows NT 10.0; Win64; x64) AppleWebKit/537.36 (KHTML, like Gecko) Chrome/120.0.0.0 Safari/537.36"
57.141.0.71 - - [11/Mar/2026:08:16:19 -0400] "GET /shop/livelihood/periclinia052253894128.shtml HTTP/1.1" 200 72973 "-" "meta-externalagent/1.1 (+https://developers.facebook.com/docs/sharing/webmasters/crawler)"
20.222.18.47 - - [11/Mar/2026:08:16:20 -0400] "GET /wk/index.php HTTP/1.1" 401 53 "-" "Mozilla/5.0 (Windows NT 10.0; Win64; x64) AppleWebKit/537.36 (KHTML, like Gecko) Chrome/120.0.0.0 Safari/537.36"
57.141.0.59 - - [11/Mar/2026:08:16:19 -0400] "GET /shop/provider/freighter061456005658.shtml HTTP/1.1" 200 72972 "-" "meta-externalagent/1.1 (+https://developers.facebook.com/docs/sharing/webmasters/crawler)"
20.222.18.47 - - [11/Mar/2026:08:16:20 -0400] "GET /wp-act.php HTTP/1.1" 401 53 "-" "Mozilla/5.0 (Windows NT 10.0; Win64; x64) AppleWebKit/537.36 (KHTML, like Gecko) Chrome/120.0.0.0 Safari/537.36"
74.7.242.60 - - [11/Mar/2026:08:16:17 -0400] "GET /search.php?detail/127047812157 HTTP/1.1" 200 156075 "https://residenciassanantonio.com/search.php?detail/008000930392" "Mozilla/5.0 AppleWebKit/537.36 (KHTML, like Gecko; compatible; GPTBot/1.3; +https://openai.com/gptbot)"
20.222.18.47 - - [11/Mar/2026:08:16:20 -0400] "GET /wp-admin/css/bolt.php HTTP/1.1" 401 53 "-" "Mozilla/5.0 (Windows NT 10.0; Win64; x64) AppleWebKit/537.36 (KHTML, like Gecko) Chrome/120.0.0.0 Safari/537.36"
20.222.18.47 - - [11/Mar/2026:08:16:20 -0400] "GET /wp-admin/js/ HTTP/1.1" 401 53 "-" "Mozilla/5.0 (Windows NT 10.0; Win64; x64) AppleWebKit/537.36 (KHTML, like Gecko) Chrome/120.0.0.0 Safari/537.36"
20.222.18.47 - - [11/Mar/2026:08:16:21 -0400] "GET /wp-admin/js/widgets/ HTTP/1.1" 401 53 "-" "Mozilla/5.0 (Windows NT 10.0; Win64; x64) AppleWebKit/537.36 (KHTML, like Gecko) Chrome/120.0.0.0 Safari/537.36"
144.91.119.214 - - [11/Mar/2026:08:16:20 -0400] "POST /wp-login.php HTTP/1.1" 403 72972 "https://www.residenciassanantonio.com/wp-login.php" "Mozilla/5.0 (Windows NT 11.0; Win64; x64) AppleWebKit/537.36 (KHTML, like Gecko) Chrome/121.0.0.0 Safari/537.36"
57.141.0.59 - - [11/Mar/2026:08:16:20 -0400] "GET /shop/gummatous/physaliae062158726455.shtml HTTP/1.1" 200 72972 "-" "meta-externalagent/1.1 (+https://developers.facebook.com/docs/sharing/webmasters/crawler)"
20.222.18.47 - - [11/Mar/2026:08:16:21 -0400] "GET /wp-admin/maint/ HTTP/1.1" 401 53 "-" "Mozilla/5.0 (Windows NT 10.0; Win64; x64) AppleWebKit/537.36 (KHTML, like Gecko) Chrome/120.0.0.0 Safari/537.36"
57.141.0.19 - - [11/Mar/2026:08:16:21 -0400] "GET /shop/personation/laudative061480400156.shtml HTTP/1.1" 200 72972 "-" "meta-externalagent/1.1 (+https://developers.facebook.com/docs/sharing/webmasters/crawler)"
20.222.18.47 - - [11/Mar/2026:08:16:21 -0400] "GET /wp-admin/ HTTP/1.1" 401 53 "-" "Mozilla/5.0 (Windows NT 10.0; Win64; x64) AppleWebKit/537.36 (KHTML, like Gecko) Chrome/120.0.0.0 Safari/537.36"
20.222.18.47 - - [11/Mar/2026:08:16:21 -0400] "GET /wp-content/themes/ HTTP/1.1" 401 53 "-" "Mozilla/5.0 (Windows NT 10.0; Win64; x64) AppleWebKit/537.36 (KHTML, like Gecko) Chrome/120.0.0.0 Safari/537.36"
57.141.0.14 - - [11/Mar/2026:08:16:21 -0400] "GET /shop/discriminatory/afflatus042478954524.shtml HTTP/1.1" 200 72973 "-" "meta-externalagent/1.1 (+https://developers.facebook.com/docs/sharing/webmasters/crawler)"
20.222.18.47 - - [11/Mar/2026:08:16:22 -0400] "GET /wp-content/themes/admin.php HTTP/1.1" 401 53 "-" "Mozilla/5.0 (Windows NT 10.0; Win64; x64) AppleWebKit/537.36 (KHTML, like Gecko) Chrome/120.0.0.0 Safari/537.36"
57.141.0.22 - - [11/Mar/2026:08:16:21 -0400] "GET /shop/rectorate/cleanness04453260834.shtml HTTP/1.1" 200 72972 "-" "meta-externalagent/1.1 (+https://developers.facebook.com/docs/sharing/webmasters/crawler)"
20.222.18.47 - - [11/Mar/2026:08:16:22 -0400] "GET /wp-content/uploads/ HTTP/1.1" 401 53 "-" "Mozilla/5.0 (Windows NT 10.0; Win64; x64) AppleWebKit/537.36 (KHTML, like Gecko) Chrome/120.0.0.0 Safari/537.36"
20.222.18.47 - - [11/Mar/2026:08:16:22 -0400] "GET /wp-content/uploads/admin.php HTTP/1.1" 401 53 "-" "Mozilla/5.0 (Windows NT 10.0; Win64; x64) AppleWebKit/537.36 (KHTML, like Gecko) Chrome/120.0.0.0 Safari/537.36"
20.222.18.47 - - [11/Mar/2026:08:16:22 -0400] "GET /wp-includes/ HTTP/1.1" 401 53 "-" "Mozilla/5.0 (Windows NT 10.0; Win64; x64) AppleWebKit/537.36 (KHTML, like Gecko) Chrome/120.0.0.0 Safari/537.36"
57.141.0.9 - - [11/Mar/2026:08:16:22 -0400] "GET /shop/dyslectic/accomplishment051037371420.shtml HTTP/1.1" 200 72973 "-" "meta-externalagent/1.1 (+https://developers.facebook.com/docs/sharing/webmasters/crawler)"
20.222.18.47 - - [11/Mar/2026:08:16:23 -0400] "GET /wp-includes/js/crop/ HTTP/1.1" 401 53 "-" "Mozilla/5.0 (Windows NT 10.0; Win64; x64) AppleWebKit/537.36 (KHTML, like Gecko) Chrome/120.0.0.0 Safari/537.36"
20.222.18.47 - - [11/Mar/2026:08:16:23 -0400] "GET /wp-links-opml.php HTTP/1.1" 401 53 "-" "Mozilla/5.0 (Windows NT 10.0; Win64; x64) AppleWebKit/537.36 (KHTML, like Gecko) Chrome/120.0.0.0 Safari/537.36"
57.141.0.8 - - [11/Mar/2026:08:16:23 -0400] "GET /shop/engorgement/routhe06928342191.shtml HTTP/1.1" 200 72972 "-" "meta-externalagent/1.1 (+https://developers.facebook.com/docs/sharing/webmasters/crawler)"
57.141.0.3 - - [11/Mar/2026:08:16:22 -0400] "GET /shop/zeriba/lucknow051900981823.shtml HTTP/1.1" 200 72972 "-" "meta-externalagent/1.1 (+https://developers.facebook.com/docs/sharing/webmasters/crawler)"
74.7.242.60 - - [11/Mar/2026:08:16:20 -0400] "GET /search.php?detail/2450436971846 HTTP/1.1" 200 167716 "https://residenciassanantonio.com/search.php?detail/245043723815" "Mozilla/5.0 AppleWebKit/537.36 (KHTML, like Gecko; compatible; GPTBot/1.3; +https://openai.com/gptbot)"
57.141.0.53 - - [11/Mar/2026:08:16:23 -0400] "GET /shop/wanderment/boysenberry042539716843.shtml HTTP/1.1" 200 72972 "-" "meta-externalagent/1.1 (+https://developers.facebook.com/docs/sharing/webmasters/crawler)"
57.141.0.2 - - [11/Mar/2026:08:16:24 -0400] "GET /shop/infusive/ambry021080686718.shtml HTTP/1.1" 200 72972 "-" "meta-externalagent/1.1 (+https://developers.facebook.com/docs/sharing/webmasters/crawler)"
57.141.0.12 - - [11/Mar/2026:08:16:25 -0400] "GET /shop/furnishings/sarcophagi053531373274.shtml HTTP/1.1" 200 72972 "-" "meta-externalagent/1.1 (+https://developers.facebook.com/docs/sharing/webmasters/crawler)"
57.141.0.18 - - [11/Mar/2026:08:16:24 -0400] "GET /shop/beplaster/rankle052046939420.shtml HTTP/1.1" 200 72972 "-" "meta-externalagent/1.1 (+https://developers.facebook.com/docs/sharing/webmasters/crawler)"
57.141.0.19 - - [11/Mar/2026:08:16:26 -0400] "GET /shop/unprecedented/manis023456130710.shtml HTTP/1.1" 200 72972 "-" "meta-externalagent/1.1 (+https://developers.facebook.com/docs/sharing/webmasters/crawler)"
57.141.0.32 - - [11/Mar/2026:08:16:25 -0400] "GET /shop/iodinated/shipful02592110474.shtml HTTP/1.1" 200 72972 "-" "meta-externalagent/1.1 (+https://developers.facebook.com/docs/sharing/webmasters/crawler)"
57.141.0.28 - - [11/Mar/2026:08:16:26 -0400] "GET /shop/condyle/lipping04337915141.shtml HTTP/1.1" 200 72972 "-" "meta-externalagent/1.1 (+https://developers.facebook.com/docs/sharing/webmasters/crawler)"
74.7.242.60 - - [11/Mar/2026:08:16:24 -0400] "GET /search.php?detail/18101820319764 HTTP/1.1" 200 166907 "https://residenciassanantonio.com/search.php?goods/181036824" "Mozilla/5.0 AppleWebKit/537.36 (KHTML, like Gecko; compatible; GPTBot/1.3; +https://openai.com/gptbot)"
57.141.0.64 - - [11/Mar/2026:08:16:27 -0400] "GET /shop/coally/aeromechanical04385234276.shtml HTTP/1.1" 200 72973 "-" "meta-externalagent/1.1 (+https://developers.facebook.com/docs/sharing/webmasters/crawler)"
57.141.0.8 - - [11/Mar/2026:08:16:27 -0400] "GET /shop/overhaste/buccan04501550709.shtml HTTP/1.1" 200 72972 "-" "meta-externalagent/1.1 (+https://developers.facebook.com/docs/sharing/webmasters/crawler)"
57.141.0.45 - - [11/Mar/2026:08:16:28 -0400] "GET /shop/tufted/hypocarpogean023511127274.shtml HTTP/1.1" 200 72972 "-" "meta-externalagent/1.1 (+https://developers.facebook.com/docs/sharing/webmasters/crawler)"
57.141.0.24 - - [11/Mar/2026:08:16:29 -0400] "GET /shop/stelene/garganey064268320026.shtml HTTP/1.1" 200 72972 "-" "meta-externalagent/1.1 (+https://developers.facebook.com/docs/sharing/webmasters/crawler)"
57.141.0.1 - - [11/Mar/2026:08:16:28 -0400] "GET /shop/antisplenetic/thoughtlessly04451250424.shtml HTTP/1.1" 200 72972 "-" "meta-externalagent/1.1 (+https://developers.facebook.com/docs/sharing/webmasters/crawler)"
57.141.0.45 - - [11/Mar/2026:08:16:29 -0400] "GET /shop/prevalent/holla05983447587.shtml HTTP/1.1" 200 72972 "-" "meta-externalagent/1.1 (+https://developers.facebook.com/docs/sharing/webmasters/crawler)"
74.7.242.60 - - [11/Mar/2026:08:16:28 -0400] "GET /search.php?detail/1810182023401 HTTP/1.1" 200 163560 "https://residenciassanantonio.com/search.php?goods/181036824" "Mozilla/5.0 AppleWebKit/537.36 (KHTML, like Gecko; compatible; GPTBot/1.3; +https://openai.com/gptbot)"
57.141.0.47 - - [11/Mar/2026:08:16:30 -0400] "GET /shop/strobiliform/lageniform051274498850.shtml HTTP/1.1" 200 72972 "-" "meta-externalagent/1.1 (+https://developers.facebook.com/docs/sharing/webmasters/crawler)"
57.141.0.56 - - [11/Mar/2026:08:16:31 -0400] "GET /shop/saltishness/sigillated05679357510.shtml HTTP/1.1" 200 72972 "-" "meta-externalagent/1.1 (+https://developers.facebook.com/docs/sharing/webmasters/crawler)"
57.141.0.70 - - [11/Mar/2026:08:16:30 -0400] "GET /shop/phosphorus/hindostani06780887374.shtml HTTP/1.1" 200 72972 "-" "meta-externalagent/1.1 (+https://developers.facebook.com/docs/sharing/webmasters/crawler)"
57.141.0.17 - - [11/Mar/2026:08:16:32 -0400] "GET /shop/foxearth/quitarensis042392908583.shtml HTTP/1.1" 200 72972 "-" "meta-externalagent/1.1 (+https://developers.facebook.com/docs/sharing/webmasters/crawler)"
57.141.0.28 - - [11/Mar/2026:08:16:31 -0400] "GET /shop/documentary/ileon023776008796.shtml HTTP/1.1" 200 72972 "-" "meta-externalagent/1.1 (+https://developers.facebook.com/docs/sharing/webmasters/crawler)"
57.141.0.10 - - [11/Mar/2026:08:16:32 -0400] "GET /shop/albumose/casebook064206895256.shtml HTTP/1.1" 200 72972 "-" "meta-externalagent/1.1 (+https://developers.facebook.com/docs/sharing/webmasters/crawler)"
57.141.0.55 - - [11/Mar/2026:08:16:33 -0400] "GET /shop/tatty/conjuror051971420932.shtml HTTP/1.1" 200 72972 "-" "meta-externalagent/1.1 (+https://developers.facebook.com/docs/sharing/webmasters/crawler)"
74.7.242.60 - - [11/Mar/2026:08:16:31 -0400] "GET /search.php?detail/1620398057198 HTTP/1.1" 200 162216 "https://residenciassanantonio.com/search.php?detail/236016323561" "Mozilla/5.0 AppleWebKit/537.36 (KHTML, like Gecko; compatible; GPTBot/1.3; +https://openai.com/gptbot)"
57.141.0.53 - - [11/Mar/2026:08:16:33 -0400] "GET /shop/misled/connectively042121164440.shtml HTTP/1.1" 200 72972 "-" "meta-externalagent/1.1 (+https://developers.facebook.com/docs/sharing/webmasters/crawler)"
57.141.0.64 - - [11/Mar/2026:08:16:34 -0400] "GET /shop/accusement/sessileeyed0465785090.shtml HTTP/1.1" 200 72972 "-" "meta-externalagent/1.1 (+https://developers.facebook.com/docs/sharing/webmasters/crawler)"
57.141.0.23 - - [11/Mar/2026:08:16:34 -0400] "GET /shop/hability/grainfield06327745724.shtml HTTP/1.1" 200 72972 "-" "meta-externalagent/1.1 (+https://developers.facebook.com/docs/sharing/webmasters/crawler)"
57.141.0.19 - - [11/Mar/2026:08:16:35 -0400] "GET /shop/shrubby/mildewed062368695661.shtml HTTP/1.1" 200 72972 "-" "meta-externalagent/1.1 (+https://developers.facebook.com/docs/sharing/webmasters/crawler)"
57.141.0.19 - - [11/Mar/2026:08:16:35 -0400] "GET /shop/naptaking/goliard051852373177.shtml HTTP/1.1" 200 72972 "-" "meta-externalagent/1.1 (+https://developers.facebook.com/docs/sharing/webmasters/crawler)"
57.141.0.12 - - [11/Mar/2026:08:16:36 -0400] "GET /shop/presbyteral/elocutionary042434840738.shtml HTTP/1.1" 200 72972 "-" "meta-externalagent/1.1 (+https://developers.facebook.com/docs/sharing/webmasters/crawler)"
57.141.0.57 - - [11/Mar/2026:08:16:36 -0400] "GET /shop/wolfsfoot/roselle06598074884.shtml HTTP/1.1" 200 72972 "-" "meta-externalagent/1.1 (+https://developers.facebook.com/docs/sharing/webmasters/crawler)"
74.7.242.60 - - [11/Mar/2026:08:16:35 -0400] "GET /search.php?detail/1930243652477 HTTP/1.1" 200 154990 "https://residenciassanantonio.com/search.php?detail/193024355061" "Mozilla/5.0 AppleWebKit/537.36 (KHTML, like Gecko; compatible; GPTBot/1.3; +https://openai.com/gptbot)"
57.141.0.16 - - [11/Mar/2026:08:16:37 -0400] "GET /shop/chirologist/bedight061164367708.shtml HTTP/1.1" 200 72972 "-" "meta-externalagent/1.1 (+https://developers.facebook.com/docs/sharing/webmasters/crawler)"
57.141.0.36 - - [11/Mar/2026:08:16:37 -0400] "GET /shop/praenasal/hypothenuse06208980221.shtml HTTP/1.1" 200 72972 "-" "meta-externalagent/1.1 (+https://developers.facebook.com/docs/sharing/webmasters/crawler)"
57.141.0.53 - - [11/Mar/2026:08:16:38 -0400] "GET /shop/injector/winkle06447074670.shtml HTTP/1.1" 200 72972 "-" "meta-externalagent/1.1 (+https://developers.facebook.com/docs/sharing/webmasters/crawler)"
57.141.0.1 - - [11/Mar/2026:08:16:38 -0400] "GET /shop/recant/pemphigus043304507778.shtml HTTP/1.1" 200 72972 "-" "meta-externalagent/1.1 (+https://developers.facebook.com/docs/sharing/webmasters/crawler)"
57.141.0.12 - - [11/Mar/2026:08:16:39 -0400] "GET /shop/sudorous/ampere041420898544.shtml HTTP/1.1" 200 72973 "-" "meta-externalagent/1.1 (+https://developers.facebook.com/docs/sharing/webmasters/crawler)"
57.141.0.10 - - [11/Mar/2026:08:16:40 -0400] "GET /shop/rebutting/homogenesis062970912118.shtml HTTP/1.1" 200 72972 "-" "meta-externalagent/1.1 (+https://developers.facebook.com/docs/sharing/webmasters/crawler)"
57.141.0.60 - - [11/Mar/2026:08:16:40 -0400] "GET /shop/pichyciego/insupportableness041190658542.shtml HTTP/1.1" 200 72973 "-" "meta-externalagent/1.1 (+https://developers.facebook.com/docs/sharing/webmasters/crawler)"
74.7.242.60 - - [11/Mar/2026:08:16:38 -0400] "GET /search.php?detail/1700245319246 HTTP/1.1" 200 159611 "https://residenciassanantonio.com/search.php?detail/170030474944" "Mozilla/5.0 AppleWebKit/537.36 (KHTML, like Gecko; compatible; GPTBot/1.3; +https://openai.com/gptbot)"
57.141.0.28 - - [11/Mar/2026:08:16:40 -0400] "GET /shop/ridging/cunila053438030658.shtml HTTP/1.1" 200 72972 "-" "meta-externalagent/1.1 (+https://developers.facebook.com/docs/sharing/webmasters/crawler)"
57.141.0.27 - - [11/Mar/2026:08:16:41 -0400] "GET /shop/algol/agonistics0681598724.shtml HTTP/1.1" 200 72972 "-" "meta-externalagent/1.1 (+https://developers.facebook.com/docs/sharing/webmasters/crawler)"
198.244.242.189 - - [11/Mar/2026:08:16:42 -0400] "GET /?c=1640724879 HTTP/1.1" 200 72972 "-" "Mozilla/5.0 (compatible; AhrefsBot/7.0; +http://ahrefs.com/robot/)"
57.141.0.10 - - [11/Mar/2026:08:16:42 -0400] "GET /shop/minimal/premosaic041922917046.shtml HTTP/1.1" 200 72972 "-" "meta-externalagent/1.1 (+https://developers.facebook.com/docs/sharing/webmasters/crawler)"
57.141.0.40 - - [11/Mar/2026:08:16:42 -0400] "GET /shop/escarping/physiocrat022795445678.shtml HTTP/1.1" 200 72972 "-" "meta-externalagent/1.1 (+https://developers.facebook.com/docs/sharing/webmasters/crawler)"
57.141.0.24 - - [11/Mar/2026:08:16:43 -0400] "GET /shop/entombing/keratoidea02218155263.shtml HTTP/1.1" 200 72972 "-" "meta-externalagent/1.1 (+https://developers.facebook.com/docs/sharing/webmasters/crawler)"
57.141.0.11 - - [11/Mar/2026:08:16:43 -0400] "GET /shop/primevous/acanthuses051184085031.shtml HTTP/1.1" 200 72972 "-" "meta-externalagent/1.1 (+https://developers.facebook.com/docs/sharing/webmasters/crawler)"
57.141.0.12 - - [11/Mar/2026:08:16:43 -0400] "GET /shop/saurel/burnettize022764563102.shtml HTTP/1.1" 200 72972 "-" "meta-externalagent/1.1 (+https://developers.facebook.com/docs/sharing/webmasters/crawler)"
57.141.0.53 - - [11/Mar/2026:08:16:44 -0400] "GET /shop/emblazoned/peduncles0496852611.shtml HTTP/1.1" 200 72972 "-" "meta-externalagent/1.1 (+https://developers.facebook.com/docs/sharing/webmasters/crawler)"
74.7.242.60 - - [11/Mar/2026:08:16:41 -0400] "GET /search.php?detail/067006658888 HTTP/1.1" 200 166701 "https://residenciassanantonio.com/search.php?detail/1980474655452" "Mozilla/5.0 AppleWebKit/537.36 (KHTML, like Gecko; compatible; GPTBot/1.3; +https://openai.com/gptbot)"
57.141.0.55 - - [11/Mar/2026:08:16:44 -0400] "GET /shop/general/anchorable024100562320.shtml HTTP/1.1" 200 72972 "-" "meta-externalagent/1.1 (+https://developers.facebook.com/docs/sharing/webmasters/crawler)"
57.141.0.18 - - [11/Mar/2026:08:16:45 -0400] "GET /shop/repairable/aegean051325050519.shtml HTTP/1.1" 200 72972 "-" "meta-externalagent/1.1 (+https://developers.facebook.com/docs/sharing/webmasters/crawler)"
57.141.0.17 - - [11/Mar/2026:08:16:46 -0400] "GET /shop/negation/scitamineae02510294979.shtml HTTP/1.1" 200 72972 "-" "meta-externalagent/1.1 (+https://developers.facebook.com/docs/sharing/webmasters/crawler)"
57.141.0.59 - - [11/Mar/2026:08:16:46 -0400] "GET /shop/astronomize/mundatory061869730545.shtml HTTP/1.1" 200 72972 "-" "meta-externalagent/1.1 (+https://developers.facebook.com/docs/sharing/webmasters/crawler)"
57.141.0.61 - - [11/Mar/2026:08:16:46 -0400] "GET /shop/stormful/gonolobus061847242442.shtml HTTP/1.1" 200 72972 "-" "meta-externalagent/1.1 (+https://developers.facebook.com/docs/sharing/webmasters/crawler)"
57.141.0.10 - - [11/Mar/2026:08:16:47 -0400] "GET /shop/firefighter/baseness052482918393.shtml HTTP/1.1" 200 72973 "-" "meta-externalagent/1.1 (+https://developers.facebook.com/docs/sharing/webmasters/crawler)"
57.141.0.71 - - [11/Mar/2026:08:16:48 -0400] "GET /shop/paranoia/cannibalise062643897678.shtml HTTP/1.1" 200 72972 "-" "meta-externalagent/1.1 (+https://developers.facebook.com/docs/sharing/webmasters/crawler)"
57.141.0.28 - - [11/Mar/2026:08:16:48 -0400] "GET /shop/deduit/powerlessness041168670341.shtml HTTP/1.1" 200 72972 "-" "meta-externalagent/1.1 (+https://developers.facebook.com/docs/sharing/webmasters/crawler)"
74.7.242.60 - - [11/Mar/2026:08:16:46 -0400] "GET /search.php?detail/135048856491 HTTP/1.1" 200 163393 "https://residenciassanantonio.com/search.php?detail/200031415865" "Mozilla/5.0 AppleWebKit/537.36 (KHTML, like Gecko; compatible; GPTBot/1.3; +https://openai.com/gptbot)"
57.141.0.41 - - [11/Mar/2026:08:16:49 -0400] "GET /shop/gaspereau/polyplacophora06315622451.shtml HTTP/1.1" 200 72972 "-" "meta-externalagent/1.1 (+https://developers.facebook.com/docs/sharing/webmasters/crawler)"
57.141.0.63 - - [11/Mar/2026:08:16:49 -0400] "GET /shop/flakiness/stomachfulness04784249013.shtml HTTP/1.1" 200 72972 "-" "meta-externalagent/1.1 (+https://developers.facebook.com/docs/sharing/webmasters/crawler)"
57.141.0.67 - - [11/Mar/2026:08:16:50 -0400] "GET /shop/overimaginativeness/developed043744930574.shtml HTTP/1.1" 200 72972 "-" "meta-externalagent/1.1 (+https://developers.facebook.com/docs/sharing/webmasters/crawler)"
57.141.0.8 - - [11/Mar/2026:08:16:50 -0400] "GET /shop/bifocal/echinoid061358167686.shtml HTTP/1.1" 200 72972 "-" "meta-externalagent/1.1 (+https://developers.facebook.com/docs/sharing/webmasters/crawler)"
57.141.0.26 - - [11/Mar/2026:08:16:51 -0400] "GET /shop/photographed/cryptography062425447943.shtml HTTP/1.1" 200 72972 "-" "meta-externalagent/1.1 (+https://developers.facebook.com/docs/sharing/webmasters/crawler)"
57.141.0.31 - - [11/Mar/2026:08:16:51 -0400] "GET /shop/calibration/gynandromorphism022826149226.shtml HTTP/1.1" 200 72972 "-" "meta-externalagent/1.1 (+https://developers.facebook.com/docs/sharing/webmasters/crawler)"
57.141.0.39 - - [11/Mar/2026:08:16:51 -0400] "GET /shop/naiades/apocryphalist061362155948.shtml HTTP/1.1" 200 72972 "-" "meta-externalagent/1.1 (+https://developers.facebook.com/docs/sharing/webmasters/crawler)"
74.7.242.60 - - [11/Mar/2026:08:16:49 -0400] "GET /search.php?detail/011016780989 HTTP/1.1" 200 154968 "https://residenciassanantonio.com/search.php?detail/0110352847966" "Mozilla/5.0 AppleWebKit/537.36 (KHTML, like Gecko; compatible; GPTBot/1.3; +https://openai.com/gptbot)"
57.141.0.3 - - [11/Mar/2026:08:16:52 -0400] "GET /shop/postliminium/missheathed062043511359.shtml HTTP/1.1" 200 72972 "-" "meta-externalagent/1.1 (+https://developers.facebook.com/docs/sharing/webmasters/crawler)"
57.141.0.55 - - [11/Mar/2026:08:16:52 -0400] "GET /shop/coleorhiza/lookout023285436661.shtml HTTP/1.1" 200 72972 "-" "meta-externalagent/1.1 (+https://developers.facebook.com/docs/sharing/webmasters/crawler)"
57.141.0.62 - - [11/Mar/2026:08:16:53 -0400] "GET /shop/focus/weedingrhim043004457266.shtml HTTP/1.1" 200 72972 "-" "meta-externalagent/1.1 (+https://developers.facebook.com/docs/sharing/webmasters/crawler)"
57.141.0.37 - - [11/Mar/2026:08:16:54 -0400] "GET /shop/malefice/headsman042998990806.shtml HTTP/1.1" 200 72972 "-" "meta-externalagent/1.1 (+https://developers.facebook.com/docs/sharing/webmasters/crawler)"
57.141.0.11 - - [11/Mar/2026:08:16:54 -0400] "GET /shop/monitress/physicology052766429051.shtml HTTP/1.1" 200 72972 "-" "meta-externalagent/1.1 (+https://developers.facebook.com/docs/sharing/webmasters/crawler)"
57.141.0.67 - - [11/Mar/2026:08:16:55 -0400] "GET /shop/galvanized/monotheism0499018409.shtml HTTP/1.1" 200 72972 "-" "meta-externalagent/1.1 (+https://developers.facebook.com/docs/sharing/webmasters/crawler)"
74.7.242.60 - - [11/Mar/2026:08:16:53 -0400] "GET /search.php?detail/0170027906198 HTTP/1.1" 200 172316 "https://residenciassanantonio.com/search.php?detail/0170354188676" "Mozilla/5.0 AppleWebKit/537.36 (KHTML, like Gecko; compatible; GPTBot/1.3; +https://openai.com/gptbot)"
57.141.0.62 - - [11/Mar/2026:08:16:55 -0400] "GET /shop/pinchpenny/overfish043084157271.shtml HTTP/1.1" 200 72972 "-" "meta-externalagent/1.1 (+https://developers.facebook.com/docs/sharing/webmasters/crawler)"
57.141.0.62 - - [11/Mar/2026:08:16:56 -0400] "GET /shop/twisted/tadpole0271724177.shtml HTTP/1.1" 200 72972 "-" "meta-externalagent/1.1 (+https://developers.facebook.com/docs/sharing/webmasters/crawler)"
57.141.0.45 - - [11/Mar/2026:08:16:56 -0400] "GET /shop/abdominothoracic/dandler061045065048.shtml HTTP/1.1" 200 72972 "-" "meta-externalagent/1.1 (+https://developers.facebook.com/docs/sharing/webmasters/crawler)"
57.141.0.46 - - [11/Mar/2026:08:16:57 -0400] "GET /shop/aphriza/imbricate054085074132.shtml HTTP/1.1" 200 72972 "-" "meta-externalagent/1.1 (+https://developers.facebook.com/docs/sharing/webmasters/crawler)"
57.141.0.23 - - [11/Mar/2026:08:16:57 -0400] "GET /shop/gorcrow/subsellia04466048654.shtml HTTP/1.1" 200 72972 "-" "meta-externalagent/1.1 (+https://developers.facebook.com/docs/sharing/webmasters/crawler)"
57.141.0.24 - - [11/Mar/2026:08:16:58 -0400] "GET /shop/interchanged/horsejockey023044461851.shtml HTTP/1.1" 200 72972 "-" "meta-externalagent/1.1 (+https://developers.facebook.com/docs/sharing/webmasters/crawler)"
57.141.0.18 - - [11/Mar/2026:08:16:58 -0400] "GET /shop/molluscan/scavenger062783434512.shtml HTTP/1.1" 200 72972 "-" "meta-externalagent/1.1 (+https://developers.facebook.com/docs/sharing/webmasters/crawler)"
74.7.242.60 - - [11/Mar/2026:08:16:56 -0400] "GET /search.php?detail/01700278943892 HTTP/1.1" 200 160041 "https://residenciassanantonio.com/search.php?detail/0170354188676" "Mozilla/5.0 AppleWebKit/537.36 (KHTML, like Gecko; compatible; GPTBot/1.3; +https://openai.com/gptbot)"
57.141.0.37 - - [11/Mar/2026:08:16:59 -0400] "GET /shop/plebe/odometer02474654097.shtml HTTP/1.1" 200 72972 "-" "meta-externalagent/1.1 (+https://developers.facebook.com/docs/sharing/webmasters/crawler)"
57.141.0.50 - - [11/Mar/2026:08:16:59 -0400] "GET /shop/corresponding/siluroid063189013539.shtml HTTP/1.1" 200 72972 "-" "meta-externalagent/1.1 (+https://developers.facebook.com/docs/sharing/webmasters/crawler)"
57.141.0.63 - - [11/Mar/2026:08:17:00 -0400] "GET /shop/fumous/achenium053539502290.shtml HTTP/1.1" 200 72972 "-" "meta-externalagent/1.1 (+https://developers.facebook.com/docs/sharing/webmasters/crawler)"
57.141.0.70 - - [11/Mar/2026:08:17:00 -0400] "GET /shop/tragcomically/drofland043396317622.shtml HTTP/1.1" 200 72972 "-" "meta-externalagent/1.1 (+https://developers.facebook.com/docs/sharing/webmasters/crawler)"
144.91.119.214 - - [11/Mar/2026:08:17:01 -0400] "GET /wp-login.php HTTP/1.1" 200 72972 "-" "Mozilla/5.0 (Macintosh; Intel Mac OS X 10_15_7) AppleWebKit/537.36 (KHTML, like Gecko) Chrome/120.0.0.0 Safari/537.36"
57.141.0.43 - - [11/Mar/2026:08:17:01 -0400] "GET /shop/squarrulose/review022975906165.shtml HTTP/1.1" 200 72972 "-" "meta-externalagent/1.1 (+https://developers.facebook.com/docs/sharing/webmasters/crawler)"
57.141.0.65 - - [11/Mar/2026:08:17:01 -0400] "GET /shop/roughening/ymaked05650123135.shtml HTTP/1.1" 200 72972 "-" "meta-externalagent/1.1 (+https://developers.facebook.com/docs/sharing/webmasters/crawler)"
144.91.119.214 - - [11/Mar/2026:08:17:02 -0400] "POST /wp-login.php HTTP/1.1" 200 72972 "https://www.residenciassanantonio.com/wp-login.php" "Mozilla/5.0 (X11; Linux x86_64) AppleWebKit/537.36 (KHTML, like Gecko) Chrome/120.0.0.0 Safari/537.36"
74.7.242.60 - - [11/Mar/2026:08:17:00 -0400] "GET /search.php?detail/2920201981108 HTTP/1.1" 200 155566 "https://residenciassanantonio.com/search.php?detail/0170354188676" "Mozilla/5.0 AppleWebKit/537.36 (KHTML, like Gecko; compatible; GPTBot/1.3; +https://openai.com/gptbot)"
57.141.0.53 - - [11/Mar/2026:08:17:02 -0400] "GET /shop/modified/glazer041842210570.shtml HTTP/1.1" 200 72972 "-" "meta-externalagent/1.1 (+https://developers.facebook.com/docs/sharing/webmasters/crawler)"
57.141.0.72 - - [11/Mar/2026:08:17:02 -0400] "GET /shop/manifestly/thyme051777907937.shtml HTTP/1.1" 200 72972 "-" "meta-externalagent/1.1 (+https://developers.facebook.com/docs/sharing/webmasters/crawler)"
144.91.119.214 - - [11/Mar/2026:08:17:03 -0400] "POST /wp-login.php HTTP/1.1" 200 72972 "https://www.residenciassanantonio.com/wp-login.php" "Mozilla/5.0 (X11; Linux x86_64) AppleWebKit/537.36 (KHTML, like Gecko) Chrome/120.0.0.0 Safari/537.36"
57.141.0.4 - - [11/Mar/2026:08:17:03 -0400] "GET /shop/refragate/thievishness04771951096.shtml HTTP/1.1" 200 72972 "-" "meta-externalagent/1.1 (+https://developers.facebook.com/docs/sharing/webmasters/crawler)"
144.91.119.214 - - [11/Mar/2026:08:17:03 -0400] "POST /wp-login.php HTTP/1.1" 200 72972 "https://www.residenciassanantonio.com/wp-login.php" "Mozilla/5.0 (X11; Linux x86_64) AppleWebKit/537.36 (KHTML, like Gecko) Chrome/120.0.0.0 Safari/537.36"
57.141.0.65 - - [11/Mar/2026:08:17:03 -0400] "GET /shop/glowworm/eastcentral021768136734.shtml HTTP/1.1" 200 72972 "-" "meta-externalagent/1.1 (+https://developers.facebook.com/docs/sharing/webmasters/crawler)"
57.141.0.19 - - [11/Mar/2026:08:17:04 -0400] "GET /shop/ischiatic/conepate043986580200.shtml HTTP/1.1" 200 72972 "-" "meta-externalagent/1.1 (+https://developers.facebook.com/docs/sharing/webmasters/crawler)"
144.91.119.214 - - [11/Mar/2026:08:17:04 -0400] "GET /wp-login.php HTTP/1.1" 200 72972 "-" "Mozilla/5.0 (X11; Linux x86_64) AppleWebKit/537.36 (KHTML, like Gecko) Chrome/120.0.0.0 Safari/537.36"
57.141.0.24 - - [11/Mar/2026:08:17:04 -0400] "GET /shop/didst/thoughtless062863241907.shtml HTTP/1.1" 200 72972 "-" "meta-externalagent/1.1 (+https://developers.facebook.com/docs/sharing/webmasters/crawler)"
57.141.0.63 - - [11/Mar/2026:08:17:05 -0400] "GET /shop/america/anthelion023047079626.shtml HTTP/1.1" 200 72972 "-" "meta-externalagent/1.1 (+https://developers.facebook.com/docs/sharing/webmasters/crawler)"
144.91.119.214 - - [11/Mar/2026:08:17:05 -0400] "POST /wp-login.php HTTP/1.1" 403 72972 "https://www.residenciassanantonio.com/wp-login.php" "Mozilla/5.0 (Windows NT 10.0; Win64; x64) AppleWebKit/537.36 (KHTML, like Gecko) Chrome/120.0.0.0 Safari/537.36"
74.7.242.60 - - [11/Mar/2026:08:17:03 -0400] "GET /search.php?detail/24504369638059 HTTP/1.1" 200 159593 "https://residenciassanantonio.com/search.php?detail/2450436971846" "Mozilla/5.0 AppleWebKit/537.36 (KHTML, like Gecko; compatible; GPTBot/1.3; +https://openai.com/gptbot)"
57.141.0.71 - - [11/Mar/2026:08:17:06 -0400] "GET /shop/imparadise/plankton04275631505.shtml HTTP/1.1" 200 72972 "-" "meta-externalagent/1.1 (+https://developers.facebook.com/docs/sharing/webmasters/crawler)"
57.141.0.71 - - [11/Mar/2026:08:17:06 -0400] "GET /shop/utilitarian/armorist042237258358.shtml HTTP/1.1" 200 72972 "-" "meta-externalagent/1.1 (+https://developers.facebook.com/docs/sharing/webmasters/crawler)"
144.91.119.214 - - [11/Mar/2026:08:17:06 -0400] "POST /wp-login.php HTTP/1.1" 403 72972 "https://www.residenciassanantonio.com/wp-login.php" "Mozilla/5.0 (Windows NT 10.0; Win64; x64) AppleWebKit/537.36 (KHTML, like Gecko) Chrome/120.0.0.0 Safari/537.36"
57.141.0.61 - - [11/Mar/2026:08:17:06 -0400] "GET /shop/solanaceae/execute02929830620.shtml HTTP/1.1" 200 72972 "-" "meta-externalagent/1.1 (+https://developers.facebook.com/docs/sharing/webmasters/crawler)"
57.141.0.68 - - [11/Mar/2026:08:17:07 -0400] "GET /shop/decussative/anaesthesis063176301501.shtml HTTP/1.1" 200 72972 "-" "meta-externalagent/1.1 (+https://developers.facebook.com/docs/sharing/webmasters/crawler)"
57.141.0.51 - - [11/Mar/2026:08:17:07 -0400] "GET /shop/hunterian/refrigerator054210142474.shtml HTTP/1.1" 200 72972 "-" "meta-externalagent/1.1 (+https://developers.facebook.com/docs/sharing/webmasters/crawler)"
144.91.119.214 - - [11/Mar/2026:08:17:07 -0400] "POST /wp-login.php HTTP/1.1" 403 72972 "https://www.residenciassanantonio.com/wp-login.php" "Mozilla/5.0 (Windows NT 10.0; Win64; x64) AppleWebKit/537.36 (KHTML, like Gecko) Chrome/120.0.0.0 Safari/537.36"
57.141.0.43 - - [11/Mar/2026:08:17:08 -0400] "GET /shop/rosemaloes/discreditor05896070225.shtml HTTP/1.1" 200 72972 "-" "meta-externalagent/1.1 (+https://developers.facebook.com/docs/sharing/webmasters/crawler)"
57.141.0.29 - - [11/Mar/2026:08:17:08 -0400] "GET /shop/rhachiglossa/alkalious0480360590.shtml HTTP/1.1" 200 72972 "-" "meta-externalagent/1.1 (+https://developers.facebook.com/docs/sharing/webmasters/crawler)"
144.91.119.214 - - [11/Mar/2026:08:17:08 -0400] "GET /wp-login.php HTTP/1.1" 403 72972 "-" "Mozilla/5.0 (Windows NT 10.0; Win64; x64; rv:121.0) Gecko/20100101 Firefox/121.0"
57.141.0.60 - - [11/Mar/2026:08:17:09 -0400] "GET /shop/insignificant/suspensibility022576934219.shtml HTTP/1.1" 200 72972 "-" "meta-externalagent/1.1 (+https://developers.facebook.com/docs/sharing/webmasters/crawler)"
144.91.119.214 - - [11/Mar/2026:08:17:09 -0400] "POST /wp-login.php HTTP/1.1" 403 72972 "https://www.residenciassanantonio.com/wp-login.php" "Mozilla/5.0 (Windows NT 10.0; Win64; x64) AppleWebKit/537.36 (KHTML, like Gecko) Chrome/120.0.0.0 Safari/537.36"
74.7.242.60 - - [11/Mar/2026:08:17:07 -0400] "GET /search.php?detail/017002792789 HTTP/1.1" 200 162241 "https://residenciassanantonio.com/search.php?detail/0170354188676" "Mozilla/5.0 AppleWebKit/537.36 (KHTML, like Gecko; compatible; GPTBot/1.3; +https://openai.com/gptbot)"
57.141.0.2 - - [11/Mar/2026:08:17:09 -0400] "GET /shop/piquantly/phenylene0413180164.shtml HTTP/1.1" 200 72973 "-" "meta-externalagent/1.1 (+https://developers.facebook.com/docs/sharing/webmasters/crawler)"
144.91.119.214 - - [11/Mar/2026:08:17:10 -0400] "POST /wp-login.php HTTP/1.1" 403 72972 "https://www.residenciassanantonio.com/wp-login.php" "Mozilla/5.0 (Windows NT 10.0; Win64; x64) AppleWebKit/537.36 (KHTML, like Gecko) Chrome/120.0.0.0 Safari/537.36"
57.141.0.26 - - [11/Mar/2026:08:17:10 -0400] "GET /shop/revirescence/spermogonium061437620442.shtml HTTP/1.1" 200 72972 "-" "meta-externalagent/1.1 (+https://developers.facebook.com/docs/sharing/webmasters/crawler)"
57.141.0.5 - - [11/Mar/2026:08:17:10 -0400] "GET /shop/intermise/azotite041142323781.shtml HTTP/1.1" 200 72972 "-" "meta-externalagent/1.1 (+https://developers.facebook.com/docs/sharing/webmasters/crawler)"
57.141.0.60 - - [11/Mar/2026:08:17:11 -0400] "GET /shop/sawmill/brainsick043744906195.shtml HTTP/1.1" 200 72972 "-" "meta-externalagent/1.1 (+https://developers.facebook.com/docs/sharing/webmasters/crawler)"
144.91.119.214 - - [11/Mar/2026:08:17:11 -0400] "POST /wp-login.php HTTP/1.1" 403 72972 "https://www.residenciassanantonio.com/wp-login.php" "Mozilla/5.0 (Windows NT 10.0; Win64; x64) AppleWebKit/537.36 (KHTML, like Gecko) Chrome/120.0.0.0 Safari/537.36"
57.141.0.50 - - [11/Mar/2026:08:17:11 -0400] "GET /shop/tingled/ustilago041014435225.shtml HTTP/1.1" 200 72973 "-" "meta-externalagent/1.1 (+https://developers.facebook.com/docs/sharing/webmasters/crawler)"
57.141.0.6 - - [11/Mar/2026:08:17:12 -0400] "GET /shop/infelicity/xerif052912783310.shtml HTTP/1.1" 200 72972 "-" "meta-externalagent/1.1 (+https://developers.facebook.com/docs/sharing/webmasters/crawler)"
57.141.0.21 - - [11/Mar/2026:08:17:12 -0400] "GET /shop/delundung/shist06207363269.shtml HTTP/1.1" 200 72972 "-" "meta-externalagent/1.1 (+https://developers.facebook.com/docs/sharing/webmasters/crawler)"
144.91.119.214 - - [11/Mar/2026:08:17:12 -0400] "GET /wp-login.php HTTP/1.1" 403 72972 "-" "Mozilla/5.0 (Macintosh; Intel Mac OS X 10_15_7) AppleWebKit/537.36 (KHTML, like Gecko) Chrome/120.0.0.0 Safari/537.36"
57.141.0.67 - - [11/Mar/2026:08:17:13 -0400] "GET /shop/fattiness/biforked063220206459.shtml HTTP/1.1" 200 72972 "-" "meta-externalagent/1.1 (+https://developers.facebook.com/docs/sharing/webmasters/crawler)"
74.7.242.60 - - [11/Mar/2026:08:17:10 -0400] "GET /search.php?detail/202042478213 HTTP/1.1" 200 174953 "https://residenciassanantonio.com/search.php?detail/0110352847966" "Mozilla/5.0 AppleWebKit/537.36 (KHTML, like Gecko; compatible; GPTBot/1.3; +https://openai.com/gptbot)"
57.141.0.9 - - [11/Mar/2026:08:17:13 -0400] "GET /shop/griefless/subtropical063013255558.shtml HTTP/1.1" 200 72972 "-" "meta-externalagent/1.1 (+https://developers.facebook.com/docs/sharing/webmasters/crawler)"
57.141.0.35 - - [11/Mar/2026:08:17:13 -0400] "GET /shop/surrounding/cuspidal06997951499.shtml HTTP/1.1" 200 72972 "-" "meta-externalagent/1.1 (+https://developers.facebook.com/docs/sharing/webmasters/crawler)"
144.91.119.214 - - [11/Mar/2026:08:17:14 -0400] "POST /wp-login.php HTTP/1.1" 403 72972 "https://www.residenciassanantonio.com/wp-login.php" "Mozilla/5.0 (Macintosh; Intel Mac OS X 10_15_7) AppleWebKit/537.36 (KHTML, like Gecko) Chrome/120.0.0.0 Safari/537.36"
57.141.0.10 - - [11/Mar/2026:08:17:14 -0400] "GET /shop/phrenological/felonry023880386513.shtml HTTP/1.1" 200 72972 "-" "meta-externalagent/1.1 (+https://developers.facebook.com/docs/sharing/webmasters/crawler)"
144.91.119.214 - - [11/Mar/2026:08:17:15 -0400] "POST /wp-login.php HTTP/1.1" 403 72972 "https://www.residenciassanantonio.com/wp-login.php" "Mozilla/5.0 (Macintosh; Intel Mac OS X 10_15_7) AppleWebKit/537.36 (KHTML, like Gecko) Chrome/120.0.0.0 Safari/537.36"
57.141.0.55 - - [11/Mar/2026:08:17:15 -0400] "GET /shop/solan/isochoric063338560729.shtml HTTP/1.1" 200 72972 "-" "meta-externalagent/1.1 (+https://developers.facebook.com/docs/sharing/webmasters/crawler)"
57.141.0.26 - - [11/Mar/2026:08:17:15 -0400] "GET /shop/synoecious/macrobdella051313189561.shtml HTTP/1.1" 200 72972 "-" "meta-externalagent/1.1 (+https://developers.facebook.com/docs/sharing/webmasters/crawler)"
57.141.0.51 - - [11/Mar/2026:08:17:16 -0400] "GET /shop/construction/willowthorn053734377376.shtml HTTP/1.1" 200 72972 "-" "meta-externalagent/1.1 (+https://developers.facebook.com/docs/sharing/webmasters/crawler)"
57.141.0.27 - - [11/Mar/2026:08:17:16 -0400] "GET /shop/hendecatoic/machaerium041605658351.shtml HTTP/1.1" 200 72972 "-" "meta-externalagent/1.1 (+https://developers.facebook.com/docs/sharing/webmasters/crawler)"
57.141.0.54 - - [11/Mar/2026:08:17:17 -0400] "GET /shop/expurgating/dulciana06215862588.shtml HTTP/1.1" 200 72973 "-" "meta-externalagent/1.1 (+https://developers.facebook.com/docs/sharing/webmasters/crawler)"
144.91.119.214 - - [11/Mar/2026:08:17:17 -0400] "POST /wp-login.php HTTP/1.1" 403 72972 "https://www.residenciassanantonio.com/wp-login.php" "Mozilla/5.0 (Macintosh; Intel Mac OS X 10_15_7) AppleWebKit/537.36 (KHTML, like Gecko) Chrome/120.0.0.0 Safari/537.36"
74.7.242.60 - - [11/Mar/2026:08:17:14 -0400] "GET /search.php?detail/193024359747 HTTP/1.1" 200 156689 "https://residenciassanantonio.com/search.php?detail/1930243652477" "Mozilla/5.0 AppleWebKit/537.36 (KHTML, like Gecko; compatible; GPTBot/1.3; +https://openai.com/gptbot)"
57.141.0.70 - - [11/Mar/2026:08:17:18 -0400] "GET /shop/dibbling/overgarrison061489894649.shtml HTTP/1.1" 200 72972 "-" "meta-externalagent/1.1 (+https://developers.facebook.com/docs/sharing/webmasters/crawler)"
66.249.74.69 - - [11/Mar/2026:08:17:17 -0400] "GET /?c=986049498 HTTP/1.1" 200 215341 "-" "Mozilla/5.0 (Linux; Android 6.0.1; Nexus 5X Build/MMB29P) AppleWebKit/537.36 (KHTML, like Gecko) Chrome/145.0.7632.116 Mobile Safari/537.36 (compatible; Googlebot/2.1; +http://www.google.com/bot.html)"
57.141.0.56 - - [11/Mar/2026:08:17:18 -0400] "GET /shop/pectinidae/metagenesis042894514492.shtml HTTP/1.1" 200 72972 "-" "meta-externalagent/1.1 (+https://developers.facebook.com/docs/sharing/webmasters/crawler)"
144.91.119.214 - - [11/Mar/2026:08:17:18 -0400] "GET /wp-login.php HTTP/1.1" 403 72972 "-" "Mozilla/5.0 (Windows NT 10.0; Win64; x64; rv:121.0) Gecko/20100101 Firefox/121.0"
57.141.0.29 - - [11/Mar/2026:08:17:18 -0400] "GET /shop/quitly/marry041691447770.shtml HTTP/1.1" 200 72972 "-" "meta-externalagent/1.1 (+https://developers.facebook.com/docs/sharing/webmasters/crawler)"
57.141.0.49 - - [11/Mar/2026:08:17:19 -0400] "GET /shop/collaret/evonymus061886127590.shtml HTTP/1.1" 200 72972 "-" "meta-externalagent/1.1 (+https://developers.facebook.com/docs/sharing/webmasters/crawler)"
144.91.119.214 - - [11/Mar/2026:08:17:19 -0400] "POST /wp-login.php HTTP/1.1" 403 72972 "https://www.residenciassanantonio.com/wp-login.php" "Mozilla/5.0 (X11; Linux x86_64) AppleWebKit/537.36 (KHTML, like Gecko) Chrome/120.0.0.0 Safari/537.36"
57.141.0.46 - - [11/Mar/2026:08:17:19 -0400] "GET /shop/megapodius/capitularies04721383171.shtml HTTP/1.1" 200 72972 "-" "meta-externalagent/1.1 (+https://developers.facebook.com/docs/sharing/webmasters/crawler)"
57.141.0.59 - - [11/Mar/2026:08:17:20 -0400] "GET /shop/astroscope/pyrophane05244293227.shtml HTTP/1.1" 200 72972 "-" "meta-externalagent/1.1 (+https://developers.facebook.com/docs/sharing/webmasters/crawler)"
57.141.0.27 - - [11/Mar/2026:08:17:21 -0400] "GET /shop/gadolinium/vesicatory0426251969.shtml HTTP/1.1" 200 72972 "-" "meta-externalagent/1.1 (+https://developers.facebook.com/docs/sharing/webmasters/crawler)"
57.141.0.28 - - [11/Mar/2026:08:17:21 -0400] "GET /shop/pretorial/sexagenarian054104326338.shtml HTTP/1.1" 200 72972 "-" "meta-externalagent/1.1 (+https://developers.facebook.com/docs/sharing/webmasters/crawler)"
144.91.119.214 - - [11/Mar/2026:08:17:21 -0400] "POST /wp-login.php HTTP/1.1" 403 72972 "https://www.residenciassanantonio.com/wp-login.php" "Mozilla/5.0 (X11; Linux x86_64) AppleWebKit/537.36 (KHTML, like Gecko) Chrome/120.0.0.0 Safari/537.36"
57.141.0.3 - - [11/Mar/2026:08:17:21 -0400] "GET /shop/trichromatism/leaflet063850879197.shtml HTTP/1.1" 200 72972 "-" "meta-externalagent/1.1 (+https://developers.facebook.com/docs/sharing/webmasters/crawler)"
74.7.242.60 - - [11/Mar/2026:08:17:18 -0400] "GET /search.php?detail/193024361086 HTTP/1.1" 200 160290 "https://residenciassanantonio.com/search.php?detail/1930243652477" "Mozilla/5.0 AppleWebKit/537.36 (KHTML, like Gecko; compatible; GPTBot/1.3; +https://openai.com/gptbot)"
57.141.0.61 - - [11/Mar/2026:08:17:22 -0400] "GET /shop/pourlieu/monocrat06278768990.shtml HTTP/1.1" 200 72972 "-" "meta-externalagent/1.1 (+https://developers.facebook.com/docs/sharing/webmasters/crawler)"
144.91.119.214 - - [11/Mar/2026:08:17:22 -0400] "POST /wp-login.php HTTP/1.1" 403 72973 "https://www.residenciassanantonio.com/wp-login.php" "Mozilla/5.0 (X11; Linux x86_64) AppleWebKit/537.36 (KHTML, like Gecko) Chrome/120.0.0.0 Safari/537.36"
