57.141.0.51 - - [11/Mar/2026:08:34:45 -0400] "GET /shop/numeral/threeport062189950327.shtml HTTP/1.1" 200 72972 "-" "meta-externalagent/1.1 (+https://developers.facebook.com/docs/sharing/webmasters/crawler)"
57.141.0.7 - - [11/Mar/2026:08:34:46 -0400] "GET /shop/epigrammatized/successfulness063172982547.shtml HTTP/1.1" 200 72972 "-" "meta-externalagent/1.1 (+https://developers.facebook.com/docs/sharing/webmasters/crawler)"
57.141.0.19 - - [11/Mar/2026:08:34:46 -0400] "GET /shop/maidenly/foppishness063831125328.shtml HTTP/1.1" 200 72972 "-" "meta-externalagent/1.1 (+https://developers.facebook.com/docs/sharing/webmasters/crawler)"
57.141.0.72 - - [11/Mar/2026:08:34:47 -0400] "GET /shop/heavyladen/sindi022480457491.shtml HTTP/1.1" 200 72972 "-" "meta-externalagent/1.1 (+https://developers.facebook.com/docs/sharing/webmasters/crawler)"
57.141.0.23 - - [11/Mar/2026:08:34:47 -0400] "GET /shop/sneakingly/russophilism063234895033.shtml HTTP/1.1" 200 72972 "-" "meta-externalagent/1.1 (+https://developers.facebook.com/docs/sharing/webmasters/crawler)"
57.141.0.18 - - [11/Mar/2026:08:34:47 -0400] "GET /shop/vendmiaire/approve062164509426.shtml HTTP/1.1" 200 72972 "-" "meta-externalagent/1.1 (+https://developers.facebook.com/docs/sharing/webmasters/crawler)"
57.141.0.72 - - [11/Mar/2026:08:34:48 -0400] "GET /shop/longifolia/expired051315005096.shtml HTTP/1.1" 200 72972 "-" "meta-externalagent/1.1 (+https://developers.facebook.com/docs/sharing/webmasters/crawler)"
57.141.0.14 - - [11/Mar/2026:08:34:48 -0400] "GET /shop/motet/squinancy063151255685.shtml HTTP/1.1" 200 72972 "-" "meta-externalagent/1.1 (+https://developers.facebook.com/docs/sharing/webmasters/crawler)"
74.7.242.60 - - [11/Mar/2026:08:34:46 -0400] "GET /search.php?detail/02704111497385 HTTP/1.1" 200 163841 "https://residenciassanantonio.com/search.php?detail/115013219055" "Mozilla/5.0 AppleWebKit/537.36 (KHTML, like Gecko; compatible; GPTBot/1.3; +https://openai.com/gptbot)"
57.141.0.11 - - [11/Mar/2026:08:34:49 -0400] "GET /shop/amnesty/diphtheriae062470789664.shtml HTTP/1.1" 200 72972 "-" "meta-externalagent/1.1 (+https://developers.facebook.com/docs/sharing/webmasters/crawler)"
57.141.0.70 - - [11/Mar/2026:08:34:49 -0400] "GET /shop/untempered/phenologist05687666351.shtml HTTP/1.1" 200 72972 "-" "meta-externalagent/1.1 (+https://developers.facebook.com/docs/sharing/webmasters/crawler)"
57.141.0.33 - - [11/Mar/2026:08:34:50 -0400] "GET /shop/sawqui/dictatorship06590177405.shtml HTTP/1.1" 200 72973 "-" "meta-externalagent/1.1 (+https://developers.facebook.com/docs/sharing/webmasters/crawler)"
57.141.0.1 - - [11/Mar/2026:08:34:51 -0400] "GET /shop/teraphs/vulnerose06766731642.shtml HTTP/1.1" 200 72972 "-" "meta-externalagent/1.1 (+https://developers.facebook.com/docs/sharing/webmasters/crawler)"
57.141.0.11 - - [11/Mar/2026:08:34:51 -0400] "GET /shop/organismal/gloomy063397959401.shtml HTTP/1.1" 200 72972 "-" "meta-externalagent/1.1 (+https://developers.facebook.com/docs/sharing/webmasters/crawler)"
57.141.0.6 - - [11/Mar/2026:08:34:52 -0400] "GET /shop/potent/intellectualism063372327162.shtml HTTP/1.1" 200 72972 "-" "meta-externalagent/1.1 (+https://developers.facebook.com/docs/sharing/webmasters/crawler)"
57.141.0.17 - - [11/Mar/2026:08:34:52 -0400] "GET /shop/naiant/julienne043308952163.shtml HTTP/1.1" 200 72972 "-" "meta-externalagent/1.1 (+https://developers.facebook.com/docs/sharing/webmasters/crawler)"
57.141.0.18 - - [11/Mar/2026:08:34:53 -0400] "GET /shop/orthoepist/counterirritate062858498939.shtml HTTP/1.1" 200 72972 "-" "meta-externalagent/1.1 (+https://developers.facebook.com/docs/sharing/webmasters/crawler)"
57.141.0.39 - - [11/Mar/2026:08:34:53 -0400] "GET /shop/staggeringly/conserved061225432086.shtml HTTP/1.1" 200 72972 "-" "meta-externalagent/1.1 (+https://developers.facebook.com/docs/sharing/webmasters/crawler)"
57.141.0.28 - - [11/Mar/2026:08:34:53 -0400] "GET /shop/magnetizable/cocus062906801738.shtml HTTP/1.1" 200 72972 "-" "meta-externalagent/1.1 (+https://developers.facebook.com/docs/sharing/webmasters/crawler)"
74.7.242.60 - - [11/Mar/2026:08:34:50 -0400] "GET /search.php?detail/230030170142 HTTP/1.1" 200 158968 "https://residenciassanantonio.com/search.php?detail/230028158495" "Mozilla/5.0 AppleWebKit/537.36 (KHTML, like Gecko; compatible; GPTBot/1.3; +https://openai.com/gptbot)"
57.141.0.39 - - [11/Mar/2026:08:34:54 -0400] "GET /shop/gainfully/stethoscopical062200255794.shtml HTTP/1.1" 200 72972 "-" "meta-externalagent/1.1 (+https://developers.facebook.com/docs/sharing/webmasters/crawler)"
57.141.0.49 - - [11/Mar/2026:08:34:54 -0400] "GET /shop/television/eluded061754825741.shtml HTTP/1.1" 200 72972 "-" "meta-externalagent/1.1 (+https://developers.facebook.com/docs/sharing/webmasters/crawler)"
57.141.0.68 - - [11/Mar/2026:08:34:55 -0400] "GET /shop/cannons/aerographer061683645092.shtml HTTP/1.1" 200 72972 "-" "meta-externalagent/1.1 (+https://developers.facebook.com/docs/sharing/webmasters/crawler)"
57.141.0.39 - - [11/Mar/2026:08:34:56 -0400] "GET /shop/botanize/nidulant05919002342.shtml HTTP/1.1" 200 72972 "-" "meta-externalagent/1.1 (+https://developers.facebook.com/docs/sharing/webmasters/crawler)"
57.141.0.64 - - [11/Mar/2026:08:34:56 -0400] "GET /shop/redmouth/hornii022798985890.shtml HTTP/1.1" 200 72972 "-" "meta-externalagent/1.1 (+https://developers.facebook.com/docs/sharing/webmasters/crawler)"
57.141.0.25 - - [11/Mar/2026:08:34:56 -0400] "GET /shop/salifying/bawdyhouse06979639966.shtml HTTP/1.1" 200 72972 "-" "meta-externalagent/1.1 (+https://developers.facebook.com/docs/sharing/webmasters/crawler)"
57.141.0.63 - - [11/Mar/2026:08:34:57 -0400] "GET /shop/chorisia/bread062735722472.shtml HTTP/1.1" 200 72972 "-" "meta-externalagent/1.1 (+https://developers.facebook.com/docs/sharing/webmasters/crawler)"
57.141.0.18 - - [11/Mar/2026:08:34:58 -0400] "GET /shop/imminently/inosculated06834155956.shtml HTTP/1.1" 200 72972 "-" "meta-externalagent/1.1 (+https://developers.facebook.com/docs/sharing/webmasters/crawler)"
74.7.242.60 - - [11/Mar/2026:08:34:55 -0400] "GET /search.php?detail/182014369892 HTTP/1.1" 200 167493 "https://residenciassanantonio.com/search.php?detail/18202315370565" "Mozilla/5.0 AppleWebKit/537.36 (KHTML, like Gecko; compatible; GPTBot/1.3; +https://openai.com/gptbot)"
57.141.0.19 - - [11/Mar/2026:08:34:58 -0400] "GET /shop/foreknower/cursedness062463795860.shtml HTTP/1.1" 200 72972 "-" "meta-externalagent/1.1 (+https://developers.facebook.com/docs/sharing/webmasters/crawler)"
57.141.0.35 - - [11/Mar/2026:08:34:59 -0400] "GET /shop/irrelavantly/bumpkin062081727402.shtml HTTP/1.1" 200 72972 "-" "meta-externalagent/1.1 (+https://developers.facebook.com/docs/sharing/webmasters/crawler)"
57.141.0.27 - - [11/Mar/2026:08:34:59 -0400] "GET /shop/leastwise/cosmographer064197365367.shtml HTTP/1.1" 200 72972 "-" "meta-externalagent/1.1 (+https://developers.facebook.com/docs/sharing/webmasters/crawler)"
57.141.0.67 - - [11/Mar/2026:08:35:00 -0400] "GET /shop/orthographize/goodhumoured063897011643.shtml HTTP/1.1" 200 72972 "-" "meta-externalagent/1.1 (+https://developers.facebook.com/docs/sharing/webmasters/crawler)"
57.141.0.4 - - [11/Mar/2026:08:35:00 -0400] "GET /shop/conterraneous/anosmia063254888280.shtml HTTP/1.1" 200 72972 "-" "meta-externalagent/1.1 (+https://developers.facebook.com/docs/sharing/webmasters/crawler)"
57.141.0.31 - - [11/Mar/2026:08:35:01 -0400] "GET /shop/stormbound/subjoin064080822741.shtml HTTP/1.1" 200 72972 "-" "meta-externalagent/1.1 (+https://developers.facebook.com/docs/sharing/webmasters/crawler)"
74.7.242.60 - - [11/Mar/2026:08:34:59 -0400] "GET /search.php?detail/1290220555070 HTTP/1.1" 200 167547 "https://residenciassanantonio.com/search.php?detail/12900273193876" "Mozilla/5.0 AppleWebKit/537.36 (KHTML, like Gecko; compatible; GPTBot/1.3; +https://openai.com/gptbot)"
57.141.0.5 - - [11/Mar/2026:08:35:01 -0400] "GET /shop/highflushed/imperturbably06429565464.shtml HTTP/1.1" 200 72972 "-" "meta-externalagent/1.1 (+https://developers.facebook.com/docs/sharing/webmasters/crawler)"
57.141.0.11 - - [11/Mar/2026:08:35:02 -0400] "GET /shop/cystid/epidermidal06352498530.shtml HTTP/1.1" 200 72972 "-" "meta-externalagent/1.1 (+https://developers.facebook.com/docs/sharing/webmasters/crawler)"
57.141.0.12 - - [11/Mar/2026:08:35:02 -0400] "GET /shop/leucocephala/spareness06947992481.shtml HTTP/1.1" 200 72972 "-" "meta-externalagent/1.1 (+https://developers.facebook.com/docs/sharing/webmasters/crawler)"
57.141.0.61 - - [11/Mar/2026:08:35:03 -0400] "GET /shop/stenographing/besottedly061840319312.shtml HTTP/1.1" 200 72972 "-" "meta-externalagent/1.1 (+https://developers.facebook.com/docs/sharing/webmasters/crawler)"
57.141.0.32 - - [11/Mar/2026:08:35:03 -0400] "GET /shop/diabolism/polythelism061903830038.shtml HTTP/1.1" 200 72972 "-" "meta-externalagent/1.1 (+https://developers.facebook.com/docs/sharing/webmasters/crawler)"
57.141.0.59 - - [11/Mar/2026:08:35:04 -0400] "GET /shop/rigorousness/consentient06667618905.shtml HTTP/1.1" 200 72972 "-" "meta-externalagent/1.1 (+https://developers.facebook.com/docs/sharing/webmasters/crawler)"
57.141.0.59 - - [11/Mar/2026:08:35:04 -0400] "GET /shop/witherwrung/ladyinwaiting062155787991.shtml HTTP/1.1" 200 72972 "-" "meta-externalagent/1.1 (+https://developers.facebook.com/docs/sharing/webmasters/crawler)"
57.141.0.27 - - [11/Mar/2026:08:35:05 -0400] "GET /shop/writhen/schizopod063866552651.shtml HTTP/1.1" 200 72972 "-" "meta-externalagent/1.1 (+https://developers.facebook.com/docs/sharing/webmasters/crawler)"
74.7.242.60 - - [11/Mar/2026:08:35:02 -0400] "GET /search.php?detail/03703505017788 HTTP/1.1" 200 166151 "https://residenciassanantonio.com/search.php?detail/12900273193876" "Mozilla/5.0 AppleWebKit/537.36 (KHTML, like Gecko; compatible; GPTBot/1.3; +https://openai.com/gptbot)"
57.141.0.59 - - [11/Mar/2026:08:35:05 -0400] "GET /shop/haplocerus/intoxicated06265939924.shtml HTTP/1.1" 200 72972 "-" "meta-externalagent/1.1 (+https://developers.facebook.com/docs/sharing/webmasters/crawler)"
57.141.0.58 - - [11/Mar/2026:08:35:06 -0400] "GET /shop/ululation/callowness062397781838.shtml HTTP/1.1" 200 72972 "-" "meta-externalagent/1.1 (+https://developers.facebook.com/docs/sharing/webmasters/crawler)"
57.141.0.27 - - [11/Mar/2026:08:35:06 -0400] "GET /shop/impoliteness/melanoleuca062553533748.shtml HTTP/1.1" 200 72972 "-" "meta-externalagent/1.1 (+https://developers.facebook.com/docs/sharing/webmasters/crawler)"
57.141.0.19 - - [11/Mar/2026:08:35:07 -0400] "GET /shop/trichobranchia/crapaud06212057905.shtml HTTP/1.1" 200 72972 "-" "meta-externalagent/1.1 (+https://developers.facebook.com/docs/sharing/webmasters/crawler)"
57.141.0.28 - - [11/Mar/2026:08:35:07 -0400] "GET /shop/repositor/napery063276722171.shtml HTTP/1.1" 200 72972 "-" "meta-externalagent/1.1 (+https://developers.facebook.com/docs/sharing/webmasters/crawler)"
66.249.74.167 - - [11/Mar/2026:08:35:06 -0400] "GET /?c=1594039957 HTTP/1.1" 200 212081 "-" "Mozilla/5.0 (Linux; Android 6.0.1; Nexus 5X Build/MMB29P) AppleWebKit/537.36 (KHTML, like Gecko) Chrome/145.0.7632.116 Mobile Safari/537.36 (compatible; Googlebot/2.1; +http://www.google.com/bot.html)"
57.141.0.33 - - [11/Mar/2026:08:35:08 -0400] "GET /shop/serpentinum/cohabitant061580781024.shtml HTTP/1.1" 200 72972 "-" "meta-externalagent/1.1 (+https://developers.facebook.com/docs/sharing/webmasters/crawler)"
74.7.242.60 - - [11/Mar/2026:08:35:06 -0400] "GET /search.php?detail/26203157267108 HTTP/1.1" 200 161589 "https://residenciassanantonio.com/search.php?detail/26200044067491" "Mozilla/5.0 AppleWebKit/537.36 (KHTML, like Gecko; compatible; GPTBot/1.3; +https://openai.com/gptbot)"
57.141.0.6 - - [11/Mar/2026:08:35:08 -0400] "GET /shop/discapacitate/educative061235291191.shtml HTTP/1.1" 200 72973 "-" "meta-externalagent/1.1 (+https://developers.facebook.com/docs/sharing/webmasters/crawler)"
57.141.0.61 - - [11/Mar/2026:08:35:09 -0400] "GET /shop/railingly/imponderous061593172052.shtml HTTP/1.1" 200 72972 "-" "meta-externalagent/1.1 (+https://developers.facebook.com/docs/sharing/webmasters/crawler)"
57.141.0.55 - - [11/Mar/2026:08:35:09 -0400] "GET /shop/conveniency/anabolism06733903626.shtml HTTP/1.1" 200 72972 "-" "meta-externalagent/1.1 (+https://developers.facebook.com/docs/sharing/webmasters/crawler)"
57.141.0.40 - - [11/Mar/2026:08:35:10 -0400] "GET /shop/jauntiness/excogitate061624449311.shtml HTTP/1.1" 200 72972 "-" "meta-externalagent/1.1 (+https://developers.facebook.com/docs/sharing/webmasters/crawler)"
57.141.0.22 - - [11/Mar/2026:08:35:10 -0400] "GET /shop/lotos/exhaustively064125404209.shtml HTTP/1.1" 200 72972 "-" "meta-externalagent/1.1 (+https://developers.facebook.com/docs/sharing/webmasters/crawler)"
57.141.0.16 - - [11/Mar/2026:08:35:11 -0400] "GET /shop/dictatress/bargeman063414378452.shtml HTTP/1.1" 200 72972 "-" "meta-externalagent/1.1 (+https://developers.facebook.com/docs/sharing/webmasters/crawler)"
57.141.0.68 - - [11/Mar/2026:08:35:11 -0400] "GET /shop/barful/phytopius062140696207.shtml HTTP/1.1" 200 72972 "-" "meta-externalagent/1.1 (+https://developers.facebook.com/docs/sharing/webmasters/crawler)"
74.7.242.60 - - [11/Mar/2026:08:35:09 -0400] "GET /search.php?detail/184032741890 HTTP/1.1" 200 161047 "https://residenciassanantonio.com/search.php?jp/184032737.html" "Mozilla/5.0 AppleWebKit/537.36 (KHTML, like Gecko; compatible; GPTBot/1.3; +https://openai.com/gptbot)"
57.141.0.56 - - [11/Mar/2026:08:35:12 -0400] "GET /shop/socky/canonicals0648874008.shtml HTTP/1.1" 200 72972 "-" "meta-externalagent/1.1 (+https://developers.facebook.com/docs/sharing/webmasters/crawler)"
57.141.0.44 - - [11/Mar/2026:08:35:12 -0400] "GET /shop/zygaenidae/denture062280049788.shtml HTTP/1.1" 200 72972 "-" "meta-externalagent/1.1 (+https://developers.facebook.com/docs/sharing/webmasters/crawler)"
57.141.0.68 - - [11/Mar/2026:08:35:13 -0400] "GET /shop/hepatocele/roriferous061725695960.shtml HTTP/1.1" 200 72972 "-" "meta-externalagent/1.1 (+https://developers.facebook.com/docs/sharing/webmasters/crawler)"
57.141.0.18 - - [11/Mar/2026:08:35:13 -0400] "GET /shop/armories/flaem024157340526.shtml HTTP/1.1" 200 72972 "-" "meta-externalagent/1.1 (+https://developers.facebook.com/docs/sharing/webmasters/crawler)"
57.141.0.55 - - [11/Mar/2026:08:35:14 -0400] "GET /shop/obverted/spherograph024266305486.shtml HTTP/1.1" 200 72972 "-" "meta-externalagent/1.1 (+https://developers.facebook.com/docs/sharing/webmasters/crawler)"
57.141.0.9 - - [11/Mar/2026:08:35:14 -0400] "GET /shop/tideway/outlabor061613192635.shtml HTTP/1.1" 200 72972 "-" "meta-externalagent/1.1 (+https://developers.facebook.com/docs/sharing/webmasters/crawler)"
74.7.242.60 - - [11/Mar/2026:08:35:13 -0400] "GET /search.php?detail/184032737365 HTTP/1.1" 200 167788 "https://residenciassanantonio.com/search.php?jp/184032737.html" "Mozilla/5.0 AppleWebKit/537.36 (KHTML, like Gecko; compatible; GPTBot/1.3; +https://openai.com/gptbot)"
57.141.0.67 - - [11/Mar/2026:08:35:15 -0400] "GET /shop/knavery/thames043400287532.shtml HTTP/1.1" 200 72972 "-" "meta-externalagent/1.1 (+https://developers.facebook.com/docs/sharing/webmasters/crawler)"
57.141.0.19 - - [11/Mar/2026:08:35:16 -0400] "GET /shop/dexter/concaveness05861626885.shtml HTTP/1.1" 200 72972 "-" "meta-externalagent/1.1 (+https://developers.facebook.com/docs/sharing/webmasters/crawler)"
57.141.0.2 - - [11/Mar/2026:08:35:16 -0400] "GET /shop/porterhouse/weigh05217306116.shtml HTTP/1.1" 200 72972 "-" "meta-externalagent/1.1 (+https://developers.facebook.com/docs/sharing/webmasters/crawler)"
57.141.0.29 - - [11/Mar/2026:08:35:16 -0400] "GET /shop/postil/sharpening042056656411.shtml HTTP/1.1" 200 72972 "-" "meta-externalagent/1.1 (+https://developers.facebook.com/docs/sharing/webmasters/crawler)"
57.141.0.50 - - [11/Mar/2026:08:35:17 -0400] "GET /shop/midweekly/goatish021620563581.shtml HTTP/1.1" 200 72972 "-" "meta-externalagent/1.1 (+https://developers.facebook.com/docs/sharing/webmasters/crawler)"
57.141.0.1 - - [11/Mar/2026:08:35:17 -0400] "GET /shop/rescindable/normotensive043620885523.shtml HTTP/1.1" 200 72972 "-" "meta-externalagent/1.1 (+https://developers.facebook.com/docs/sharing/webmasters/crawler)"
57.141.0.30 - - [11/Mar/2026:08:35:18 -0400] "GET /shop/eglantine/dichotomus043958183778.shtml HTTP/1.1" 200 72972 "-" "meta-externalagent/1.1 (+https://developers.facebook.com/docs/sharing/webmasters/crawler)"
74.7.242.60 - - [11/Mar/2026:08:35:16 -0400] "GET /search.php?detail/160016914559 HTTP/1.1" 200 159534 "https://residenciassanantonio.com/search.php?detail/1700401015090" "Mozilla/5.0 AppleWebKit/537.36 (KHTML, like Gecko; compatible; GPTBot/1.3; +https://openai.com/gptbot)"
57.141.0.18 - - [11/Mar/2026:08:35:18 -0400] "GET /shop/pandarize/bastinadoed062778631787.shtml HTTP/1.1" 200 72972 "-" "meta-externalagent/1.1 (+https://developers.facebook.com/docs/sharing/webmasters/crawler)"
57.141.0.31 - - [11/Mar/2026:08:35:19 -0400] "GET /shop/capros/aliment052887278952.shtml HTTP/1.1" 200 72972 "-" "meta-externalagent/1.1 (+https://developers.facebook.com/docs/sharing/webmasters/crawler)"
57.141.0.19 - - [11/Mar/2026:08:35:19 -0400] "GET /shop/hysteron/transanimating042751364128.shtml HTTP/1.1" 200 72972 "-" "meta-externalagent/1.1 (+https://developers.facebook.com/docs/sharing/webmasters/crawler)"
57.141.0.38 - - [11/Mar/2026:08:35:20 -0400] "GET /shop/nutsedge/defeudalize043871621533.shtml HTTP/1.1" 200 72972 "-" "meta-externalagent/1.1 (+https://developers.facebook.com/docs/sharing/webmasters/crawler)"
57.141.0.60 - - [11/Mar/2026:08:35:20 -0400] "GET /shop/grained/gustatory062287062115.shtml HTTP/1.1" 200 72972 "-" "meta-externalagent/1.1 (+https://developers.facebook.com/docs/sharing/webmasters/crawler)"
57.141.0.6 - - [11/Mar/2026:08:35:21 -0400] "GET /shop/influxious/unpossess063314046268.shtml HTTP/1.1" 200 72972 "-" "meta-externalagent/1.1 (+https://developers.facebook.com/docs/sharing/webmasters/crawler)"
57.141.0.36 - - [11/Mar/2026:08:35:21 -0400] "GET /shop/sicklebill/coreplastic021156961324.shtml HTTP/1.1" 200 72972 "-" "meta-externalagent/1.1 (+https://developers.facebook.com/docs/sharing/webmasters/crawler)"
74.7.242.60 - - [11/Mar/2026:08:35:19 -0400] "GET /search.php?detail/2320110250550 HTTP/1.1" 200 158754 "https://residenciassanantonio.com/search.php?detail/23201101317992" "Mozilla/5.0 AppleWebKit/537.36 (KHTML, like Gecko; compatible; GPTBot/1.3; +https://openai.com/gptbot)"
57.141.0.20 - - [11/Mar/2026:08:35:22 -0400] "GET /shop/pompano/theorist022746337115.shtml HTTP/1.1" 200 72972 "-" "meta-externalagent/1.1 (+https://developers.facebook.com/docs/sharing/webmasters/crawler)"
57.141.0.12 - - [11/Mar/2026:08:35:22 -0400] "GET /shop/antifederalist/lemaireocereus041544754409.shtml HTTP/1.1" 200 72972 "-" "meta-externalagent/1.1 (+https://developers.facebook.com/docs/sharing/webmasters/crawler)"
57.141.0.19 - - [11/Mar/2026:08:35:23 -0400] "GET /shop/tarriance/swashway041199748576.shtml HTTP/1.1" 200 72972 "-" "meta-externalagent/1.1 (+https://developers.facebook.com/docs/sharing/webmasters/crawler)"
57.141.0.3 - - [11/Mar/2026:08:35:23 -0400] "GET /shop/amphitheatrically/unseem063778933552.shtml HTTP/1.1" 200 72972 "-" "meta-externalagent/1.1 (+https://developers.facebook.com/docs/sharing/webmasters/crawler)"
57.141.0.19 - - [11/Mar/2026:08:35:24 -0400] "GET /shop/goujon/polymathic061914203762.shtml HTTP/1.1" 200 72972 "-" "meta-externalagent/1.1 (+https://developers.facebook.com/docs/sharing/webmasters/crawler)"
57.141.0.12 - - [11/Mar/2026:08:35:24 -0400] "GET /shop/yugoslavian/astrophysicist044005010183.shtml HTTP/1.1" 200 72972 "-" "meta-externalagent/1.1 (+https://developers.facebook.com/docs/sharing/webmasters/crawler)"
74.7.242.60 - - [11/Mar/2026:08:35:23 -0400] "GET /search.php?detail/20904842220470 HTTP/1.1" 200 159711 "https://residenciassanantonio.com/search.php?detail/20800342433081" "Mozilla/5.0 AppleWebKit/537.36 (KHTML, like Gecko; compatible; GPTBot/1.3; +https://openai.com/gptbot)"
57.141.0.19 - - [11/Mar/2026:08:35:25 -0400] "GET /shop/ballproof/neuropsychology021105365024.shtml HTTP/1.1" 200 72972 "-" "meta-externalagent/1.1 (+https://developers.facebook.com/docs/sharing/webmasters/crawler)"
57.141.0.37 - - [11/Mar/2026:08:35:25 -0400] "GET /shop/soporific/croitre041409476655.shtml HTTP/1.1" 200 72972 "-" "meta-externalagent/1.1 (+https://developers.facebook.com/docs/sharing/webmasters/crawler)"
57.141.0.41 - - [11/Mar/2026:08:35:26 -0400] "GET /shop/bethlehem/scurrile06280848920.shtml HTTP/1.1" 200 72972 "-" "meta-externalagent/1.1 (+https://developers.facebook.com/docs/sharing/webmasters/crawler)"
57.141.0.21 - - [11/Mar/2026:08:35:26 -0400] "GET /shop/intomb/leadingly041555976509.shtml HTTP/1.1" 200 72972 "-" "meta-externalagent/1.1 (+https://developers.facebook.com/docs/sharing/webmasters/crawler)"
57.141.0.53 - - [11/Mar/2026:08:35:27 -0400] "GET /shop/prevaricating/angriness02917565957.shtml HTTP/1.1" 200 72973 "-" "meta-externalagent/1.1 (+https://developers.facebook.com/docs/sharing/webmasters/crawler)"
57.141.0.53 - - [11/Mar/2026:08:35:27 -0400] "GET /shop/immortalization/publickey044123281970.shtml HTTP/1.1" 200 72972 "-" "meta-externalagent/1.1 (+https://developers.facebook.com/docs/sharing/webmasters/crawler)"
57.141.0.22 - - [11/Mar/2026:08:35:28 -0400] "GET /shop/assentatory/coordinance063618993903.shtml HTTP/1.1" 200 72972 "-" "meta-externalagent/1.1 (+https://developers.facebook.com/docs/sharing/webmasters/crawler)"
74.7.242.60 - - [11/Mar/2026:08:35:26 -0400] "GET /search.php?detail/128043535466 HTTP/1.1" 200 158962 "https://residenciassanantonio.com/search.php?detail/02704111497385" "Mozilla/5.0 AppleWebKit/537.36 (KHTML, like Gecko; compatible; GPTBot/1.3; +https://openai.com/gptbot)"
57.141.0.30 - - [11/Mar/2026:08:35:28 -0400] "GET /shop/bettongia/cryptogamist061105769921.shtml HTTP/1.1" 200 72972 "-" "meta-externalagent/1.1 (+https://developers.facebook.com/docs/sharing/webmasters/crawler)"
57.141.0.71 - - [11/Mar/2026:08:35:29 -0400] "GET /shop/polyhymnia/philology053525254246.shtml HTTP/1.1" 200 72972 "-" "meta-externalagent/1.1 (+https://developers.facebook.com/docs/sharing/webmasters/crawler)"
57.141.0.56 - - [11/Mar/2026:08:35:29 -0400] "GET /shop/instaurator/bookseller042180838304.shtml HTTP/1.1" 200 72972 "-" "meta-externalagent/1.1 (+https://developers.facebook.com/docs/sharing/webmasters/crawler)"
57.141.0.65 - - [11/Mar/2026:08:35:30 -0400] "GET /shop/description/lumination062383704188.shtml HTTP/1.1" 200 72972 "-" "meta-externalagent/1.1 (+https://developers.facebook.com/docs/sharing/webmasters/crawler)"
57.141.0.19 - - [11/Mar/2026:08:35:30 -0400] "GET /shop/catchmeadow/sylvicolidae062446641093.shtml HTTP/1.1" 200 72972 "-" "meta-externalagent/1.1 (+https://developers.facebook.com/docs/sharing/webmasters/crawler)"
57.141.0.70 - - [11/Mar/2026:08:35:31 -0400] "GET /shop/leftist/traditive063481379459.shtml HTTP/1.1" 200 72972 "-" "meta-externalagent/1.1 (+https://developers.facebook.com/docs/sharing/webmasters/crawler)"
74.7.242.60 - - [11/Mar/2026:08:35:29 -0400] "GET /search.php?detail/23000718095866 HTTP/1.1" 200 158790 "https://residenciassanantonio.com/search.php?detail/230030170142" "Mozilla/5.0 AppleWebKit/537.36 (KHTML, like Gecko; compatible; GPTBot/1.3; +https://openai.com/gptbot)"
57.141.0.51 - - [11/Mar/2026:08:35:31 -0400] "GET /shop/mollemock/bachelors053449082302.shtml HTTP/1.1" 200 72972 "-" "meta-externalagent/1.1 (+https://developers.facebook.com/docs/sharing/webmasters/crawler)"
57.141.0.71 - - [11/Mar/2026:08:35:32 -0400] "GET /shop/patriarchal/absolved041501067963.shtml HTTP/1.1" 200 72972 "-" "meta-externalagent/1.1 (+https://developers.facebook.com/docs/sharing/webmasters/crawler)"
57.141.0.38 - - [11/Mar/2026:08:35:32 -0400] "GET /shop/arranging/boundlessness052656758323.shtml HTTP/1.1" 200 72972 "-" "meta-externalagent/1.1 (+https://developers.facebook.com/docs/sharing/webmasters/crawler)"
57.141.0.48 - - [11/Mar/2026:08:35:33 -0400] "GET /shop/erismatura/delthyris064281292838.shtml HTTP/1.1" 200 72972 "-" "meta-externalagent/1.1 (+https://developers.facebook.com/docs/sharing/webmasters/crawler)"
57.141.0.34 - - [11/Mar/2026:08:35:33 -0400] "GET /shop/temporaneous/nippitato064011737948.shtml HTTP/1.1" 200 72972 "-" "meta-externalagent/1.1 (+https://developers.facebook.com/docs/sharing/webmasters/crawler)"
57.141.0.19 - - [11/Mar/2026:08:35:34 -0400] "GET /shop/jaggery/heedful02658390073.shtml HTTP/1.1" 200 72972 "-" "meta-externalagent/1.1 (+https://developers.facebook.com/docs/sharing/webmasters/crawler)"
57.141.0.23 - - [11/Mar/2026:08:35:34 -0400] "GET /shop/cheat/redivide06750857247.shtml HTTP/1.1" 200 72972 "-" "meta-externalagent/1.1 (+https://developers.facebook.com/docs/sharing/webmasters/crawler)"
57.141.0.15 - - [11/Mar/2026:08:35:35 -0400] "GET /shop/huskily/insalubrious041202215895.shtml HTTP/1.1" 200 72972 "-" "meta-externalagent/1.1 (+https://developers.facebook.com/docs/sharing/webmasters/crawler)"
74.7.242.60 - - [11/Mar/2026:08:35:32 -0400] "GET /search.php?detail/05701156282263 HTTP/1.1" 200 160642 "https://residenciassanantonio.com/search.php?detail/23201101317992" "Mozilla/5.0 AppleWebKit/537.36 (KHTML, like Gecko; compatible; GPTBot/1.3; +https://openai.com/gptbot)"
57.141.0.19 - - [11/Mar/2026:08:35:35 -0400] "GET /shop/notching/barroom04215037380.shtml HTTP/1.1" 200 72972 "-" "meta-externalagent/1.1 (+https://developers.facebook.com/docs/sharing/webmasters/crawler)"
57.141.0.19 - - [11/Mar/2026:08:35:36 -0400] "GET /shop/dodecagynous/activeness041012028973.shtml HTTP/1.1" 200 72972 "-" "meta-externalagent/1.1 (+https://developers.facebook.com/docs/sharing/webmasters/crawler)"
57.141.0.54 - - [11/Mar/2026:08:35:36 -0400] "GET /shop/wisard/unzoned06853986886.shtml HTTP/1.1" 200 72972 "-" "meta-externalagent/1.1 (+https://developers.facebook.com/docs/sharing/webmasters/crawler)"
57.141.0.7 - - [11/Mar/2026:08:35:37 -0400] "GET /shop/eulogium/hollyhock042242451020.shtml HTTP/1.1" 200 72972 "-" "meta-externalagent/1.1 (+https://developers.facebook.com/docs/sharing/webmasters/crawler)"
57.141.0.7 - - [11/Mar/2026:08:35:37 -0400] "GET /shop/heterogonously/metely061042996119.shtml HTTP/1.1" 200 72972 "-" "meta-externalagent/1.1 (+https://developers.facebook.com/docs/sharing/webmasters/crawler)"
57.141.0.35 - - [11/Mar/2026:08:35:38 -0400] "GET /shop/fructuous/verities051400279215.shtml HTTP/1.1" 200 72972 "-" "meta-externalagent/1.1 (+https://developers.facebook.com/docs/sharing/webmasters/crawler)"
57.141.0.65 - - [11/Mar/2026:08:35:38 -0400] "GET /shop/unpinion/volumist023962725294.shtml HTTP/1.1" 200 72972 "-" "meta-externalagent/1.1 (+https://developers.facebook.com/docs/sharing/webmasters/crawler)"
57.141.0.48 - - [11/Mar/2026:08:35:39 -0400] "GET /shop/ghanaian/lunula042309276042.shtml HTTP/1.1" 200 72972 "-" "meta-externalagent/1.1 (+https://developers.facebook.com/docs/sharing/webmasters/crawler)"
74.7.242.60 - - [11/Mar/2026:08:35:36 -0400] "GET /search.php?detail/1290403159485 HTTP/1.1" 200 171325 "https://residenciassanantonio.com/search.php?detail/1290220555070" "Mozilla/5.0 AppleWebKit/537.36 (KHTML, like Gecko; compatible; GPTBot/1.3; +https://openai.com/gptbot)"
57.141.0.35 - - [11/Mar/2026:08:35:39 -0400] "GET /shop/subtriplicate/tedesco062662190595.shtml HTTP/1.1" 200 72972 "-" "meta-externalagent/1.1 (+https://developers.facebook.com/docs/sharing/webmasters/crawler)"
57.141.0.54 - - [11/Mar/2026:08:35:40 -0400] "GET /shop/carpiodes/epistolic023453876106.shtml HTTP/1.1" 200 72972 "-" "meta-externalagent/1.1 (+https://developers.facebook.com/docs/sharing/webmasters/crawler)"
57.141.0.58 - - [11/Mar/2026:08:35:40 -0400] "GET /shop/forbearingly/rowlock0479685257.shtml HTTP/1.1" 200 72972 "-" "meta-externalagent/1.1 (+https://developers.facebook.com/docs/sharing/webmasters/crawler)"
57.141.0.35 - - [11/Mar/2026:08:35:41 -0400] "GET /shop/venereous/lampsana043924416934.shtml HTTP/1.1" 200 72972 "-" "meta-externalagent/1.1 (+https://developers.facebook.com/docs/sharing/webmasters/crawler)"
57.141.0.19 - - [11/Mar/2026:08:35:42 -0400] "GET /shop/reestablishment/jocose04337330057.shtml HTTP/1.1" 200 72972 "-" "meta-externalagent/1.1 (+https://developers.facebook.com/docs/sharing/webmasters/crawler)"
57.141.0.19 - - [11/Mar/2026:08:35:42 -0400] "GET /shop/feeble/deconstruct052949609032.shtml HTTP/1.1" 200 72972 "-" "meta-externalagent/1.1 (+https://developers.facebook.com/docs/sharing/webmasters/crawler)"
74.7.242.60 - - [11/Mar/2026:08:35:40 -0400] "GET /search.php?detail/02600939741364 HTTP/1.1" 200 160090 "https://residenciassanantonio.com/search.php?detail/20800342433081" "Mozilla/5.0 AppleWebKit/537.36 (KHTML, like Gecko; compatible; GPTBot/1.3; +https://openai.com/gptbot)"
57.141.0.38 - - [11/Mar/2026:08:35:42 -0400] "GET /shop/impetuousness/gagteeth061589631856.shtml HTTP/1.1" 200 72972 "-" "meta-externalagent/1.1 (+https://developers.facebook.com/docs/sharing/webmasters/crawler)"
57.141.0.62 - - [11/Mar/2026:08:35:43 -0400] "GET /shop/reprobated/ovalbumin04273501129.shtml HTTP/1.1" 200 72972 "-" "meta-externalagent/1.1 (+https://developers.facebook.com/docs/sharing/webmasters/crawler)"
57.141.0.23 - - [11/Mar/2026:08:35:43 -0400] "GET /shop/forasmuch/psilomelane021698537659.shtml HTTP/1.1" 200 72972 "-" "meta-externalagent/1.1 (+https://developers.facebook.com/docs/sharing/webmasters/crawler)"
57.141.0.15 - - [11/Mar/2026:08:35:44 -0400] "GET /shop/zincky/pseudotinea043945285305.shtml HTTP/1.1" 200 72973 "-" "meta-externalagent/1.1 (+https://developers.facebook.com/docs/sharing/webmasters/crawler)"
57.141.0.53 - - [11/Mar/2026:08:35:44 -0400] "GET /shop/afflictionless/meeching051858781881.shtml HTTP/1.1" 200 72972 "-" "meta-externalagent/1.1 (+https://developers.facebook.com/docs/sharing/webmasters/crawler)"
57.141.0.1 - - [11/Mar/2026:08:35:45 -0400] "GET /shop/fringillaceous/graph041598559557.shtml HTTP/1.1" 200 72973 "-" "meta-externalagent/1.1 (+https://developers.facebook.com/docs/sharing/webmasters/crawler)"
74.7.242.60 - - [11/Mar/2026:08:35:43 -0400] "GET /search.php?detail/2310021652005 HTTP/1.1" 200 159945 "https://residenciassanantonio.com/search.php?detail/26203157267108" "Mozilla/5.0 AppleWebKit/537.36 (KHTML, like Gecko; compatible; GPTBot/1.3; +https://openai.com/gptbot)"
57.141.0.42 - - [11/Mar/2026:08:35:45 -0400] "GET /shop/officeholder/uniformed05147341090.shtml HTTP/1.1" 200 72972 "-" "meta-externalagent/1.1 (+https://developers.facebook.com/docs/sharing/webmasters/crawler)"
57.141.0.60 - - [11/Mar/2026:08:35:46 -0400] "GET /shop/hudsonian/dirge054039181951.shtml HTTP/1.1" 200 72972 "-" "meta-externalagent/1.1 (+https://developers.facebook.com/docs/sharing/webmasters/crawler)"
57.141.0.33 - - [11/Mar/2026:08:35:46 -0400] "GET /shop/devaporation/ambaginous042065506805.shtml HTTP/1.1" 200 72972 "-" "meta-externalagent/1.1 (+https://developers.facebook.com/docs/sharing/webmasters/crawler)"
57.141.0.46 - - [11/Mar/2026:08:35:47 -0400] "GET /shop/eclectically/gentleness022101043486.shtml HTTP/1.1" 200 72972 "-" "meta-externalagent/1.1 (+https://developers.facebook.com/docs/sharing/webmasters/crawler)"
57.141.0.68 - - [11/Mar/2026:08:35:47 -0400] "GET /shop/paleontography/announcing043064126650.shtml HTTP/1.1" 200 72972 "-" "meta-externalagent/1.1 (+https://developers.facebook.com/docs/sharing/webmasters/crawler)"
57.141.0.71 - - [11/Mar/2026:08:35:48 -0400] "GET /shop/evangelicalness/rhino051149440141.shtml HTTP/1.1" 200 72972 "-" "meta-externalagent/1.1 (+https://developers.facebook.com/docs/sharing/webmasters/crawler)"
57.141.0.70 - - [11/Mar/2026:08:35:48 -0400] "GET /shop/bonding/squaller062966468577.shtml HTTP/1.1" 200 72972 "-" "meta-externalagent/1.1 (+https://developers.facebook.com/docs/sharing/webmasters/crawler)"
74.7.242.60 - - [11/Mar/2026:08:35:46 -0400] "GET /search.php?detail/23003032992256 HTTP/1.1" 200 162997 "https://residenciassanantonio.com/search.php?detail/230028158495" "Mozilla/5.0 AppleWebKit/537.36 (KHTML, like Gecko; compatible; GPTBot/1.3; +https://openai.com/gptbot)"
57.141.0.44 - - [11/Mar/2026:08:35:49 -0400] "GET /shop/impatronized/naufrage041297720134.shtml HTTP/1.1" 200 72972 "-" "meta-externalagent/1.1 (+https://developers.facebook.com/docs/sharing/webmasters/crawler)"
57.141.0.21 - - [11/Mar/2026:08:35:49 -0400] "GET /shop/nervelessness/films064090582461.shtml HTTP/1.1" 200 72972 "-" "meta-externalagent/1.1 (+https://developers.facebook.com/docs/sharing/webmasters/crawler)"
57.141.0.44 - - [11/Mar/2026:08:35:50 -0400] "GET /shop/ellagic/isodimorphic023183654501.shtml HTTP/1.1" 200 72972 "-" "meta-externalagent/1.1 (+https://developers.facebook.com/docs/sharing/webmasters/crawler)"
57.141.0.43 - - [11/Mar/2026:08:35:50 -0400] "GET /shop/spires/bumbeloes023135403366.shtml HTTP/1.1" 200 72972 "-" "meta-externalagent/1.1 (+https://developers.facebook.com/docs/sharing/webmasters/crawler)"
57.141.0.42 - - [11/Mar/2026:08:35:51 -0400] "GET /shop/runoff/rhinichthys042473927935.shtml HTTP/1.1" 200 72972 "-" "meta-externalagent/1.1 (+https://developers.facebook.com/docs/sharing/webmasters/crawler)"
57.141.0.37 - - [11/Mar/2026:08:35:51 -0400] "GET /shop/roving/universology053830686243.shtml HTTP/1.1" 200 72972 "-" "meta-externalagent/1.1 (+https://developers.facebook.com/docs/sharing/webmasters/crawler)"
57.141.0.70 - - [11/Mar/2026:08:35:52 -0400] "GET /shop/powldron/pectin04495937828.shtml HTTP/1.1" 200 72972 "-" "meta-externalagent/1.1 (+https://developers.facebook.com/docs/sharing/webmasters/crawler)"
57.141.0.22 - - [11/Mar/2026:08:35:52 -0400] "GET /shop/beheading/conviciate042608853798.shtml HTTP/1.1" 200 72972 "-" "meta-externalagent/1.1 (+https://developers.facebook.com/docs/sharing/webmasters/crawler)"
74.7.242.60 - - [11/Mar/2026:08:35:50 -0400] "GET /search.php?detail/18404010908498 HTTP/1.1" 200 159922 "https://residenciassanantonio.com/search.php?detail/184032737365" "Mozilla/5.0 AppleWebKit/537.36 (KHTML, like Gecko; compatible; GPTBot/1.3; +https://openai.com/gptbot)"
57.141.0.64 - - [11/Mar/2026:08:35:53 -0400] "GET /shop/stormily/gigeria043264537787.shtml HTTP/1.1" 200 72972 "-" "meta-externalagent/1.1 (+https://developers.facebook.com/docs/sharing/webmasters/crawler)"
57.141.0.12 - - [11/Mar/2026:08:35:53 -0400] "GET /shop/convene/procreating052762235773.shtml HTTP/1.1" 200 72972 "-" "meta-externalagent/1.1 (+https://developers.facebook.com/docs/sharing/webmasters/crawler)"
57.141.0.29 - - [11/Mar/2026:08:35:54 -0400] "GET /shop/yenite/forebeam041516410511.shtml HTTP/1.1" 200 72972 "-" "meta-externalagent/1.1 (+https://developers.facebook.com/docs/sharing/webmasters/crawler)"
57.141.0.27 - - [11/Mar/2026:08:35:54 -0400] "GET /shop/uniformly/congregationalism061534630165.shtml HTTP/1.1" 200 72972 "-" "meta-externalagent/1.1 (+https://developers.facebook.com/docs/sharing/webmasters/crawler)"
57.141.0.57 - - [11/Mar/2026:08:35:55 -0400] "GET /shop/vlacke/delamination041412956224.shtml HTTP/1.1" 200 72972 "-" "meta-externalagent/1.1 (+https://developers.facebook.com/docs/sharing/webmasters/crawler)"
57.141.0.20 - - [11/Mar/2026:08:35:55 -0400] "GET /shop/eucalyn/fidia0473590954.shtml HTTP/1.1" 200 72972 "-" "meta-externalagent/1.1 (+https://developers.facebook.com/docs/sharing/webmasters/crawler)"
74.7.242.60 - - [11/Mar/2026:08:35:54 -0400] "GET /search.php?detail/209020711240 HTTP/1.1" 200 165870 "https://residenciassanantonio.com/search.php?detail/160016914559" "Mozilla/5.0 AppleWebKit/537.36 (KHTML, like Gecko; compatible; GPTBot/1.3; +https://openai.com/gptbot)"
57.141.0.43 - - [11/Mar/2026:08:35:56 -0400] "GET /shop/inarticulata/algorithmic054184469268.shtml HTTP/1.1" 200 72972 "-" "meta-externalagent/1.1 (+https://developers.facebook.com/docs/sharing/webmasters/crawler)"
57.141.0.72 - - [11/Mar/2026:08:35:56 -0400] "GET /shop/monocrotism/brasenia052485705035.shtml HTTP/1.1" 200 72972 "-" "meta-externalagent/1.1 (+https://developers.facebook.com/docs/sharing/webmasters/crawler)"
57.141.0.38 - - [11/Mar/2026:08:35:57 -0400] "GET /shop/virginhood/sparhawk041613027348.shtml HTTP/1.1" 200 72972 "-" "meta-externalagent/1.1 (+https://developers.facebook.com/docs/sharing/webmasters/crawler)"
57.141.0.10 - - [11/Mar/2026:08:35:57 -0400] "GET /shop/peregrinity/sermonist062132286116.shtml HTTP/1.1" 200 72972 "-" "meta-externalagent/1.1 (+https://developers.facebook.com/docs/sharing/webmasters/crawler)"
57.141.0.19 - - [11/Mar/2026:08:35:58 -0400] "GET /shop/evangelicity/pseudovarium062742117348.shtml HTTP/1.1" 200 72972 "-" "meta-externalagent/1.1 (+https://developers.facebook.com/docs/sharing/webmasters/crawler)"
57.141.0.19 - - [11/Mar/2026:08:35:59 -0400] "GET /shop/magnetics/constipating06944729021.shtml HTTP/1.1" 200 72972 "-" "meta-externalagent/1.1 (+https://developers.facebook.com/docs/sharing/webmasters/crawler)"
57.141.0.15 - - [11/Mar/2026:08:35:59 -0400] "GET /shop/isospondylous/spelta04318579647.shtml HTTP/1.1" 200 72972 "-" "meta-externalagent/1.1 (+https://developers.facebook.com/docs/sharing/webmasters/crawler)"
57.141.0.1 - - [11/Mar/2026:08:35:59 -0400] "GET /shop/homeostatic/celllike043930186456.shtml HTTP/1.1" 200 72972 "-" "meta-externalagent/1.1 (+https://developers.facebook.com/docs/sharing/webmasters/crawler)"
74.7.242.60 - - [11/Mar/2026:08:35:57 -0400] "GET /search.php?detail/115012141110 HTTP/1.1" 200 157781 "https://residenciassanantonio.com/search.php?detail/184032737365" "Mozilla/5.0 AppleWebKit/537.36 (KHTML, like Gecko; compatible; GPTBot/1.3; +https://openai.com/gptbot)"
57.141.0.43 - - [11/Mar/2026:08:36:00 -0400] "GET /shop/flatmate/galipea04590747075.shtml HTTP/1.1" 200 72972 "-" "meta-externalagent/1.1 (+https://developers.facebook.com/docs/sharing/webmasters/crawler)"
57.141.0.6 - - [11/Mar/2026:08:36:00 -0400] "GET /shop/serrous/volunteer054041037729.shtml HTTP/1.1" 200 72972 "-" "meta-externalagent/1.1 (+https://developers.facebook.com/docs/sharing/webmasters/crawler)"
57.141.0.17 - - [11/Mar/2026:08:36:01 -0400] "GET /shop/digest/extensile051003827145.shtml HTTP/1.1" 200 72972 "-" "meta-externalagent/1.1 (+https://developers.facebook.com/docs/sharing/webmasters/crawler)"
57.141.0.47 - - [11/Mar/2026:08:36:01 -0400] "GET /shop/indiretin/oleoides041983920273.shtml HTTP/1.1" 200 72972 "-" "meta-externalagent/1.1 (+https://developers.facebook.com/docs/sharing/webmasters/crawler)"
57.141.0.36 - - [11/Mar/2026:08:36:02 -0400] "GET /shop/unitarian/boose041067668430.shtml HTTP/1.1" 200 72972 "-" "meta-externalagent/1.1 (+https://developers.facebook.com/docs/sharing/webmasters/crawler)"
57.141.0.63 - - [11/Mar/2026:08:36:02 -0400] "GET /shop/gustard/jersey062255862593.shtml HTTP/1.1" 200 72972 "-" "meta-externalagent/1.1 (+https://developers.facebook.com/docs/sharing/webmasters/crawler)"
57.141.0.12 - - [11/Mar/2026:08:36:03 -0400] "GET /shop/spermidium/mazological02835891286.shtml HTTP/1.1" 200 72972 "-" "meta-externalagent/1.1 (+https://developers.facebook.com/docs/sharing/webmasters/crawler)"
57.141.0.54 - - [11/Mar/2026:08:36:03 -0400] "GET /shop/flexibleness/latitudinal052548517261.shtml HTTP/1.1" 200 72972 "-" "meta-externalagent/1.1 (+https://developers.facebook.com/docs/sharing/webmasters/crawler)"
74.7.242.60 - - [11/Mar/2026:08:36:01 -0400] "GET /search.php?detail/18404011091298 HTTP/1.1" 200 157591 "https://residenciassanantonio.com/search.php?detail/184032737365" "Mozilla/5.0 AppleWebKit/537.36 (KHTML, like Gecko; compatible; GPTBot/1.3; +https://openai.com/gptbot)"
57.141.0.26 - - [11/Mar/2026:08:36:04 -0400] "GET /shop/gallinacean/rhamphocinclus05258395602.shtml HTTP/1.1" 200 72972 "-" "meta-externalagent/1.1 (+https://developers.facebook.com/docs/sharing/webmasters/crawler)"
57.141.0.5 - - [11/Mar/2026:08:36:04 -0400] "GET /shop/feudalism/onstrain041631339303.shtml HTTP/1.1" 200 72972 "-" "meta-externalagent/1.1 (+https://developers.facebook.com/docs/sharing/webmasters/crawler)"
57.141.0.12 - - [11/Mar/2026:08:36:05 -0400] "GET /shop/endemiology/strumatic051622548694.shtml HTTP/1.1" 200 72972 "-" "meta-externalagent/1.1 (+https://developers.facebook.com/docs/sharing/webmasters/crawler)"
57.141.0.41 - - [11/Mar/2026:08:36:06 -0400] "GET /shop/paramorph/stillatitious061607074274.shtml HTTP/1.1" 200 72972 "-" "meta-externalagent/1.1 (+https://developers.facebook.com/docs/sharing/webmasters/crawler)"
57.141.0.35 - - [11/Mar/2026:08:36:05 -0400] "GET /shop/helispheric/ecology05273422132.shtml HTTP/1.1" 200 72972 "-" "meta-externalagent/1.1 (+https://developers.facebook.com/docs/sharing/webmasters/crawler)"
57.141.0.16 - - [11/Mar/2026:08:36:06 -0400] "GET /shop/paleontographical/areopagite062074480571.shtml HTTP/1.1" 200 72972 "-" "meta-externalagent/1.1 (+https://developers.facebook.com/docs/sharing/webmasters/crawler)"
57.141.0.39 - - [11/Mar/2026:08:36:07 -0400] "GET /shop/binary/stallon061179373747.shtml HTTP/1.1" 200 72972 "-" "meta-externalagent/1.1 (+https://developers.facebook.com/docs/sharing/webmasters/crawler)"
57.141.0.67 - - [11/Mar/2026:08:36:08 -0400] "GET /shop/hypochondry/affiliable061618744509.shtml HTTP/1.1" 200 72972 "-" "meta-externalagent/1.1 (+https://developers.facebook.com/docs/sharing/webmasters/crawler)"
57.141.0.17 - - [11/Mar/2026:08:36:08 -0400] "GET /shop/rechis/ilestlouis043740799629.shtml HTTP/1.1" 200 72972 "-" "meta-externalagent/1.1 (+https://developers.facebook.com/docs/sharing/webmasters/crawler)"
57.141.0.58 - - [11/Mar/2026:08:36:08 -0400] "GET /shop/ligulas/grayer044055553122.shtml HTTP/1.1" 200 72972 "-" "meta-externalagent/1.1 (+https://developers.facebook.com/docs/sharing/webmasters/crawler)"
57.141.0.62 - - [11/Mar/2026:08:36:09 -0400] "GET /shop/appareling/semiphlogisticated04394050108.shtml HTTP/1.1" 200 72972 "-" "meta-externalagent/1.1 (+https://developers.facebook.com/docs/sharing/webmasters/crawler)"
74.7.242.60 - - [11/Mar/2026:08:36:05 -0400] "GET /search.php?detail/21503071073007 HTTP/1.1" 200 161093 "https://residenciassanantonio.com/search.php?detail/128043535466" "Mozilla/5.0 AppleWebKit/537.36 (KHTML, like Gecko; compatible; GPTBot/1.3; +https://openai.com/gptbot)"
57.141.0.41 - - [11/Mar/2026:08:36:10 -0400] "GET /shop/scramble/primordially022656140695.shtml HTTP/1.1" 200 72972 "-" "meta-externalagent/1.1 (+https://developers.facebook.com/docs/sharing/webmasters/crawler)"
57.141.0.38 - - [11/Mar/2026:08:36:10 -0400] "GET /shop/mandarin/thewed064066532360.shtml HTTP/1.1" 200 72972 "-" "meta-externalagent/1.1 (+https://developers.facebook.com/docs/sharing/webmasters/crawler)"
57.141.0.31 - - [11/Mar/2026:08:36:10 -0400] "GET /shop/dominant/nonmanufacturing043351439988.shtml HTTP/1.1" 200 72973 "-" "meta-externalagent/1.1 (+https://developers.facebook.com/docs/sharing/webmasters/crawler)"
57.141.0.23 - - [11/Mar/2026:08:36:11 -0400] "GET /shop/trimethyl/baculine052002637107.shtml HTTP/1.1" 200 72972 "-" "meta-externalagent/1.1 (+https://developers.facebook.com/docs/sharing/webmasters/crawler)"
57.141.0.64 - - [11/Mar/2026:08:36:11 -0400] "GET /shop/thermoelectrometer/electricus061160369231.shtml HTTP/1.1" 200 72972 "-" "meta-externalagent/1.1 (+https://developers.facebook.com/docs/sharing/webmasters/crawler)"
57.141.0.19 - - [11/Mar/2026:08:36:12 -0400] "GET /shop/compensation/pithsome041050746695.shtml HTTP/1.1" 200 72972 "-" "meta-externalagent/1.1 (+https://developers.facebook.com/docs/sharing/webmasters/crawler)"
57.141.0.50 - - [11/Mar/2026:08:36:12 -0400] "GET /shop/answerer/uptotheminute06799896316.shtml HTTP/1.1" 200 72972 "-" "meta-externalagent/1.1 (+https://developers.facebook.com/docs/sharing/webmasters/crawler)"
74.7.242.60 - - [11/Mar/2026:08:36:10 -0400] "GET /search.php?detail/03701090092180 HTTP/1.1" 200 161309 "https://residenciassanantonio.com/search.php?detail/128043535466" "Mozilla/5.0 AppleWebKit/537.36 (KHTML, like Gecko; compatible; GPTBot/1.3; +https://openai.com/gptbot)"
57.141.0.36 - - [11/Mar/2026:08:36:13 -0400] "GET /shop/bleated/bescatter052490121697.shtml HTTP/1.1" 200 72972 "-" "meta-externalagent/1.1 (+https://developers.facebook.com/docs/sharing/webmasters/crawler)"
57.141.0.49 - - [11/Mar/2026:08:36:13 -0400] "GET /shop/simnel/maulstick04301180190.shtml HTTP/1.1" 200 72972 "-" "meta-externalagent/1.1 (+https://developers.facebook.com/docs/sharing/webmasters/crawler)"
57.141.0.54 - - [11/Mar/2026:08:36:14 -0400] "GET /shop/confuting/retractile051702189774.shtml HTTP/1.1" 200 72972 "-" "meta-externalagent/1.1 (+https://developers.facebook.com/docs/sharing/webmasters/crawler)"
64.182.127.140 - - [11/Mar/2026:08:36:14 -0400] "POST /xmlrpc.php HTTP/1.1" 403 72972 "-" "Mozilla/5.0 (Windows NT 6.3; Win64; x64; Trident/7.0; Touch; MAARJS; rv:11.0) like Gecko"
57.141.0.24 - - [11/Mar/2026:08:36:14 -0400] "GET /shop/homebred/pinacoid053063792283.shtml HTTP/1.1" 200 72972 "-" "meta-externalagent/1.1 (+https://developers.facebook.com/docs/sharing/webmasters/crawler)"
57.141.0.10 - - [11/Mar/2026:08:36:15 -0400] "GET /shop/outreckon/euornithes052091489234.shtml HTTP/1.1" 200 72972 "-" "meta-externalagent/1.1 (+https://developers.facebook.com/docs/sharing/webmasters/crawler)"
57.141.0.13 - - [11/Mar/2026:08:36:16 -0400] "GET /shop/depolarize/caulomic043779051888.shtml HTTP/1.1" 200 72972 "-" "meta-externalagent/1.1 (+https://developers.facebook.com/docs/sharing/webmasters/crawler)"
57.141.0.23 - - [11/Mar/2026:08:36:15 -0400] "GET /shop/cursitor/instrumentalness063313891228.shtml HTTP/1.1" 200 72972 "-" "meta-externalagent/1.1 (+https://developers.facebook.com/docs/sharing/webmasters/crawler)"
64.182.127.140 - - [11/Mar/2026:08:36:16 -0400] "POST /xmlrpc.php HTTP/1.1" 403 72972 "-" "Mozilla/5.0 (Windows NT 6.3; Win64; x64; Trident/7.0; Touch; MAARJS; rv:11.0) like Gecko"
57.141.0.19 - - [11/Mar/2026:08:36:16 -0400] "GET /shop/belime/pattened063726651991.shtml HTTP/1.1" 200 72972 "-" "meta-externalagent/1.1 (+https://developers.facebook.com/docs/sharing/webmasters/crawler)"
57.141.0.71 - - [11/Mar/2026:08:36:17 -0400] "GET /shop/relaxed/attritional053471738107.shtml HTTP/1.1" 200 72972 "-" "meta-externalagent/1.1 (+https://developers.facebook.com/docs/sharing/webmasters/crawler)"
74.7.242.60 - - [11/Mar/2026:08:36:14 -0400] "GET /search.php?detail/0250029490644 HTTP/1.1" 200 157099 "https://residenciassanantonio.com/search.php?detail/05701156282263" "Mozilla/5.0 AppleWebKit/537.36 (KHTML, like Gecko; compatible; GPTBot/1.3; +https://openai.com/gptbot)"
57.141.0.53 - - [11/Mar/2026:08:36:17 -0400] "GET /shop/hyparterial/superadd06495834468.shtml HTTP/1.1" 200 72972 "-" "meta-externalagent/1.1 (+https://developers.facebook.com/docs/sharing/webmasters/crawler)"
57.141.0.57 - - [11/Mar/2026:08:36:18 -0400] "GET /shop/dibasic/platitudinize061212020629.shtml HTTP/1.1" 200 72972 "-" "meta-externalagent/1.1 (+https://developers.facebook.com/docs/sharing/webmasters/crawler)"
57.141.0.67 - - [11/Mar/2026:08:36:18 -0400] "GET /shop/scepsis/veining064056771712.shtml HTTP/1.1" 200 72972 "-" "meta-externalagent/1.1 (+https://developers.facebook.com/docs/sharing/webmasters/crawler)"
57.141.0.34 - - [11/Mar/2026:08:36:19 -0400] "GET /shop/homogene/vomitive062253625059.shtml HTTP/1.1" 200 72972 "-" "meta-externalagent/1.1 (+https://developers.facebook.com/docs/sharing/webmasters/crawler)"
57.141.0.34 - - [11/Mar/2026:08:36:19 -0400] "GET /shop/kingpost/longiroster063640596898.shtml HTTP/1.1" 200 72972 "-" "meta-externalagent/1.1 (+https://developers.facebook.com/docs/sharing/webmasters/crawler)"
57.141.0.70 - - [11/Mar/2026:08:36:20 -0400] "GET /shop/tarheel/scornfully041615493069.shtml HTTP/1.1" 200 72972 "-" "meta-externalagent/1.1 (+https://developers.facebook.com/docs/sharing/webmasters/crawler)"
64.182.127.140 - - [11/Mar/2026:08:36:20 -0400] "POST /xmlrpc.php HTTP/1.1" 403 72972 "-" "Mozilla/5.0 (Windows NT 6.3; Win64; x64; Trident/7.0; Touch; MAARJS; rv:11.0) like Gecko"
74.7.242.60 - - [11/Mar/2026:08:36:18 -0400] "GET /search.php?detail/1290121615521 HTTP/1.1" 200 157586 "https://residenciassanantonio.com/search.php?detail/1290403159485" "Mozilla/5.0 AppleWebKit/537.36 (KHTML, like Gecko; compatible; GPTBot/1.3; +https://openai.com/gptbot)"
57.141.0.54 - - [11/Mar/2026:08:36:20 -0400] "GET /shop/swaggy/nelumbo042776151106.shtml HTTP/1.1" 200 72972 "-" "meta-externalagent/1.1 (+https://developers.facebook.com/docs/sharing/webmasters/crawler)"
57.141.0.19 - - [11/Mar/2026:08:36:21 -0400] "GET /shop/quartane/trapes05274471492.shtml HTTP/1.1" 200 72972 "-" "meta-externalagent/1.1 (+https://developers.facebook.com/docs/sharing/webmasters/crawler)"
57.141.0.70 - - [11/Mar/2026:08:36:21 -0400] "GET /shop/shatterbrained/songish043397658302.shtml HTTP/1.1" 200 72972 "-" "meta-externalagent/1.1 (+https://developers.facebook.com/docs/sharing/webmasters/crawler)"
57.141.0.12 - - [11/Mar/2026:08:36:22 -0400] "GET /shop/cheoplasty/dejecting063526302762.shtml HTTP/1.1" 200 72972 "-" "meta-externalagent/1.1 (+https://developers.facebook.com/docs/sharing/webmasters/crawler)"
57.141.0.32 - - [11/Mar/2026:08:36:23 -0400] "GET /shop/perspectograph/aspersively06712762594.shtml HTTP/1.1" 200 72972 "-" "meta-externalagent/1.1 (+https://developers.facebook.com/docs/sharing/webmasters/crawler)"
57.141.0.19 - - [11/Mar/2026:08:36:23 -0400] "GET /shop/pilotage/needscost063975605383.shtml HTTP/1.1" 200 72972 "-" "meta-externalagent/1.1 (+https://developers.facebook.com/docs/sharing/webmasters/crawler)"
57.141.0.53 - - [11/Mar/2026:08:36:23 -0400] "GET /shop/solve/consumptively04138112258.shtml HTTP/1.1" 200 72972 "-" "meta-externalagent/1.1 (+https://developers.facebook.com/docs/sharing/webmasters/crawler)"
57.141.0.53 - - [11/Mar/2026:08:36:24 -0400] "GET /shop/steamship/depaint051125892563.shtml HTTP/1.1" 200 72972 "-" "meta-externalagent/1.1 (+https://developers.facebook.com/docs/sharing/webmasters/crawler)"
74.7.242.60 - - [11/Mar/2026:08:36:21 -0400] "GET /search.php?detail/0510126384458 HTTP/1.1" 200 167532 "https://residenciassanantonio.com/search.php?detail/02600939741364" "Mozilla/5.0 AppleWebKit/537.36 (KHTML, like Gecko; compatible; GPTBot/1.3; +https://openai.com/gptbot)"
