57.141.0.10 - - [11/Mar/2026:08:17:22 -0400] "GET /shop/spouting/culminal04183918585.shtml HTTP/1.1" 200 72972 "-" "meta-externalagent/1.1 (+https://developers.facebook.com/docs/sharing/webmasters/crawler)"
57.141.0.70 - - [11/Mar/2026:08:17:23 -0400] "GET /shop/profound/takehome063115497237.shtml HTTP/1.1" 200 72972 "-" "meta-externalagent/1.1 (+https://developers.facebook.com/docs/sharing/webmasters/crawler)"
144.91.119.214 - - [11/Mar/2026:08:17:23 -0400] "GET /wp-login.php HTTP/1.1" 403 72972 "-" "Mozilla/5.0 (Macintosh; Intel Mac OS X 10_15_7) AppleWebKit/537.36 (KHTML, like Gecko) Chrome/120.0.0.0 Safari/537.36"
57.141.0.63 - - [11/Mar/2026:08:17:24 -0400] "GET /shop/etcher/turnus022677081878.shtml HTTP/1.1" 200 72972 "-" "meta-externalagent/1.1 (+https://developers.facebook.com/docs/sharing/webmasters/crawler)"
144.91.119.214 - - [11/Mar/2026:08:17:24 -0400] "POST /wp-login.php HTTP/1.1" 403 72972 "https://www.residenciassanantonio.com/wp-login.php" "Mozilla/5.0 (Windows NT 10.0; Win64; x64) AppleWebKit/537.36 (KHTML, like Gecko) Chrome/120.0.0.0 Safari/537.36"
57.141.0.19 - - [11/Mar/2026:08:17:24 -0400] "GET /shop/goarish/otter042597743211.shtml HTTP/1.1" 200 72972 "-" "meta-externalagent/1.1 (+https://developers.facebook.com/docs/sharing/webmasters/crawler)"
57.141.0.19 - - [11/Mar/2026:08:17:25 -0400] "GET /shop/togated/mucid04622260130.shtml HTTP/1.1" 200 72972 "-" "meta-externalagent/1.1 (+https://developers.facebook.com/docs/sharing/webmasters/crawler)"
144.91.119.214 - - [11/Mar/2026:08:17:24 -0400] "POST /wp-login.php HTTP/1.1" 403 72972 "https://www.residenciassanantonio.com/wp-login.php" "Mozilla/5.0 (Windows NT 10.0; Win64; x64) AppleWebKit/537.36 (KHTML, like Gecko) Chrome/120.0.0.0 Safari/537.36"
57.141.0.67 - - [11/Mar/2026:08:17:25 -0400] "GET /shop/alveolary/enlargedly042395467417.shtml HTTP/1.1" 200 72973 "-" "meta-externalagent/1.1 (+https://developers.facebook.com/docs/sharing/webmasters/crawler)"
57.141.0.19 - - [11/Mar/2026:08:17:25 -0400] "GET /shop/dayandnight/crotonylene041647535144.shtml HTTP/1.1" 200 72972 "-" "meta-externalagent/1.1 (+https://developers.facebook.com/docs/sharing/webmasters/crawler)"
144.91.119.214 - - [11/Mar/2026:08:17:25 -0400] "POST /wp-login.php HTTP/1.1" 403 72972 "https://www.residenciassanantonio.com/wp-login.php" "Mozilla/5.0 (Windows NT 10.0; Win64; x64) AppleWebKit/537.36 (KHTML, like Gecko) Chrome/120.0.0.0 Safari/537.36"
74.7.242.60 - - [11/Mar/2026:08:17:23 -0400] "GET /search.php?detail/06703025425768 HTTP/1.1" 200 167003 "https://residenciassanantonio.com/search.php?detail/067006658888" "Mozilla/5.0 AppleWebKit/537.36 (KHTML, like Gecko; compatible; GPTBot/1.3; +https://openai.com/gptbot)"
57.141.0.17 - - [11/Mar/2026:08:17:26 -0400] "GET /shop/enthronement/mocked05319127663.shtml HTTP/1.1" 200 72972 "-" "meta-externalagent/1.1 (+https://developers.facebook.com/docs/sharing/webmasters/crawler)"
57.141.0.65 - - [11/Mar/2026:08:17:26 -0400] "GET /shop/dockcress/trended041055990599.shtml HTTP/1.1" 200 72972 "-" "meta-externalagent/1.1 (+https://developers.facebook.com/docs/sharing/webmasters/crawler)"
144.91.119.214 - - [11/Mar/2026:08:17:26 -0400] "GET /wp-login.php HTTP/1.1" 403 72972 "-" "Mozilla/5.0 (Windows NT 11.0; Win64; x64) AppleWebKit/537.36 (KHTML, like Gecko) Chrome/121.0.0.0 Safari/537.36"
144.91.119.214 - - [11/Mar/2026:08:17:27 -0400] "POST /wp-login.php HTTP/1.1" 403 72972 "https://www.residenciassanantonio.com/wp-login.php" "Mozilla/5.0 (Windows NT 10.0; Win64; x64; rv:121.0) Gecko/20100101 Firefox/121.0"
57.141.0.60 - - [11/Mar/2026:08:17:27 -0400] "GET /shop/preputial/disadvantageable042834519134.shtml HTTP/1.1" 200 72972 "-" "meta-externalagent/1.1 (+https://developers.facebook.com/docs/sharing/webmasters/crawler)"
57.141.0.49 - - [11/Mar/2026:08:17:28 -0400] "GET /shop/tribunate/victualled061506902176.shtml HTTP/1.1" 200 72972 "-" "meta-externalagent/1.1 (+https://developers.facebook.com/docs/sharing/webmasters/crawler)"
144.91.119.214 - - [11/Mar/2026:08:17:28 -0400] "POST /wp-login.php HTTP/1.1" 403 72972 "https://www.residenciassanantonio.com/wp-login.php" "Mozilla/5.0 (Windows NT 10.0; Win64; x64; rv:121.0) Gecko/20100101 Firefox/121.0"
57.141.0.49 - - [11/Mar/2026:08:17:28 -0400] "GET /shop/warmhearted/inspan0446690718.shtml HTTP/1.1" 200 72972 "-" "meta-externalagent/1.1 (+https://developers.facebook.com/docs/sharing/webmasters/crawler)"
57.141.0.17 - - [11/Mar/2026:08:17:29 -0400] "GET /shop/bonfire/dissatisfactoriness041455470506.shtml HTTP/1.1" 200 72972 "-" "meta-externalagent/1.1 (+https://developers.facebook.com/docs/sharing/webmasters/crawler)"
144.91.119.214 - - [11/Mar/2026:08:17:29 -0400] "POST /wp-login.php HTTP/1.1" 403 72972 "https://www.residenciassanantonio.com/wp-login.php" "Mozilla/5.0 (Windows NT 10.0; Win64; x64; rv:121.0) Gecko/20100101 Firefox/121.0"
57.141.0.40 - - [11/Mar/2026:08:17:29 -0400] "GET /shop/repetitious/pitsaw061163138085.shtml HTTP/1.1" 200 72972 "-" "meta-externalagent/1.1 (+https://developers.facebook.com/docs/sharing/webmasters/crawler)"
144.91.119.214 - - [11/Mar/2026:08:17:30 -0400] "GET /wp-login.php HTTP/1.1" 403 72972 "-" "Mozilla/5.0 (Windows NT 10.0; Win64; x64; rv:121.0) Gecko/20100101 Firefox/121.0"
57.141.0.42 - - [11/Mar/2026:08:17:29 -0400] "GET /shop/nondecane/bottlenose063223510212.shtml HTTP/1.1" 200 72972 "-" "meta-externalagent/1.1 (+https://developers.facebook.com/docs/sharing/webmasters/crawler)"
57.141.0.50 - - [11/Mar/2026:08:17:30 -0400] "GET /shop/deviless/actinopoda023958658631.shtml HTTP/1.1" 200 72972 "-" "meta-externalagent/1.1 (+https://developers.facebook.com/docs/sharing/webmasters/crawler)"
144.91.119.214 - - [11/Mar/2026:08:17:30 -0400] "POST /wp-login.php HTTP/1.1" 403 72972 "https://www.residenciassanantonio.com/wp-login.php" "Mozilla/5.0 (Windows NT 10.0; Win64; x64; rv:121.0) Gecko/20100101 Firefox/121.0"
74.7.242.60 - - [11/Mar/2026:08:17:27 -0400] "GET /search.php?detail/135048847509 HTTP/1.1" 200 160230 "https://residenciassanantonio.com/search.php?detail/135048856491" "Mozilla/5.0 AppleWebKit/537.36 (KHTML, like Gecko; compatible; GPTBot/1.3; +https://openai.com/gptbot)"
144.91.119.214 - - [11/Mar/2026:08:17:31 -0400] "POST /wp-login.php HTTP/1.1" 403 72972 "https://www.residenciassanantonio.com/wp-login.php" "Mozilla/5.0 (Windows NT 10.0; Win64; x64; rv:121.0) Gecko/20100101 Firefox/121.0"
57.141.0.5 - - [11/Mar/2026:08:17:30 -0400] "GET /shop/endorhizal/intercommunity06877343608.shtml HTTP/1.1" 200 72972 "-" "meta-externalagent/1.1 (+https://developers.facebook.com/docs/sharing/webmasters/crawler)"
57.141.0.42 - - [11/Mar/2026:08:17:31 -0400] "GET /shop/syllabically/lardry05618306884.shtml HTTP/1.1" 200 72972 "-" "meta-externalagent/1.1 (+https://developers.facebook.com/docs/sharing/webmasters/crawler)"
144.91.119.214 - - [11/Mar/2026:08:17:31 -0400] "POST /wp-login.php HTTP/1.1" 403 72972 "https://www.residenciassanantonio.com/wp-login.php" "Mozilla/5.0 (Windows NT 10.0; Win64; x64; rv:121.0) Gecko/20100101 Firefox/121.0"
57.141.0.28 - - [11/Mar/2026:08:17:31 -0400] "GET /shop/synonymally/telegu043915171090.shtml HTTP/1.1" 200 72972 "-" "meta-externalagent/1.1 (+https://developers.facebook.com/docs/sharing/webmasters/crawler)"
144.91.119.214 - - [11/Mar/2026:08:17:32 -0400] "GET /wp-login.php HTTP/1.1" 403 72972 "-" "Mozilla/5.0 (Windows NT 11.0; Win64; x64) AppleWebKit/537.36 (KHTML, like Gecko) Chrome/121.0.0.0 Safari/537.36"
57.141.0.19 - - [11/Mar/2026:08:17:32 -0400] "GET /shop/ethule/abluent01294114724.shtml HTTP/1.1" 200 72972 "-" "meta-externalagent/1.1 (+https://developers.facebook.com/docs/sharing/webmasters/crawler)"
57.141.0.70 - - [11/Mar/2026:08:17:32 -0400] "GET /shop/angiomatous/weirangle043283752605.shtml HTTP/1.1" 200 72972 "-" "meta-externalagent/1.1 (+https://developers.facebook.com/docs/sharing/webmasters/crawler)"
144.91.119.214 - - [11/Mar/2026:08:17:32 -0400] "POST /wp-login.php HTTP/1.1" 403 72972 "https://www.residenciassanantonio.com/wp-login.php" "Mozilla/5.0 (X11; Linux x86_64) AppleWebKit/537.36 (KHTML, like Gecko) Chrome/120.0.0.0 Safari/537.36"
57.141.0.43 - - [11/Mar/2026:08:17:33 -0400] "GET /shop/tickleness/stouthearted06745831908.shtml HTTP/1.1" 200 72972 "-" "meta-externalagent/1.1 (+https://developers.facebook.com/docs/sharing/webmasters/crawler)"
144.91.119.214 - - [11/Mar/2026:08:17:33 -0400] "POST /wp-login.php HTTP/1.1" 403 72972 "https://www.residenciassanantonio.com/wp-login.php" "Mozilla/5.0 (X11; Linux x86_64) AppleWebKit/537.36 (KHTML, like Gecko) Chrome/120.0.0.0 Safari/537.36"
57.141.0.13 - - [11/Mar/2026:08:17:34 -0400] "GET /shop/unweariedness/chamaecyparis052893657224.shtml HTTP/1.1" 200 72972 "-" "meta-externalagent/1.1 (+https://developers.facebook.com/docs/sharing/webmasters/crawler)"
74.7.242.60 - - [11/Mar/2026:08:17:31 -0400] "GET /search.php?detail/040040187544 HTTP/1.1" 200 160269 "https://residenciassanantonio.com/search.php?detail/135048856491" "Mozilla/5.0 AppleWebKit/537.36 (KHTML, like Gecko; compatible; GPTBot/1.3; +https://openai.com/gptbot)"
57.141.0.49 - - [11/Mar/2026:08:17:34 -0400] "GET /shop/survivorship/dribber05952728188.shtml HTTP/1.1" 200 72972 "-" "meta-externalagent/1.1 (+https://developers.facebook.com/docs/sharing/webmasters/crawler)"
144.91.119.214 - - [11/Mar/2026:08:17:34 -0400] "POST /wp-login.php HTTP/1.1" 403 72972 "https://www.residenciassanantonio.com/wp-login.php" "Mozilla/5.0 (X11; Linux x86_64) AppleWebKit/537.36 (KHTML, like Gecko) Chrome/120.0.0.0 Safari/537.36"
57.141.0.7 - - [11/Mar/2026:08:17:35 -0400] "GET /shop/injurie/demeaning02707598937.shtml HTTP/1.1" 200 72972 "-" "meta-externalagent/1.1 (+https://developers.facebook.com/docs/sharing/webmasters/crawler)"
144.91.119.214 - - [11/Mar/2026:08:17:35 -0400] "GET /wp-login.php HTTP/1.1" 403 72972 "-" "Mozilla/5.0 (Windows NT 10.0; Win64; x64) AppleWebKit/537.36 (KHTML, like Gecko) Chrome/120.0.0.0 Safari/537.36"
57.141.0.51 - - [11/Mar/2026:08:17:35 -0400] "GET /shop/fulleries/rhynchotis06506795.shtml HTTP/1.1" 200 72972 "-" "meta-externalagent/1.1 (+https://developers.facebook.com/docs/sharing/webmasters/crawler)"
57.141.0.71 - - [11/Mar/2026:08:17:35 -0400] "GET /shop/poltfoot/delightless052961999013.shtml HTTP/1.1" 200 72972 "-" "meta-externalagent/1.1 (+https://developers.facebook.com/docs/sharing/webmasters/crawler)"
57.141.0.55 - - [11/Mar/2026:08:17:36 -0400] "GET /shop/prescriptible/reorder06649617816.shtml HTTP/1.1" 200 72972 "-" "meta-externalagent/1.1 (+https://developers.facebook.com/docs/sharing/webmasters/crawler)"
144.91.119.214 - - [11/Mar/2026:08:17:36 -0400] "POST /wp-login.php HTTP/1.1" 403 72972 "https://www.residenciassanantonio.com/wp-login.php" "Mozilla/5.0 (Windows NT 11.0; Win64; x64) AppleWebKit/537.36 (KHTML, like Gecko) Chrome/121.0.0.0 Safari/537.36"
57.141.0.4 - - [11/Mar/2026:08:17:36 -0400] "GET /shop/gerontocracy/phosphate042868355978.shtml HTTP/1.1" 200 72972 "-" "meta-externalagent/1.1 (+https://developers.facebook.com/docs/sharing/webmasters/crawler)"
74.7.242.60 - - [11/Mar/2026:08:17:35 -0400] "GET /search.php?detail/2210408421324 HTTP/1.1" 200 160488 "https://residenciassanantonio.com/search.php?detail/135048856491" "Mozilla/5.0 AppleWebKit/537.36 (KHTML, like Gecko; compatible; GPTBot/1.3; +https://openai.com/gptbot)"
57.141.0.37 - - [11/Mar/2026:08:17:37 -0400] "GET /shop/hydrosulphate/machiavellian041697938383.shtml HTTP/1.1" 200 72972 "-" "meta-externalagent/1.1 (+https://developers.facebook.com/docs/sharing/webmasters/crawler)"
144.91.119.214 - - [11/Mar/2026:08:17:37 -0400] "POST /wp-login.php HTTP/1.1" 403 72972 "https://www.residenciassanantonio.com/wp-login.php" "Mozilla/5.0 (Windows NT 11.0; Win64; x64) AppleWebKit/537.36 (KHTML, like Gecko) Chrome/121.0.0.0 Safari/537.36"
57.141.0.7 - - [11/Mar/2026:08:17:38 -0400] "GET /shop/assumed/vesiculitis05877704886.shtml HTTP/1.1" 200 72972 "-" "meta-externalagent/1.1 (+https://developers.facebook.com/docs/sharing/webmasters/crawler)"
144.91.119.214 - - [11/Mar/2026:08:17:38 -0400] "POST /wp-login.php HTTP/1.1" 403 72972 "https://www.residenciassanantonio.com/wp-login.php" "Mozilla/5.0 (Windows NT 11.0; Win64; x64) AppleWebKit/537.36 (KHTML, like Gecko) Chrome/121.0.0.0 Safari/537.36"
57.141.0.9 - - [11/Mar/2026:08:17:38 -0400] "GET /shop/inexpiable/thill043454057153.shtml HTTP/1.1" 200 72972 "-" "meta-externalagent/1.1 (+https://developers.facebook.com/docs/sharing/webmasters/crawler)"
144.91.119.214 - - [11/Mar/2026:08:17:38 -0400] "GET /wp-login.php HTTP/1.1" 403 72972 "-" "Mozilla/5.0 (Windows NT 10.0; Win64; x64) AppleWebKit/537.36 (KHTML, like Gecko) Chrome/120.0.0.0 Safari/537.36"
57.141.0.44 - - [11/Mar/2026:08:17:38 -0400] "GET /shop/limpsy/bellbird052496866456.shtml HTTP/1.1" 200 72972 "-" "meta-externalagent/1.1 (+https://developers.facebook.com/docs/sharing/webmasters/crawler)"
144.91.119.214 - - [11/Mar/2026:08:17:39 -0400] "POST /wp-login.php HTTP/1.1" 403 72972 "https://www.residenciassanantonio.com/wp-login.php" "Mozilla/5.0 (X11; Linux x86_64) AppleWebKit/537.36 (KHTML, like Gecko) Chrome/120.0.0.0 Safari/537.36"
57.141.0.37 - - [11/Mar/2026:08:17:39 -0400] "GET /shop/exacting/undertenant04553464414.shtml HTTP/1.1" 200 72972 "-" "meta-externalagent/1.1 (+https://developers.facebook.com/docs/sharing/webmasters/crawler)"
57.141.0.60 - - [11/Mar/2026:08:17:40 -0400] "GET /shop/markman/counsellor06285815724.shtml HTTP/1.1" 200 72972 "-" "meta-externalagent/1.1 (+https://developers.facebook.com/docs/sharing/webmasters/crawler)"
144.91.119.214 - - [11/Mar/2026:08:17:40 -0400] "POST /wp-login.php HTTP/1.1" 403 72972 "https://www.residenciassanantonio.com/wp-login.php" "Mozilla/5.0 (X11; Linux x86_64) AppleWebKit/537.36 (KHTML, like Gecko) Chrome/120.0.0.0 Safari/537.36"
57.141.0.26 - - [11/Mar/2026:08:17:40 -0400] "GET /shop/harlequinade/profitableness063181145719.shtml HTTP/1.1" 200 72973 "-" "meta-externalagent/1.1 (+https://developers.facebook.com/docs/sharing/webmasters/crawler)"
144.91.119.214 - - [11/Mar/2026:08:17:41 -0400] "POST /wp-login.php HTTP/1.1" 403 72972 "https://www.residenciassanantonio.com/wp-login.php" "Mozilla/5.0 (X11; Linux x86_64) AppleWebKit/537.36 (KHTML, like Gecko) Chrome/120.0.0.0 Safari/537.36"
57.141.0.11 - - [11/Mar/2026:08:17:40 -0400] "GET /shop/predominant/hypophosphorous06194223266.shtml HTTP/1.1" 200 72972 "-" "meta-externalagent/1.1 (+https://developers.facebook.com/docs/sharing/webmasters/crawler)"
144.91.119.214 - - [11/Mar/2026:08:17:41 -0400] "GET /wp-login.php HTTP/1.1" 403 72972 "-" "Mozilla/5.0 (Windows NT 10.0; Win64; x64) AppleWebKit/537.36 (KHTML, like Gecko) Chrome/120.0.0.0 Safari/537.36"
57.141.0.48 - - [11/Mar/2026:08:17:41 -0400] "GET /shop/distillable/jasminum064281130099.shtml HTTP/1.1" 200 72972 "-" "meta-externalagent/1.1 (+https://developers.facebook.com/docs/sharing/webmasters/crawler)"
57.141.0.27 - - [11/Mar/2026:08:17:41 -0400] "GET /shop/ingratiatory/flautist063486829677.shtml HTTP/1.1" 200 72972 "-" "meta-externalagent/1.1 (+https://developers.facebook.com/docs/sharing/webmasters/crawler)"
66.249.74.166 - - [11/Mar/2026:08:17:41 -0400] "GET /?goods/116038158 HTTP/1.1" 200 213685 "-" "Mozilla/5.0 (Linux; Android 6.0.1; Nexus 5X Build/MMB29P) AppleWebKit/537.36 (KHTML, like Gecko) Chrome/145.0.7632.116 Mobile Safari/537.36 (compatible; Googlebot/2.1; +http://www.google.com/bot.html)"
57.141.0.55 - - [11/Mar/2026:08:17:42 -0400] "GET /shop/marginicidal/unshrubbed054060694845.shtml HTTP/1.1" 200 72972 "-" "meta-externalagent/1.1 (+https://developers.facebook.com/docs/sharing/webmasters/crawler)"
144.91.119.214 - - [11/Mar/2026:08:17:42 -0400] "POST /wp-login.php HTTP/1.1" 403 72972 "https://www.residenciassanantonio.com/wp-login.php" "Mozilla/5.0 (Windows NT 10.0; Win64; x64; rv:121.0) Gecko/20100101 Firefox/121.0"
57.141.0.70 - - [11/Mar/2026:08:17:43 -0400] "GET /shop/systematology/confutable041281065374.shtml HTTP/1.1" 200 72972 "-" "meta-externalagent/1.1 (+https://developers.facebook.com/docs/sharing/webmasters/crawler)"
144.91.119.214 - - [11/Mar/2026:08:17:43 -0400] "POST /wp-login.php HTTP/1.1" 403 72972 "https://www.residenciassanantonio.com/wp-login.php" "Mozilla/5.0 (Windows NT 10.0; Win64; x64; rv:121.0) Gecko/20100101 Firefox/121.0"
57.141.0.22 - - [11/Mar/2026:08:17:43 -0400] "GET /shop/gonophore/lixivial041619988712.shtml HTTP/1.1" 200 72972 "-" "meta-externalagent/1.1 (+https://developers.facebook.com/docs/sharing/webmasters/crawler)"
74.7.242.60 - - [11/Mar/2026:08:17:38 -0400] "GET /search.php?detail/017002785111 HTTP/1.1" 200 171013 "https://residenciassanantonio.com/search.php?detail/01700278943892" "Mozilla/5.0 AppleWebKit/537.36 (KHTML, like Gecko; compatible; GPTBot/1.3; +https://openai.com/gptbot)"
57.141.0.17 - - [11/Mar/2026:08:17:44 -0400] "GET /shop/secretion/heterogeneously021464649770.shtml HTTP/1.1" 200 72972 "-" "meta-externalagent/1.1 (+https://developers.facebook.com/docs/sharing/webmasters/crawler)"
57.141.0.23 - - [11/Mar/2026:08:17:44 -0400] "GET /shop/flocculate/pneumometry041339992276.shtml HTTP/1.1" 200 72972 "-" "meta-externalagent/1.1 (+https://developers.facebook.com/docs/sharing/webmasters/crawler)"
144.91.119.214 - - [11/Mar/2026:08:17:44 -0400] "POST /wp-login.php HTTP/1.1" 403 72972 "https://www.residenciassanantonio.com/wp-login.php" "Mozilla/5.0 (Windows NT 10.0; Win64; x64; rv:121.0) Gecko/20100101 Firefox/121.0"
57.141.0.19 - - [11/Mar/2026:08:17:44 -0400] "GET /shop/exacerbation/jagghery043584231911.shtml HTTP/1.1" 200 72972 "-" "meta-externalagent/1.1 (+https://developers.facebook.com/docs/sharing/webmasters/crawler)"
57.141.0.14 - - [11/Mar/2026:08:17:45 -0400] "GET /shop/anamorphosis/beardie063919897334.shtml HTTP/1.1" 200 72972 "-" "meta-externalagent/1.1 (+https://developers.facebook.com/docs/sharing/webmasters/crawler)"
144.91.119.214 - - [11/Mar/2026:08:17:45 -0400] "GET /wp-login.php HTTP/1.1" 403 72972 "-" "Mozilla/5.0 (Macintosh; Intel Mac OS X 10_15_7) AppleWebKit/537.36 (KHTML, like Gecko) Chrome/120.0.0.0 Safari/537.36"
57.141.0.22 - - [11/Mar/2026:08:17:46 -0400] "GET /shop/unfurnished/dichroiscope04503417415.shtml HTTP/1.1" 200 72972 "-" "meta-externalagent/1.1 (+https://developers.facebook.com/docs/sharing/webmasters/crawler)"
144.91.119.214 - - [11/Mar/2026:08:17:46 -0400] "POST /wp-login.php HTTP/1.1" 403 72972 "https://www.residenciassanantonio.com/wp-login.php" "Mozilla/5.0 (Macintosh; Intel Mac OS X 10_15_7) AppleWebKit/537.36 (KHTML, like Gecko) Chrome/120.0.0.0 Safari/537.36"
57.141.0.18 - - [11/Mar/2026:08:17:46 -0400] "GET /shop/seemer/occasioned043629169360.shtml HTTP/1.1" 200 72972 "-" "meta-externalagent/1.1 (+https://developers.facebook.com/docs/sharing/webmasters/crawler)"
74.7.242.60 - - [11/Mar/2026:08:17:44 -0400] "GET /search.php?detail/151041539556 HTTP/1.1" 200 158171 "https://residenciassanantonio.com/search.php?detail/1930243652477" "Mozilla/5.0 AppleWebKit/537.36 (KHTML, like Gecko; compatible; GPTBot/1.3; +https://openai.com/gptbot)"
57.141.0.66 - - [11/Mar/2026:08:17:46 -0400] "GET /shop/crocheting/thermotherapy04637150133.shtml HTTP/1.1" 200 72972 "-" "meta-externalagent/1.1 (+https://developers.facebook.com/docs/sharing/webmasters/crawler)"
144.91.119.214 - - [11/Mar/2026:08:17:46 -0400] "POST /wp-login.php HTTP/1.1" 403 72972 "https://www.residenciassanantonio.com/wp-login.php" "Mozilla/5.0 (Macintosh; Intel Mac OS X 10_15_7) AppleWebKit/537.36 (KHTML, like Gecko) Chrome/120.0.0.0 Safari/537.36"
144.91.119.214 - - [11/Mar/2026:08:17:47 -0400] "POST /wp-login.php HTTP/1.1" 403 72972 "https://www.residenciassanantonio.com/wp-login.php" "Mozilla/5.0 (Macintosh; Intel Mac OS X 10_15_7) AppleWebKit/537.36 (KHTML, like Gecko) Chrome/120.0.0.0 Safari/537.36"
57.141.0.2 - - [11/Mar/2026:08:17:47 -0400] "GET /shop/sputation/january021193724713.shtml HTTP/1.1" 200 72972 "-" "meta-externalagent/1.1 (+https://developers.facebook.com/docs/sharing/webmasters/crawler)"
57.141.0.3 - - [11/Mar/2026:08:17:48 -0400] "GET /shop/polysynthesis/leaders022930808818.shtml HTTP/1.1" 200 72972 "-" "meta-externalagent/1.1 (+https://developers.facebook.com/docs/sharing/webmasters/crawler)"
57.141.0.67 - - [11/Mar/2026:08:17:48 -0400] "GET /shop/shorthead/sismograph02529266853.shtml HTTP/1.1" 200 72972 "-" "meta-externalagent/1.1 (+https://developers.facebook.com/docs/sharing/webmasters/crawler)"
144.91.119.214 - - [11/Mar/2026:08:17:48 -0400] "GET /wp-login.php HTTP/1.1" 403 72972 "-" "Mozilla/5.0 (Windows NT 10.0; Win64; x64) AppleWebKit/537.36 (KHTML, like Gecko) Chrome/120.0.0.0 Safari/537.36"
57.141.0.71 - - [11/Mar/2026:08:17:48 -0400] "GET /shop/twined/dhurra023878142926.shtml HTTP/1.1" 200 72972 "-" "meta-externalagent/1.1 (+https://developers.facebook.com/docs/sharing/webmasters/crawler)"
144.91.119.214 - - [11/Mar/2026:08:17:49 -0400] "POST /wp-login.php HTTP/1.1" 403 72972 "https://www.residenciassanantonio.com/wp-login.php" "Mozilla/5.0 (Windows NT 11.0; Win64; x64) AppleWebKit/537.36 (KHTML, like Gecko) Chrome/121.0.0.0 Safari/537.36"
144.91.119.214 - - [11/Mar/2026:08:17:49 -0400] "POST /wp-login.php HTTP/1.1" 403 72972 "https://www.residenciassanantonio.com/wp-login.php" "Mozilla/5.0 (Windows NT 11.0; Win64; x64) AppleWebKit/537.36 (KHTML, like Gecko) Chrome/121.0.0.0 Safari/537.36"
57.141.0.17 - - [11/Mar/2026:08:17:49 -0400] "GET /shop/calibration/gynandromorphism022826149226.shtml HTTP/1.1" 200 72972 "-" "meta-externalagent/1.1 (+https://developers.facebook.com/docs/sharing/webmasters/crawler)"
144.91.119.214 - - [11/Mar/2026:08:17:50 -0400] "POST /wp-login.php HTTP/1.1" 403 72972 "https://www.residenciassanantonio.com/wp-login.php" "Mozilla/5.0 (Windows NT 11.0; Win64; x64) AppleWebKit/537.36 (KHTML, like Gecko) Chrome/121.0.0.0 Safari/537.36"
57.141.0.1 - - [11/Mar/2026:08:17:50 -0400] "GET /shop/explain/macedon022508464852.shtml HTTP/1.1" 200 72972 "-" "meta-externalagent/1.1 (+https://developers.facebook.com/docs/sharing/webmasters/crawler)"
74.7.242.60 - - [11/Mar/2026:08:17:47 -0400] "GET /search.php?detail/162020351516 HTTP/1.1" 200 155623 "https://residenciassanantonio.com/search.php?detail/1620398057198" "Mozilla/5.0 AppleWebKit/537.36 (KHTML, like Gecko; compatible; GPTBot/1.3; +https://openai.com/gptbot)"
57.141.0.63 - - [11/Mar/2026:08:17:50 -0400] "GET /shop/saturation/forming022623465158.shtml HTTP/1.1" 200 72972 "-" "meta-externalagent/1.1 (+https://developers.facebook.com/docs/sharing/webmasters/crawler)"
144.91.119.214 - - [11/Mar/2026:08:17:50 -0400] "GET /wp-login.php HTTP/1.1" 403 72972 "-" "Mozilla/5.0 (Macintosh; Intel Mac OS X 10_15_7) AppleWebKit/537.36 (KHTML, like Gecko) Chrome/120.0.0.0 Safari/537.36"
57.141.0.30 - - [11/Mar/2026:08:17:51 -0400] "GET /shop/misread/adread021056134564.shtml HTTP/1.1" 200 72972 "-" "meta-externalagent/1.1 (+https://developers.facebook.com/docs/sharing/webmasters/crawler)"
57.141.0.14 - - [11/Mar/2026:08:17:51 -0400] "GET /shop/declaratively/melene023823370630.shtml HTTP/1.1" 200 72972 "-" "meta-externalagent/1.1 (+https://developers.facebook.com/docs/sharing/webmasters/crawler)"
144.91.119.214 - - [11/Mar/2026:08:17:52 -0400] "POST /wp-login.php HTTP/1.1" 403 72972 "https://www.residenciassanantonio.com/wp-login.php" "Mozilla/5.0 (Macintosh; Intel Mac OS X 10_15_7) AppleWebKit/537.36 (KHTML, like Gecko) Chrome/120.0.0.0 Safari/537.36"
57.141.0.48 - - [11/Mar/2026:08:17:52 -0400] "GET /shop/redstart/loups022940886783.shtml HTTP/1.1" 200 72972 "-" "meta-externalagent/1.1 (+https://developers.facebook.com/docs/sharing/webmasters/crawler)"
57.141.0.23 - - [11/Mar/2026:08:17:52 -0400] "GET /shop/consilience/cotyla021177390248.shtml HTTP/1.1" 200 72972 "-" "meta-externalagent/1.1 (+https://developers.facebook.com/docs/sharing/webmasters/crawler)"
144.91.119.214 - - [11/Mar/2026:08:17:52 -0400] "POST /wp-login.php HTTP/1.1" 403 72972 "https://www.residenciassanantonio.com/wp-login.php" "Mozilla/5.0 (Macintosh; Intel Mac OS X 10_15_7) AppleWebKit/537.36 (KHTML, like Gecko) Chrome/120.0.0.0 Safari/537.36"
57.141.0.71 - - [11/Mar/2026:08:17:52 -0400] "GET /shop/grenadier/thoroughwort021493094409.shtml HTTP/1.1" 200 72972 "-" "meta-externalagent/1.1 (+https://developers.facebook.com/docs/sharing/webmasters/crawler)"
57.141.0.19 - - [11/Mar/2026:08:17:53 -0400] "GET /shop/modernizer/misplacement021988354425.shtml HTTP/1.1" 200 72972 "-" "meta-externalagent/1.1 (+https://developers.facebook.com/docs/sharing/webmasters/crawler)"
144.91.119.214 - - [11/Mar/2026:08:17:53 -0400] "POST /wp-login.php HTTP/1.1" 403 72972 "https://www.residenciassanantonio.com/wp-login.php" "Mozilla/5.0 (Macintosh; Intel Mac OS X 10_15_7) AppleWebKit/537.36 (KHTML, like Gecko) Chrome/120.0.0.0 Safari/537.36"
74.7.242.60 - - [11/Mar/2026:08:17:51 -0400] "GET /search.php?detail/01701530424932 HTTP/1.1" 200 164884 "https://residenciassanantonio.com/search.php?detail/017002792789" "Mozilla/5.0 AppleWebKit/537.36 (KHTML, like Gecko; compatible; GPTBot/1.3; +https://openai.com/gptbot)"
57.141.0.57 - - [11/Mar/2026:08:17:54 -0400] "GET /shop/maturative/consuetudinaries0235639074.shtml HTTP/1.1" 200 72972 "-" "meta-externalagent/1.1 (+https://developers.facebook.com/docs/sharing/webmasters/crawler)"
57.141.0.13 - - [11/Mar/2026:08:17:54 -0400] "GET /shop/lontar/keckling023036974824.shtml HTTP/1.1" 200 72972 "-" "meta-externalagent/1.1 (+https://developers.facebook.com/docs/sharing/webmasters/crawler)"
144.91.119.214 - - [11/Mar/2026:08:17:54 -0400] "GET /wp-login.php HTTP/1.1" 403 72972 "-" "Mozilla/5.0 (Windows NT 10.0; Win64; x64) AppleWebKit/537.36 (KHTML, like Gecko) Chrome/120.0.0.0 Safari/537.36"
57.141.0.62 - - [11/Mar/2026:08:17:55 -0400] "GET /shop/shreddy/publicservice023726189419.shtml HTTP/1.1" 200 72972 "-" "meta-externalagent/1.1 (+https://developers.facebook.com/docs/sharing/webmasters/crawler)"
144.91.119.214 - - [11/Mar/2026:08:17:55 -0400] "POST /wp-login.php HTTP/1.1" 403 72972 "https://www.residenciassanantonio.com/wp-login.php" "Mozilla/5.0 (Windows NT 11.0; Win64; x64) AppleWebKit/537.36 (KHTML, like Gecko) Chrome/121.0.0.0 Safari/537.36"
57.141.0.19 - - [11/Mar/2026:08:17:55 -0400] "GET /shop/jumblingly/froze043052434167.shtml HTTP/1.1" 200 72972 "-" "meta-externalagent/1.1 (+https://developers.facebook.com/docs/sharing/webmasters/crawler)"
144.91.119.214 - - [11/Mar/2026:08:17:56 -0400] "POST /wp-login.php HTTP/1.1" 403 72972 "https://www.residenciassanantonio.com/wp-login.php" "Mozilla/5.0 (Windows NT 11.0; Win64; x64) AppleWebKit/537.36 (KHTML, like Gecko) Chrome/121.0.0.0 Safari/537.36"
57.141.0.28 - - [11/Mar/2026:08:17:56 -0400] "GET /shop/acokanthera/craspidophora051907266106.shtml HTTP/1.1" 200 72972 "-" "meta-externalagent/1.1 (+https://developers.facebook.com/docs/sharing/webmasters/crawler)"
57.141.0.4 - - [11/Mar/2026:08:17:56 -0400] "GET /shop/iroquois/lusting021317281183.shtml HTTP/1.1" 200 72972 "-" "meta-externalagent/1.1 (+https://developers.facebook.com/docs/sharing/webmasters/crawler)"
144.91.119.214 - - [11/Mar/2026:08:17:57 -0400] "POST /wp-login.php HTTP/1.1" 403 72972 "https://www.residenciassanantonio.com/wp-login.php" "Mozilla/5.0 (Windows NT 11.0; Win64; x64) AppleWebKit/537.36 (KHTML, like Gecko) Chrome/121.0.0.0 Safari/537.36"
57.141.0.59 - - [11/Mar/2026:08:17:57 -0400] "GET /shop/consenting/rhonchi05519255982.shtml HTTP/1.1" 200 72972 "-" "meta-externalagent/1.1 (+https://developers.facebook.com/docs/sharing/webmasters/crawler)"
74.7.242.60 - - [11/Mar/2026:08:17:55 -0400] "GET /search.php?detail/18903671995650 HTTP/1.1" 200 156354 "https://residenciassanantonio.com/search.php?detail/017002792789" "Mozilla/5.0 AppleWebKit/537.36 (KHTML, like Gecko; compatible; GPTBot/1.3; +https://openai.com/gptbot)"
144.91.119.214 - - [11/Mar/2026:08:17:57 -0400] "GET /wp-login.php HTTP/1.1" 403 72981 "-" "Mozilla/5.0 (Windows NT 10.0; Win64; x64; rv:121.0) Gecko/20100101 Firefox/121.0"
144.91.119.214 - - [11/Mar/2026:08:17:58 -0400] "POST /wp-login.php HTTP/1.1" 403 72972 "https://www.residenciassanantonio.com/wp-login.php" "Mozilla/5.0 (X11; Linux x86_64) AppleWebKit/537.36 (KHTML, like Gecko) Chrome/120.0.0.0 Safari/537.36"
57.141.0.19 - - [11/Mar/2026:08:17:58 -0400] "GET /shop/hexokinase/ovule022027246866.shtml HTTP/1.1" 200 72972 "-" "meta-externalagent/1.1 (+https://developers.facebook.com/docs/sharing/webmasters/crawler)"
57.141.0.37 - - [11/Mar/2026:08:17:58 -0400] "GET /shop/touter/atoms021775089539.shtml HTTP/1.1" 200 72972 "-" "meta-externalagent/1.1 (+https://developers.facebook.com/docs/sharing/webmasters/crawler)"
57.141.0.64 - - [11/Mar/2026:08:17:58 -0400] "GET /shop/garblings/reverberative023815208724.shtml HTTP/1.1" 200 72972 "-" "meta-externalagent/1.1 (+https://developers.facebook.com/docs/sharing/webmasters/crawler)"
144.91.119.214 - - [11/Mar/2026:08:17:58 -0400] "POST /wp-login.php HTTP/1.1" 403 72972 "https://www.residenciassanantonio.com/wp-login.php" "Mozilla/5.0 (X11; Linux x86_64) AppleWebKit/537.36 (KHTML, like Gecko) Chrome/120.0.0.0 Safari/537.36"
144.91.119.214 - - [11/Mar/2026:08:17:59 -0400] "POST /wp-login.php HTTP/1.1" 403 72972 "https://www.residenciassanantonio.com/wp-login.php" "Mozilla/5.0 (X11; Linux x86_64) AppleWebKit/537.36 (KHTML, like Gecko) Chrome/120.0.0.0 Safari/537.36"
57.141.0.71 - - [11/Mar/2026:08:17:59 -0400] "GET /shop/consentingly/droil022346753942.shtml HTTP/1.1" 200 72972 "-" "meta-externalagent/1.1 (+https://developers.facebook.com/docs/sharing/webmasters/crawler)"
57.141.0.28 - - [11/Mar/2026:08:17:59 -0400] "GET /shop/plurisy/metonymic053663401308.shtml HTTP/1.1" 200 72972 "-" "meta-externalagent/1.1 (+https://developers.facebook.com/docs/sharing/webmasters/crawler)"
144.91.119.214 - - [11/Mar/2026:08:17:59 -0400] "GET /wp-login.php HTTP/1.1" 403 72972 "-" "Mozilla/5.0 (X11; Linux x86_64) AppleWebKit/537.36 (KHTML, like Gecko) Chrome/120.0.0.0 Safari/537.36"
57.141.0.60 - - [11/Mar/2026:08:18:00 -0400] "GET /shop/pyrometry/analectic05202559640.shtml HTTP/1.1" 200 72972 "-" "meta-externalagent/1.1 (+https://developers.facebook.com/docs/sharing/webmasters/crawler)"
57.141.0.53 - - [11/Mar/2026:08:18:00 -0400] "GET /shop/scragged/maladministration021435082669.shtml HTTP/1.1" 200 72972 "-" "meta-externalagent/1.1 (+https://developers.facebook.com/docs/sharing/webmasters/crawler)"
144.91.119.214 - - [11/Mar/2026:08:18:01 -0400] "POST /wp-login.php HTTP/1.1" 403 72972 "https://www.residenciassanantonio.com/wp-login.php" "Mozilla/5.0 (Macintosh; Intel Mac OS X 10_15_7) AppleWebKit/537.36 (KHTML, like Gecko) Chrome/120.0.0.0 Safari/537.36"
57.141.0.59 - - [11/Mar/2026:08:18:01 -0400] "GET /shop/horsepond/placekick02220855353.shtml HTTP/1.1" 200 72972 "-" "meta-externalagent/1.1 (+https://developers.facebook.com/docs/sharing/webmasters/crawler)"
144.91.119.214 - - [11/Mar/2026:08:18:01 -0400] "POST /wp-login.php HTTP/1.1" 403 72972 "https://www.residenciassanantonio.com/wp-login.php" "Mozilla/5.0 (Macintosh; Intel Mac OS X 10_15_7) AppleWebKit/537.36 (KHTML, like Gecko) Chrome/120.0.0.0 Safari/537.36"
74.7.242.60 - - [11/Mar/2026:08:17:58 -0400] "GET /search.php?detail/202042476868 HTTP/1.1" 200 160422 "https://residenciassanantonio.com/search.php?detail/202042478213" "Mozilla/5.0 AppleWebKit/537.36 (KHTML, like Gecko; compatible; GPTBot/1.3; +https://openai.com/gptbot)"
57.141.0.19 - - [11/Mar/2026:08:18:01 -0400] "GET /shop/shrieking/repealableness0590690388.shtml HTTP/1.1" 200 72972 "-" "meta-externalagent/1.1 (+https://developers.facebook.com/docs/sharing/webmasters/crawler)"
57.141.0.19 - - [11/Mar/2026:08:18:02 -0400] "GET /shop/hindshank/constupration06810146534.shtml HTTP/1.1" 200 72972 "-" "meta-externalagent/1.1 (+https://developers.facebook.com/docs/sharing/webmasters/crawler)"
57.141.0.37 - - [11/Mar/2026:08:18:02 -0400] "GET /shop/hydrobiplane/stormier023359550419.shtml HTTP/1.1" 200 72972 "-" "meta-externalagent/1.1 (+https://developers.facebook.com/docs/sharing/webmasters/crawler)"
144.91.119.214 - - [11/Mar/2026:08:18:02 -0400] "POST /wp-login.php HTTP/1.1" 403 72972 "https://www.residenciassanantonio.com/wp-login.php" "Mozilla/5.0 (Macintosh; Intel Mac OS X 10_15_7) AppleWebKit/537.36 (KHTML, like Gecko) Chrome/120.0.0.0 Safari/537.36"
84.200.16.110 - - [11/Mar/2026:08:18:03 -0400] "GET /wp-login.php HTTP/1.1" 200 72972 "-" "Mozilla/5.0 (X11; CrOS x86_64 10452.96.0) AppleWebKit/537.36 (KHTML, like Gecko) Chrome/66.0.3359.181 Safari/537.36"
144.91.119.214 - - [11/Mar/2026:08:18:03 -0400] "GET /wp-login.php HTTP/1.1" 403 72972 "-" "Mozilla/5.0 (X11; Linux x86_64) AppleWebKit/537.36 (KHTML, like Gecko) Chrome/120.0.0.0 Safari/537.36"
57.141.0.4 - - [11/Mar/2026:08:18:03 -0400] "GET /shop/anaemic/hydrogenation0288283292.shtml HTTP/1.1" 200 72972 "-" "meta-externalagent/1.1 (+https://developers.facebook.com/docs/sharing/webmasters/crawler)"
84.200.16.110 - - [11/Mar/2026:08:18:03 -0400] "POST /wp-login.php HTTP/1.1" 200 72972 "https://residenciassanantonio.com/wp-login.php" "Mozilla/5.0 (X11; CrOS x86_64 10452.96.0) AppleWebKit/537.36 (KHTML, like Gecko) Chrome/66.0.3359.181 Safari/537.36"
57.141.0.65 - - [11/Mar/2026:08:18:04 -0400] "GET /shop/talkative/piscatorial022762158870.shtml HTTP/1.1" 200 72972 "-" "meta-externalagent/1.1 (+https://developers.facebook.com/docs/sharing/webmasters/crawler)"
57.141.0.12 - - [11/Mar/2026:08:18:04 -0400] "GET /shop/misfit/planetic022939643408.shtml HTTP/1.1" 200 72972 "-" "meta-externalagent/1.1 (+https://developers.facebook.com/docs/sharing/webmasters/crawler)"
57.141.0.39 - - [11/Mar/2026:08:18:04 -0400] "GET /shop/volans/inperson024082461144.shtml HTTP/1.1" 200 72972 "-" "meta-externalagent/1.1 (+https://developers.facebook.com/docs/sharing/webmasters/crawler)"
144.91.119.214 - - [11/Mar/2026:08:18:05 -0400] "POST /wp-login.php HTTP/1.1" 403 72972 "https://www.residenciassanantonio.com/wp-login.php" "Mozilla/5.0 (Windows NT 10.0; Win64; x64; rv:121.0) Gecko/20100101 Firefox/121.0"
57.141.0.29 - - [11/Mar/2026:08:18:05 -0400] "GET /shop/documented/chafeweed042080953122.shtml HTTP/1.1" 200 72972 "-" "meta-externalagent/1.1 (+https://developers.facebook.com/docs/sharing/webmasters/crawler)"
74.7.242.60 - - [11/Mar/2026:08:18:02 -0400] "GET /search.php?detail/101006307405 HTTP/1.1" 200 162387 "https://residenciassanantonio.com/search.php?detail/1930243652477" "Mozilla/5.0 AppleWebKit/537.36 (KHTML, like Gecko; compatible; GPTBot/1.3; +https://openai.com/gptbot)"
144.91.119.214 - - [11/Mar/2026:08:18:05 -0400] "POST /wp-login.php HTTP/1.1" 403 72972 "https://www.residenciassanantonio.com/wp-login.php" "Mozilla/5.0 (Windows NT 10.0; Win64; x64; rv:121.0) Gecko/20100101 Firefox/121.0"
57.141.0.36 - - [11/Mar/2026:08:18:05 -0400] "GET /shop/hurryskurry/marchpane062427253323.shtml HTTP/1.1" 200 72972 "-" "meta-externalagent/1.1 (+https://developers.facebook.com/docs/sharing/webmasters/crawler)"
57.141.0.67 - - [11/Mar/2026:08:18:06 -0400] "GET /shop/seasonage/artesian02189537611.shtml HTTP/1.1" 200 72972 "-" "meta-externalagent/1.1 (+https://developers.facebook.com/docs/sharing/webmasters/crawler)"
144.91.119.214 - - [11/Mar/2026:08:18:06 -0400] "POST /wp-login.php HTTP/1.1" 403 72972 "https://www.residenciassanantonio.com/wp-login.php" "Mozilla/5.0 (Windows NT 10.0; Win64; x64; rv:121.0) Gecko/20100101 Firefox/121.0"
57.141.0.33 - - [11/Mar/2026:08:18:07 -0400] "GET /shop/hypomesus/kirumbo042882309458.shtml HTTP/1.1" 200 72972 "-" "meta-externalagent/1.1 (+https://developers.facebook.com/docs/sharing/webmasters/crawler)"
57.141.0.15 - - [11/Mar/2026:08:18:07 -0400] "GET /shop/groundfish/mesusage021624861047.shtml HTTP/1.1" 200 72972 "-" "meta-externalagent/1.1 (+https://developers.facebook.com/docs/sharing/webmasters/crawler)"
57.141.0.44 - - [11/Mar/2026:08:18:07 -0400] "GET /shop/programma/acuation062011228213.shtml HTTP/1.1" 200 72972 "-" "meta-externalagent/1.1 (+https://developers.facebook.com/docs/sharing/webmasters/crawler)"
144.91.119.214 - - [11/Mar/2026:08:18:08 -0400] "GET /wp-login.php HTTP/1.1" 403 72972 "-" "Mozilla/5.0 (X11; Linux x86_64) AppleWebKit/537.36 (KHTML, like Gecko) Chrome/120.0.0.0 Safari/537.36"
57.141.0.9 - - [11/Mar/2026:08:18:08 -0400] "GET /shop/insolvencies/exuding053501609262.shtml HTTP/1.1" 200 72972 "-" "meta-externalagent/1.1 (+https://developers.facebook.com/docs/sharing/webmasters/crawler)"
57.141.0.2 - - [11/Mar/2026:08:18:08 -0400] "GET /shop/paganically/nonglutinous053155220660.shtml HTTP/1.1" 200 72972 "-" "meta-externalagent/1.1 (+https://developers.facebook.com/docs/sharing/webmasters/crawler)"
144.91.119.214 - - [11/Mar/2026:08:18:09 -0400] "POST /wp-login.php HTTP/1.1" 403 72972 "https://www.residenciassanantonio.com/wp-login.php" "Mozilla/5.0 (Macintosh; Intel Mac OS X 10_15_7) AppleWebKit/537.36 (KHTML, like Gecko) Chrome/120.0.0.0 Safari/537.36"
74.7.242.60 - - [11/Mar/2026:08:18:06 -0400] "GET /search.php?detail/0980296152657 HTTP/1.1" 200 161490 "https://residenciassanantonio.com/search.php?detail/06703025425768" "Mozilla/5.0 AppleWebKit/537.36 (KHTML, like Gecko; compatible; GPTBot/1.3; +https://openai.com/gptbot)"
57.141.0.19 - - [11/Mar/2026:08:18:09 -0400] "GET /shop/softheartedness/barbarity022953852943.shtml HTTP/1.1" 200 72972 "-" "meta-externalagent/1.1 (+https://developers.facebook.com/docs/sharing/webmasters/crawler)"
57.141.0.51 - - [11/Mar/2026:08:18:09 -0400] "GET /shop/languidly/thingamajig024014391945.shtml HTTP/1.1" 200 72972 "-" "meta-externalagent/1.1 (+https://developers.facebook.com/docs/sharing/webmasters/crawler)"
144.91.119.214 - - [11/Mar/2026:08:18:10 -0400] "POST /wp-login.php HTTP/1.1" 403 72972 "https://www.residenciassanantonio.com/wp-login.php" "Mozilla/5.0 (Macintosh; Intel Mac OS X 10_15_7) AppleWebKit/537.36 (KHTML, like Gecko) Chrome/120.0.0.0 Safari/537.36"
57.141.0.67 - - [11/Mar/2026:08:18:10 -0400] "GET /shop/fairyland/mydatoxin042760001631.shtml HTTP/1.1" 200 72972 "-" "meta-externalagent/1.1 (+https://developers.facebook.com/docs/sharing/webmasters/crawler)"
144.91.119.214 - - [11/Mar/2026:08:18:10 -0400] "POST /wp-login.php HTTP/1.1" 403 72972 "https://www.residenciassanantonio.com/wp-login.php" "Mozilla/5.0 (Macintosh; Intel Mac OS X 10_15_7) AppleWebKit/537.36 (KHTML, like Gecko) Chrome/120.0.0.0 Safari/537.36"
57.141.0.64 - - [11/Mar/2026:08:18:10 -0400] "GET /shop/disastrousness/furtive02610246650.shtml HTTP/1.1" 200 72972 "-" "meta-externalagent/1.1 (+https://developers.facebook.com/docs/sharing/webmasters/crawler)"
144.91.119.214 - - [11/Mar/2026:08:18:11 -0400] "GET /wp-login.php HTTP/1.1" 403 72972 "-" "Mozilla/5.0 (Windows NT 10.0; Win64; x64; rv:121.0) Gecko/20100101 Firefox/121.0"
57.141.0.15 - - [11/Mar/2026:08:18:11 -0400] "GET /shop/expatiated/transmitted042002541884.shtml HTTP/1.1" 200 72972 "-" "meta-externalagent/1.1 (+https://developers.facebook.com/docs/sharing/webmasters/crawler)"
57.141.0.39 - - [11/Mar/2026:08:18:11 -0400] "GET /shop/novatianism/anaesthesis05762313790.shtml HTTP/1.1" 200 72972 "-" "meta-externalagent/1.1 (+https://developers.facebook.com/docs/sharing/webmasters/crawler)"
144.91.119.214 - - [11/Mar/2026:08:18:12 -0400] "POST /wp-login.php HTTP/1.1" 403 72972 "https://www.residenciassanantonio.com/wp-login.php" "Mozilla/5.0 (Windows NT 10.0; Win64; x64; rv:121.0) Gecko/20100101 Firefox/121.0"
74.7.242.60 - - [11/Mar/2026:08:18:10 -0400] "GET /search.php?detail/18101665662880 HTTP/1.1" 200 162732 "https://residenciassanantonio.com/search.php?detail/18101820319764" "Mozilla/5.0 AppleWebKit/537.36 (KHTML, like Gecko; compatible; GPTBot/1.3; +https://openai.com/gptbot)"
57.141.0.43 - - [11/Mar/2026:08:18:12 -0400] "GET /shop/disinterestedness/transprint043632640006.shtml HTTP/1.1" 200 72972 "-" "meta-externalagent/1.1 (+https://developers.facebook.com/docs/sharing/webmasters/crawler)"
144.91.119.214 - - [11/Mar/2026:08:18:12 -0400] "POST /wp-login.php HTTP/1.1" 403 72972 "https://www.residenciassanantonio.com/wp-login.php" "Mozilla/5.0 (Windows NT 10.0; Win64; x64; rv:121.0) Gecko/20100101 Firefox/121.0"
57.141.0.4 - - [11/Mar/2026:08:18:12 -0400] "GET /shop/allogamous/tonsor05427115157.shtml HTTP/1.1" 200 72972 "-" "meta-externalagent/1.1 (+https://developers.facebook.com/docs/sharing/webmasters/crawler)"
144.91.119.214 - - [11/Mar/2026:08:18:13 -0400] "POST /wp-login.php HTTP/1.1" 403 72972 "https://www.residenciassanantonio.com/wp-login.php" "Mozilla/5.0 (Windows NT 10.0; Win64; x64; rv:121.0) Gecko/20100101 Firefox/121.0"
57.141.0.29 - - [11/Mar/2026:08:18:13 -0400] "GET /shop/recklessness/agrin052841090577.shtml HTTP/1.1" 200 72972 "-" "meta-externalagent/1.1 (+https://developers.facebook.com/docs/sharing/webmasters/crawler)"
57.141.0.21 - - [11/Mar/2026:08:18:13 -0400] "GET /shop/tedder/route02644512710.shtml HTTP/1.1" 200 72972 "-" "meta-externalagent/1.1 (+https://developers.facebook.com/docs/sharing/webmasters/crawler)"
144.91.119.214 - - [11/Mar/2026:08:18:14 -0400] "GET /wp-login.php HTTP/1.1" 403 72972 "-" "Mozilla/5.0 (X11; Linux x86_64) AppleWebKit/537.36 (KHTML, like Gecko) Chrome/120.0.0.0 Safari/537.36"
57.141.0.22 - - [11/Mar/2026:08:18:14 -0400] "GET /shop/enorm/gantlope023826580943.shtml HTTP/1.1" 200 72972 "-" "meta-externalagent/1.1 (+https://developers.facebook.com/docs/sharing/webmasters/crawler)"
57.141.0.50 - - [11/Mar/2026:08:18:14 -0400] "GET /shop/researcher/clepsine051749549775.shtml HTTP/1.1" 200 72972 "-" "meta-externalagent/1.1 (+https://developers.facebook.com/docs/sharing/webmasters/crawler)"
144.91.119.214 - - [11/Mar/2026:08:18:15 -0400] "POST /wp-login.php HTTP/1.1" 403 72972 "https://www.residenciassanantonio.com/wp-login.php" "Mozilla/5.0 (Macintosh; Intel Mac OS X 10_15_7) AppleWebKit/537.36 (KHTML, like Gecko) Chrome/120.0.0.0 Safari/537.36"
144.91.119.214 - - [11/Mar/2026:08:18:15 -0400] "POST /wp-login.php HTTP/1.1" 403 72972 "https://www.residenciassanantonio.com/wp-login.php" "Mozilla/5.0 (Macintosh; Intel Mac OS X 10_15_7) AppleWebKit/537.36 (KHTML, like Gecko) Chrome/120.0.0.0 Safari/537.36"
57.141.0.5 - - [11/Mar/2026:08:18:15 -0400] "GET /shop/intellectualize/disquieter054230158789.shtml HTTP/1.1" 200 72972 "-" "meta-externalagent/1.1 (+https://developers.facebook.com/docs/sharing/webmasters/crawler)"
57.141.0.12 - - [11/Mar/2026:08:18:15 -0400] "GET /shop/photism/nursing053830885686.shtml HTTP/1.1" 200 72972 "-" "meta-externalagent/1.1 (+https://developers.facebook.com/docs/sharing/webmasters/crawler)"
144.91.119.214 - - [11/Mar/2026:08:18:15 -0400] "POST /wp-login.php HTTP/1.1" 403 72972 "https://www.residenciassanantonio.com/wp-login.php" "Mozilla/5.0 (Macintosh; Intel Mac OS X 10_15_7) AppleWebKit/537.36 (KHTML, like Gecko) Chrome/120.0.0.0 Safari/537.36"
74.7.242.60 - - [11/Mar/2026:08:18:13 -0400] "GET /search.php?detail/292020205344 HTTP/1.1" 200 156319 "https://residenciassanantonio.com/search.php?detail/2920201981108" "Mozilla/5.0 AppleWebKit/537.36 (KHTML, like Gecko; compatible; GPTBot/1.3; +https://openai.com/gptbot)"
57.141.0.67 - - [11/Mar/2026:08:18:16 -0400] "GET /shop/shocked/devotionalist04216680005.shtml HTTP/1.1" 200 72972 "-" "meta-externalagent/1.1 (+https://developers.facebook.com/docs/sharing/webmasters/crawler)"
57.141.0.56 - - [11/Mar/2026:08:18:16 -0400] "GET /shop/columbiad/scrubstone053365068119.shtml HTTP/1.1" 200 72972 "-" "meta-externalagent/1.1 (+https://developers.facebook.com/docs/sharing/webmasters/crawler)"
144.91.119.214 - - [11/Mar/2026:08:18:17 -0400] "GET /wp-login.php HTTP/1.1" 403 72972 "-" "Mozilla/5.0 (Windows NT 10.0; Win64; x64) AppleWebKit/537.36 (KHTML, like Gecko) Chrome/120.0.0.0 Safari/537.36"
57.141.0.14 - - [11/Mar/2026:08:18:17 -0400] "GET /shop/pedaneous/apaume02263610485.shtml HTTP/1.1" 200 72972 "-" "meta-externalagent/1.1 (+https://developers.facebook.com/docs/sharing/webmasters/crawler)"
144.91.119.214 - - [11/Mar/2026:08:18:17 -0400] "POST /wp-login.php HTTP/1.1" 403 72972 "https://www.residenciassanantonio.com/wp-login.php" "Mozilla/5.0 (Windows NT 10.0; Win64; x64) AppleWebKit/537.36 (KHTML, like Gecko) Chrome/120.0.0.0 Safari/537.36"
57.141.0.4 - - [11/Mar/2026:08:18:18 -0400] "GET /shop/tendosynovitis/reconvene052933499157.shtml HTTP/1.1" 200 72972 "-" "meta-externalagent/1.1 (+https://developers.facebook.com/docs/sharing/webmasters/crawler)"
57.141.0.10 - - [11/Mar/2026:08:18:18 -0400] "GET /shop/chittra/estrapade023437490745.shtml HTTP/1.1" 200 72972 "-" "meta-externalagent/1.1 (+https://developers.facebook.com/docs/sharing/webmasters/crawler)"
144.91.119.214 - - [11/Mar/2026:08:18:18 -0400] "POST /wp-login.php HTTP/1.1" 403 72972 "https://www.residenciassanantonio.com/wp-login.php" "Mozilla/5.0 (Windows NT 10.0; Win64; x64) AppleWebKit/537.36 (KHTML, like Gecko) Chrome/120.0.0.0 Safari/537.36"
57.141.0.62 - - [11/Mar/2026:08:18:19 -0400] "GET /shop/wearied/tristichous023372594543.shtml HTTP/1.1" 200 72972 "-" "meta-externalagent/1.1 (+https://developers.facebook.com/docs/sharing/webmasters/crawler)"
74.7.242.60 - - [11/Mar/2026:08:18:16 -0400] "GET /search.php?detail/30002190237316 HTTP/1.1" 200 167177 "https://residenciassanantonio.com/search.php?detail/30002189983447" "Mozilla/5.0 AppleWebKit/537.36 (KHTML, like Gecko; compatible; GPTBot/1.3; +https://openai.com/gptbot)"
57.141.0.17 - - [11/Mar/2026:08:18:19 -0400] "GET /shop/oblongum/gentiana051349824705.shtml HTTP/1.1" 200 72972 "-" "meta-externalagent/1.1 (+https://developers.facebook.com/docs/sharing/webmasters/crawler)"
144.91.119.214 - - [11/Mar/2026:08:18:20 -0400] "POST /wp-login.php HTTP/1.1" 403 72972 "https://www.residenciassanantonio.com/wp-login.php" "Mozilla/5.0 (Windows NT 10.0; Win64; x64) AppleWebKit/537.36 (KHTML, like Gecko) Chrome/120.0.0.0 Safari/537.36"
57.141.0.51 - - [11/Mar/2026:08:18:20 -0400] "GET /shop/harlequinade/strove04334697989.shtml HTTP/1.1" 200 72973 "-" "meta-externalagent/1.1 (+https://developers.facebook.com/docs/sharing/webmasters/crawler)"
144.91.119.214 - - [11/Mar/2026:08:18:20 -0400] "GET /wp-login.php HTTP/1.1" 403 72972 "-" "Mozilla/5.0 (Windows NT 10.0; Win64; x64; rv:121.0) Gecko/20100101 Firefox/121.0"
57.141.0.71 - - [11/Mar/2026:08:18:20 -0400] "GET /shop/slighted/prythee041703606103.shtml HTTP/1.1" 200 72972 "-" "meta-externalagent/1.1 (+https://developers.facebook.com/docs/sharing/webmasters/crawler)"
144.91.119.214 - - [11/Mar/2026:08:18:20 -0400] "POST /wp-login.php HTTP/1.1" 403 72972 "https://www.residenciassanantonio.com/wp-login.php" "Mozilla/5.0 (Windows NT 11.0; Win64; x64) AppleWebKit/537.36 (KHTML, like Gecko) Chrome/121.0.0.0 Safari/537.36"
57.141.0.31 - - [11/Mar/2026:08:18:21 -0400] "GET /shop/liberating/enterolith053984510443.shtml HTTP/1.1" 200 72972 "-" "meta-externalagent/1.1 (+https://developers.facebook.com/docs/sharing/webmasters/crawler)"
144.91.119.214 - - [11/Mar/2026:08:18:21 -0400] "POST /wp-login.php HTTP/1.1" 403 72972 "https://www.residenciassanantonio.com/wp-login.php" "Mozilla/5.0 (Windows NT 11.0; Win64; x64) AppleWebKit/537.36 (KHTML, like Gecko) Chrome/121.0.0.0 Safari/537.36"
57.141.0.19 - - [11/Mar/2026:08:18:21 -0400] "GET /shop/ligamental/anticyclone05731495264.shtml HTTP/1.1" 200 72972 "-" "meta-externalagent/1.1 (+https://developers.facebook.com/docs/sharing/webmasters/crawler)"
74.7.242.60 - - [11/Mar/2026:08:18:20 -0400] "GET /search.php?detail/017044431456 HTTP/1.1" 200 167200 "https://residenciassanantonio.com/search.php?detail/017002785111" "Mozilla/5.0 AppleWebKit/537.36 (KHTML, like Gecko; compatible; GPTBot/1.3; +https://openai.com/gptbot)"
57.141.0.19 - - [11/Mar/2026:08:18:22 -0400] "GET /shop/theosophized/microscopist02700222650.shtml HTTP/1.1" 200 72972 "-" "meta-externalagent/1.1 (+https://developers.facebook.com/docs/sharing/webmasters/crawler)"
57.141.0.59 - - [11/Mar/2026:08:18:23 -0400] "GET /shop/phyllorhine/sprent041525217768.shtml HTTP/1.1" 200 72972 "-" "meta-externalagent/1.1 (+https://developers.facebook.com/docs/sharing/webmasters/crawler)"
57.141.0.56 - - [11/Mar/2026:08:18:22 -0400] "GET /shop/oriol/viburnum042975208756.shtml HTTP/1.1" 200 72972 "-" "meta-externalagent/1.1 (+https://developers.facebook.com/docs/sharing/webmasters/crawler)"
144.91.119.214 - - [11/Mar/2026:08:18:23 -0400] "POST /wp-login.php HTTP/1.1" 403 72972 "https://www.residenciassanantonio.com/wp-login.php" "Mozilla/5.0 (Windows NT 11.0; Win64; x64) AppleWebKit/537.36 (KHTML, like Gecko) Chrome/121.0.0.0 Safari/537.36"
57.141.0.18 - - [11/Mar/2026:08:18:23 -0400] "GET /shop/pleroglossius/gypogeranus053648579823.shtml HTTP/1.1" 200 72972 "-" "meta-externalagent/1.1 (+https://developers.facebook.com/docs/sharing/webmasters/crawler)"
57.141.0.19 - - [11/Mar/2026:08:18:24 -0400] "GET /shop/ravensara/cymbalaria02534467620.shtml HTTP/1.1" 200 72972 "-" "meta-externalagent/1.1 (+https://developers.facebook.com/docs/sharing/webmasters/crawler)"
57.141.0.4 - - [11/Mar/2026:08:18:24 -0400] "GET /shop/choses/attractive053066893892.shtml HTTP/1.1" 200 72972 "-" "meta-externalagent/1.1 (+https://developers.facebook.com/docs/sharing/webmasters/crawler)"
144.91.119.214 - - [11/Mar/2026:08:18:24 -0400] "GET /wp-login.php HTTP/1.1" 403 72972 "-" "Mozilla/5.0 (Macintosh; Intel Mac OS X 10_15_7) AppleWebKit/537.36 (KHTML, like Gecko) Chrome/120.0.0.0 Safari/537.36"
57.141.0.19 - - [11/Mar/2026:08:18:25 -0400] "GET /shop/gneissoid/admonished02260457238.shtml HTTP/1.1" 200 72972 "-" "meta-externalagent/1.1 (+https://developers.facebook.com/docs/sharing/webmasters/crawler)"
144.91.119.214 - - [11/Mar/2026:08:18:25 -0400] "POST /wp-login.php HTTP/1.1" 403 72972 "https://www.residenciassanantonio.com/wp-login.php" "Mozilla/5.0 (Windows NT 10.0; Win64; x64) AppleWebKit/537.36 (KHTML, like Gecko) Chrome/120.0.0.0 Safari/537.36"
57.141.0.35 - - [11/Mar/2026:08:18:25 -0400] "GET /shop/creephole/wrathy021625875407.shtml HTTP/1.1" 200 72972 "-" "meta-externalagent/1.1 (+https://developers.facebook.com/docs/sharing/webmasters/crawler)"
57.141.0.5 - - [11/Mar/2026:08:18:26 -0400] "GET /shop/inirritability/bloodshed023307327484.shtml HTTP/1.1" 200 72972 "-" "meta-externalagent/1.1 (+https://developers.facebook.com/docs/sharing/webmasters/crawler)"
