144.91.119.214 - - [11/Mar/2026:08:04:00 -0400] "POST /wp-login.php HTTP/1.1" 403 72973 "https://www.residenciassanantonio.com/wp-login.php" "Mozilla/5.0 (Windows NT 10.0; Win64; x64) AppleWebKit/537.36 (KHTML, like Gecko) Chrome/120.0.0.0 Safari/537.36"
57.141.0.16 - - [11/Mar/2026:08:04:01 -0400] "GET /shop/augurous/ovular041108808543.shtml HTTP/1.1" 200 72972 "-" "meta-externalagent/1.1 (+https://developers.facebook.com/docs/sharing/webmasters/crawler)"
57.141.0.37 - - [11/Mar/2026:08:04:01 -0400] "GET /shop/obfuscated/halliard063472359879.shtml HTTP/1.1" 200 72973 "-" "meta-externalagent/1.1 (+https://developers.facebook.com/docs/sharing/webmasters/crawler)"
144.91.119.214 - - [11/Mar/2026:08:04:02 -0400] "GET /wp-login.php HTTP/1.1" 403 72973 "-" "Mozilla/5.0 (Windows NT 10.0; Win64; x64) AppleWebKit/537.36 (KHTML, like Gecko) Chrome/120.0.0.0 Safari/537.36"
57.141.0.40 - - [11/Mar/2026:08:04:02 -0400] "GET /shop/dirempt/saguerus023087877571.shtml HTTP/1.1" 200 72972 "-" "meta-externalagent/1.1 (+https://developers.facebook.com/docs/sharing/webmasters/crawler)"
57.141.0.7 - - [11/Mar/2026:08:04:02 -0400] "GET /shop/ovateacuminate/fithel041389451781.shtml HTTP/1.1" 200 72972 "-" "meta-externalagent/1.1 (+https://developers.facebook.com/docs/sharing/webmasters/crawler)"
144.91.119.214 - - [11/Mar/2026:08:04:02 -0400] "POST /wp-login.php HTTP/1.1" 403 72972 "https://www.residenciassanantonio.com/wp-login.php" "Mozilla/5.0 (Windows NT 11.0; Win64; x64) AppleWebKit/537.36 (KHTML, like Gecko) Chrome/121.0.0.0 Safari/537.36"
57.141.0.47 - - [11/Mar/2026:08:04:03 -0400] "GET /shop/dashing/lusus042427081603.shtml HTTP/1.1" 200 72972 "-" "meta-externalagent/1.1 (+https://developers.facebook.com/docs/sharing/webmasters/crawler)"
57.141.0.17 - - [11/Mar/2026:08:04:03 -0400] "GET /shop/selffertilized/indifferently02428059965.shtml HTTP/1.1" 200 72972 "-" "meta-externalagent/1.1 (+https://developers.facebook.com/docs/sharing/webmasters/crawler)"
144.91.119.214 - - [11/Mar/2026:08:04:04 -0400] "POST /wp-login.php HTTP/1.1" 403 72972 "https://www.residenciassanantonio.com/wp-login.php" "Mozilla/5.0 (Windows NT 11.0; Win64; x64) AppleWebKit/537.36 (KHTML, like Gecko) Chrome/121.0.0.0 Safari/537.36"
57.141.0.19 - - [11/Mar/2026:08:04:04 -0400] "GET /shop/indissolubly/rememberer063237707058.shtml HTTP/1.1" 200 72972 "-" "meta-externalagent/1.1 (+https://developers.facebook.com/docs/sharing/webmasters/crawler)"
74.7.242.60 - - [11/Mar/2026:08:04:00 -0400] "GET /search.php?detail/107030004419 HTTP/1.1" 200 168228 "https://residenciassanantonio.com/search.php?detail/10701047994920" "Mozilla/5.0 AppleWebKit/537.36 (KHTML, like Gecko; compatible; GPTBot/1.3; +https://openai.com/gptbot)"
57.141.0.24 - - [11/Mar/2026:08:04:04 -0400] "GET /shop/ravager/psetta043817698386.shtml HTTP/1.1" 200 72972 "-" "meta-externalagent/1.1 (+https://developers.facebook.com/docs/sharing/webmasters/crawler)"
144.91.119.214 - - [11/Mar/2026:08:04:04 -0400] "POST /wp-login.php HTTP/1.1" 403 72973 "https://www.residenciassanantonio.com/wp-login.php" "Mozilla/5.0 (Windows NT 11.0; Win64; x64) AppleWebKit/537.36 (KHTML, like Gecko) Chrome/121.0.0.0 Safari/537.36"
57.141.0.28 - - [11/Mar/2026:08:04:05 -0400] "GET /shop/snugging/tapestries041918594357.shtml HTTP/1.1" 200 72972 "-" "meta-externalagent/1.1 (+https://developers.facebook.com/docs/sharing/webmasters/crawler)"
57.141.0.19 - - [11/Mar/2026:08:04:05 -0400] "GET /shop/metrotome/assistantly044032496555.shtml HTTP/1.1" 200 72972 "-" "meta-externalagent/1.1 (+https://developers.facebook.com/docs/sharing/webmasters/crawler)"
144.91.119.214 - - [11/Mar/2026:08:04:05 -0400] "GET /wp-login.php HTTP/1.1" 403 72972 "-" "Mozilla/5.0 (X11; Linux x86_64) AppleWebKit/537.36 (KHTML, like Gecko) Chrome/120.0.0.0 Safari/537.36"
57.141.0.49 - - [11/Mar/2026:08:04:06 -0400] "GET /shop/leningrad/subglumaceous054047304504.shtml HTTP/1.1" 200 72972 "-" "meta-externalagent/1.1 (+https://developers.facebook.com/docs/sharing/webmasters/crawler)"
57.141.0.29 - - [11/Mar/2026:08:04:06 -0400] "GET /shop/supinity/whitneyite052853856843.shtml HTTP/1.1" 200 72972 "-" "meta-externalagent/1.1 (+https://developers.facebook.com/docs/sharing/webmasters/crawler)"
144.91.119.214 - - [11/Mar/2026:08:04:06 -0400] "POST /wp-login.php HTTP/1.1" 403 72972 "https://www.residenciassanantonio.com/wp-login.php" "Mozilla/5.0 (Macintosh; Intel Mac OS X 10_15_7) AppleWebKit/537.36 (KHTML, like Gecko) Chrome/120.0.0.0 Safari/537.36"
144.91.119.214 - - [11/Mar/2026:08:04:07 -0400] "POST /wp-login.php HTTP/1.1" 403 72972 "https://www.residenciassanantonio.com/wp-login.php" "Mozilla/5.0 (Macintosh; Intel Mac OS X 10_15_7) AppleWebKit/537.36 (KHTML, like Gecko) Chrome/120.0.0.0 Safari/537.36"
57.141.0.8 - - [11/Mar/2026:08:04:07 -0400] "GET /shop/viburnum/misunderstander063480282581.shtml HTTP/1.1" 200 72972 "-" "meta-externalagent/1.1 (+https://developers.facebook.com/docs/sharing/webmasters/crawler)"
144.91.119.214 - - [11/Mar/2026:08:04:07 -0400] "POST /wp-login.php HTTP/1.1" 403 72973 "https://www.residenciassanantonio.com/wp-login.php" "Mozilla/5.0 (Macintosh; Intel Mac OS X 10_15_7) AppleWebKit/537.36 (KHTML, like Gecko) Chrome/120.0.0.0 Safari/537.36"
57.141.0.47 - - [11/Mar/2026:08:04:08 -0400] "GET /shop/tsebe/fulldrive061386572696.shtml HTTP/1.1" 200 72973 "-" "meta-externalagent/1.1 (+https://developers.facebook.com/docs/sharing/webmasters/crawler)"
57.141.0.54 - - [11/Mar/2026:08:04:08 -0400] "GET /shop/gunocracy/burdened021780645428.shtml HTTP/1.1" 200 72972 "-" "meta-externalagent/1.1 (+https://developers.facebook.com/docs/sharing/webmasters/crawler)"
57.141.0.19 - - [11/Mar/2026:08:04:08 -0400] "GET /shop/siphonata/cesural051896214476.shtml HTTP/1.1" 200 72972 "-" "meta-externalagent/1.1 (+https://developers.facebook.com/docs/sharing/webmasters/crawler)"
74.7.242.60 - - [11/Mar/2026:08:04:05 -0400] "GET /search.php?detail/28903189956481 HTTP/1.1" 200 170207 "https://residenciassanantonio.com/search.php?detail/10701047994920" "Mozilla/5.0 AppleWebKit/537.36 (KHTML, like Gecko; compatible; GPTBot/1.3; +https://openai.com/gptbot)"
57.141.0.59 - - [11/Mar/2026:08:04:09 -0400] "GET /shop/hysteresis/incomparableness022420989048.shtml HTTP/1.1" 200 72972 "-" "meta-externalagent/1.1 (+https://developers.facebook.com/docs/sharing/webmasters/crawler)"
144.91.119.214 - - [11/Mar/2026:08:04:09 -0400] "GET /wp-login.php HTTP/1.1" 403 72972 "-" "Mozilla/5.0 (Macintosh; Intel Mac OS X 10_15_7) AppleWebKit/537.36 (KHTML, like Gecko) Chrome/120.0.0.0 Safari/537.36"
57.141.0.27 - - [11/Mar/2026:08:04:09 -0400] "GET /shop/gnathotheca/photograph061173089957.shtml HTTP/1.1" 200 72972 "-" "meta-externalagent/1.1 (+https://developers.facebook.com/docs/sharing/webmasters/crawler)"
57.141.0.19 - - [11/Mar/2026:08:04:10 -0400] "GET /shop/hymenopterous/frighten063747982207.shtml HTTP/1.1" 200 72972 "-" "meta-externalagent/1.1 (+https://developers.facebook.com/docs/sharing/webmasters/crawler)"
144.91.119.214 - - [11/Mar/2026:08:04:10 -0400] "POST /wp-login.php HTTP/1.1" 403 72972 "https://www.residenciassanantonio.com/wp-login.php" "Mozilla/5.0 (Windows NT 11.0; Win64; x64) AppleWebKit/537.36 (KHTML, like Gecko) Chrome/121.0.0.0 Safari/537.36"
57.141.0.5 - - [11/Mar/2026:08:04:10 -0400] "GET /shop/abdominals/thermolysis021289958861.shtml HTTP/1.1" 200 72972 "-" "meta-externalagent/1.1 (+https://developers.facebook.com/docs/sharing/webmasters/crawler)"
144.91.119.214 - - [11/Mar/2026:08:04:11 -0400] "POST /wp-login.php HTTP/1.1" 403 72972 "https://www.residenciassanantonio.com/wp-login.php" "Mozilla/5.0 (Windows NT 11.0; Win64; x64) AppleWebKit/537.36 (KHTML, like Gecko) Chrome/121.0.0.0 Safari/537.36"
57.141.0.41 - - [11/Mar/2026:08:04:11 -0400] "GET /shop/metallized/edaphosaurus023791031602.shtml HTTP/1.1" 200 72972 "-" "meta-externalagent/1.1 (+https://developers.facebook.com/docs/sharing/webmasters/crawler)"
144.91.119.214 - - [11/Mar/2026:08:04:11 -0400] "POST /wp-login.php HTTP/1.1" 403 72972 "https://www.residenciassanantonio.com/wp-login.php" "Mozilla/5.0 (Windows NT 11.0; Win64; x64) AppleWebKit/537.36 (KHTML, like Gecko) Chrome/121.0.0.0 Safari/537.36"
57.141.0.66 - - [11/Mar/2026:08:04:11 -0400] "GET /shop/hepialus/scrotocele053941368795.shtml HTTP/1.1" 200 72972 "-" "meta-externalagent/1.1 (+https://developers.facebook.com/docs/sharing/webmasters/crawler)"
57.141.0.7 - - [11/Mar/2026:08:04:12 -0400] "GET /shop/gobulin/paragraphically02635318778.shtml HTTP/1.1" 200 72972 "-" "meta-externalagent/1.1 (+https://developers.facebook.com/docs/sharing/webmasters/crawler)"
57.141.0.17 - - [11/Mar/2026:08:04:12 -0400] "GET /shop/sepulchering/leper042549514503.shtml HTTP/1.1" 200 72972 "-" "meta-externalagent/1.1 (+https://developers.facebook.com/docs/sharing/webmasters/crawler)"
144.91.119.214 - - [11/Mar/2026:08:04:13 -0400] "GET /wp-login.php HTTP/1.1" 403 72972 "-" "Mozilla/5.0 (X11; Linux x86_64) AppleWebKit/537.36 (KHTML, like Gecko) Chrome/120.0.0.0 Safari/537.36"
57.141.0.11 - - [11/Mar/2026:08:04:13 -0400] "GET /shop/hyppogriff/italianize061222494888.shtml HTTP/1.1" 200 72972 "-" "meta-externalagent/1.1 (+https://developers.facebook.com/docs/sharing/webmasters/crawler)"
57.141.0.4 - - [11/Mar/2026:08:04:13 -0400] "GET /shop/peripheral/quintile042046428340.shtml HTTP/1.1" 200 72972 "-" "meta-externalagent/1.1 (+https://developers.facebook.com/docs/sharing/webmasters/crawler)"
144.91.119.214 - - [11/Mar/2026:08:04:14 -0400] "POST /wp-login.php HTTP/1.1" 403 72972 "https://www.residenciassanantonio.com/wp-login.php" "Mozilla/5.0 (Windows NT 10.0; Win64; x64; rv:121.0) Gecko/20100101 Firefox/121.0"
57.141.0.29 - - [11/Mar/2026:08:04:14 -0400] "GET /shop/reference/avaram0423407462.shtml HTTP/1.1" 200 72972 "-" "meta-externalagent/1.1 (+https://developers.facebook.com/docs/sharing/webmasters/crawler)"
74.7.242.60 - - [11/Mar/2026:08:04:10 -0400] "GET /search.php?detail/24004100857329 HTTP/1.1" 200 159005 "https://residenciassanantonio.com/search.php?detail/10701047994920" "Mozilla/5.0 AppleWebKit/537.36 (KHTML, like Gecko; compatible; GPTBot/1.3; +https://openai.com/gptbot)"
144.91.119.214 - - [11/Mar/2026:08:04:14 -0400] "POST /wp-login.php HTTP/1.1" 403 72972 "https://www.residenciassanantonio.com/wp-login.php" "Mozilla/5.0 (Windows NT 10.0; Win64; x64; rv:121.0) Gecko/20100101 Firefox/121.0"
57.141.0.43 - - [11/Mar/2026:08:04:14 -0400] "GET /shop/complexionary/pentose02719774734.shtml HTTP/1.1" 200 72972 "-" "meta-externalagent/1.1 (+https://developers.facebook.com/docs/sharing/webmasters/crawler)"
57.141.0.19 - - [11/Mar/2026:08:04:15 -0400] "GET /shop/doubles/circumnavigation042687168083.shtml HTTP/1.1" 200 72972 "-" "meta-externalagent/1.1 (+https://developers.facebook.com/docs/sharing/webmasters/crawler)"
57.141.0.17 - - [11/Mar/2026:08:04:15 -0400] "GET /shop/predispose/finis063395614158.shtml HTTP/1.1" 200 72972 "-" "meta-externalagent/1.1 (+https://developers.facebook.com/docs/sharing/webmasters/crawler)"
144.91.119.214 - - [11/Mar/2026:08:04:15 -0400] "POST /wp-login.php HTTP/1.1" 403 72972 "https://www.residenciassanantonio.com/wp-login.php" "Mozilla/5.0 (Windows NT 10.0; Win64; x64; rv:121.0) Gecko/20100101 Firefox/121.0"
57.141.0.22 - - [11/Mar/2026:08:04:16 -0400] "GET /shop/tetrachords/eligibly0622194519.shtml HTTP/1.1" 200 72972 "-" "meta-externalagent/1.1 (+https://developers.facebook.com/docs/sharing/webmasters/crawler)"
144.91.119.214 - - [11/Mar/2026:08:04:16 -0400] "GET /wp-login.php HTTP/1.1" 403 72972 "-" "Mozilla/5.0 (X11; Linux x86_64) AppleWebKit/537.36 (KHTML, like Gecko) Chrome/120.0.0.0 Safari/537.36"
57.141.0.68 - - [11/Mar/2026:08:04:16 -0400] "GET /shop/caryocatactes/thesicle063951136182.shtml HTTP/1.1" 200 72972 "-" "meta-externalagent/1.1 (+https://developers.facebook.com/docs/sharing/webmasters/crawler)"
144.91.119.214 - - [11/Mar/2026:08:04:17 -0400] "POST /wp-login.php HTTP/1.1" 403 72972 "https://www.residenciassanantonio.com/wp-login.php" "Mozilla/5.0 (X11; Linux x86_64) AppleWebKit/537.36 (KHTML, like Gecko) Chrome/120.0.0.0 Safari/537.36"
57.141.0.54 - - [11/Mar/2026:08:04:17 -0400] "GET /shop/bloodletter/pointing061695814878.shtml HTTP/1.1" 200 72972 "-" "meta-externalagent/1.1 (+https://developers.facebook.com/docs/sharing/webmasters/crawler)"
57.141.0.37 - - [11/Mar/2026:08:04:17 -0400] "GET /shop/coverchief/languisher043169538796.shtml HTTP/1.1" 200 72972 "-" "meta-externalagent/1.1 (+https://developers.facebook.com/docs/sharing/webmasters/crawler)"
57.141.0.47 - - [11/Mar/2026:08:04:18 -0400] "GET /shop/addlings/rediminish044038632669.shtml HTTP/1.1" 200 72973 "-" "meta-externalagent/1.1 (+https://developers.facebook.com/docs/sharing/webmasters/crawler)"
74.7.242.60 - - [11/Mar/2026:08:04:16 -0400] "GET /search.php?detail/0760281390245 HTTP/1.1" 200 158352 "https://residenciassanantonio.com/search.php?detail/246044393366" "Mozilla/5.0 AppleWebKit/537.36 (KHTML, like Gecko; compatible; GPTBot/1.3; +https://openai.com/gptbot)"
144.91.119.214 - - [11/Mar/2026:08:04:18 -0400] "POST /wp-login.php HTTP/1.1" 403 72972 "https://www.residenciassanantonio.com/wp-login.php" "Mozilla/5.0 (X11; Linux x86_64) AppleWebKit/537.36 (KHTML, like Gecko) Chrome/120.0.0.0 Safari/537.36"
57.141.0.1 - - [11/Mar/2026:08:04:19 -0400] "GET /shop/wormal/ophthalmologist052594477581.shtml HTTP/1.1" 200 72972 "-" "meta-externalagent/1.1 (+https://developers.facebook.com/docs/sharing/webmasters/crawler)"
57.141.0.58 - - [11/Mar/2026:08:04:19 -0400] "GET /shop/autonomic/subsecute041680018968.shtml HTTP/1.1" 200 72972 "-" "meta-externalagent/1.1 (+https://developers.facebook.com/docs/sharing/webmasters/crawler)"
144.91.119.214 - - [11/Mar/2026:08:04:19 -0400] "POST /wp-login.php HTTP/1.1" 403 72972 "https://www.residenciassanantonio.com/wp-login.php" "Mozilla/5.0 (X11; Linux x86_64) AppleWebKit/537.36 (KHTML, like Gecko) Chrome/120.0.0.0 Safari/537.36"
57.141.0.64 - - [11/Mar/2026:08:04:19 -0400] "GET /shop/mayas/releasor042939349570.shtml HTTP/1.1" 200 72972 "-" "meta-externalagent/1.1 (+https://developers.facebook.com/docs/sharing/webmasters/crawler)"
57.141.0.60 - - [11/Mar/2026:08:04:20 -0400] "GET /shop/lamentably/intermingle053452982630.shtml HTTP/1.1" 200 72972 "-" "meta-externalagent/1.1 (+https://developers.facebook.com/docs/sharing/webmasters/crawler)"
57.141.0.64 - - [11/Mar/2026:08:04:20 -0400] "GET /shop/ecstasies/backstairs0471784400.shtml HTTP/1.1" 200 72972 "-" "meta-externalagent/1.1 (+https://developers.facebook.com/docs/sharing/webmasters/crawler)"
144.91.119.214 - - [11/Mar/2026:08:04:20 -0400] "GET /wp-login.php HTTP/1.1" 403 72972 "-" "Mozilla/5.0 (Macintosh; Intel Mac OS X 10_15_7) AppleWebKit/537.36 (KHTML, like Gecko) Chrome/120.0.0.0 Safari/537.36"
57.141.0.39 - - [11/Mar/2026:08:04:21 -0400] "GET /shop/supped/pylas021243707029.shtml HTTP/1.1" 200 72972 "-" "meta-externalagent/1.1 (+https://developers.facebook.com/docs/sharing/webmasters/crawler)"
57.141.0.44 - - [11/Mar/2026:08:04:21 -0400] "GET /shop/valiance/dominicide021511622324.shtml HTTP/1.1" 200 72972 "-" "meta-externalagent/1.1 (+https://developers.facebook.com/docs/sharing/webmasters/crawler)"
144.91.119.214 - - [11/Mar/2026:08:04:21 -0400] "POST /wp-login.php HTTP/1.1" 403 72972 "https://www.residenciassanantonio.com/wp-login.php" "Mozilla/5.0 (X11; Linux x86_64) AppleWebKit/537.36 (KHTML, like Gecko) Chrome/120.0.0.0 Safari/537.36"
57.141.0.9 - - [11/Mar/2026:08:04:22 -0400] "GET /shop/phraseologic/sminthurid021061615620.shtml HTTP/1.1" 200 72972 "-" "meta-externalagent/1.1 (+https://developers.facebook.com/docs/sharing/webmasters/crawler)"
144.91.119.214 - - [11/Mar/2026:08:04:22 -0400] "POST /wp-login.php HTTP/1.1" 403 72972 "https://www.residenciassanantonio.com/wp-login.php" "Mozilla/5.0 (X11; Linux x86_64) AppleWebKit/537.36 (KHTML, like Gecko) Chrome/120.0.0.0 Safari/537.36"
57.141.0.51 - - [11/Mar/2026:08:04:23 -0400] "GET /shop/enneandrian/sinaic043968344304.shtml HTTP/1.1" 200 72972 "-" "meta-externalagent/1.1 (+https://developers.facebook.com/docs/sharing/webmasters/crawler)"
57.141.0.19 - - [11/Mar/2026:08:04:23 -0400] "GET /shop/filariasis/abjurement023124430735.shtml HTTP/1.1" 200 72973 "-" "meta-externalagent/1.1 (+https://developers.facebook.com/docs/sharing/webmasters/crawler)"
74.7.242.60 - - [11/Mar/2026:08:04:19 -0400] "GET /search.php?detail/246025052509 HTTP/1.1" 200 159490 "https://residenciassanantonio.com/search.php?detail/246044393366" "Mozilla/5.0 AppleWebKit/537.36 (KHTML, like Gecko; compatible; GPTBot/1.3; +https://openai.com/gptbot)"
57.141.0.27 - - [11/Mar/2026:08:04:23 -0400] "GET /shop/misinformation/lacrimoso052735182591.shtml HTTP/1.1" 200 72972 "-" "meta-externalagent/1.1 (+https://developers.facebook.com/docs/sharing/webmasters/crawler)"
144.91.119.214 - - [11/Mar/2026:08:04:23 -0400] "POST /wp-login.php HTTP/1.1" 403 72972 "https://www.residenciassanantonio.com/wp-login.php" "Mozilla/5.0 (X11; Linux x86_64) AppleWebKit/537.36 (KHTML, like Gecko) Chrome/120.0.0.0 Safari/537.36"
57.141.0.16 - - [11/Mar/2026:08:04:24 -0400] "GET /shop/borated/recidivous043023724434.shtml HTTP/1.1" 200 72973 "-" "meta-externalagent/1.1 (+https://developers.facebook.com/docs/sharing/webmasters/crawler)"
144.91.119.214 - - [11/Mar/2026:08:04:25 -0400] "GET /wp-login.php HTTP/1.1" 403 72972 "-" "Mozilla/5.0 (Windows NT 10.0; Win64; x64) AppleWebKit/537.36 (KHTML, like Gecko) Chrome/120.0.0.0 Safari/537.36"
57.141.0.39 - - [11/Mar/2026:08:04:25 -0400] "GET /shop/crosiered/characterism062235702851.shtml HTTP/1.1" 200 72972 "-" "meta-externalagent/1.1 (+https://developers.facebook.com/docs/sharing/webmasters/crawler)"
57.141.0.8 - - [11/Mar/2026:08:04:25 -0400] "GET /shop/cuirasses/sagapen052316497727.shtml HTTP/1.1" 200 72972 "-" "meta-externalagent/1.1 (+https://developers.facebook.com/docs/sharing/webmasters/crawler)"
57.141.0.64 - - [11/Mar/2026:08:04:25 -0400] "GET /shop/outcourt/legitimated052396507812.shtml HTTP/1.1" 200 72972 "-" "meta-externalagent/1.1 (+https://developers.facebook.com/docs/sharing/webmasters/crawler)"
144.91.119.214 - - [11/Mar/2026:08:04:25 -0400] "POST /wp-login.php HTTP/1.1" 403 72972 "https://www.residenciassanantonio.com/wp-login.php" "Mozilla/5.0 (Windows NT 10.0; Win64; x64) AppleWebKit/537.36 (KHTML, like Gecko) Chrome/120.0.0.0 Safari/537.36"
57.141.0.23 - - [11/Mar/2026:08:04:26 -0400] "GET /shop/expiate/middens02442667379.shtml HTTP/1.1" 200 72972 "-" "meta-externalagent/1.1 (+https://developers.facebook.com/docs/sharing/webmasters/crawler)"
144.91.119.214 - - [11/Mar/2026:08:04:26 -0400] "POST /wp-login.php HTTP/1.1" 403 72972 "https://www.residenciassanantonio.com/wp-login.php" "Mozilla/5.0 (Windows NT 10.0; Win64; x64) AppleWebKit/537.36 (KHTML, like Gecko) Chrome/120.0.0.0 Safari/537.36"
57.141.0.66 - - [11/Mar/2026:08:04:26 -0400] "GET /shop/bibliophile/jeterus022468239855.shtml HTTP/1.1" 200 72972 "-" "meta-externalagent/1.1 (+https://developers.facebook.com/docs/sharing/webmasters/crawler)"
74.7.242.60 - - [11/Mar/2026:08:04:24 -0400] "GET /search.php?detail/0500403949485 HTTP/1.1" 200 157956 "https://residenciassanantonio.com/search.php?detail/180011180490" "Mozilla/5.0 AppleWebKit/537.36 (KHTML, like Gecko; compatible; GPTBot/1.3; +https://openai.com/gptbot)"
57.141.0.34 - - [11/Mar/2026:08:04:27 -0400] "GET /shop/punchin/irreprovable062803558420.shtml HTTP/1.1" 200 72973 "-" "meta-externalagent/1.1 (+https://developers.facebook.com/docs/sharing/webmasters/crawler)"
57.141.0.30 - - [11/Mar/2026:08:04:27 -0400] "GET /shop/periodicities/molecularly022708727256.shtml HTTP/1.1" 200 72972 "-" "meta-externalagent/1.1 (+https://developers.facebook.com/docs/sharing/webmasters/crawler)"
144.91.119.214 - - [11/Mar/2026:08:04:27 -0400] "POST /wp-login.php HTTP/1.1" 403 72972 "https://www.residenciassanantonio.com/wp-login.php" "Mozilla/5.0 (Windows NT 10.0; Win64; x64) AppleWebKit/537.36 (KHTML, like Gecko) Chrome/120.0.0.0 Safari/537.36"
57.141.0.68 - - [11/Mar/2026:08:04:28 -0400] "GET /shop/unconstraint/commatism053855056655.shtml HTTP/1.1" 200 72972 "-" "meta-externalagent/1.1 (+https://developers.facebook.com/docs/sharing/webmasters/crawler)"
57.141.0.58 - - [11/Mar/2026:08:04:28 -0400] "GET /shop/tungreat/stelliferous051251312450.shtml HTTP/1.1" 200 72972 "-" "meta-externalagent/1.1 (+https://developers.facebook.com/docs/sharing/webmasters/crawler)"
144.91.119.214 - - [11/Mar/2026:08:04:29 -0400] "GET /wp-login.php HTTP/1.1" 403 72972 "-" "Mozilla/5.0 (X11; Linux x86_64) AppleWebKit/537.36 (KHTML, like Gecko) Chrome/120.0.0.0 Safari/537.36"
57.141.0.72 - - [11/Mar/2026:08:04:29 -0400] "GET /shop/bifidate/alkarsin062314767271.shtml HTTP/1.1" 200 72972 "-" "meta-externalagent/1.1 (+https://developers.facebook.com/docs/sharing/webmasters/crawler)"
57.141.0.46 - - [11/Mar/2026:08:04:29 -0400] "GET /shop/aprocta/catharines043040936597.shtml HTTP/1.1" 200 72972 "-" "meta-externalagent/1.1 (+https://developers.facebook.com/docs/sharing/webmasters/crawler)"
57.141.0.8 - - [11/Mar/2026:08:04:30 -0400] "GET /shop/chorometry/stratagemical053788692412.shtml HTTP/1.1" 200 72972 "-" "meta-externalagent/1.1 (+https://developers.facebook.com/docs/sharing/webmasters/crawler)"
144.91.119.214 - - [11/Mar/2026:08:04:29 -0400] "POST /wp-login.php HTTP/1.1" 403 72972 "https://www.residenciassanantonio.com/wp-login.php" "Mozilla/5.0 (X11; Linux x86_64) AppleWebKit/537.36 (KHTML, like Gecko) Chrome/120.0.0.0 Safari/537.36"
57.141.0.33 - - [11/Mar/2026:08:04:30 -0400] "GET /shop/viticulose/hithe062120504113.shtml HTTP/1.1" 200 72973 "-" "meta-externalagent/1.1 (+https://developers.facebook.com/docs/sharing/webmasters/crawler)"
144.91.119.214 - - [11/Mar/2026:08:04:30 -0400] "POST /wp-login.php HTTP/1.1" 403 72972 "https://www.residenciassanantonio.com/wp-login.php" "Mozilla/5.0 (X11; Linux x86_64) AppleWebKit/537.36 (KHTML, like Gecko) Chrome/120.0.0.0 Safari/537.36"
57.141.0.2 - - [11/Mar/2026:08:04:31 -0400] "GET /shop/calippic/disassemble063784104528.shtml HTTP/1.1" 200 72972 "-" "meta-externalagent/1.1 (+https://developers.facebook.com/docs/sharing/webmasters/crawler)"
74.7.242.60 - - [11/Mar/2026:08:04:28 -0400] "GET /search.php?detail/111001573112 HTTP/1.1" 200 156886 "https://residenciassanantonio.com/search.php?detail/11100155694369" "Mozilla/5.0 AppleWebKit/537.36 (KHTML, like Gecko; compatible; GPTBot/1.3; +https://openai.com/gptbot)"
57.141.0.15 - - [11/Mar/2026:08:04:31 -0400] "GET /shop/facultative/atria063698911062.shtml HTTP/1.1" 200 72972 "-" "meta-externalagent/1.1 (+https://developers.facebook.com/docs/sharing/webmasters/crawler)"
144.91.119.214 - - [11/Mar/2026:08:04:31 -0400] "POST /wp-login.php HTTP/1.1" 403 72972 "https://www.residenciassanantonio.com/wp-login.php" "Mozilla/5.0 (X11; Linux x86_64) AppleWebKit/537.36 (KHTML, like Gecko) Chrome/120.0.0.0 Safari/537.36"
57.141.0.37 - - [11/Mar/2026:08:04:32 -0400] "GET /shop/preparer/bernicla053224402904.shtml HTTP/1.1" 200 72973 "-" "meta-externalagent/1.1 (+https://developers.facebook.com/docs/sharing/webmasters/crawler)"
57.141.0.53 - - [11/Mar/2026:08:04:32 -0400] "GET /shop/insubjection/slashy052845243250.shtml HTTP/1.1" 200 72972 "-" "meta-externalagent/1.1 (+https://developers.facebook.com/docs/sharing/webmasters/crawler)"
57.141.0.64 - - [11/Mar/2026:08:04:33 -0400] "GET /shop/eleodes/impermanent051159142984.shtml HTTP/1.1" 200 72972 "-" "meta-externalagent/1.1 (+https://developers.facebook.com/docs/sharing/webmasters/crawler)"
144.91.119.214 - - [11/Mar/2026:08:04:33 -0400] "GET /wp-login.php HTTP/1.1" 403 72972 "-" "Mozilla/5.0 (Macintosh; Intel Mac OS X 10_15_7) AppleWebKit/537.36 (KHTML, like Gecko) Chrome/120.0.0.0 Safari/537.36"
57.141.0.37 - - [11/Mar/2026:08:04:33 -0400] "GET /shop/injury/trachearia041049621352.shtml HTTP/1.1" 200 72972 "-" "meta-externalagent/1.1 (+https://developers.facebook.com/docs/sharing/webmasters/crawler)"
144.91.119.214 - - [11/Mar/2026:08:04:34 -0400] "POST /wp-login.php HTTP/1.1" 403 72972 "https://www.residenciassanantonio.com/wp-login.php" "Mozilla/5.0 (Windows NT 11.0; Win64; x64) AppleWebKit/537.36 (KHTML, like Gecko) Chrome/121.0.0.0 Safari/537.36"
57.141.0.19 - - [11/Mar/2026:08:04:34 -0400] "GET /shop/desmia/crecca042217675787.shtml HTTP/1.1" 200 72972 "-" "meta-externalagent/1.1 (+https://developers.facebook.com/docs/sharing/webmasters/crawler)"
57.141.0.36 - - [11/Mar/2026:08:04:35 -0400] "GET /shop/incelebrity/dactylomancy063074825559.shtml HTTP/1.1" 200 72972 "-" "meta-externalagent/1.1 (+https://developers.facebook.com/docs/sharing/webmasters/crawler)"
57.141.0.8 - - [11/Mar/2026:08:04:34 -0400] "GET /shop/notidanidae/resinoelectric05494657749.shtml HTTP/1.1" 200 72972 "-" "meta-externalagent/1.1 (+https://developers.facebook.com/docs/sharing/webmasters/crawler)"
74.7.242.60 - - [11/Mar/2026:08:04:32 -0400] "GET /search.php?detail/111001574099 HTTP/1.1" 200 157554 "https://residenciassanantonio.com/search.php?detail/11100155694369" "Mozilla/5.0 AppleWebKit/537.36 (KHTML, like Gecko; compatible; GPTBot/1.3; +https://openai.com/gptbot)"
144.91.119.214 - - [11/Mar/2026:08:04:35 -0400] "POST /wp-login.php HTTP/1.1" 403 72972 "https://www.residenciassanantonio.com/wp-login.php" "Mozilla/5.0 (Windows NT 11.0; Win64; x64) AppleWebKit/537.36 (KHTML, like Gecko) Chrome/121.0.0.0 Safari/537.36"
144.91.119.214 - - [11/Mar/2026:08:04:36 -0400] "POST /wp-login.php HTTP/1.1" 403 72972 "https://www.residenciassanantonio.com/wp-login.php" "Mozilla/5.0 (Windows NT 11.0; Win64; x64) AppleWebKit/537.36 (KHTML, like Gecko) Chrome/121.0.0.0 Safari/537.36"
57.141.0.19 - - [11/Mar/2026:08:04:36 -0400] "GET /shop/selfconfidently/embroiled05363997290.shtml HTTP/1.1" 200 72972 "-" "meta-externalagent/1.1 (+https://developers.facebook.com/docs/sharing/webmasters/crawler)"
57.141.0.30 - - [11/Mar/2026:08:04:36 -0400] "GET /shop/peristoma/fellah051803119037.shtml HTTP/1.1" 200 72972 "-" "meta-externalagent/1.1 (+https://developers.facebook.com/docs/sharing/webmasters/crawler)"
57.141.0.51 - - [11/Mar/2026:08:04:36 -0400] "GET /shop/metamorphosis/suscitation0665339166.shtml HTTP/1.1" 200 72972 "-" "meta-externalagent/1.1 (+https://developers.facebook.com/docs/sharing/webmasters/crawler)"
144.91.119.214 - - [11/Mar/2026:08:04:36 -0400] "GET /wp-login.php HTTP/1.1" 403 72972 "-" "Mozilla/5.0 (Windows NT 11.0; Win64; x64) AppleWebKit/537.36 (KHTML, like Gecko) Chrome/121.0.0.0 Safari/537.36"
57.141.0.19 - - [11/Mar/2026:08:04:37 -0400] "GET /shop/savanilla/dahlias021757541665.shtml HTTP/1.1" 200 72972 "-" "meta-externalagent/1.1 (+https://developers.facebook.com/docs/sharing/webmasters/crawler)"
57.141.0.8 - - [11/Mar/2026:08:04:37 -0400] "GET /shop/raver/masterwort061188217680.shtml HTTP/1.1" 200 72981 "-" "meta-externalagent/1.1 (+https://developers.facebook.com/docs/sharing/webmasters/crawler)"
144.91.119.214 - - [11/Mar/2026:08:04:37 -0400] "POST /wp-login.php HTTP/1.1" 403 72981 "https://www.residenciassanantonio.com/wp-login.php" "Mozilla/5.0 (Macintosh; Intel Mac OS X 10_15_7) AppleWebKit/537.36 (KHTML, like Gecko) Chrome/120.0.0.0 Safari/537.36"
74.7.242.60 - - [11/Mar/2026:08:04:36 -0400] "GET /search.php?detail/0600093019223 HTTP/1.1" 200 176165 "https://residenciassanantonio.com/search.php?detail/12302644531376" "Mozilla/5.0 AppleWebKit/537.36 (KHTML, like Gecko; compatible; GPTBot/1.3; +https://openai.com/gptbot)"
57.141.0.64 - - [11/Mar/2026:08:04:38 -0400] "GET /shop/arrestee/zwanziger054107221725.shtml HTTP/1.1" 200 72972 "-" "meta-externalagent/1.1 (+https://developers.facebook.com/docs/sharing/webmasters/crawler)"
144.91.119.214 - - [11/Mar/2026:08:04:38 -0400] "POST /wp-login.php HTTP/1.1" 403 72981 "https://www.residenciassanantonio.com/wp-login.php" "Mozilla/5.0 (Macintosh; Intel Mac OS X 10_15_7) AppleWebKit/537.36 (KHTML, like Gecko) Chrome/120.0.0.0 Safari/537.36"
57.141.0.35 - - [11/Mar/2026:08:04:39 -0400] "GET /shop/opalotype/profligation05923702611.shtml HTTP/1.1" 200 72981 "-" "meta-externalagent/1.1 (+https://developers.facebook.com/docs/sharing/webmasters/crawler)"
57.141.0.21 - - [11/Mar/2026:08:04:38 -0400] "GET /shop/dietetist/hawknut06620961757.shtml HTTP/1.1" 200 72981 "-" "meta-externalagent/1.1 (+https://developers.facebook.com/docs/sharing/webmasters/crawler)"
57.141.0.62 - - [11/Mar/2026:08:04:39 -0400] "GET /shop/ramulus/lawyerbush043087058828.shtml HTTP/1.1" 200 72981 "-" "meta-externalagent/1.1 (+https://developers.facebook.com/docs/sharing/webmasters/crawler)"
57.141.0.47 - - [11/Mar/2026:08:04:40 -0400] "GET /shop/declaimer/calcified042211968203.shtml HTTP/1.1" 200 72972 "-" "meta-externalagent/1.1 (+https://developers.facebook.com/docs/sharing/webmasters/crawler)"
57.141.0.19 - - [11/Mar/2026:08:04:41 -0400] "GET /shop/leered/suretyship04598849196.shtml HTTP/1.1" 200 72972 "-" "meta-externalagent/1.1 (+https://developers.facebook.com/docs/sharing/webmasters/crawler)"
57.141.0.19 - - [11/Mar/2026:08:04:41 -0400] "GET /shop/composmentis/muricatus061754828273.shtml HTTP/1.1" 200 72981 "-" "meta-externalagent/1.1 (+https://developers.facebook.com/docs/sharing/webmasters/crawler)"
57.141.0.20 - - [11/Mar/2026:08:04:41 -0400] "GET /shop/fluework/esker04360542086.shtml HTTP/1.1" 200 72981 "-" "meta-externalagent/1.1 (+https://developers.facebook.com/docs/sharing/webmasters/crawler)"
57.141.0.8 - - [11/Mar/2026:08:04:42 -0400] "GET /shop/periphrased/ironhearted021670778871.shtml HTTP/1.1" 200 72981 "-" "meta-externalagent/1.1 (+https://developers.facebook.com/docs/sharing/webmasters/crawler)"
74.7.242.60 - - [11/Mar/2026:08:04:40 -0400] "GET /search.php?detail/236041513850 HTTP/1.1" 200 158017 "https://residenciassanantonio.com/search.php?detail/23604282900147" "Mozilla/5.0 AppleWebKit/537.36 (KHTML, like Gecko; compatible; GPTBot/1.3; +https://openai.com/gptbot)"
57.141.0.59 - - [11/Mar/2026:08:04:43 -0400] "GET /shop/scramming/heathfowl06442151061.shtml HTTP/1.1" 500 - "-" "meta-externalagent/1.1 (+https://developers.facebook.com/docs/sharing/webmasters/crawler)"
57.141.0.37 - - [11/Mar/2026:08:04:42 -0400] "GET /shop/groyne/yummy063791792523.shtml HTTP/1.1" 200 72972 "-" "meta-externalagent/1.1 (+https://developers.facebook.com/docs/sharing/webmasters/crawler)"
144.91.119.214 - - [11/Mar/2026:08:04:42 -0400] "POST /wp-login.php HTTP/1.1" 403 72972 "https://www.residenciassanantonio.com/wp-login.php" "Mozilla/5.0 (Macintosh; Intel Mac OS X 10_15_7) AppleWebKit/537.36 (KHTML, like Gecko) Chrome/120.0.0.0 Safari/537.36"
57.141.0.25 - - [11/Mar/2026:08:04:43 -0400] "GET /shop/giggler/bedaggle04452360007.shtml HTTP/1.1" 200 72972 "-" "meta-externalagent/1.1 (+https://developers.facebook.com/docs/sharing/webmasters/crawler)"
57.141.0.55 - - [11/Mar/2026:08:04:44 -0400] "GET /shop/postage/megakaryocytic063552903938.shtml HTTP/1.1" 200 72972 "-" "meta-externalagent/1.1 (+https://developers.facebook.com/docs/sharing/webmasters/crawler)"
57.141.0.34 - - [11/Mar/2026:08:04:44 -0400] "GET /shop/serpentine/polytungstate06746322673.shtml HTTP/1.1" 200 72972 "-" "meta-externalagent/1.1 (+https://developers.facebook.com/docs/sharing/webmasters/crawler)"
144.91.119.214 - - [11/Mar/2026:08:04:45 -0400] "GET /wp-login.php HTTP/1.1" 403 72972 "-" "Mozilla/5.0 (Windows NT 10.0; Win64; x64; rv:121.0) Gecko/20100101 Firefox/121.0"
57.141.0.11 - - [11/Mar/2026:08:04:45 -0400] "GET /shop/estuation/pipra022832224391.shtml HTTP/1.1" 200 72972 "-" "meta-externalagent/1.1 (+https://developers.facebook.com/docs/sharing/webmasters/crawler)"
57.141.0.10 - - [11/Mar/2026:08:04:45 -0400] "GET /shop/shittah/rosaniline063841224059.shtml HTTP/1.1" 200 72972 "-" "meta-externalagent/1.1 (+https://developers.facebook.com/docs/sharing/webmasters/crawler)"
57.141.0.46 - - [11/Mar/2026:08:04:46 -0400] "GET /shop/reptile/isosporous062719747613.shtml HTTP/1.1" 200 72972 "-" "meta-externalagent/1.1 (+https://developers.facebook.com/docs/sharing/webmasters/crawler)"
74.7.242.60 - - [11/Mar/2026:08:04:44 -0400] "GET /search.php?detail/23604151725063 HTTP/1.1" 200 156908 "https://residenciassanantonio.com/search.php?detail/23604282900147" "Mozilla/5.0 AppleWebKit/537.36 (KHTML, like Gecko; compatible; GPTBot/1.3; +https://openai.com/gptbot)"
57.141.0.45 - - [11/Mar/2026:08:04:47 -0400] "GET /shop/invoicing/cyclobranchiate06335360880.shtml HTTP/1.1" 200 72972 "-" "meta-externalagent/1.1 (+https://developers.facebook.com/docs/sharing/webmasters/crawler)"
144.91.119.214 - - [11/Mar/2026:08:04:47 -0400] "POST /wp-login.php HTTP/1.1" 403 72973 "https://www.residenciassanantonio.com/wp-login.php" "Mozilla/5.0 (Macintosh; Intel Mac OS X 10_15_7) AppleWebKit/537.36 (KHTML, like Gecko) Chrome/120.0.0.0 Safari/537.36"
57.141.0.21 - - [11/Mar/2026:08:04:46 -0400] "GET /shop/understand/discounting044243830698.shtml HTTP/1.1" 200 72972 "-" "meta-externalagent/1.1 (+https://developers.facebook.com/docs/sharing/webmasters/crawler)"
57.141.0.12 - - [11/Mar/2026:08:04:47 -0400] "GET /shop/tillyfally/amotion052136985541.shtml HTTP/1.1" 200 72973 "-" "meta-externalagent/1.1 (+https://developers.facebook.com/docs/sharing/webmasters/crawler)"
57.141.0.59 - - [11/Mar/2026:08:04:48 -0400] "GET /shop/physiographical/trivium062577793507.shtml HTTP/1.1" 200 72972 "-" "meta-externalagent/1.1 (+https://developers.facebook.com/docs/sharing/webmasters/crawler)"
57.141.0.3 - - [11/Mar/2026:08:04:48 -0400] "GET /shop/crofter/cheimatobia053837252477.shtml HTTP/1.1" 200 72972 "-" "meta-externalagent/1.1 (+https://developers.facebook.com/docs/sharing/webmasters/crawler)"
144.91.119.214 - - [11/Mar/2026:08:04:49 -0400] "POST /wp-login.php HTTP/1.1" 403 72972 "https://www.residenciassanantonio.com/wp-login.php" "Mozilla/5.0 (Macintosh; Intel Mac OS X 10_15_7) AppleWebKit/537.36 (KHTML, like Gecko) Chrome/120.0.0.0 Safari/537.36"
57.141.0.56 - - [11/Mar/2026:08:04:49 -0400] "GET /shop/magnesian/enantiosis04223889478.shtml HTTP/1.1" 200 72972 "-" "meta-externalagent/1.1 (+https://developers.facebook.com/docs/sharing/webmasters/crawler)"
57.141.0.23 - - [11/Mar/2026:08:04:49 -0400] "GET /shop/painters/mislead051032574284.shtml HTTP/1.1" 200 72972 "-" "meta-externalagent/1.1 (+https://developers.facebook.com/docs/sharing/webmasters/crawler)"
57.141.0.6 - - [11/Mar/2026:08:04:50 -0400] "GET /shop/gemming/spiranthes06262518848.shtml HTTP/1.1" 200 72972 "-" "meta-externalagent/1.1 (+https://developers.facebook.com/docs/sharing/webmasters/crawler)"
144.91.119.214 - - [11/Mar/2026:08:04:50 -0400] "POST /wp-login.php HTTP/1.1" 403 72972 "https://www.residenciassanantonio.com/wp-login.php" "Mozilla/5.0 (Macintosh; Intel Mac OS X 10_15_7) AppleWebKit/537.36 (KHTML, like Gecko) Chrome/120.0.0.0 Safari/537.36"
57.141.0.45 - - [11/Mar/2026:08:04:50 -0400] "GET /shop/optimacy/creational041910401919.shtml HTTP/1.1" 200 72981 "-" "meta-externalagent/1.1 (+https://developers.facebook.com/docs/sharing/webmasters/crawler)"
57.141.0.31 - - [11/Mar/2026:08:04:51 -0400] "GET /shop/trappist/writable051229754369.shtml HTTP/1.1" 200 72972 "-" "meta-externalagent/1.1 (+https://developers.facebook.com/docs/sharing/webmasters/crawler)"
144.91.119.214 - - [11/Mar/2026:08:04:51 -0400] "GET /wp-login.php HTTP/1.1" 403 72972 "-" "Mozilla/5.0 (Windows NT 10.0; Win64; x64) AppleWebKit/537.36 (KHTML, like Gecko) Chrome/120.0.0.0 Safari/537.36"
57.141.0.13 - - [11/Mar/2026:08:04:51 -0400] "GET /shop/twoedged/conservation054072956478.shtml HTTP/1.1" 200 72972 "-" "meta-externalagent/1.1 (+https://developers.facebook.com/docs/sharing/webmasters/crawler)"
144.91.119.214 - - [11/Mar/2026:08:04:52 -0400] "POST /wp-login.php HTTP/1.1" 403 72972 "https://www.residenciassanantonio.com/wp-login.php" "Mozilla/5.0 (X11; Linux x86_64) AppleWebKit/537.36 (KHTML, like Gecko) Chrome/120.0.0.0 Safari/537.36"
74.7.242.60 - - [11/Mar/2026:08:04:48 -0400] "GET /search.php?detail/01103033442313 HTTP/1.1" 200 158560 "https://residenciassanantonio.com/search.php?detail/011012776341" "Mozilla/5.0 AppleWebKit/537.36 (KHTML, like Gecko; compatible; GPTBot/1.3; +https://openai.com/gptbot)"
57.141.0.40 - - [11/Mar/2026:08:04:52 -0400] "GET /shop/balcony/peasweep053267612095.shtml HTTP/1.1" 200 72972 "-" "meta-externalagent/1.1 (+https://developers.facebook.com/docs/sharing/webmasters/crawler)"
57.141.0.5 - - [11/Mar/2026:08:04:52 -0400] "GET /shop/whorishness/verticillus023167363611.shtml HTTP/1.1" 200 72972 "-" "meta-externalagent/1.1 (+https://developers.facebook.com/docs/sharing/webmasters/crawler)"
57.141.0.24 - - [11/Mar/2026:08:04:53 -0400] "GET /shop/mordication/hyperoptic04858233110.shtml HTTP/1.1" 200 72972 "-" "meta-externalagent/1.1 (+https://developers.facebook.com/docs/sharing/webmasters/crawler)"
144.91.119.214 - - [11/Mar/2026:08:04:53 -0400] "POST /wp-login.php HTTP/1.1" 403 72972 "https://www.residenciassanantonio.com/wp-login.php" "Mozilla/5.0 (X11; Linux x86_64) AppleWebKit/537.36 (KHTML, like Gecko) Chrome/120.0.0.0 Safari/537.36"
57.141.0.15 - - [11/Mar/2026:08:04:53 -0400] "GET /shop/annexing/scalenohedral024151912822.shtml HTTP/1.1" 200 72972 "-" "meta-externalagent/1.1 (+https://developers.facebook.com/docs/sharing/webmasters/crawler)"
57.141.0.45 - - [11/Mar/2026:08:04:54 -0400] "GET /shop/rondle/cercoleptidae042656510592.shtml HTTP/1.1" 200 72972 "-" "meta-externalagent/1.1 (+https://developers.facebook.com/docs/sharing/webmasters/crawler)"
57.141.0.41 - - [11/Mar/2026:08:04:54 -0400] "GET /shop/wennel/microfilm052940826966.shtml HTTP/1.1" 200 72972 "-" "meta-externalagent/1.1 (+https://developers.facebook.com/docs/sharing/webmasters/crawler)"
144.91.119.214 - - [11/Mar/2026:08:04:55 -0400] "POST /wp-login.php HTTP/1.1" 403 72972 "https://www.residenciassanantonio.com/wp-login.php" "Mozilla/5.0 (X11; Linux x86_64) AppleWebKit/537.36 (KHTML, like Gecko) Chrome/120.0.0.0 Safari/537.36"
57.141.0.19 - - [11/Mar/2026:08:04:55 -0400] "GET /shop/septic/mordanting061468506511.shtml HTTP/1.1" 200 72972 "-" "meta-externalagent/1.1 (+https://developers.facebook.com/docs/sharing/webmasters/crawler)"
74.7.242.60 - - [11/Mar/2026:08:04:53 -0400] "GET /search.php?detail/28903711283061 HTTP/1.1" 200 162023 "https://residenciassanantonio.com/search.php?detail/28903189956481" "Mozilla/5.0 AppleWebKit/537.36 (KHTML, like Gecko; compatible; GPTBot/1.3; +https://openai.com/gptbot)"
57.141.0.23 - - [11/Mar/2026:08:04:55 -0400] "GET /shop/describer/neodarwinian022406277749.shtml HTTP/1.1" 200 72972 "-" "meta-externalagent/1.1 (+https://developers.facebook.com/docs/sharing/webmasters/crawler)"
57.141.0.32 - - [11/Mar/2026:08:04:56 -0400] "GET /shop/eternity/varioloid042301877779.shtml HTTP/1.1" 200 72972 "-" "meta-externalagent/1.1 (+https://developers.facebook.com/docs/sharing/webmasters/crawler)"
144.91.119.214 - - [11/Mar/2026:08:04:56 -0400] "GET /wp-login.php HTTP/1.1" 403 72972 "-" "Mozilla/5.0 (Windows NT 11.0; Win64; x64) AppleWebKit/537.36 (KHTML, like Gecko) Chrome/121.0.0.0 Safari/537.36"
57.141.0.68 - - [11/Mar/2026:08:04:56 -0400] "GET /shop/pistil/interocular022581347911.shtml HTTP/1.1" 200 72972 "-" "meta-externalagent/1.1 (+https://developers.facebook.com/docs/sharing/webmasters/crawler)"
144.91.119.214 - - [11/Mar/2026:08:04:57 -0400] "POST /wp-login.php HTTP/1.1" 403 72973 "https://www.residenciassanantonio.com/wp-login.php" "Mozilla/5.0 (Windows NT 10.0; Win64; x64) AppleWebKit/537.36 (KHTML, like Gecko) Chrome/120.0.0.0 Safari/537.36"
57.141.0.11 - - [11/Mar/2026:08:04:57 -0400] "GET /shop/idiolect/attributive04805351886.shtml HTTP/1.1" 200 72972 "-" "meta-externalagent/1.1 (+https://developers.facebook.com/docs/sharing/webmasters/crawler)"
57.141.0.13 - - [11/Mar/2026:08:04:58 -0400] "GET /shop/studies/invigilated04666168388.shtml HTTP/1.1" 200 72972 "-" "meta-externalagent/1.1 (+https://developers.facebook.com/docs/sharing/webmasters/crawler)"
144.91.119.214 - - [11/Mar/2026:08:04:58 -0400] "POST /wp-login.php HTTP/1.1" 403 72972 "https://www.residenciassanantonio.com/wp-login.php" "Mozilla/5.0 (Windows NT 10.0; Win64; x64) AppleWebKit/537.36 (KHTML, like Gecko) Chrome/120.0.0.0 Safari/537.36"
57.141.0.35 - - [11/Mar/2026:08:04:58 -0400] "GET /shop/lactary/sided06622068386.shtml HTTP/1.1" 200 72972 "-" "meta-externalagent/1.1 (+https://developers.facebook.com/docs/sharing/webmasters/crawler)"
57.141.0.36 - - [11/Mar/2026:08:04:58 -0400] "GET /shop/sinkaline/coblet04680163082.shtml HTTP/1.1" 200 72972 "-" "meta-externalagent/1.1 (+https://developers.facebook.com/docs/sharing/webmasters/crawler)"
57.141.0.66 - - [11/Mar/2026:08:04:58 -0400] "GET /shop/lickjaw/ortho052894085640.shtml HTTP/1.1" 200 72972 "-" "meta-externalagent/1.1 (+https://developers.facebook.com/docs/sharing/webmasters/crawler)"
144.91.119.214 - - [11/Mar/2026:08:04:59 -0400] "POST /wp-login.php HTTP/1.1" 403 72973 "https://www.residenciassanantonio.com/wp-login.php" "Mozilla/5.0 (Windows NT 10.0; Win64; x64) AppleWebKit/537.36 (KHTML, like Gecko) Chrome/120.0.0.0 Safari/537.36"
57.141.0.48 - - [11/Mar/2026:08:04:59 -0400] "GET /shop/devilries/comedown061793655804.shtml HTTP/1.1" 200 72972 "-" "meta-externalagent/1.1 (+https://developers.facebook.com/docs/sharing/webmasters/crawler)"
74.7.242.60 - - [11/Mar/2026:08:04:57 -0400] "GET /search.php?detail/084010806779 HTTP/1.1" 200 164302 "https://residenciassanantonio.com/search.php?detail/12302644531376" "Mozilla/5.0 AppleWebKit/537.36 (KHTML, like Gecko; compatible; GPTBot/1.3; +https://openai.com/gptbot)"
57.141.0.15 - - [11/Mar/2026:08:05:00 -0400] "GET /shop/volti/predictor061692135430.shtml HTTP/1.1" 200 72972 "-" "meta-externalagent/1.1 (+https://developers.facebook.com/docs/sharing/webmasters/crawler)"
144.91.119.214 - - [11/Mar/2026:08:05:00 -0400] "GET /wp-login.php HTTP/1.1" 403 72972 "-" "Mozilla/5.0 (Windows NT 10.0; Win64; x64; rv:121.0) Gecko/20100101 Firefox/121.0"
57.141.0.8 - - [11/Mar/2026:08:05:00 -0400] "GET /shop/hydrocyanic/blisses061360677810.shtml HTTP/1.1" 200 72972 "-" "meta-externalagent/1.1 (+https://developers.facebook.com/docs/sharing/webmasters/crawler)"
144.91.119.214 - - [11/Mar/2026:08:05:01 -0400] "POST /wp-login.php HTTP/1.1" 403 72972 "https://www.residenciassanantonio.com/wp-login.php" "Mozilla/5.0 (Windows NT 10.0; Win64; x64; rv:121.0) Gecko/20100101 Firefox/121.0"
57.141.0.51 - - [11/Mar/2026:08:05:01 -0400] "GET /shop/hagdon/charmeress053978044615.shtml HTTP/1.1" 200 72972 "-" "meta-externalagent/1.1 (+https://developers.facebook.com/docs/sharing/webmasters/crawler)"
57.141.0.24 - - [11/Mar/2026:08:05:02 -0400] "GET /shop/wreckmaster/gleucometer042192918176.shtml HTTP/1.1" 200 72972 "-" "meta-externalagent/1.1 (+https://developers.facebook.com/docs/sharing/webmasters/crawler)"
57.141.0.42 - - [11/Mar/2026:08:05:01 -0400] "GET /shop/politest/indefiniteness063195650211.shtml HTTP/1.1" 200 72972 "-" "meta-externalagent/1.1 (+https://developers.facebook.com/docs/sharing/webmasters/crawler)"
144.91.119.214 - - [11/Mar/2026:08:05:02 -0400] "POST /wp-login.php HTTP/1.1" 403 72973 "https://www.residenciassanantonio.com/wp-login.php" "Mozilla/5.0 (Windows NT 10.0; Win64; x64; rv:121.0) Gecko/20100101 Firefox/121.0"
57.141.0.27 - - [11/Mar/2026:08:05:02 -0400] "GET /shop/advisedly/geckoes06594166495.shtml HTTP/1.1" 200 72972 "-" "meta-externalagent/1.1 (+https://developers.facebook.com/docs/sharing/webmasters/crawler)"
144.91.119.214 - - [11/Mar/2026:08:05:03 -0400] "POST /wp-login.php HTTP/1.1" 403 72972 "https://www.residenciassanantonio.com/wp-login.php" "Mozilla/5.0 (Windows NT 10.0; Win64; x64; rv:121.0) Gecko/20100101 Firefox/121.0"
57.141.0.55 - - [11/Mar/2026:08:05:03 -0400] "GET /shop/europaeus/waterrotted041026028892.shtml HTTP/1.1" 200 72973 "-" "meta-externalagent/1.1 (+https://developers.facebook.com/docs/sharing/webmasters/crawler)"
57.141.0.65 - - [11/Mar/2026:08:05:03 -0400] "GET /shop/rofecoxib/sporran051296671212.shtml HTTP/1.1" 200 72972 "-" "meta-externalagent/1.1 (+https://developers.facebook.com/docs/sharing/webmasters/crawler)"
57.141.0.7 - - [11/Mar/2026:08:05:04 -0400] "GET /shop/swypes/christianness042234422848.shtml HTTP/1.1" 200 72972 "-" "meta-externalagent/1.1 (+https://developers.facebook.com/docs/sharing/webmasters/crawler)"
144.91.119.214 - - [11/Mar/2026:08:05:04 -0400] "GET /wp-login.php HTTP/1.1" 403 72972 "-" "Mozilla/5.0 (Macintosh; Intel Mac OS X 10_15_7) AppleWebKit/537.36 (KHTML, like Gecko) Chrome/120.0.0.0 Safari/537.36"
74.7.242.60 - - [11/Mar/2026:08:05:01 -0400] "GET /search.php?detail/07602814692919 HTTP/1.1" 200 158640 "https://residenciassanantonio.com/search.php?detail/0760281390245" "Mozilla/5.0 AppleWebKit/537.36 (KHTML, like Gecko; compatible; GPTBot/1.3; +https://openai.com/gptbot)"
57.141.0.25 - - [11/Mar/2026:08:05:05 -0400] "GET /shop/tachistoscope/cravatted053211564879.shtml HTTP/1.1" 200 72972 "-" "meta-externalagent/1.1 (+https://developers.facebook.com/docs/sharing/webmasters/crawler)"
57.141.0.19 - - [11/Mar/2026:08:05:05 -0400] "GET /shop/forficate/balaustine043148661489.shtml HTTP/1.1" 200 72972 "-" "meta-externalagent/1.1 (+https://developers.facebook.com/docs/sharing/webmasters/crawler)"
57.141.0.5 - - [11/Mar/2026:08:05:05 -0400] "GET /shop/attemptable/geoselenic053261709944.shtml HTTP/1.1" 200 72972 "-" "meta-externalagent/1.1 (+https://developers.facebook.com/docs/sharing/webmasters/crawler)"
144.91.119.214 - - [11/Mar/2026:08:05:05 -0400] "POST /wp-login.php HTTP/1.1" 403 72972 "https://www.residenciassanantonio.com/wp-login.php" "Mozilla/5.0 (X11; Linux x86_64) AppleWebKit/537.36 (KHTML, like Gecko) Chrome/120.0.0.0 Safari/537.36"
57.141.0.12 - - [11/Mar/2026:08:05:06 -0400] "GET /shop/cultivating/subindex041779425690.shtml HTTP/1.1" 200 72972 "-" "meta-externalagent/1.1 (+https://developers.facebook.com/docs/sharing/webmasters/crawler)"
57.141.0.14 - - [11/Mar/2026:08:05:06 -0400] "GET /shop/expletively/tracts063754753515.shtml HTTP/1.1" 200 72972 "-" "meta-externalagent/1.1 (+https://developers.facebook.com/docs/sharing/webmasters/crawler)"
144.91.119.214 - - [11/Mar/2026:08:05:07 -0400] "POST /wp-login.php HTTP/1.1" 403 72972 "https://www.residenciassanantonio.com/wp-login.php" "Mozilla/5.0 (X11; Linux x86_64) AppleWebKit/537.36 (KHTML, like Gecko) Chrome/120.0.0.0 Safari/537.36"
57.141.0.17 - - [11/Mar/2026:08:05:07 -0400] "GET /shop/antiloquist/scyphistoma051407926913.shtml HTTP/1.1" 200 72972 "-" "meta-externalagent/1.1 (+https://developers.facebook.com/docs/sharing/webmasters/crawler)"
74.7.242.60 - - [11/Mar/2026:08:05:05 -0400] "GET /search.php?detail/180011181961 HTTP/1.1" 200 158688 "https://residenciassanantonio.com/search.php?detail/180011180490" "Mozilla/5.0 AppleWebKit/537.36 (KHTML, like Gecko; compatible; GPTBot/1.3; +https://openai.com/gptbot)"
57.141.0.44 - - [11/Mar/2026:08:05:07 -0400] "GET /shop/criticise/deponed042129603098.shtml HTTP/1.1" 200 72972 "-" "meta-externalagent/1.1 (+https://developers.facebook.com/docs/sharing/webmasters/crawler)"
57.141.0.2 - - [11/Mar/2026:08:05:08 -0400] "GET /shop/oldworld/osteographer05215546075.shtml HTTP/1.1" 200 72972 "-" "meta-externalagent/1.1 (+https://developers.facebook.com/docs/sharing/webmasters/crawler)"
144.91.119.214 - - [11/Mar/2026:08:05:08 -0400] "POST /wp-login.php HTTP/1.1" 403 72972 "https://www.residenciassanantonio.com/wp-login.php" "Mozilla/5.0 (X11; Linux x86_64) AppleWebKit/537.36 (KHTML, like Gecko) Chrome/120.0.0.0 Safari/537.36"
57.141.0.59 - - [11/Mar/2026:08:05:09 -0400] "GET /shop/volztiales/controversies04714267669.shtml HTTP/1.1" 200 72972 "-" "meta-externalagent/1.1 (+https://developers.facebook.com/docs/sharing/webmasters/crawler)"
144.91.119.214 - - [11/Mar/2026:08:05:09 -0400] "GET /wp-login.php HTTP/1.1" 403 72972 "-" "Mozilla/5.0 (X11; Linux x86_64) AppleWebKit/537.36 (KHTML, like Gecko) Chrome/120.0.0.0 Safari/537.36"
57.141.0.19 - - [11/Mar/2026:08:05:09 -0400] "GET /shop/selftorture/diverticle044273938994.shtml HTTP/1.1" 200 72972 "-" "meta-externalagent/1.1 (+https://developers.facebook.com/docs/sharing/webmasters/crawler)"
57.141.0.34 - - [11/Mar/2026:08:05:09 -0400] "GET /shop/shebunder/optimism043555449832.shtml HTTP/1.1" 200 72972 "-" "meta-externalagent/1.1 (+https://developers.facebook.com/docs/sharing/webmasters/crawler)"
57.141.0.60 - - [11/Mar/2026:08:05:10 -0400] "GET /shop/lemurid/summist061349943447.shtml HTTP/1.1" 200 72972 "-" "meta-externalagent/1.1 (+https://developers.facebook.com/docs/sharing/webmasters/crawler)"
144.91.119.214 - - [11/Mar/2026:08:05:10 -0400] "POST /wp-login.php HTTP/1.1" 403 72972 "https://www.residenciassanantonio.com/wp-login.php" "Mozilla/5.0 (Windows NT 10.0; Win64; x64) AppleWebKit/537.36 (KHTML, like Gecko) Chrome/120.0.0.0 Safari/537.36"
57.141.0.1 - - [11/Mar/2026:08:05:10 -0400] "GET /shop/inedibility/upseek05623703312.shtml HTTP/1.1" 200 72972 "-" "meta-externalagent/1.1 (+https://developers.facebook.com/docs/sharing/webmasters/crawler)"
144.91.119.214 - - [11/Mar/2026:08:05:11 -0400] "POST /wp-login.php HTTP/1.1" 403 72972 "https://www.residenciassanantonio.com/wp-login.php" "Mozilla/5.0 (Windows NT 10.0; Win64; x64) AppleWebKit/537.36 (KHTML, like Gecko) Chrome/120.0.0.0 Safari/537.36"
57.141.0.16 - - [11/Mar/2026:08:05:11 -0400] "GET /shop/death/unperegal0644698254.shtml HTTP/1.1" 200 72972 "-" "meta-externalagent/1.1 (+https://developers.facebook.com/docs/sharing/webmasters/crawler)"
74.7.242.60 - - [11/Mar/2026:08:05:09 -0400] "GET /search.php?detail/09603479444962 HTTP/1.1" 200 161324 "https://residenciassanantonio.com/search.php?detail/246044393366" "Mozilla/5.0 AppleWebKit/537.36 (KHTML, like Gecko; compatible; GPTBot/1.3; +https://openai.com/gptbot)"
57.141.0.26 - - [11/Mar/2026:08:05:11 -0400] "GET /shop/ingrate/pitiableness04768524723.shtml HTTP/1.1" 200 72973 "-" "meta-externalagent/1.1 (+https://developers.facebook.com/docs/sharing/webmasters/crawler)"
144.91.119.214 - - [11/Mar/2026:08:05:12 -0400] "POST /wp-login.php HTTP/1.1" 403 72972 "https://www.residenciassanantonio.com/wp-login.php" "Mozilla/5.0 (Windows NT 10.0; Win64; x64) AppleWebKit/537.36 (KHTML, like Gecko) Chrome/120.0.0.0 Safari/537.36"
