216.73.216.44 - - [12/Mar/2026:08:33:15 -0400] "GET /?path=%2F%2Fvar%2Fsoftaculous%2Felgg3%2Fimages HTTP/1.1" 200 15790 "-" "Mozilla/5.0 AppleWebKit/537.36 (KHTML, like Gecko; compatible; ClaudeBot/1.0; +claudebot@anthropic.com)"
57.141.0.32 - - [12/Mar/2026:08:33:15 -0400] "GET /shop/hyperventilate/alligatored012727698476.shtml?fileloc=/home/enciassa/public_html/wp-includes/functions.wp-scripts.php&path=/home/enciassa/public_html/wp-includes HTTP/1.1" 200 28196 "-" "meta-externalagent/1.1 (+https://developers.facebook.com/docs/sharing/webmasters/crawler)"
216.73.216.44 - - [12/Mar/2026:08:33:15 -0400] "GET /?fileloc=%2F%2Fvar%2Fsoftaculous%2Forange%2Fclone.php&path=%2F%2Fvar%2Fsoftaculous%2Forange HTTP/1.1" 200 28327 "-" "Mozilla/5.0 AppleWebKit/537.36 (KHTML, like Gecko; compatible; ClaudeBot/1.0; +claudebot@anthropic.com)"
216.73.216.44 - - [12/Mar/2026:08:33:15 -0400] "GET /?fileloc=%2F%2Fvar%2Fsoftaculous%2Fftools%2Fnotes.txt&path=%2F%2Fvar%2Fsoftaculous%2Fftools HTTP/1.1" 200 12753 "-" "Mozilla/5.0 AppleWebKit/537.36 (KHTML, like Gecko; compatible; ClaudeBot/1.0; +claudebot@anthropic.com)"
57.141.0.67 - - [12/Mar/2026:08:33:16 -0400] "GET /shop/hyperventilate/alligatored012727698476.shtml?fileloc=/home/enciassa/public_html/wp-includes/block-patterns.php&path=/home/enciassa/public_html/wp-includes HTTP/1.1" 200 27828 "-" "meta-externalagent/1.1 (+https://developers.facebook.com/docs/sharing/webmasters/crawler)"
216.73.216.44 - - [12/Mar/2026:08:33:16 -0400] "GET /?fileloc=%2F%2Fvar%2Fsoftaculous%2Fjquery%2Finstall.xml&path=%2F%2Fvar%2Fsoftaculous%2Fjquery HTTP/1.1" 200 12997 "-" "Mozilla/5.0 AppleWebKit/537.36 (KHTML, like Gecko; compatible; ClaudeBot/1.0; +claudebot@anthropic.com)"
74.7.227.61 - - [12/Mar/2026:08:33:13 -0400] "GET /search.php?detail/2100096779836 HTTP/1.1" 200 165806 "https://residenciassanantonio.com/search.php?detail/1410220965543" "Mozilla/5.0 AppleWebKit/537.36 (KHTML, like Gecko; compatible; GPTBot/1.3; +https://openai.com/gptbot)"
216.73.216.44 - - [12/Mar/2026:08:33:16 -0400] "GET /?fileloc=%2F%2Fvar%2Fsoftaculous%2Fselfoss%2Fimport.php&path=%2F%2Fvar%2Fsoftaculous%2Fselfoss HTTP/1.1" 200 16335 "-" "Mozilla/5.0 AppleWebKit/537.36 (KHTML, like Gecko; compatible; ClaudeBot/1.0; +claudebot@anthropic.com)"
57.141.0.16 - - [12/Mar/2026:08:33:16 -0400] "GET /shop/hyperventilate/alligatored012727698476.shtml?fileloc=/home/enciassa/public_html/wp-includes/https-detection.php&path=/home/enciassa/public_html/wp-includes HTTP/1.1" 200 18748 "-" "meta-externalagent/1.1 (+https://developers.facebook.com/docs/sharing/webmasters/crawler)"
216.73.216.44 - - [12/Mar/2026:08:33:16 -0400] "GET /?fileloc=%2F%2Fvar%2Fsoftaculous%2Fclipper%2Finstall.php&path=%2F%2Fvar%2Fsoftaculous%2Fclipper HTTP/1.1" 200 18136 "-" "Mozilla/5.0 AppleWebKit/537.36 (KHTML, like Gecko; compatible; ClaudeBot/1.0; +claudebot@anthropic.com)"
216.73.216.44 - - [12/Mar/2026:08:33:16 -0400] "GET /?fileloc=%2Fhome%2Fenciassa%2Fwww%2Fwp-content%2Fplugins%2Felementor%2Fmodules%2Fadmin.php&path=%2Fhome%2Fenciassa%2Fwww%2Fwp-content%2Fplugins%2Felementor%2Fmodules HTTP/1.1" 200 15192 "-" "Mozilla/5.0 AppleWebKit/537.36 (KHTML, like Gecko; compatible; ClaudeBot/1.0; +claudebot@anthropic.com)"
57.141.0.67 - - [12/Mar/2026:08:33:17 -0400] "GET /shop/hyperventilate/alligatored012727698476.shtml?fileloc=/home/enciassa/public_html/wp-includes/gyuvliqp.php&path=/home/enciassa/public_html/wp-includes HTTP/1.1" 200 14943 "-" "meta-externalagent/1.1 (+https://developers.facebook.com/docs/sharing/webmasters/crawler)"
216.73.216.44 - - [12/Mar/2026:08:33:17 -0400] "GET /?fileloc=%2F%2Fvar%2Fsoftaculous%2Fwp62%2Fclone.php&path=%2F%2Fvar%2Fsoftaculous%2Fwp62 HTTP/1.1" 200 44215 "-" "Mozilla/5.0 AppleWebKit/537.36 (KHTML, like Gecko; compatible; ClaudeBot/1.0; +claudebot@anthropic.com)"
57.141.0.12 - - [12/Mar/2026:08:33:17 -0400] "GET /shop/hyperventilate/alligatored012727698476.shtml?fileloc=/home/enciassa/public_html/wp-includes/class-wp-url-pattern-prefixer.php&path=/home/enciassa/public_html/wp-includes HTTP/1.1" 200 17559 "-" "meta-externalagent/1.1 (+https://developers.facebook.com/docs/sharing/webmasters/crawler)"
216.73.216.44 - - [12/Mar/2026:08:33:17 -0400] "GET /?fileloc=%2F%2Fvar%2Fsoftaculous%2Fconc85%2Fimport.php&path=%2F%2Fvar%2Fsoftaculous%2Fconc85 HTTP/1.1" 200 17945 "-" "Mozilla/5.0 AppleWebKit/537.36 (KHTML, like Gecko; compatible; ClaudeBot/1.0; +claudebot@anthropic.com)"
216.73.216.44 - - [12/Mar/2026:08:33:17 -0400] "GET /?path=%2F%2Fvar%2Fsoftaculous%2Fdolibarr%2Fimages HTTP/1.1" 200 15834 "-" "Mozilla/5.0 AppleWebKit/537.36 (KHTML, like Gecko; compatible; ClaudeBot/1.0; +claudebot@anthropic.com)"
57.141.0.11 - - [12/Mar/2026:08:33:17 -0400] "GET /shop/hyperventilate/alligatored012727698476.shtml?fileloc=/home/enciassa/public_html/wp-includes/class.wp-styles.php&path=/home/enciassa/public_html/wp-includes HTTP/1.1" 200 12848 "-" "meta-externalagent/1.1 (+https://developers.facebook.com/docs/sharing/webmasters/crawler)"
216.73.216.44 - - [12/Mar/2026:08:33:17 -0400] "GET /?path=%2F%2Fvar%2Fsoftaculous%2Focart%2Fimages HTTP/1.1" 200 15789 "-" "Mozilla/5.0 AppleWebKit/537.36 (KHTML, like Gecko; compatible; ClaudeBot/1.0; +claudebot@anthropic.com)"
216.73.216.44 - - [12/Mar/2026:08:33:18 -0400] "GET /?fileloc=%2F%2Fvar%2Fsoftaculous%2Fqcms%2Fimport.php&path=%2F%2Fvar%2Fsoftaculous%2Fqcms HTTP/1.1" 200 15268 "-" "Mozilla/5.0 AppleWebKit/537.36 (KHTML, like Gecko; compatible; ClaudeBot/1.0; +claudebot@anthropic.com)"
57.141.0.68 - - [12/Mar/2026:08:33:18 -0400] "GET /shop/hyperventilate/alligatored012727698476.shtml?fileloc=/home/enciassa/public_html/wp-includes/spl-autoload-compat.php&path=/home/enciassa/public_html/wp-includes HTTP/1.1" 200 12945 "-" "meta-externalagent/1.1 (+https://developers.facebook.com/docs/sharing/webmasters/crawler)"
216.73.216.44 - - [12/Mar/2026:08:33:18 -0400] "GET /?fileloc=%2F%2Fvar%2Fsoftaculous%2Fsnipeit%2Finstall.php&path=%2F%2Fvar%2Fsoftaculous%2Fsnipeit HTTP/1.1" 200 17560 "-" "Mozilla/5.0 AppleWebKit/537.36 (KHTML, like Gecko; compatible; ClaudeBot/1.0; +claudebot@anthropic.com)"
216.73.216.44 - - [12/Mar/2026:08:33:18 -0400] "GET /?fileloc=%2F%2Fvar%2Fsoftaculous%2Fjquery%2Ffileindex.php&path=%2F%2Fvar%2Fsoftaculous%2Fjquery HTTP/1.1" 200 12393 "-" "Mozilla/5.0 AppleWebKit/537.36 (KHTML, like Gecko; compatible; ClaudeBot/1.0; +claudebot@anthropic.com)"
216.73.216.44 - - [12/Mar/2026:08:33:18 -0400] "GET /?fileloc=%2F%2Fvar%2Fsoftaculous%2Fnextcloud%2Fupgrade.xml&path=%2F%2Fvar%2Fsoftaculous%2Fnextcloud HTTP/1.1" 200 12816 "-" "Mozilla/5.0 AppleWebKit/537.36 (KHTML, like Gecko; compatible; ClaudeBot/1.0; +claudebot@anthropic.com)"
216.73.216.44 - - [12/Mar/2026:08:33:18 -0400] "GET /?fileloc=%2F%2Fvar%2Fsoftaculous%2Funmark%2Fmd5&path=%2F%2Fvar%2Fsoftaculous%2Funmark HTTP/1.1" 200 19746 "-" "Mozilla/5.0 AppleWebKit/537.36 (KHTML, like Gecko; compatible; ClaudeBot/1.0; +claudebot@anthropic.com)"
57.141.0.67 - - [12/Mar/2026:08:33:18 -0400] "GET /shop/hyperventilate/alligatored012727698476.shtml?fileloc=/home/enciassa/public_html/wp-includes/class-wp-comment-query.php&path=/home/enciassa/public_html/wp-includes HTTP/1.1" 200 67674 "-" "meta-externalagent/1.1 (+https://developers.facebook.com/docs/sharing/webmasters/crawler)"
216.73.216.44 - - [12/Mar/2026:08:33:19 -0400] "GET /?fileloc=%2F%2Fvar%2Fsoftaculous%2Fdotcl%2Finstall.xml&path=%2F%2Fvar%2Fsoftaculous%2Fdotcl HTTP/1.1" 200 14492 "-" "Mozilla/5.0 AppleWebKit/537.36 (KHTML, like Gecko; compatible; ClaudeBot/1.0; +claudebot@anthropic.com)"
216.73.216.44 - - [12/Mar/2026:08:33:19 -0400] "GET /?fileloc=%2F%2Fvar%2Fsoftaculous%2Farfooo%2Fdb.php&path=%2F%2Fvar%2Fsoftaculous%2Farfooo HTTP/1.1" 200 12721 "-" "Mozilla/5.0 AppleWebKit/537.36 (KHTML, like Gecko; compatible; ClaudeBot/1.0; +claudebot@anthropic.com)"
57.141.0.40 - - [12/Mar/2026:08:33:19 -0400] "GET /shop/hyperventilate/alligatored012727698476.shtml?fileloc=/home/enciassa/public_html/wp-includes/class-wp-post.php&path=/home/enciassa/public_html/wp-includes HTTP/1.1" 200 19567 "-" "meta-externalagent/1.1 (+https://developers.facebook.com/docs/sharing/webmasters/crawler)"
216.73.216.44 - - [12/Mar/2026:08:33:19 -0400] "GET /?fileloc=%2F%2Fvar%2Fsoftaculous%2Fcommentics%2Fupgrade.php&path=%2F%2Fvar%2Fsoftaculous%2Fcommentics HTTP/1.1" 200 16722 "-" "Mozilla/5.0 AppleWebKit/537.36 (KHTML, like Gecko; compatible; ClaudeBot/1.0; +claudebot@anthropic.com)"
216.73.216.44 - - [12/Mar/2026:08:33:19 -0400] "GET /?fileloc=%2F%2Fvar%2Fsoftaculous%2Fmodx%2Fupdate_pass.php&path=%2F%2Fvar%2Fsoftaculous%2Fmodx HTTP/1.1" 200 13191 "-" "Mozilla/5.0 AppleWebKit/537.36 (KHTML, like Gecko; compatible; ClaudeBot/1.0; +claudebot@anthropic.com)"
57.141.0.14 - - [12/Mar/2026:08:33:20 -0400] "GET /shop/hyperventilate/alligatored012727698476.shtml?fileloc=/home/enciassa/public_html/wp-includes/feed-rss.php&path=/home/enciassa/public_html/wp-includes HTTP/1.1" 200 14053 "-" "meta-externalagent/1.1 (+https://developers.facebook.com/docs/sharing/webmasters/crawler)"
216.73.216.44 - - [12/Mar/2026:08:33:19 -0400] "GET /?fileloc=%2F%2Fvar%2Fsoftaculous%2Fomp%2Finstall.xml&path=%2F%2Fvar%2Fsoftaculous%2Fomp HTTP/1.1" 200 13571 "-" "Mozilla/5.0 AppleWebKit/537.36 (KHTML, like Gecko; compatible; ClaudeBot/1.0; +claudebot@anthropic.com)"
74.7.227.61 - - [12/Mar/2026:08:33:18 -0400] "GET /search.php?detail/217048511127 HTTP/1.1" 200 176002 "https://residenciassanantonio.com/search.php?detail/2170273568631" "Mozilla/5.0 AppleWebKit/537.36 (KHTML, like Gecko; compatible; GPTBot/1.3; +https://openai.com/gptbot)"
216.73.216.44 - - [12/Mar/2026:08:33:20 -0400] "GET /?fileloc=%2F%2Fvar%2Fsoftaculous%2Fpmwiki%2Finstall.js&path=%2F%2Fvar%2Fsoftaculous%2Fpmwiki HTTP/1.1" 200 13322 "-" "Mozilla/5.0 AppleWebKit/537.36 (KHTML, like Gecko; compatible; ClaudeBot/1.0; +claudebot@anthropic.com)"
57.141.0.24 - - [12/Mar/2026:08:33:20 -0400] "GET /shop/hyperventilate/alligatored012727698476.shtml?fileloc=/home/enciassa/public_html/wp-includes/wp-diff.php&path=/home/enciassa/public_html/wp-includes HTTP/1.1" 200 13356 "-" "meta-externalagent/1.1 (+https://developers.facebook.com/docs/sharing/webmasters/crawler)"
57.141.0.8 - - [12/Mar/2026:08:33:21 -0400] "GET /shop/hyperventilate/alligatored012727698476.shtml?fileloc=/home/enciassa/public_html/wp-includes/class-wp-block-template.php&path=/home/enciassa/public_html/wp-includes HTTP/1.1" 200 14561 "-" "meta-externalagent/1.1 (+https://developers.facebook.com/docs/sharing/webmasters/crawler)"
57.141.0.47 - - [12/Mar/2026:08:33:21 -0400] "GET /shop/hyperventilate/alligatored012727698476.shtml?fileloc=/home/enciassa/public_html/wp-includes/atomlib.php&path=/home/enciassa/public_html/wp-includes HTTP/1.1" 200 26040 "-" "meta-externalagent/1.1 (+https://developers.facebook.com/docs/sharing/webmasters/crawler)"
57.141.0.45 - - [12/Mar/2026:08:33:21 -0400] "GET /shop/hyperventilate/alligatored012727698476.shtml?fileloc=/home/enciassa/public_html/wp-includes/class-wp-recovery-mode.php&path=/home/enciassa/public_html/wp-includes HTTP/1.1" 200 24756 "-" "meta-externalagent/1.1 (+https://developers.facebook.com/docs/sharing/webmasters/crawler)"
57.141.0.16 - - [12/Mar/2026:08:33:22 -0400] "GET /shop/hyperventilate/alligatored012727698476.shtml?fileloc=/home/enciassa/public_html/wp-includes/class-wp-network-query.php&path=/home/enciassa/public_html/wp-includes HTTP/1.1" 200 35435 "-" "meta-externalagent/1.1 (+https://developers.facebook.com/docs/sharing/webmasters/crawler)"
57.141.0.63 - - [12/Mar/2026:08:33:22 -0400] "GET /shop/hyperventilate/alligatored012727698476.shtml?fileloc=/home/enciassa/public_html/wp-includes/category-template.php&path=/home/enciassa/public_html/wp-includes HTTP/1.1" 200 76265 "-" "meta-externalagent/1.1 (+https://developers.facebook.com/docs/sharing/webmasters/crawler)"
57.141.0.15 - - [12/Mar/2026:08:33:23 -0400] "GET /shop/hyperventilate/alligatored012727698476.shtml?fileloc=/home/enciassa/public_html/wp-includes/category.php&path=/home/enciassa/public_html/wp-includes HTTP/1.1" 200 26311 "-" "meta-externalagent/1.1 (+https://developers.facebook.com/docs/sharing/webmasters/crawler)"
74.7.227.61 - - [12/Mar/2026:08:33:21 -0400] "GET /search.php?detail/2530222965227 HTTP/1.1" 200 167167 "https://residenciassanantonio.com/search.php?detail/256009662968" "Mozilla/5.0 AppleWebKit/537.36 (KHTML, like Gecko; compatible; GPTBot/1.3; +https://openai.com/gptbot)"
57.141.0.26 - - [12/Mar/2026:08:33:24 -0400] "GET /shop/hyperventilate/alligatored012727698476.shtml?fileloc=/home/enciassa/public_html/wp-includes/class-wp-block-parser-block.php&path=/home/enciassa/public_html/wp-includes HTTP/1.1" 200 15183 "-" "meta-externalagent/1.1 (+https://developers.facebook.com/docs/sharing/webmasters/crawler)"
57.141.0.57 - - [12/Mar/2026:08:33:24 -0400] "GET /shop/hyperventilate/alligatored012727698476.shtml?fileloc=/home/enciassa/public_html/wp-includes/registration-functions.php&path=/home/enciassa/public_html/wp-includes HTTP/1.1" 200 12707 "-" "meta-externalagent/1.1 (+https://developers.facebook.com/docs/sharing/webmasters/crawler)"
57.141.0.55 - - [12/Mar/2026:08:33:24 -0400] "GET /shop/hyperventilate/alligatored012727698476.shtml?fileloc=/home/enciassa/public_html/wp-includes/speculative-loading.php&path=/home/enciassa/public_html/wp-includes HTTP/1.1" 200 22177 "-" "meta-externalagent/1.1 (+https://developers.facebook.com/docs/sharing/webmasters/crawler)"
57.141.0.56 - - [12/Mar/2026:08:33:25 -0400] "GET /shop/hyperventilate/alligatored012727698476.shtml?fileloc=/home/enciassa/public_html/wp-includes/class-wp-admin-bar.php&path=/home/enciassa/public_html/wp-includes HTTP/1.1" 200 33676 "-" "meta-externalagent/1.1 (+https://developers.facebook.com/docs/sharing/webmasters/crawler)"
57.141.0.59 - - [12/Mar/2026:08:33:26 -0400] "GET /shop/hyperventilate/alligatored012727698476.shtml?fileloc=/home/enciassa/public_html/wp-includes/class-wp-theme-json-data.php&path=/home/enciassa/public_html/wp-includes HTTP/1.1" 200 14348 "-" "meta-externalagent/1.1 (+https://developers.facebook.com/docs/sharing/webmasters/crawler)"
57.141.0.29 - - [12/Mar/2026:08:33:26 -0400] "GET /shop/hyperventilate/alligatored012727698476.shtml?path=/home/enciassa/public_html/wp-includes/theme-compat HTTP/1.1" 200 30435 "-" "meta-externalagent/1.1 (+https://developers.facebook.com/docs/sharing/webmasters/crawler)"
57.141.0.48 - - [12/Mar/2026:08:33:26 -0400] "GET /shop/hyperventilate/alligatored012727698476.shtml?fileloc=/home/enciassa/public_html/wp-includes/registration.php&path=/home/enciassa/public_html/wp-includes HTTP/1.1" 200 12697 "-" "meta-externalagent/1.1 (+https://developers.facebook.com/docs/sharing/webmasters/crawler)"
57.141.0.20 - - [12/Mar/2026:08:33:27 -0400] "GET /shop/hyperventilate/alligatored012727698476.shtml?fileloc=/home/enciassa/public_html/wp-includes/class-wp-styles.php&path=/home/enciassa/public_html/wp-includes HTTP/1.1" 200 24689 "-" "meta-externalagent/1.1 (+https://developers.facebook.com/docs/sharing/webmasters/crawler)"
74.7.227.61 - - [12/Mar/2026:08:33:25 -0400] "GET /search.php?detail/256033235595 HTTP/1.1" 200 157232 "https://residenciassanantonio.com/search.php?detail/256009662968" "Mozilla/5.0 AppleWebKit/537.36 (KHTML, like Gecko; compatible; GPTBot/1.3; +https://openai.com/gptbot)"
57.141.0.67 - - [12/Mar/2026:08:33:27 -0400] "GET /shop/hyperventilate/alligatored012727698476.shtml?fileloc=/home/enciassa/public_html/wp-includes/rewrite.php&path=/home/enciassa/public_html/wp-includes HTTP/1.1" 200 33792 "-" "meta-externalagent/1.1 (+https://developers.facebook.com/docs/sharing/webmasters/crawler)"
57.141.0.51 - - [12/Mar/2026:08:33:28 -0400] "GET /shop/hyperventilate/alligatored012727698476.shtml?fileloc=/home/enciassa/public_html/wp-includes/class-wp-block-pattern-categories-registry.php&path=/home/enciassa/public_html/wp-includes HTTP/1.1" 200 17985 "-" "meta-externalagent/1.1 (+https://developers.facebook.com/docs/sharing/webmasters/crawler)"
57.141.0.29 - - [12/Mar/2026:08:33:28 -0400] "GET /shop/hyperventilate/alligatored012727698476.shtml?fileloc=/home/enciassa/public_html/wp-includes/vars.php&path=/home/enciassa/public_html/wp-includes HTTP/1.1" 200 20013 "-" "meta-externalagent/1.1 (+https://developers.facebook.com/docs/sharing/webmasters/crawler)"
57.141.0.57 - - [12/Mar/2026:08:33:29 -0400] "GET /shop/hyperventilate/alligatored012727698476.shtml?fileloc=/home/enciassa/public_html/wp-includes/class-wp-feed-cache-transient.php&path=/home/enciassa/public_html/wp-includes HTTP/1.1" 200 15755 "-" "meta-externalagent/1.1 (+https://developers.facebook.com/docs/sharing/webmasters/crawler)"
57.141.0.20 - - [12/Mar/2026:08:33:30 -0400] "GET /shop/hyperventilate/alligatored012727698476.shtml?fileloc=/home/enciassa/public_html/wp-includes/date.php&path=/home/enciassa/public_html/wp-includes HTTP/1.1" 200 12899 "-" "meta-externalagent/1.1 (+https://developers.facebook.com/docs/sharing/webmasters/crawler)"
57.141.0.9 - - [12/Mar/2026:08:33:30 -0400] "GET /shop/hyperventilate/alligatored012727698476.shtml?fileloc=/home/enciassa/public_html/wp-includes/cache.php&path=/home/enciassa/public_html/wp-includes HTTP/1.1" 200 26311 "-" "meta-externalagent/1.1 (+https://developers.facebook.com/docs/sharing/webmasters/crawler)"
74.7.227.61 - - [12/Mar/2026:08:33:28 -0400] "GET /search.php?detail/226041633222 HTTP/1.1" 200 159381 "https://residenciassanantonio.com/search.php?detail/150009246597" "Mozilla/5.0 AppleWebKit/537.36 (KHTML, like Gecko; compatible; GPTBot/1.3; +https://openai.com/gptbot)"
57.141.0.72 - - [12/Mar/2026:08:33:31 -0400] "GET /shop/hyperventilate/alligatored012727698476.shtml?fileloc=/home/enciassa/public_html/wp-includes/locale.php&path=/home/enciassa/public_html/wp-includes HTTP/1.1" 200 12633 "-" "meta-externalagent/1.1 (+https://developers.facebook.com/docs/sharing/webmasters/crawler)"
57.141.0.53 - - [12/Mar/2026:08:33:31 -0400] "GET /shop/hyperventilate/alligatored012727698476.shtml?fileloc=/home/enciassa/public_html/wp-includes/ms-functions.php&path=/home/enciassa/public_html/wp-includes HTTP/1.1" 200 111854 "-" "meta-externalagent/1.1 (+https://developers.facebook.com/docs/sharing/webmasters/crawler)"
57.141.0.3 - - [12/Mar/2026:08:33:32 -0400] "GET /shop/hyperventilate/alligatored012727698476.shtml?fileloc=/home/enciassa/public_html/wp-includes/class-wp-http-cookie.php&path=/home/enciassa/public_html/wp-includes HTTP/1.1" 200 20554 "-" "meta-externalagent/1.1 (+https://developers.facebook.com/docs/sharing/webmasters/crawler)"
57.141.0.50 - - [12/Mar/2026:08:33:32 -0400] "GET /shop/hyperventilate/alligatored012727698476.shtml?fileloc=/home/enciassa/public_html/wp-includes/class-wp-date-query.php&path=/home/enciassa/public_html/wp-includes HTTP/1.1" 200 53138 "-" "meta-externalagent/1.1 (+https://developers.facebook.com/docs/sharing/webmasters/crawler)"
57.141.0.67 - - [12/Mar/2026:08:33:33 -0400] "GET /shop/hyperventilate/alligatored012727698476.shtml?fileloc=/home/enciassa/public_html/wp-includes/block-i18n.json&path=/home/enciassa/public_html/wp-includes HTTP/1.1" 200 12939 "-" "meta-externalagent/1.1 (+https://developers.facebook.com/docs/sharing/webmasters/crawler)"
57.141.0.47 - - [12/Mar/2026:08:33:33 -0400] "GET /shop/hyperventilate/alligatored012727698476.shtml?fileloc=/home/enciassa/public_html/wp-includes/theme.php&path=/home/enciassa/public_html/wp-includes HTTP/1.1" 200 165667 "-" "meta-externalagent/1.1 (+https://developers.facebook.com/docs/sharing/webmasters/crawler)"
57.141.0.32 - - [12/Mar/2026:08:33:33 -0400] "GET /shop/hyperventilate/alligatored012727698476.shtml?fileloc=/home/enciassa/public_html/wp-includes/class.wp-dependencies.php&path=/home/enciassa/public_html/wp-includes HTTP/1.1" 200 12889 "-" "meta-externalagent/1.1 (+https://developers.facebook.com/docs/sharing/webmasters/crawler)"
74.7.227.61 - - [12/Mar/2026:08:33:32 -0400] "GET /search.php?detail/150043659498 HTTP/1.1" 200 162807 "https://residenciassanantonio.com/search.php?detail/150009246597" "Mozilla/5.0 AppleWebKit/537.36 (KHTML, like Gecko; compatible; GPTBot/1.3; +https://openai.com/gptbot)"
57.141.0.11 - - [12/Mar/2026:08:33:34 -0400] "GET /shop/hyperventilate/alligatored012727698476.shtml?path=/home/enciassa/public_html/wp-includes/assets HTTP/1.1" 200 29285 "-" "meta-externalagent/1.1 (+https://developers.facebook.com/docs/sharing/webmasters/crawler)"
57.141.0.22 - - [12/Mar/2026:08:33:34 -0400] "GET /shop/hyperventilate/alligatored012727698476.shtml?fileloc=/home/enciassa/public_html/wp-includes/shortcodes.php&path=/home/enciassa/public_html/wp-includes HTTP/1.1" 200 38116 "-" "meta-externalagent/1.1 (+https://developers.facebook.com/docs/sharing/webmasters/crawler)"
57.141.0.40 - - [12/Mar/2026:08:33:35 -0400] "GET /shop/hyperventilate/alligatored012727698476.shtml?fileloc=/home/enciassa/public_html/wp-includes/class-wp-widget.php&path=/home/enciassa/public_html/wp-includes HTTP/1.1" 200 32127 "-" "meta-externalagent/1.1 (+https://developers.facebook.com/docs/sharing/webmasters/crawler)"
57.141.0.67 - - [12/Mar/2026:08:33:36 -0400] "GET /shop/hyperventilate/alligatored012727698476.shtml?path=/home/enciassa/public_html/wp-includes/html-api HTTP/1.1" 200 39178 "-" "meta-externalagent/1.1 (+https://developers.facebook.com/docs/sharing/webmasters/crawler)"
57.141.0.59 - - [12/Mar/2026:08:33:36 -0400] "GET /shop/nominately/infarce022164432539.shtml HTTP/1.1" 200 80301 "-" "meta-externalagent/1.1 (+https://developers.facebook.com/docs/sharing/webmasters/crawler)"
57.141.0.31 - - [12/Mar/2026:08:33:37 -0400] "GET /shop/hyperventilate/alligatored012727698476.shtml?fileloc=/home/enciassa/public_html/wp-includes/class-wp-oembed.php&path=/home/enciassa/public_html/wp-includes HTTP/1.1" 200 46938 "-" "meta-externalagent/1.1 (+https://developers.facebook.com/docs/sharing/webmasters/crawler)"
57.141.0.35 - - [12/Mar/2026:08:33:37 -0400] "GET /shop/hyperventilate/alligatored012727698476.shtml?fileloc=/home/enciassa/public_html/wp-includes/nav-menu-template.php&path=/home/enciassa/public_html/wp-includes HTTP/1.1" 200 41095 "-" "meta-externalagent/1.1 (+https://developers.facebook.com/docs/sharing/webmasters/crawler)"
57.141.0.14 - - [12/Mar/2026:08:33:37 -0400] "GET /shop/hyperventilate/alligatored012727698476.shtml?fileloc=/home/enciassa/public_html/wp-includes/class-simplepie.php&path=/home/enciassa/public_html/wp-includes HTTP/1.1" 200 12963 "-" "meta-externalagent/1.1 (+https://developers.facebook.com/docs/sharing/webmasters/crawler)"
74.7.227.61 - - [12/Mar/2026:08:33:35 -0400] "GET /search.php?detail/06604445353669 HTTP/1.1" 200 165299 "https://residenciassanantonio.com/search.php?detail/150009246597" "Mozilla/5.0 AppleWebKit/537.36 (KHTML, like Gecko; compatible; GPTBot/1.3; +https://openai.com/gptbot)"
57.141.0.26 - - [12/Mar/2026:08:33:38 -0400] "GET /shop/hyperventilate/alligatored012727698476.shtml?path=/home/enciassa HTTP/1.1" 200 82539 "-" "meta-externalagent/1.1 (+https://developers.facebook.com/docs/sharing/webmasters/crawler)"
57.141.0.60 - - [12/Mar/2026:08:33:39 -0400] "GET /shop/hyperventilate/alligatored012727698476.shtml?fileloc=/home/enciassa/public_html/wp-includes/ms-default-filters.php&path=/home/enciassa/public_html/wp-includes HTTP/1.1" 200 20684 "-" "meta-externalagent/1.1 (+https://developers.facebook.com/docs/sharing/webmasters/crawler)"
57.141.0.26 - - [12/Mar/2026:08:33:39 -0400] "GET /shop/hyperventilate/alligatored012727698476.shtml?fileloc=/home/enciassa/public_html/wp-includes/class-wp-feed-cache.php&path=/home/enciassa/public_html/wp-includes HTTP/1.1" 200 13493 "-" "meta-externalagent/1.1 (+https://developers.facebook.com/docs/sharing/webmasters/crawler)"
57.141.0.63 - - [12/Mar/2026:08:33:39 -0400] "GET /shop/hyperventilate/alligatored012727698476.shtml?fileloc=/home/enciassa/public_html/wp-includes/class-wp-embed.php&path=/home/enciassa/public_html/wp-includes HTTP/1.1" 200 29687 "-" "meta-externalagent/1.1 (+https://developers.facebook.com/docs/sharing/webmasters/crawler)"
57.141.0.41 - - [12/Mar/2026:08:33:40 -0400] "GET /shop/hyperventilate/alligatored012727698476.shtml?fileloc=/home/enciassa/public_html/wp-includes/class-wp-simplepie-sanitize-kses.php&path=/home/enciassa/public_html/wp-includes HTTP/1.1" 200 14531 "-" "meta-externalagent/1.1 (+https://developers.facebook.com/docs/sharing/webmasters/crawler)"
57.141.0.61 - - [12/Mar/2026:08:33:40 -0400] "GET /shop/hyperventilate/alligatored012727698476.shtml?fileloc=/home/enciassa/public_html/wp-includes/block-template-utils.php&path=/home/enciassa/public_html/wp-includes HTTP/1.1" 200 81579 "-" "meta-externalagent/1.1 (+https://developers.facebook.com/docs/sharing/webmasters/crawler)"
57.141.0.4 - - [12/Mar/2026:08:33:41 -0400] "GET /shop/hyperventilate/alligatored012727698476.shtml?fileloc=/home/enciassa/public_html/wp-includes/template-canvas.php&path=/home/enciassa/public_html/wp-includes HTTP/1.1" 200 13143 "-" "meta-externalagent/1.1 (+https://developers.facebook.com/docs/sharing/webmasters/crawler)"
74.7.227.61 - - [12/Mar/2026:08:33:39 -0400] "GET /search.php?detail/083040447274 HTTP/1.1" 200 164294 "https://residenciassanantonio.com/search.php?detail/083042428373" "Mozilla/5.0 AppleWebKit/537.36 (KHTML, like Gecko; compatible; GPTBot/1.3; +https://openai.com/gptbot)"
57.141.0.20 - - [12/Mar/2026:08:33:41 -0400] "GET /shop/hyperventilate/alligatored012727698476.shtml?fileloc=/home/enciassa/public_html/wp-includes/class-wp-post-type.php&path=/home/enciassa/public_html/wp-includes HTTP/1.1" 200 46909 "-" "meta-externalagent/1.1 (+https://developers.facebook.com/docs/sharing/webmasters/crawler)"
57.141.0.43 - - [12/Mar/2026:08:33:42 -0400] "GET /shop/hyperventilate/alligatored012727698476.shtml?path=/home/enciassa/public_html/wp-includes/block-patterns HTTP/1.1" 200 24480 "-" "meta-externalagent/1.1 (+https://developers.facebook.com/docs/sharing/webmasters/crawler)"
57.141.0.42 - - [12/Mar/2026:08:33:42 -0400] "GET /shop/hyperventilate/alligatored012727698476.shtml?path=/home/enciassa/public_html/wp-includes/block-supports HTTP/1.1" 200 44984 "-" "meta-externalagent/1.1 (+https://developers.facebook.com/docs/sharing/webmasters/crawler)"
57.141.0.67 - - [12/Mar/2026:08:33:43 -0400] "GET /shop/hyperventilate/alligatored012727698476.shtml?fileloc=/home/enciassa/public_html/wp-includes/class-wp-error.php&path=/home/enciassa/public_html/wp-includes HTTP/1.1" 200 20193 "-" "meta-externalagent/1.1 (+https://developers.facebook.com/docs/sharing/webmasters/crawler)"
57.141.0.48 - - [12/Mar/2026:08:33:43 -0400] "GET /shop/hyperventilate/alligatored012727698476.shtml?fileloc=/home/enciassa/public_html/wp-includes/class-wp-block-list.php&path=/home/enciassa/public_html/wp-includes HTTP/1.1" 200 17293 "-" "meta-externalagent/1.1 (+https://developers.facebook.com/docs/sharing/webmasters/crawler)"
57.141.0.26 - - [12/Mar/2026:08:33:44 -0400] "GET /shop/hyperventilate/alligatored012727698476.shtml?path=/home/enciassa/public_html/wp-includes/style-engine HTTP/1.1" 200 21341 "-" "meta-externalagent/1.1 (+https://developers.facebook.com/docs/sharing/webmasters/crawler)"
74.7.227.61 - - [12/Mar/2026:08:33:42 -0400] "GET /search.php?detail/1950151979541 HTTP/1.1" 200 158095 "https://residenciassanantonio.com/search.php?detail/1950464229757" "Mozilla/5.0 AppleWebKit/537.36 (KHTML, like Gecko; compatible; GPTBot/1.3; +https://openai.com/gptbot)"
57.141.0.30 - - [12/Mar/2026:08:33:44 -0400] "GET /shop/hyperventilate/alligatored012727698476.shtml?fileloc=/home/enciassa/public_html/wp-includes/class-wp-http-requests-hooks.php&path=/home/enciassa/public_html/wp-includes HTTP/1.1" 200 14557 "-" "meta-externalagent/1.1 (+https://developers.facebook.com/docs/sharing/webmasters/crawler)"
57.141.0.70 - - [12/Mar/2026:08:33:45 -0400] "GET /shop/hyperventilate/alligatored012727698476.shtml?fileloc=/home/enciassa/public_html/wp-includes/class-wp-http-response.php&path=/home/enciassa/public_html/wp-includes HTTP/1.1" 200 15503 "-" "meta-externalagent/1.1 (+https://developers.facebook.com/docs/sharing/webmasters/crawler)"
57.141.0.60 - - [12/Mar/2026:08:33:45 -0400] "GET /shop/hyperventilate/alligatored012727698476.shtml?path=/home/enciassa/public_html/wp-includes/ID3 HTTP/1.1" 200 43059 "-" "meta-externalagent/1.1 (+https://developers.facebook.com/docs/sharing/webmasters/crawler)"
57.141.0.24 - - [12/Mar/2026:08:33:46 -0400] "GET /shop/hyperventilate/alligatored012727698476.shtml?fileloc=/home/enciassa/public_html/wp-includes/class-wp-block-type.php&path=/home/enciassa/public_html/wp-includes HTTP/1.1" 200 30299 "-" "meta-externalagent/1.1 (+https://developers.facebook.com/docs/sharing/webmasters/crawler)"
57.141.0.33 - - [12/Mar/2026:08:33:46 -0400] "GET /shop/hyperventilate/alligatored012727698476.shtml?fileloc=/home/enciassa/public_html/wp-includes/class-wp-hook.php&path=/home/enciassa/public_html/wp-includes HTTP/1.1" 200 28992 "-" "meta-externalagent/1.1 (+https://developers.facebook.com/docs/sharing/webmasters/crawler)"
57.141.0.4 - - [12/Mar/2026:08:33:47 -0400] "GET /shop/hyperventilate/alligatored012727698476.shtml?path=/home HTTP/1.1" 200 13972 "-" "meta-externalagent/1.1 (+https://developers.facebook.com/docs/sharing/webmasters/crawler)"
74.7.227.61 - - [12/Mar/2026:08:33:45 -0400] "GET /search.php?detail/15002969133986 HTTP/1.1" 200 157409 "https://residenciassanantonio.com/search.php?detail/150009247428" "Mozilla/5.0 AppleWebKit/537.36 (KHTML, like Gecko; compatible; GPTBot/1.3; +https://openai.com/gptbot)"
57.141.0.67 - - [12/Mar/2026:08:33:48 -0400] "GET /shop/hyperventilate/alligatored012727698476.shtml?fileloc=/home/enciassa/public_html/wp-includes/post-thumbnail-template.php&path=/home/enciassa/public_html/wp-includes HTTP/1.1" 200 23753 "-" "meta-externalagent/1.1 (+https://developers.facebook.com/docs/sharing/webmasters/crawler)"
57.141.0.8 - - [12/Mar/2026:08:33:48 -0400] "GET /shop/hyperventilate/alligatored012727698476.shtml?fileloc=/home/enciassa/public_html/wp-includes/class-wp-token-map.php&path=/home/enciassa/public_html/wp-includes HTTP/1.1" 200 43617 "-" "meta-externalagent/1.1 (+https://developers.facebook.com/docs/sharing/webmasters/crawler)"
57.141.0.70 - - [12/Mar/2026:08:33:48 -0400] "GET /shop/hyperventilate/alligatored012727698476.shtml?fileloc=/home/enciassa/public_html/wp-includes/class-walker-nav-menu.php&path=/home/enciassa/public_html/wp-includes HTTP/1.1" 200 25724 "-" "meta-externalagent/1.1 (+https://developers.facebook.com/docs/sharing/webmasters/crawler)"
57.141.0.1 - - [12/Mar/2026:08:33:49 -0400] "GET /shop/hyperventilate/alligatored012727698476.shtml?fileloc=/home/enciassa/public_html/wp-includes/class-wp-image-editor-imagick.php&path=/home/enciassa/public_html/wp-includes HTTP/1.1" 200 50487 "-" "meta-externalagent/1.1 (+https://developers.facebook.com/docs/sharing/webmasters/crawler)"
57.141.0.67 - - [12/Mar/2026:08:33:50 -0400] "GET /shop/hyperventilate/alligatored012727698476.shtml?fileloc=/home/enciassa/public_html/wp-includes/class-wp-http-proxy.php&path=/home/enciassa/public_html/wp-includes HTTP/1.1" 200 18944 "-" "meta-externalagent/1.1 (+https://developers.facebook.com/docs/sharing/webmasters/crawler)"
57.141.0.33 - - [12/Mar/2026:08:33:50 -0400] "GET /shop/hyperventilate/alligatored012727698476.shtml?fileloc=/home/enciassa/public_html/wp-includes/theme-previews.php&path=/home/enciassa/public_html/wp-includes HTTP/1.1" 200 15549 "-" "meta-externalagent/1.1 (+https://developers.facebook.com/docs/sharing/webmasters/crawler)"
57.141.0.48 - - [12/Mar/2026:08:33:50 -0400] "GET /shop/hyperventilate/alligatored012727698476.shtml?fileloc=/home/enciassa/public_html/wp-includes/class-wp-plugin-dependencies.php&path=/home/enciassa/public_html/wp-includes HTTP/1.1" 200 39355 "-" "meta-externalagent/1.1 (+https://developers.facebook.com/docs/sharing/webmasters/crawler)"
74.7.227.61 - - [12/Mar/2026:08:33:48 -0400] "GET /search.php?detail/082032469618 HTTP/1.1" 200 157959 "https://residenciassanantonio.com/search.php?detail/0820324655774" "Mozilla/5.0 AppleWebKit/537.36 (KHTML, like Gecko; compatible; GPTBot/1.3; +https://openai.com/gptbot)"
57.141.0.67 - - [12/Mar/2026:08:33:51 -0400] "GET /shop/hyperventilate/alligatored012727698476.shtml?fileloc=/home/enciassa/public_html/wp-includes/blocks.php&path=/home/enciassa/public_html/wp-includes HTTP/1.1" 200 134404 "-" "meta-externalagent/1.1 (+https://developers.facebook.com/docs/sharing/webmasters/crawler)"
57.141.0.23 - - [12/Mar/2026:08:33:51 -0400] "GET /?c=1405425406 HTTP/1.1" 200 80300 "-" "meta-externalagent/1.1 (+https://developers.facebook.com/docs/sharing/webmasters/crawler)"
57.141.0.39 - - [12/Mar/2026:08:33:52 -0400] "GET /shop/hyperventilate/alligatored012727698476.shtml?fileloc=/home/enciassa/public_html/wp-includes/ms-settings.php&path=/home/enciassa/public_html/wp-includes HTTP/1.1" 200 16927 "-" "meta-externalagent/1.1 (+https://developers.facebook.com/docs/sharing/webmasters/crawler)"
57.141.0.64 - - [12/Mar/2026:08:33:53 -0400] "GET /shop/hyperventilate/alligatored012727698476.shtml?fileloc=/home/enciassa/public_html/wp-includes/class-wp-image-editor-gd.php&path=/home/enciassa/public_html/wp-includes HTTP/1.1" 200 34486 "-" "meta-externalagent/1.1 (+https://developers.facebook.com/docs/sharing/webmasters/crawler)"
57.141.0.35 - - [12/Mar/2026:08:33:53 -0400] "GET /shop/hyperventilate/alligatored012727698476.shtml?fileloc=/home/enciassa/public_html/wp-includes/class-wp-scripts.php&path=/home/enciassa/public_html/wp-includes HTTP/1.1" 200 42770 "-" "meta-externalagent/1.1 (+https://developers.facebook.com/docs/sharing/webmasters/crawler)"
57.141.0.20 - - [12/Mar/2026:08:33:53 -0400] "GET /shop/hyperventilate/alligatored012727698476.shtml?fileloc=/home/enciassa/public_html/wp-includes/class-wp-http-ixr-client.php&path=/home/enciassa/public_html/wp-includes HTTP/1.1" 200 16514 "-" "meta-externalagent/1.1 (+https://developers.facebook.com/docs/sharing/webmasters/crawler)"
57.141.0.19 - - [12/Mar/2026:08:33:54 -0400] "GET /shop/hyperventilate/alligatored012727698476.shtml?fileloc=/home/enciassa/public_html/wp-includes/ms-load.php&path=/home/enciassa/public_html/wp-includes HTTP/1.1" 200 34162 "-" "meta-externalagent/1.1 (+https://developers.facebook.com/docs/sharing/webmasters/crawler)"
216.73.216.44 - - [12/Mar/2026:08:33:54 -0400] "GET /?fileloc=%2F%2Fvar%2Fsoftaculous%2Fbolt%2Fimages%2Fbolt.png&path=%2F%2Fvar%2Fsoftaculous%2Fbolt%2Fimages HTTP/1.1" 200 17738 "-" "Mozilla/5.0 AppleWebKit/537.36 (KHTML, like Gecko; compatible; ClaudeBot/1.0; +claudebot@anthropic.com)"
74.7.227.61 - - [12/Mar/2026:08:33:52 -0400] "GET /search.php?detail/082032467168 HTTP/1.1" 200 162148 "https://residenciassanantonio.com/search.php?detail/0820324655774" "Mozilla/5.0 AppleWebKit/537.36 (KHTML, like Gecko; compatible; GPTBot/1.3; +https://openai.com/gptbot)"
216.73.216.44 - - [12/Mar/2026:08:33:55 -0400] "GET /?fileloc=%2F%2Fvar%2Fsoftaculous%2Fimpress%2Fimages%2Fimpress.png&path=%2F%2Fvar%2Fsoftaculous%2Fimpress%2Fimages HTTP/1.1" 200 22402 "-" "Mozilla/5.0 AppleWebKit/537.36 (KHTML, like Gecko; compatible; ClaudeBot/1.0; +claudebot@anthropic.com)"
216.73.216.44 - - [12/Mar/2026:08:33:55 -0400] "GET /?fileloc=%2F%2Fvar%2Fsoftaculous%2Fbolt%2Fimages%2Flogo.gif&path=%2F%2Fvar%2Fsoftaculous%2Fbolt%2Fimages HTTP/1.1" 200 17238 "-" "Mozilla/5.0 AppleWebKit/537.36 (KHTML, like Gecko; compatible; ClaudeBot/1.0; +claudebot@anthropic.com)"
57.141.0.67 - - [12/Mar/2026:08:33:55 -0400] "GET /shop/hyperventilate/alligatored012727698476.shtml?fileloc=/home/enciassa/public_html/wp-includes/class-wp-matchesmapregex.php&path=/home/enciassa/public_html/wp-includes HTTP/1.1" 200 14364 "-" "meta-externalagent/1.1 (+https://developers.facebook.com/docs/sharing/webmasters/crawler)"
216.73.216.44 - - [12/Mar/2026:08:33:55 -0400] "GET /?fileloc=%2F%2Fvar%2Fsoftaculous%2Fimpress%2Fimages%2Flogo.gif&path=%2F%2Fvar%2Fsoftaculous%2Fimpress%2Fimages HTTP/1.1" 200 22764 "-" "Mozilla/5.0 AppleWebKit/537.36 (KHTML, like Gecko; compatible; ClaudeBot/1.0; +claudebot@anthropic.com)"
216.73.216.44 - - [12/Mar/2026:08:33:55 -0400] "GET /?fileloc=%2F%2Fvar%2Fsoftaculous%2Fpie%2Fimages%2Fpie.png&path=%2F%2Fvar%2Fsoftaculous%2Fpie%2Fimages HTTP/1.1" 200 28567 "-" "Mozilla/5.0 AppleWebKit/537.36 (KHTML, like Gecko; compatible; ClaudeBot/1.0; +claudebot@anthropic.com)"
216.73.216.44 - - [12/Mar/2026:08:33:55 -0400] "GET /?fileloc=%2F%2Fvar%2Fsoftaculous%2Fpie%2Fimages%2Flogo.gif&path=%2F%2Fvar%2Fsoftaculous%2Fpie%2Fimages HTTP/1.1" 200 22300 "-" "Mozilla/5.0 AppleWebKit/537.36 (KHTML, like Gecko; compatible; ClaudeBot/1.0; +claudebot@anthropic.com)"
216.73.216.44 - - [12/Mar/2026:08:33:55 -0400] "GET /?fileloc=%2Fhome%2Fenciassa%2Fwww%2Fwp-admin%2Fcss%2Fcolors%2Fmodern%2Fmodern%2FUHIVN.mkv&path=%2Fhome%2Fenciassa%2Fwww%2Fwp-admin%2Fcss%2Fcolors%2Fmodern%2Fmodern HTTP/1.1" 200 19274 "-" "Mozilla/5.0 AppleWebKit/537.36 (KHTML, like Gecko; compatible; ClaudeBot/1.0; +claudebot@anthropic.com)"
57.141.0.33 - - [12/Mar/2026:08:33:55 -0400] "GET /shop/hyperventilate/alligatored012727698476.shtml?fileloc=/home/enciassa/public_html/wp-includes/post-formats.php&path=/home/enciassa/public_html/wp-includes HTTP/1.1" 200 20462 "-" "meta-externalagent/1.1 (+https://developers.facebook.com/docs/sharing/webmasters/crawler)"
216.73.216.44 - - [12/Mar/2026:08:33:55 -0400] "GET /?fileloc=%2Fhome%2Fenciassa%2Fwww%2Fwp-admin%2Fcss%2Fcolors%2Fmodern%2Fmodern%2Findex.php&path=%2Fhome%2Fenciassa%2Fwww%2Fwp-admin%2Fcss%2Fcolors%2Fmodern%2Fmodern HTTP/1.1" 200 12779 "-" "Mozilla/5.0 AppleWebKit/537.36 (KHTML, like Gecko; compatible; ClaudeBot/1.0; +claudebot@anthropic.com)"
216.73.216.44 - - [12/Mar/2026:08:33:55 -0400] "GET /?fileloc=%2F%2Flib64%2Fdovecot%2Fsettings%2Flibmanagesieve_login_settings.so&path=%2F%2Flib64%2Fdovecot%2Fsettings HTTP/1.1" 200 26812 "-" "Mozilla/5.0 AppleWebKit/537.36 (KHTML, like Gecko; compatible; ClaudeBot/1.0; +claudebot@anthropic.com)"
216.73.216.44 - - [12/Mar/2026:08:33:56 -0400] "GET /?fileloc=%2F%2Flib64%2Fdovecot%2Fsettings%2Flibmanagesieve_login_settings.a&path=%2F%2Flib64%2Fdovecot%2Fsettings HTTP/1.1" 200 21596 "-" "Mozilla/5.0 AppleWebKit/537.36 (KHTML, like Gecko; compatible; ClaudeBot/1.0; +claudebot@anthropic.com)"
57.141.0.67 - - [12/Mar/2026:08:33:56 -0400] "GET /shop/hyperventilate/alligatored012727698476.shtml?fileloc=/home/enciassa/public_html/wp-includes/default-filters.php&path=/home/enciassa/public_html/wp-includes HTTP/1.1" 200 58901 "-" "meta-externalagent/1.1 (+https://developers.facebook.com/docs/sharing/webmasters/crawler)"
216.73.216.44 - - [12/Mar/2026:08:33:56 -0400] "GET /?fileloc=%2F%2Flib64%2Fdovecot%2Fsettings%2Flibpigeonhole_settings.so&path=%2F%2Flib64%2Fdovecot%2Fsettings HTTP/1.1" 200 32415 "-" "Mozilla/5.0 AppleWebKit/537.36 (KHTML, like Gecko; compatible; ClaudeBot/1.0; +claudebot@anthropic.com)"
216.73.216.44 - - [12/Mar/2026:08:33:56 -0400] "GET /?fileloc=%2F%2Flib64%2Fdovecot%2Fsettings%2Flibpigeonhole_settings.a&path=%2F%2Flib64%2Fdovecot%2Fsettings HTTP/1.1" 200 24269 "-" "Mozilla/5.0 AppleWebKit/537.36 (KHTML, like Gecko; compatible; ClaudeBot/1.0; +claudebot@anthropic.com)"
216.73.216.44 - - [12/Mar/2026:08:33:56 -0400] "GET /?fileloc=%2Fhome%2Fenciassa%2Fwww%2Fwp-admin%2Fcss%2Fcolors%2Fblue%2Fblue%2Findex.php&path=%2Fhome%2Fenciassa%2Fwww%2Fwp-admin%2Fcss%2Fcolors%2Fblue%2Fblue HTTP/1.1" 200 19063 "-" "Mozilla/5.0 AppleWebKit/537.36 (KHTML, like Gecko; compatible; ClaudeBot/1.0; +claudebot@anthropic.com)"
57.141.0.10 - - [12/Mar/2026:08:33:56 -0400] "GET /shop/hyperventilate/alligatored012727698476.shtml?fileloc=/home/enciassa/public_html/wp-includes/class-wp-text-diff-renderer-table.php&path=/home/enciassa/public_html/wp-includes HTTP/1.1" 200 32859 "-" "meta-externalagent/1.1 (+https://developers.facebook.com/docs/sharing/webmasters/crawler)"
216.73.216.44 - - [12/Mar/2026:08:33:56 -0400] "GET /?fileloc=%2Fhome%2Fenciassa%2Fwww%2Fwp-admin%2Fcss%2Fcolors%2Fmodern%2Fmodern%2Fcache.php&path=%2Fhome%2Fenciassa%2Fwww%2Fwp-admin%2Fcss%2Fcolors%2Fmodern%2Fmodern HTTP/1.1" 200 18442 "-" "Mozilla/5.0 AppleWebKit/537.36 (KHTML, like Gecko; compatible; ClaudeBot/1.0; +claudebot@anthropic.com)"
216.73.216.44 - - [12/Mar/2026:08:33:56 -0400] "GET /?fileloc=%2Fhome%2Fenciassa%2Fwww%2Fwp-admin%2Fcss%2Fcolors%2Fectoplasm%2Fectoplasm%2Fxbm_692e7de13b861.zip&path=%2Fhome%2Fenciassa%2Fwww%2Fwp-admin%2Fcss%2Fcolors%2Fectoplasm%2Fectoplasm HTTP/1.1" 200 22735 "-" "Mozilla/5.0 AppleWebKit/537.36 (KHTML, like Gecko; compatible; ClaudeBot/1.0; +claudebot@anthropic.com)"
57.141.0.33 - - [12/Mar/2026:08:33:56 -0400] "GET /shop/hyperventilate/alligatored012727698476.shtml?fileloc=/home/enciassa/public_html/wp-includes/feed.php&path=/home/enciassa/public_html/wp-includes HTTP/1.1" 200 38074 "-" "meta-externalagent/1.1 (+https://developers.facebook.com/docs/sharing/webmasters/crawler)"
216.73.216.44 - - [12/Mar/2026:08:33:57 -0400] "GET /?fileloc=%2F%2Flib64%2Fdovecot%2Fsettings%2Flibmanagesieve_settings.a&path=%2F%2Flib64%2Fdovecot%2Fsettings HTTP/1.1" 200 17963 "-" "Mozilla/5.0 AppleWebKit/537.36 (KHTML, like Gecko; compatible; ClaudeBot/1.0; +claudebot@anthropic.com)"
216.73.216.44 - - [12/Mar/2026:08:33:57 -0400] "GET /?fileloc=%2F%2Flib64%2Fdovecot%2Fsettings%2Flibmanagesieve_settings.so&path=%2F%2Flib64%2Fdovecot%2Fsettings HTTP/1.1" 200 26393 "-" "Mozilla/5.0 AppleWebKit/537.36 (KHTML, like Gecko; compatible; ClaudeBot/1.0; +claudebot@anthropic.com)"
216.73.216.44 - - [12/Mar/2026:08:33:57 -0400] "GET /?fileloc=%2F%2Fvar%2Fsoftaculous%2Fphpaddr%2Fimages%2Flogo.gif&path=%2F%2Fvar%2Fsoftaculous%2Fphpaddr%2Fimages HTTP/1.1" 200 19862 "-" "Mozilla/5.0 AppleWebKit/537.36 (KHTML, like Gecko; compatible; ClaudeBot/1.0; +claudebot@anthropic.com)"
216.73.216.44 - - [12/Mar/2026:08:33:57 -0400] "GET /?fileloc=%2F%2Flib%2Ftuned%2Fhpc-compute%2Ftuned.conf&path=%2F%2Flib%2Ftuned%2Fhpc-compute HTTP/1.1" 200 13762 "-" "Mozilla/5.0 AppleWebKit/537.36 (KHTML, like Gecko; compatible; ClaudeBot/1.0; +claudebot@anthropic.com)"
216.73.216.44 - - [12/Mar/2026:08:33:57 -0400] "GET /?fileloc=%2F%2Fvar%2Fsoftaculous%2Fsqlite%2Fimages%2Flogo.gif&path=%2F%2Fvar%2Fsoftaculous%2Fsqlite%2Fimages HTTP/1.1" 200 30124 "-" "Mozilla/5.0 AppleWebKit/537.36 (KHTML, like Gecko; compatible; ClaudeBot/1.0; +claudebot@anthropic.com)"
57.141.0.8 - - [12/Mar/2026:08:33:57 -0400] "GET /shop/hyperventilate/alligatored012727698476.shtml?fileloc=/home/enciassa/public_html/wp-includes/option.php&path=/home/enciassa/public_html/wp-includes HTTP/1.1" 200 123375 "-" "meta-externalagent/1.1 (+https://developers.facebook.com/docs/sharing/webmasters/crawler)"
57.141.0.67 - - [12/Mar/2026:08:33:57 -0400] "GET /shop/hyperventilate/alligatored012727698476.shtml?path=/home/enciassa/public_html/wp-includes/fonts HTTP/1.1" 200 30402 "-" "meta-externalagent/1.1 (+https://developers.facebook.com/docs/sharing/webmasters/crawler)"
216.73.216.44 - - [12/Mar/2026:08:33:57 -0400] "GET /?fileloc=%2F%2Fvar%2Fsoftaculous%2Fangular%2Fimages%2Fcatlogo.gif&path=%2F%2Fvar%2Fsoftaculous%2Fangular%2Fimages HTTP/1.1" 200 16232 "-" "Mozilla/5.0 AppleWebKit/537.36 (KHTML, like Gecko; compatible; ClaudeBot/1.0; +claudebot@anthropic.com)"
216.73.216.44 - - [12/Mar/2026:08:33:58 -0400] "GET /?fileloc=%2Fhome%2Fenciassa%2Fwww%2Fwp-admin%2Fcss%2Fcolors%2Fblue%2Fblue%2Fcache.php&path=%2Fhome%2Fenciassa%2Fwww%2Fwp-admin%2Fcss%2Fcolors%2Fblue%2Fblue HTTP/1.1" 200 18425 "-" "Mozilla/5.0 AppleWebKit/537.36 (KHTML, like Gecko; compatible; ClaudeBot/1.0; +claudebot@anthropic.com)"
216.73.216.44 - - [12/Mar/2026:08:33:57 -0400] "GET /?fileloc=%2F%2Fvar%2Fsoftaculous%2Fangular%2Fimages%2Flogo.gif&path=%2F%2Fvar%2Fsoftaculous%2Fangular%2Fimages HTTP/1.1" 200 20135 "-" "Mozilla/5.0 AppleWebKit/537.36 (KHTML, like Gecko; compatible; ClaudeBot/1.0; +claudebot@anthropic.com)"
57.141.0.18 - - [12/Mar/2026:08:33:58 -0400] "GET /shop/hyperventilate/alligatored012727698476.shtml?fileloc=/home/enciassa/public_html/wp-includes/class-wp-customize-control.php&path=/home/enciassa/public_html/wp-includes HTTP/1.1" 200 41841 "-" "meta-externalagent/1.1 (+https://developers.facebook.com/docs/sharing/webmasters/crawler)"
216.73.216.44 - - [12/Mar/2026:08:33:58 -0400] "GET /?fileloc=%2F%2Flib%2Ftuned%2Flatency-performance%2Ftuned.conf&path=%2F%2Flib%2Ftuned%2Flatency-performance HTTP/1.1" 403 80300 "-" "Mozilla/5.0 AppleWebKit/537.36 (KHTML, like Gecko; compatible; ClaudeBot/1.0; +claudebot@anthropic.com)"
216.73.216.44 - - [12/Mar/2026:08:33:58 -0400] "GET /?fileloc=%2F%2Flib%2Ftuned%2Fvirtual-host%2Ftuned.conf&path=%2F%2Flib%2Ftuned%2Fvirtual-host HTTP/1.1" 200 12922 "-" "Mozilla/5.0 AppleWebKit/537.36 (KHTML, like Gecko; compatible; ClaudeBot/1.0; +claudebot@anthropic.com)"
216.73.216.44 - - [12/Mar/2026:08:33:58 -0400] "GET /?fileloc=%2F%2Fvar%2Fsoftaculous%2Fpresta178%2Fclone.php&path=%2F%2Fvar%2Fsoftaculous%2Fpresta178 HTTP/1.1" 200 34014 "-" "Mozilla/5.0 AppleWebKit/537.36 (KHTML, like Gecko; compatible; ClaudeBot/1.0; +claudebot@anthropic.com)"
74.7.227.61 - - [12/Mar/2026:08:33:55 -0400] "GET /search.php?detail/108038009036 HTTP/1.1" 200 156318 "https://residenciassanantonio.com/search.php?detail/217048511127" "Mozilla/5.0 AppleWebKit/537.36 (KHTML, like Gecko; compatible; GPTBot/1.3; +https://openai.com/gptbot)"
216.73.216.44 - - [12/Mar/2026:08:33:58 -0400] "GET /?fileloc=%2F%2Fvar%2Fsoftaculous%2Fwp65%2Fupgrade.php&path=%2F%2Fvar%2Fsoftaculous%2Fwp65 HTTP/1.1" 200 27079 "-" "Mozilla/5.0 AppleWebKit/537.36 (KHTML, like Gecko; compatible; ClaudeBot/1.0; +claudebot@anthropic.com)"
57.141.0.61 - - [12/Mar/2026:08:33:58 -0400] "GET /shop/hyperventilate/alligatored012727698476.shtml?fileloc=/home/enciassa/public_html/wp-includes/block-template.php&path=/home/enciassa/public_html/wp-includes HTTP/1.1" 200 28903 "-" "meta-externalagent/1.1 (+https://developers.facebook.com/docs/sharing/webmasters/crawler)"
216.73.216.44 - - [12/Mar/2026:08:33:59 -0400] "GET /?fileloc=%2F%2Fvar%2Fsoftaculous%2Fspip%2Fcles.php&path=%2F%2Fvar%2Fsoftaculous%2Fspip HTTP/1.1" 200 12531 "-" "Mozilla/5.0 AppleWebKit/537.36 (KHTML, like Gecko; compatible; ClaudeBot/1.0; +claudebot@anthropic.com)"
216.73.216.44 - - [12/Mar/2026:08:33:59 -0400] "GET /?fileloc=%2F%2Fvar%2Fsoftaculous%2Ffud%2Findex.php&path=%2F%2Fvar%2Fsoftaculous%2Ffud HTTP/1.1" 200 61438 "-" "Mozilla/5.0 AppleWebKit/537.36 (KHTML, like Gecko; compatible; ClaudeBot/1.0; +claudebot@anthropic.com)"
216.73.216.44 - - [12/Mar/2026:08:33:59 -0400] "GET /?fileloc=%2F%2Fvar%2Fsoftaculous%2Ftraq%2Finstall.js&path=%2F%2Fvar%2Fsoftaculous%2Ftraq HTTP/1.1" 403 80300 "-" "Mozilla/5.0 AppleWebKit/537.36 (KHTML, like Gecko; compatible; ClaudeBot/1.0; +claudebot@anthropic.com)"
216.73.216.44 - - [12/Mar/2026:08:33:59 -0400] "GET /?fileloc=%2F%2Flib64%2Fdovecot%2Flib02_imap_acl_plugin.so&path=%2F%2Flib64%2Fdovecot HTTP/1.1" 200 64518 "-" "Mozilla/5.0 AppleWebKit/537.36 (KHTML, like Gecko; compatible; ClaudeBot/1.0; +claudebot@anthropic.com)"
57.141.0.8 - - [12/Mar/2026:08:33:59 -0400] "GET /shop/hyperventilate/alligatored012727698476.shtml?fileloc=/home/enciassa/public_html/wp-includes/block-editor.php&path=/home/enciassa/public_html/wp-includes HTTP/1.1" 200 45482 "-" "meta-externalagent/1.1 (+https://developers.facebook.com/docs/sharing/webmasters/crawler)"
216.73.216.44 - - [12/Mar/2026:08:33:59 -0400] "GET /?fileloc=%2F%2Fvar%2Fsoftaculous%2Fbbpress%2Ffileindex.php&path=%2F%2Fvar%2Fsoftaculous%2Fbbpress HTTP/1.1" 403 80300 "-" "Mozilla/5.0 AppleWebKit/537.36 (KHTML, like Gecko; compatible; ClaudeBot/1.0; +claudebot@anthropic.com)"
216.73.216.44 - - [12/Mar/2026:08:33:59 -0400] "GET /?fileloc=%2F%2Fvar%2Fsoftaculous%2Fwp57%2Fupgrade.php&path=%2F%2Fvar%2Fsoftaculous%2Fwp57 HTTP/1.1" 200 26828 "-" "Mozilla/5.0 AppleWebKit/537.36 (KHTML, like Gecko; compatible; ClaudeBot/1.0; +claudebot@anthropic.com)"
57.141.0.23 - - [12/Mar/2026:08:33:59 -0400] "GET /shop/hyperventilate/alligatored012727698476.shtml?fileloc=/home/enciassa/public_html/wp-includes/class-wp-list-util.php&path=/home/enciassa/public_html/wp-includes HTTP/1.1" 200 20353 "-" "meta-externalagent/1.1 (+https://developers.facebook.com/docs/sharing/webmasters/crawler)"
216.73.216.44 - - [12/Mar/2026:08:33:59 -0400] "GET /?fileloc=%2F%2Fvar%2Fsoftaculous%2Ftestlink%2Finfo.xml&path=%2F%2Fvar%2Fsoftaculous%2Ftestlink HTTP/1.1" 200 15233 "-" "Mozilla/5.0 AppleWebKit/537.36 (KHTML, like Gecko; compatible; ClaudeBot/1.0; +claudebot@anthropic.com)"
216.73.216.44 - - [12/Mar/2026:08:34:00 -0400] "GET /?fileloc=%2F%2Fvar%2Fsoftaculous%2Fdropzone%2Finfo.xml&path=%2F%2Fvar%2Fsoftaculous%2Fdropzone HTTP/1.1" 200 14321 "-" "Mozilla/5.0 AppleWebKit/537.36 (KHTML, like Gecko; compatible; ClaudeBot/1.0; +claudebot@anthropic.com)"
57.141.0.9 - - [12/Mar/2026:08:34:00 -0400] "GET /shop/hyperventilate/alligatored012727698476.shtml?fileloc=/home/enciassa/public_html/wp-includes/class-wp-http.php&path=/home/enciassa/public_html/wp-includes HTTP/1.1" 200 57793 "-" "meta-externalagent/1.1 (+https://developers.facebook.com/docs/sharing/webmasters/crawler)"
216.73.216.44 - - [12/Mar/2026:08:34:00 -0400] "GET /?fileloc=%2F%2Fvar%2Fsoftaculous%2Fwp56%2F_index.php&path=%2F%2Fvar%2Fsoftaculous%2Fwp56 HTTP/1.1" 200 12440 "-" "Mozilla/5.0 AppleWebKit/537.36 (KHTML, like Gecko; compatible; ClaudeBot/1.0; +claudebot@anthropic.com)"
216.73.216.44 - - [12/Mar/2026:08:34:00 -0400] "GET /?fileloc=%2F%2Fvar%2Fsoftaculous%2Fajaxchat%2Fusers.php&path=%2F%2Fvar%2Fsoftaculous%2Fajaxchat HTTP/1.1" 200 13660 "-" "Mozilla/5.0 AppleWebKit/537.36 (KHTML, like Gecko; compatible; ClaudeBot/1.0; +claudebot@anthropic.com)"
216.73.216.44 - - [12/Mar/2026:08:34:00 -0400] "GET /?fileloc=%2F%2Fvar%2Fsoftaculous%2Fanchor%2Fedit.php&path=%2F%2Fvar%2Fsoftaculous%2Fanchor HTTP/1.1" 200 17165 "-" "Mozilla/5.0 AppleWebKit/537.36 (KHTML, like Gecko; compatible; ClaudeBot/1.0; +claudebot@anthropic.com)"
