216.73.216.44 - - [12/Mar/2026:08:34:00 -0400] "GET /?fileloc=%2F%2Fvar%2Fsoftaculous%2Fxms%2Finstall.php&path=%2F%2Fvar%2Fsoftaculous%2Fxms HTTP/1.1" 403 80300 "-" "Mozilla/5.0 AppleWebKit/537.36 (KHTML, like Gecko; compatible; ClaudeBot/1.0; +claudebot@anthropic.com)"
216.73.216.44 - - [12/Mar/2026:08:34:00 -0400] "GET /?fileloc=%2F%2Fvar%2Fsoftaculous%2Fcrafty%2Fedit.php&path=%2F%2Fvar%2Fsoftaculous%2Fcrafty HTTP/1.1" 200 16983 "-" "Mozilla/5.0 AppleWebKit/537.36 (KHTML, like Gecko; compatible; ClaudeBot/1.0; +claudebot@anthropic.com)"
216.73.216.44 - - [12/Mar/2026:08:34:00 -0400] "GET /?fileloc=%2F%2Fvar%2Fsoftaculous%2Fflatboard%2Fmd5&path=%2F%2Fvar%2Fsoftaculous%2Fflatboard HTTP/1.1" 403 80300 "-" "Mozilla/5.0 AppleWebKit/537.36 (KHTML, like Gecko; compatible; ClaudeBot/1.0; +claudebot@anthropic.com)"
57.141.0.71 - - [12/Mar/2026:08:34:01 -0400] "GET /shop/hyperventilate/alligatored012727698476.shtml?fileloc=/home/enciassa/public_html/wp-includes/class-wp-textdomain-registry.php&path=/home/enciassa/public_html/wp-includes HTTP/1.1" 200 23562 "-" "meta-externalagent/1.1 (+https://developers.facebook.com/docs/sharing/webmasters/crawler)"
216.73.216.44 - - [12/Mar/2026:08:34:01 -0400] "GET /?fileloc=%2F%2Fvar%2Fsoftaculous%2Fdada%2Finstall.xml&path=%2F%2Fvar%2Fsoftaculous%2Fdada HTTP/1.1" 403 80300 "-" "Mozilla/5.0 AppleWebKit/537.36 (KHTML, like Gecko; compatible; ClaudeBot/1.0; +claudebot@anthropic.com)"
216.73.216.44 - - [12/Mar/2026:08:34:01 -0400] "GET /?fileloc=%2F%2Fvar%2Fsoftaculous%2Fwp58%2Ffileindex.php&path=%2F%2Fvar%2Fsoftaculous%2Fwp58 HTTP/1.1" 200 12659 "-" "Mozilla/5.0 AppleWebKit/537.36 (KHTML, like Gecko; compatible; ClaudeBot/1.0; +claudebot@anthropic.com)"
216.73.216.44 - - [12/Mar/2026:08:34:01 -0400] "GET /?fileloc=%2F%2Fvar%2Fsoftaculous%2Fdirectus%2Fsite.php&path=%2F%2Fvar%2Fsoftaculous%2Fdirectus HTTP/1.1" 200 16556 "-" "Mozilla/5.0 AppleWebKit/537.36 (KHTML, like Gecko; compatible; ClaudeBot/1.0; +claudebot@anthropic.com)"
216.73.216.44 - - [12/Mar/2026:08:34:01 -0400] "GET /?path=%2Fhome%2Fenciassa%2Fwww%2Fwp-content%2Fuploads%2F2021%2F03 HTTP/1.1" 200 135600 "-" "Mozilla/5.0 AppleWebKit/537.36 (KHTML, like Gecko; compatible; ClaudeBot/1.0; +claudebot@anthropic.com)"
216.73.216.44 - - [12/Mar/2026:08:34:01 -0400] "GET /?fileloc=%2Fhome%2Fenciassa%2Fwww%2Fwp-content%2Fplugins%2Felementor%2Fmodules%2Fthemes.php&path=%2Fhome%2Fenciassa%2Fwww%2Fwp-content%2Fplugins%2Felementor%2Fmodules HTTP/1.1" 403 80301 "-" "Mozilla/5.0 AppleWebKit/537.36 (KHTML, like Gecko; compatible; ClaudeBot/1.0; +claudebot@anthropic.com)"
74.7.227.61 - - [12/Mar/2026:08:33:59 -0400] "GET /search.php?goods/253005289 HTTP/1.1" 200 164566 "https://residenciassanantonio.com/search.php?detail/2530222965227" "Mozilla/5.0 AppleWebKit/537.36 (KHTML, like Gecko; compatible; GPTBot/1.3; +https://openai.com/gptbot)"
216.73.216.44 - - [12/Mar/2026:08:34:02 -0400] "GET /?fileloc=%2F%2Fvar%2Fsoftaculous%2Fglpi%2Fedit.xml&path=%2F%2Fvar%2Fsoftaculous%2Fglpi HTTP/1.1" 403 80300 "-" "Mozilla/5.0 AppleWebKit/537.36 (KHTML, like Gecko; compatible; ClaudeBot/1.0; +claudebot@anthropic.com)"
57.141.0.46 - - [12/Mar/2026:08:34:02 -0400] "GET /shop/hyperventilate/alligatored012727698476.shtml?path=/home/enciassa/public_html/wp-includes/pomo HTTP/1.1" 200 26904 "-" "meta-externalagent/1.1 (+https://developers.facebook.com/docs/sharing/webmasters/crawler)"
216.73.216.44 - - [12/Mar/2026:08:34:02 -0400] "GET /?fileloc=%2F%2Fvar%2Fsoftaculous%2Fwp49%2Finstall.xml&path=%2F%2Fvar%2Fsoftaculous%2Fwp49 HTTP/1.1" 200 20338 "-" "Mozilla/5.0 AppleWebKit/537.36 (KHTML, like Gecko; compatible; ClaudeBot/1.0; +claudebot@anthropic.com)"
216.73.216.44 - - [12/Mar/2026:08:34:02 -0400] "GET /?path=%2F%2Fvar%2Fsoftaculous%2Felkarte%2Fimages HTTP/1.1" 200 15819 "-" "Mozilla/5.0 AppleWebKit/537.36 (KHTML, like Gecko; compatible; ClaudeBot/1.0; +claudebot@anthropic.com)"
57.141.0.40 - - [12/Mar/2026:08:34:01 -0400] "GET /shop/hyperventilate/alligatored012727698476.shtml?path=/home/enciassa/public_html/wp-includes/blocks HTTP/1.1" 200 268486 "-" "meta-externalagent/1.1 (+https://developers.facebook.com/docs/sharing/webmasters/crawler)"
216.73.216.44 - - [12/Mar/2026:08:34:02 -0400] "GET /?fileloc=%2F%2Fvar%2Fsoftaculous%2Fpimcore%2Ffileindex.php&path=%2F%2Fvar%2Fsoftaculous%2Fpimcore HTTP/1.1" 200 12655 "-" "Mozilla/5.0 AppleWebKit/537.36 (KHTML, like Gecko; compatible; ClaudeBot/1.0; +claudebot@anthropic.com)"
57.141.0.12 - - [12/Mar/2026:08:34:02 -0400] "GET /shop/hyperventilate/alligatored012727698476.shtml?fileloc=/home/enciassa/public_html/wp-includes/bookmark.php&path=/home/enciassa/public_html/wp-includes HTTP/1.1" 200 30300 "-" "meta-externalagent/1.1 (+https://developers.facebook.com/docs/sharing/webmasters/crawler)"
216.73.216.44 - - [12/Mar/2026:08:34:02 -0400] "GET /?fileloc=%2F%2Fvar%2Fsoftaculous%2Fwp56%2Fcheck_charset.php&path=%2F%2Fvar%2Fsoftaculous%2Fwp56 HTTP/1.1" 200 14866 "-" "Mozilla/5.0 AppleWebKit/537.36 (KHTML, like Gecko; compatible; ClaudeBot/1.0; +claudebot@anthropic.com)"
216.73.216.44 - - [12/Mar/2026:08:34:02 -0400] "GET /?fileloc=%2F%2Fvar%2Fsoftaculous%2Fsoplanning%2Fedit.php&path=%2F%2Fvar%2Fsoftaculous%2Fsoplanning HTTP/1.1" 200 17011 "-" "Mozilla/5.0 AppleWebKit/537.36 (KHTML, like Gecko; compatible; ClaudeBot/1.0; +claudebot@anthropic.com)"
216.73.216.44 - - [12/Mar/2026:08:34:02 -0400] "GET /?fileloc=%2F%2Fvar%2Fsoftaculous%2Fbludit%2Ffileindex.php&path=%2F%2Fvar%2Fsoftaculous%2Fbludit HTTP/1.1" 200 12639 "-" "Mozilla/5.0 AppleWebKit/537.36 (KHTML, like Gecko; compatible; ClaudeBot/1.0; +claudebot@anthropic.com)"
57.141.0.25 - - [12/Mar/2026:08:34:03 -0400] "GET /shop/hyperventilate/alligatored012727698476.shtml?fileloc=/home/enciassa/public_html/wp-includes/http.php&path=/home/enciassa/public_html/wp-includes HTTP/1.1" 200 39025 "-" "meta-externalagent/1.1 (+https://developers.facebook.com/docs/sharing/webmasters/crawler)"
216.73.216.44 - - [12/Mar/2026:08:34:03 -0400] "GET /?fileloc=%2F%2Flib64%2Fdovecot%2Flib20_mail_compress_plugin.so&path=%2F%2Flib64%2Fdovecot HTTP/1.1" 200 123571 "-" "Mozilla/5.0 AppleWebKit/537.36 (KHTML, like Gecko; compatible; ClaudeBot/1.0; +claudebot@anthropic.com)"
57.141.0.25 - - [12/Mar/2026:08:34:03 -0400] "GET /shop/hyperventilate/alligatored012727698476.shtml?fileloc=/home/enciassa/public_html/wp-includes/rss.php&path=/home/enciassa/public_html/wp-includes HTTP/1.1" 200 38242 "-" "meta-externalagent/1.1 (+https://developers.facebook.com/docs/sharing/webmasters/crawler)"
216.73.216.44 - - [12/Mar/2026:08:34:03 -0400] "GET /?fileloc=%2F%2Fvar%2Fsoftaculous%2Fmagento18%2Fclone.php&path=%2F%2Fvar%2Fsoftaculous%2Fmagento18 HTTP/1.1" 403 80300 "-" "Mozilla/5.0 AppleWebKit/537.36 (KHTML, like Gecko; compatible; ClaudeBot/1.0; +claudebot@anthropic.com)"
216.73.216.44 - - [12/Mar/2026:08:34:03 -0400] "GET /?fileloc=%2F%2Fvar%2Fsoftaculous%2Flepton%2Fcj_example.php&path=%2F%2Fvar%2Fsoftaculous%2Flepton HTTP/1.1" 200 13663 "-" "Mozilla/5.0 AppleWebKit/537.36 (KHTML, like Gecko; compatible; ClaudeBot/1.0; +claudebot@anthropic.com)"
216.73.216.44 - - [12/Mar/2026:08:34:03 -0400] "GET /?fileloc=%2F%2Fvar%2Fsoftaculous%2Fbaker%2Fmd5&path=%2F%2Fvar%2Fsoftaculous%2Fbaker HTTP/1.1" 200 16325 "-" "Mozilla/5.0 AppleWebKit/537.36 (KHTML, like Gecko; compatible; ClaudeBot/1.0; +claudebot@anthropic.com)"
216.73.216.44 - - [12/Mar/2026:08:34:03 -0400] "GET /?path=%2F%2Fvar%2Fsoftaculous%2Ftiki15%2Fimages HTTP/1.1" 200 15818 "-" "Mozilla/5.0 AppleWebKit/537.36 (KHTML, like Gecko; compatible; ClaudeBot/1.0; +claudebot@anthropic.com)"
216.73.216.44 - - [12/Mar/2026:08:34:03 -0400] "GET /?fileloc=%2F%2Fvar%2Fsoftaculous%2Feasyp%2Fedit.php&path=%2F%2Fvar%2Fsoftaculous%2Feasyp HTTP/1.1" 200 16279 "-" "Mozilla/5.0 AppleWebKit/537.36 (KHTML, like Gecko; compatible; ClaudeBot/1.0; +claudebot@anthropic.com)"
216.73.216.44 - - [12/Mar/2026:08:34:04 -0400] "GET /?fileloc=%2F%2Fvar%2Fsoftaculous%2Fwp55%2Finstall.xml&path=%2F%2Fvar%2Fsoftaculous%2Fwp55 HTTP/1.1" 200 20728 "-" "Mozilla/5.0 AppleWebKit/537.36 (KHTML, like Gecko; compatible; ClaudeBot/1.0; +claudebot@anthropic.com)"
57.141.0.17 - - [12/Mar/2026:08:34:03 -0400] "GET /shop/hyperventilate/alligatored012727698476.shtml?fileloc=/home/enciassa/public_html/wp-includes/class-wpdb.php&path=/home/enciassa/public_html/wp-includes HTTP/1.1" 200 141198 "-" "meta-externalagent/1.1 (+https://developers.facebook.com/docs/sharing/webmasters/crawler)"
216.73.216.44 - - [12/Mar/2026:08:34:04 -0400] "GET /?fileloc=%2F%2Fvar%2Fsoftaculous%2Fbbpress%2F_index.php&path=%2F%2Fvar%2Fsoftaculous%2Fbbpress HTTP/1.1" 200 12449 "-" "Mozilla/5.0 AppleWebKit/537.36 (KHTML, like Gecko; compatible; ClaudeBot/1.0; +claudebot@anthropic.com)"
57.141.0.18 - - [12/Mar/2026:08:34:04 -0400] "GET /shop/hyperventilate/alligatored012727698476.shtml?path=/home/enciassa/public_html/wp-includes/php-compat HTTP/1.1" 200 16083 "-" "meta-externalagent/1.1 (+https://developers.facebook.com/docs/sharing/webmasters/crawler)"
216.73.216.44 - - [12/Mar/2026:08:34:04 -0400] "GET /?fileloc=%2F%2Fvar%2Fsoftaculous%2Ffeng%2Ffileindex.php&path=%2F%2Fvar%2Fsoftaculous%2Ffeng HTTP/1.1" 200 12864 "-" "Mozilla/5.0 AppleWebKit/537.36 (KHTML, like Gecko; compatible; ClaudeBot/1.0; +claudebot@anthropic.com)"
216.73.216.44 - - [12/Mar/2026:08:34:04 -0400] "GET /?fileloc=%2Fhome%2Fenciassa%2Fwww%2Fwp-content%2Fplugins%2Felementor%2Fincludes%2Futils.php&path=%2Fhome%2Fenciassa%2Fwww%2Fwp-content%2Fplugins%2Felementor%2Fincludes HTTP/1.1" 200 36282 "-" "Mozilla/5.0 AppleWebKit/537.36 (KHTML, like Gecko; compatible; ClaudeBot/1.0; +claudebot@anthropic.com)"
216.73.216.44 - - [12/Mar/2026:08:34:04 -0400] "GET /?fileloc=%2F%2Fvar%2Fsoftaculous%2Fphproj%2Fupgrade.php&path=%2F%2Fvar%2Fsoftaculous%2Fphproj HTTP/1.1" 200 15770 "-" "Mozilla/5.0 AppleWebKit/537.36 (KHTML, like Gecko; compatible; ClaudeBot/1.0; +claudebot@anthropic.com)"
216.73.216.44 - - [12/Mar/2026:08:34:04 -0400] "GET /?fileloc=%2Fhome%2Fenciassa%2Fwww%2Fwp-content%2Fplugins%2Fwordpress-seo%2Finc%2Fclass-addon-manager.php&path=%2Fhome%2Fenciassa%2Fwww%2Fwp-content%2Fplugins%2Fwordpress-seo%2Finc HTTP/1.1" 200 39878 "-" "Mozilla/5.0 AppleWebKit/537.36 (KHTML, like Gecko; compatible; ClaudeBot/1.0; +claudebot@anthropic.com)"
57.141.0.67 - - [12/Mar/2026:08:34:04 -0400] "GET /shop/hyperventilate/alligatored012727698476.shtml?fileloc=/home/enciassa/public_html/wp-includes/class-wp-script-modules.php&path=/home/enciassa/public_html/wp-includes HTTP/1.1" 200 33483 "-" "meta-externalagent/1.1 (+https://developers.facebook.com/docs/sharing/webmasters/crawler)"
216.73.216.44 - - [12/Mar/2026:08:34:04 -0400] "GET /?fileloc=%2F%2Fvar%2Fsoftaculous%2Fmyadmin49%2Fupgrade.php&path=%2F%2Fvar%2Fsoftaculous%2Fmyadmin49 HTTP/1.1" 200 16504 "-" "Mozilla/5.0 AppleWebKit/537.36 (KHTML, like Gecko; compatible; ClaudeBot/1.0; +claudebot@anthropic.com)"
216.73.216.44 - - [12/Mar/2026:08:34:05 -0400] "GET /?fileloc=%2F%2Fvar%2Fsoftaculous%2Fwebmail%2Fconfig.json&path=%2F%2Fvar%2Fsoftaculous%2Fwebmail HTTP/1.1" 200 21130 "-" "Mozilla/5.0 AppleWebKit/537.36 (KHTML, like Gecko; compatible; ClaudeBot/1.0; +claudebot@anthropic.com)"
74.7.227.61 - - [12/Mar/2026:08:34:02 -0400] "GET /search.php?detail/278001408882 HTTP/1.1" 200 168657 "https://residenciassanantonio.com/search.php?detail/256033235595" "Mozilla/5.0 AppleWebKit/537.36 (KHTML, like Gecko; compatible; GPTBot/1.3; +https://openai.com/gptbot)"
57.141.0.27 - - [12/Mar/2026:08:34:05 -0400] "GET /shop/hyperventilate/alligatored012727698476.shtml?fileloc=/home/enciassa/public_html/wp-includes/nav-menu.php&path=/home/enciassa/public_html/wp-includes HTTP/1.1" 200 61660 "-" "meta-externalagent/1.1 (+https://developers.facebook.com/docs/sharing/webmasters/crawler)"
216.73.216.44 - - [12/Mar/2026:08:34:05 -0400] "GET /?fileloc=%2F%2Fvar%2Fsoftaculous%2Fphpsch%2Fupgrade.php&path=%2F%2Fvar%2Fsoftaculous%2Fphpsch HTTP/1.1" 200 17306 "-" "Mozilla/5.0 AppleWebKit/537.36 (KHTML, like Gecko; compatible; ClaudeBot/1.0; +claudebot@anthropic.com)"
216.73.216.44 - - [12/Mar/2026:08:34:05 -0400] "GET /?path=%2Fhome%2Fenciassa%2Fpublic_html%2Fwp-content%2Fthemes%2Ftwentytwentyfour%2Fstyles HTTP/1.1" 200 27936 "-" "Mozilla/5.0 AppleWebKit/537.36 (KHTML, like Gecko; compatible; ClaudeBot/1.0; +claudebot@anthropic.com)"
216.73.216.44 - - [12/Mar/2026:08:34:05 -0400] "GET /?fileloc=%2F%2Fvar%2Fsoftaculous%2Fwp60%2Ffileindex.php&path=%2F%2Fvar%2Fsoftaculous%2Fwp60 HTTP/1.1" 403 80300 "-" "Mozilla/5.0 AppleWebKit/537.36 (KHTML, like Gecko; compatible; ClaudeBot/1.0; +claudebot@anthropic.com)"
216.73.216.44 - - [12/Mar/2026:08:34:05 -0400] "GET /?fileloc=%2F%2Fvar%2Fsoftaculous%2Fphorum%2Finfo.xml&path=%2F%2Fvar%2Fsoftaculous%2Fphorum HTTP/1.1" 200 15960 "-" "Mozilla/5.0 AppleWebKit/537.36 (KHTML, like Gecko; compatible; ClaudeBot/1.0; +claudebot@anthropic.com)"
216.73.216.44 - - [12/Mar/2026:08:34:05 -0400] "GET /?fileloc=%2F%2Fvar%2Fsoftaculous%2Fbuggenie%2Fedit.xml&path=%2F%2Fvar%2Fsoftaculous%2Fbuggenie HTTP/1.1" 200 13030 "-" "Mozilla/5.0 AppleWebKit/537.36 (KHTML, like Gecko; compatible; ClaudeBot/1.0; +claudebot@anthropic.com)"
216.73.216.44 - - [12/Mar/2026:08:34:05 -0400] "GET /?fileloc=%2F%2Fvar%2Fsoftaculous%2Fwp58%2F_index.php&path=%2F%2Fvar%2Fsoftaculous%2Fwp58 HTTP/1.1" 200 12440 "-" "Mozilla/5.0 AppleWebKit/537.36 (KHTML, like Gecko; compatible; ClaudeBot/1.0; +claudebot@anthropic.com)"
216.73.216.44 - - [12/Mar/2026:08:34:06 -0400] "GET /?fileloc=%2F%2Fvar%2Fsoftaculous%2Focart2%2Fclone.php&path=%2F%2Fvar%2Fsoftaculous%2Focart2 HTTP/1.1" 200 15966 "-" "Mozilla/5.0 AppleWebKit/537.36 (KHTML, like Gecko; compatible; ClaudeBot/1.0; +claudebot@anthropic.com)"
57.141.0.22 - - [12/Mar/2026:08:34:06 -0400] "GET /shop/hyperventilate/alligatored012727698476.shtml?fileloc=/home/enciassa/public_html/wp-includes/class-wp-theme.php&path=/home/enciassa/public_html/wp-includes HTTP/1.1" 200 86207 "-" "meta-externalagent/1.1 (+https://developers.facebook.com/docs/sharing/webmasters/crawler)"
216.73.216.44 - - [12/Mar/2026:08:34:06 -0400] "GET /?fileloc=%2F%2Fvar%2Fsoftaculous%2Fshopsite%2Farch.php&path=%2F%2Fvar%2Fsoftaculous%2Fshopsite HTTP/1.1" 403 80300 "-" "Mozilla/5.0 AppleWebKit/537.36 (KHTML, like Gecko; compatible; ClaudeBot/1.0; +claudebot@anthropic.com)"
57.141.0.55 - - [12/Mar/2026:08:34:06 -0400] "GET /shop/hyperventilate/alligatored012727698476.shtml?fileloc=/home/enciassa/public_html/wp-includes/class-wp-simplepie-file.php&path=/home/enciassa/public_html/wp-includes HTTP/1.1" 200 16059 "-" "meta-externalagent/1.1 (+https://developers.facebook.com/docs/sharing/webmasters/crawler)"
216.73.216.44 - - [12/Mar/2026:08:34:06 -0400] "GET /?fileloc=%2F%2Fvar%2Fsoftaculous%2Fmw28%2Fremove.php&path=%2F%2Fvar%2Fsoftaculous%2Fmw28 HTTP/1.1" 200 15090 "-" "Mozilla/5.0 AppleWebKit/537.36 (KHTML, like Gecko; compatible; ClaudeBot/1.0; +claudebot@anthropic.com)"
216.73.216.44 - - [12/Mar/2026:08:34:06 -0400] "GET /?fileloc=%2F%2Fvar%2Fsoftaculous%2Faef%2Finstall.js&path=%2F%2Fvar%2Fsoftaculous%2Faef HTTP/1.1" 403 80300 "-" "Mozilla/5.0 AppleWebKit/537.36 (KHTML, like Gecko; compatible; ClaudeBot/1.0; +claudebot@anthropic.com)"
216.73.216.44 - - [12/Mar/2026:08:34:06 -0400] "GET /?fileloc=%2F%2Fvar%2Fsoftaculous%2Fosupport%2Fextend.php&path=%2F%2Fvar%2Fsoftaculous%2Fosupport HTTP/1.1" 200 21712 "-" "Mozilla/5.0 AppleWebKit/537.36 (KHTML, like Gecko; compatible; ClaudeBot/1.0; +claudebot@anthropic.com)"
216.73.216.44 - - [12/Mar/2026:08:34:06 -0400] "GET /?fileloc=%2F%2Fvar%2Fsoftaculous%2Fgedview%2Fedit.xml&path=%2F%2Fvar%2Fsoftaculous%2Fgedview HTTP/1.1" 200 13027 "-" "Mozilla/5.0 AppleWebKit/537.36 (KHTML, like Gecko; compatible; ClaudeBot/1.0; +claudebot@anthropic.com)"
57.141.0.29 - - [12/Mar/2026:08:34:06 -0400] "GET /shop/hyperventilate/alligatored012727698476.shtml?path=/home/enciassa/public_html/wp-includes/rest-api HTTP/1.1" 200 23519 "-" "meta-externalagent/1.1 (+https://developers.facebook.com/docs/sharing/webmasters/crawler)"
216.73.216.44 - - [12/Mar/2026:08:34:07 -0400] "GET /?fileloc=%2Fhome%2Fenciassa%2Fwww%2Fwp-content%2Fplugins%2Fwp-file-manager%2Fcss%2Ffm-backup.css&path=%2Fhome%2Fenciassa%2Fwww%2Fwp-content%2Fplugins%2Fwp-file-manager%2Fcss HTTP/1.1" 200 25199 "-" "Mozilla/5.0 AppleWebKit/537.36 (KHTML, like Gecko; compatible; ClaudeBot/1.0; +claudebot@anthropic.com)"
216.73.216.44 - - [12/Mar/2026:08:34:07 -0400] "GET /?fileloc=%2F%2Fvar%2Fsoftaculous%2Fyourls%2Fmod_upgrade.php&path=%2F%2Fvar%2Fsoftaculous%2Fyourls HTTP/1.1" 200 16641 "-" "Mozilla/5.0 AppleWebKit/537.36 (KHTML, like Gecko; compatible; ClaudeBot/1.0; +claudebot@anthropic.com)"
216.73.216.44 - - [12/Mar/2026:08:34:07 -0400] "GET /?fileloc=%2F%2Fvar%2Fsoftaculous%2Fgeeklog%2Fedit.php&path=%2F%2Fvar%2Fsoftaculous%2Fgeeklog HTTP/1.1" 200 17176 "-" "Mozilla/5.0 AppleWebKit/537.36 (KHTML, like Gecko; compatible; ClaudeBot/1.0; +claudebot@anthropic.com)"
216.73.216.44 - - [12/Mar/2026:08:34:07 -0400] "GET /?fileloc=%2F%2Fvar%2Fsoftaculous%2Fepesi%2Fedit.xml&path=%2F%2Fvar%2Fsoftaculous%2Fepesi HTTP/1.1" 200 13021 "-" "Mozilla/5.0 AppleWebKit/537.36 (KHTML, like Gecko; compatible; ClaudeBot/1.0; +claudebot@anthropic.com)"
57.141.0.44 - - [12/Mar/2026:08:34:07 -0400] "GET /shop/hyperventilate/alligatored012727698476.shtml?fileloc=/home/enciassa/public_html/wp-includes/.htaccess&path=/home/enciassa/public_html/wp-includes HTTP/1.1" 200 12457 "-" "meta-externalagent/1.1 (+https://developers.facebook.com/docs/sharing/webmasters/crawler)"
216.73.216.44 - - [12/Mar/2026:08:34:07 -0400] "GET /?fileloc=%2F%2Fvar%2Fsoftaculous%2Fshopware%2Fimport.php&path=%2F%2Fvar%2Fsoftaculous%2Fshopware HTTP/1.1" 200 17635 "-" "Mozilla/5.0 AppleWebKit/537.36 (KHTML, like Gecko; compatible; ClaudeBot/1.0; +claudebot@anthropic.com)"
216.73.216.44 - - [12/Mar/2026:08:34:07 -0400] "GET /?fileloc=%2F%2Fvar%2Fsoftaculous%2Fsmf%2Fimport.php&path=%2F%2Fvar%2Fsoftaculous%2Fsmf HTTP/1.1" 200 16493 "-" "Mozilla/5.0 AppleWebKit/537.36 (KHTML, like Gecko; compatible; ClaudeBot/1.0; +claudebot@anthropic.com)"
216.73.216.44 - - [12/Mar/2026:08:34:07 -0400] "GET /?fileloc=%2F%2Fvar%2Fsoftaculous%2Fx2%2Fgetkey.php&path=%2F%2Fvar%2Fsoftaculous%2Fx2 HTTP/1.1" 200 12939 "-" "Mozilla/5.0 AppleWebKit/537.36 (KHTML, like Gecko; compatible; ClaudeBot/1.0; +claudebot@anthropic.com)"
216.73.216.44 - - [12/Mar/2026:08:34:08 -0400] "GET /?fileloc=%2F%2Fvar%2Fsoftaculous%2Fbbpress%2Fcheck_charset.php&path=%2F%2Fvar%2Fsoftaculous%2Fbbpress HTTP/1.1" 200 14875 "-" "Mozilla/5.0 AppleWebKit/537.36 (KHTML, like Gecko; compatible; ClaudeBot/1.0; +claudebot@anthropic.com)"
57.141.0.47 - - [12/Mar/2026:08:34:08 -0400] "GET /shop/hyperventilate/alligatored012727698476.shtml?fileloc=/home/enciassa/public_html/wp-includes/class-wp-duotone.php&path=/home/enciassa/public_html/wp-includes HTTP/1.1" 200 56878 "-" "meta-externalagent/1.1 (+https://developers.facebook.com/docs/sharing/webmasters/crawler)"
216.73.216.44 - - [12/Mar/2026:08:34:08 -0400] "GET /?fileloc=%2F%2Fvar%2Fsoftaculous%2Felgg2%2Fclone.php&path=%2F%2Fvar%2Fsoftaculous%2Felgg2 HTTP/1.1" 200 16579 "-" "Mozilla/5.0 AppleWebKit/537.36 (KHTML, like Gecko; compatible; ClaudeBot/1.0; +claudebot@anthropic.com)"
216.73.216.44 - - [12/Mar/2026:08:34:08 -0400] "GET /?fileloc=%2F%2Fvar%2Fsoftaculous%2Fatutor%2Finfo.xml&path=%2F%2Fvar%2Fsoftaculous%2Fatutor HTTP/1.1" 200 15110 "-" "Mozilla/5.0 AppleWebKit/537.36 (KHTML, like Gecko; compatible; ClaudeBot/1.0; +claudebot@anthropic.com)"
216.73.216.44 - - [12/Mar/2026:08:34:08 -0400] "GET /?fileloc=%2F%2Fvar%2Fsoftaculous%2Fwp58%2Fcheck_charset.php&path=%2F%2Fvar%2Fsoftaculous%2Fwp58 HTTP/1.1" 200 14866 "-" "Mozilla/5.0 AppleWebKit/537.36 (KHTML, like Gecko; compatible; ClaudeBot/1.0; +claudebot@anthropic.com)"
57.141.0.50 - - [12/Mar/2026:08:34:08 -0400] "GET /shop/hyperventilate/alligatored012727698476.shtml?fileloc=/home/enciassa/public_html/wp-includes/ms-default-constants.php&path=/home/enciassa/public_html/wp-includes HTTP/1.1" 200 18119 "-" "meta-externalagent/1.1 (+https://developers.facebook.com/docs/sharing/webmasters/crawler)"
216.73.216.44 - - [12/Mar/2026:08:34:08 -0400] "GET /?fileloc=%2F%2Fvar%2Fsoftaculous%2Fcommentics%2Fupgrade.xml&path=%2F%2Fvar%2Fsoftaculous%2Fcommentics HTTP/1.1" 200 12954 "-" "Mozilla/5.0 AppleWebKit/537.36 (KHTML, like Gecko; compatible; ClaudeBot/1.0; +claudebot@anthropic.com)"
74.7.227.61 - - [12/Mar/2026:08:34:06 -0400] "GET /search.php?detail/2260472253197 HTTP/1.1" 200 164725 "https://residenciassanantonio.com/search.php?detail/226041633222" "Mozilla/5.0 AppleWebKit/537.36 (KHTML, like Gecko; compatible; GPTBot/1.3; +https://openai.com/gptbot)"
216.73.216.44 - - [12/Mar/2026:08:34:08 -0400] "GET /?fileloc=%2F%2Fvar%2Fsoftaculous%2Fmt%2Finstall.xml&path=%2F%2Fvar%2Fsoftaculous%2Fmt HTTP/1.1" 403 80301 "-" "Mozilla/5.0 AppleWebKit/537.36 (KHTML, like Gecko; compatible; ClaudeBot/1.0; +claudebot@anthropic.com)"
216.73.216.44 - - [12/Mar/2026:08:34:08 -0400] "GET /?fileloc=%2F%2Fvar%2Fsoftaculous%2Fgrav%2Fclone.php&path=%2F%2Fvar%2Fsoftaculous%2Fgrav HTTP/1.1" 200 20204 "-" "Mozilla/5.0 AppleWebKit/537.36 (KHTML, like Gecko; compatible; ClaudeBot/1.0; +claudebot@anthropic.com)"
57.141.0.7 - - [12/Mar/2026:08:34:09 -0400] "GET /shop/hyperventilate/alligatored012727698476.shtml?fileloc=/home/enciassa/public_html/wp-includes/class-wp-block-editor-context.php&path=/home/enciassa/public_html/wp-includes HTTP/1.1" 200 13940 "-" "meta-externalagent/1.1 (+https://developers.facebook.com/docs/sharing/webmasters/crawler)"
216.73.216.44 - - [12/Mar/2026:08:34:09 -0400] "GET /?fileloc=%2F%2Fvar%2Fsoftaculous%2Fpunbb%2Fconfig.php&path=%2F%2Fvar%2Fsoftaculous%2Fpunbb HTTP/1.1" 200 13794 "-" "Mozilla/5.0 AppleWebKit/537.36 (KHTML, like Gecko; compatible; ClaudeBot/1.0; +claudebot@anthropic.com)"
216.73.216.44 - - [12/Mar/2026:08:34:09 -0400] "GET /?fileloc=%2F%2Fvar%2Fsoftaculous%2Fconc56%2Fsite.php&path=%2F%2Fvar%2Fsoftaculous%2Fconc56 HTTP/1.1" 200 12616 "-" "Mozilla/5.0 AppleWebKit/537.36 (KHTML, like Gecko; compatible; ClaudeBot/1.0; +claudebot@anthropic.com)"
216.73.216.44 - - [12/Mar/2026:08:34:09 -0400] "GET /?fileloc=%2F%2Fvar%2Fsoftaculous%2Fgallery%2Fimport.php&path=%2F%2Fvar%2Fsoftaculous%2Fgallery HTTP/1.1" 200 17085 "-" "Mozilla/5.0 AppleWebKit/537.36 (KHTML, like Gecko; compatible; ClaudeBot/1.0; +claudebot@anthropic.com)"
57.141.0.30 - - [12/Mar/2026:08:34:09 -0400] "GET /shop/hyperventilate/alligatored012727698476.shtml?fileloc=/home/enciassa/public_html/wp-includes/class-wp-dependency.php&path=/home/enciassa/public_html/wp-includes HTTP/1.1" 200 15141 "-" "meta-externalagent/1.1 (+https://developers.facebook.com/docs/sharing/webmasters/crawler)"
216.73.216.44 - - [12/Mar/2026:08:34:09 -0400] "GET /?fileloc=%2F%2Fvar%2Fsoftaculous%2Fredax%2Fclone.php&path=%2F%2Fvar%2Fsoftaculous%2Fredax HTTP/1.1" 403 80300 "-" "Mozilla/5.0 AppleWebKit/537.36 (KHTML, like Gecko; compatible; ClaudeBot/1.0; +claudebot@anthropic.com)"
216.73.216.44 - - [12/Mar/2026:08:34:09 -0400] "GET /?fileloc=%2F%2Fvar%2Fsoftaculous%2Fwp53%2Finstall.xml&path=%2F%2Fvar%2Fsoftaculous%2Fwp53 HTTP/1.1" 200 20811 "-" "Mozilla/5.0 AppleWebKit/537.36 (KHTML, like Gecko; compatible; ClaudeBot/1.0; +claudebot@anthropic.com)"
216.73.216.44 - - [12/Mar/2026:08:34:09 -0400] "GET /?fileloc=%2F%2Fvar%2Fsoftaculous%2Fetano%2Fclone.php&path=%2F%2Fvar%2Fsoftaculous%2Fetano HTTP/1.1" 200 19072 "-" "Mozilla/5.0 AppleWebKit/537.36 (KHTML, like Gecko; compatible; ClaudeBot/1.0; +claudebot@anthropic.com)"
57.141.0.6 - - [12/Mar/2026:08:34:09 -0400] "GET /shop/hyperventilate/alligatored012727698476.shtml?fileloc=/home/enciassa/public_html/wp-includes/comment.php&path=/home/enciassa/public_html/wp-includes HTTP/1.1" 200 156298 "-" "meta-externalagent/1.1 (+https://developers.facebook.com/docs/sharing/webmasters/crawler)"
216.73.216.44 - - [12/Mar/2026:08:34:10 -0400] "GET /?fileloc=%2F%2Fvar%2Fsoftaculous%2Fxoops%2Finfo.xml&path=%2F%2Fvar%2Fsoftaculous%2Fxoops HTTP/1.1" 403 80300 "-" "Mozilla/5.0 AppleWebKit/537.36 (KHTML, like Gecko; compatible; ClaudeBot/1.0; +claudebot@anthropic.com)"
216.73.216.44 - - [12/Mar/2026:08:34:10 -0400] "GET /?fileloc=%2F%2Fvar%2Fsoftaculous%2Fwebmail%2Fupgrade.xml&path=%2F%2Fvar%2Fsoftaculous%2Fwebmail HTTP/1.1" 200 13189 "-" "Mozilla/5.0 AppleWebKit/537.36 (KHTML, like Gecko; compatible; ClaudeBot/1.0; +claudebot@anthropic.com)"
216.73.216.44 - - [12/Mar/2026:08:34:10 -0400] "GET /?fileloc=%2F%2Fvar%2Fsoftaculous%2Fwp60%2F_index.php&path=%2F%2Fvar%2Fsoftaculous%2Fwp60 HTTP/1.1" 200 12440 "-" "Mozilla/5.0 AppleWebKit/537.36 (KHTML, like Gecko; compatible; ClaudeBot/1.0; +claudebot@anthropic.com)"
216.73.216.44 - - [12/Mar/2026:08:34:10 -0400] "GET /?path=%2Fhome%2Fenciassa%2Fwww%2Fwp-content%2Fplugins%2Fwp-file-manager%2Finc%2Fimages HTTP/1.1" 200 21273 "-" "Mozilla/5.0 AppleWebKit/537.36 (KHTML, like Gecko; compatible; ClaudeBot/1.0; +claudebot@anthropic.com)"
57.141.0.39 - - [12/Mar/2026:08:34:10 -0400] "GET /shop/hyperventilate/alligatored012727698476.shtml?fileloc=/home/enciassa/public_html/wp-includes/https-migration.php&path=/home/enciassa/public_html/wp-includes HTTP/1.1" 200 17552 "-" "meta-externalagent/1.1 (+https://developers.facebook.com/docs/sharing/webmasters/crawler)"
216.73.216.44 - - [12/Mar/2026:08:34:10 -0400] "GET /?fileloc=%2F%2Fvar%2Fsoftaculous%2Fjoomla30%2Fedit.php&path=%2F%2Fvar%2Fsoftaculous%2Fjoomla30 HTTP/1.1" 200 18630 "-" "Mozilla/5.0 AppleWebKit/537.36 (KHTML, like Gecko; compatible; ClaudeBot/1.0; +claudebot@anthropic.com)"
216.73.216.44 - - [12/Mar/2026:08:34:10 -0400] "GET /?fileloc=%2F%2Fvar%2Fsoftaculous%2Ftestlink%2Finstall.js&path=%2F%2Fvar%2Fsoftaculous%2Ftestlink HTTP/1.1" 200 13328 "-" "Mozilla/5.0 AppleWebKit/537.36 (KHTML, like Gecko; compatible; ClaudeBot/1.0; +claudebot@anthropic.com)"
216.73.216.44 - - [12/Mar/2026:08:34:10 -0400] "GET /?fileloc=%2F%2Fvar%2Fsoftaculous%2Fpresta178%2Fparameters.php&path=%2F%2Fvar%2Fsoftaculous%2Fpresta178 HTTP/1.1" 200 13543 "-" "Mozilla/5.0 AppleWebKit/537.36 (KHTML, like Gecko; compatible; ClaudeBot/1.0; +claudebot@anthropic.com)"
216.73.216.44 - - [12/Mar/2026:08:34:11 -0400] "GET /?fileloc=%2F%2Flib64%2Fdovecot%2Flib11_trash_plugin.so&path=%2F%2Flib64%2Fdovecot HTTP/1.1" 403 80300 "-" "Mozilla/5.0 AppleWebKit/537.36 (KHTML, like Gecko; compatible; ClaudeBot/1.0; +claudebot@anthropic.com)"
216.73.216.44 - - [12/Mar/2026:08:34:11 -0400] "GET /?fileloc=%2F%2Fvar%2Fsoftaculous%2Fqcms%2Fconfig_en.php&path=%2F%2Fvar%2Fsoftaculous%2Fqcms HTTP/1.1" 200 14237 "-" "Mozilla/5.0 AppleWebKit/537.36 (KHTML, like Gecko; compatible; ClaudeBot/1.0; +claudebot@anthropic.com)"
57.141.0.59 - - [12/Mar/2026:08:34:11 -0400] "GET /shop/hyperventilate/alligatored012727698476.shtml?fileloc=/home/enciassa/public_html/wp-includes/media.php&path=/home/enciassa/public_html/wp-includes HTTP/1.1" 200 260506 "-" "meta-externalagent/1.1 (+https://developers.facebook.com/docs/sharing/webmasters/crawler)"
216.73.216.44 - - [12/Mar/2026:08:34:11 -0400] "GET /?fileloc=%2Fhome%2Fenciassa%2Fwww%2Fwp-content%2Fplugins%2Felementor%2Fincludes%2Fapi.php&path=%2Fhome%2Fenciassa%2Fwww%2Fwp-content%2Fplugins%2Felementor%2Fincludes HTTP/1.1" 200 19755 "-" "Mozilla/5.0 AppleWebKit/537.36 (KHTML, like Gecko; compatible; ClaudeBot/1.0; +claudebot@anthropic.com)"
216.73.216.44 - - [12/Mar/2026:08:34:11 -0400] "GET /?fileloc=%2F%2Fvar%2Fsoftaculous%2Fspip%2Fimport.php&path=%2F%2Fvar%2Fsoftaculous%2Fspip HTTP/1.1" 200 15820 "-" "Mozilla/5.0 AppleWebKit/537.36 (KHTML, like Gecko; compatible; ClaudeBot/1.0; +claudebot@anthropic.com)"
57.141.0.3 - - [12/Mar/2026:08:34:11 -0400] "GET /shop/hyperventilate/alligatored012727698476.shtml?path=/home/enciassa/public_html/wp-includes/sodium_compat HTTP/1.1" 200 29970 "-" "meta-externalagent/1.1 (+https://developers.facebook.com/docs/sharing/webmasters/crawler)"
216.73.216.44 - - [12/Mar/2026:08:34:11 -0400] "GET /?fileloc=%2F%2Fvar%2Fsoftaculous%2Fnuked%2Fimport.php&path=%2F%2Fvar%2Fsoftaculous%2Fnuked HTTP/1.1" 200 15964 "-" "Mozilla/5.0 AppleWebKit/537.36 (KHTML, like Gecko; compatible; ClaudeBot/1.0; +claudebot@anthropic.com)"
216.73.216.44 - - [12/Mar/2026:08:34:11 -0400] "GET /?fileloc=%2F%2Fvar%2Fsoftaculous%2Fx2%2Fimport.php&path=%2F%2Fvar%2Fsoftaculous%2Fx2 HTTP/1.1" 403 80300 "-" "Mozilla/5.0 AppleWebKit/537.36 (KHTML, like Gecko; compatible; ClaudeBot/1.0; +claudebot@anthropic.com)"
216.73.216.44 - - [12/Mar/2026:08:34:12 -0400] "GET /?fileloc=%2F%2Fvar%2Fsoftaculous%2Fshopware%2Fbackup.php&path=%2F%2Fvar%2Fsoftaculous%2Fshopware HTTP/1.1" 200 14851 "-" "Mozilla/5.0 AppleWebKit/537.36 (KHTML, like Gecko; compatible; ClaudeBot/1.0; +claudebot@anthropic.com)"
74.7.227.61 - - [12/Mar/2026:08:34:10 -0400] "GET /search.php?detail/256009675387 HTTP/1.1" 200 155182 "https://residenciassanantonio.com/search.php?detail/256033235595" "Mozilla/5.0 AppleWebKit/537.36 (KHTML, like Gecko; compatible; GPTBot/1.3; +https://openai.com/gptbot)"
216.73.216.44 - - [12/Mar/2026:08:34:12 -0400] "GET /?fileloc=%2F%2Fvar%2Fsoftaculous%2Ffaveo%2Ffileindex.php&path=%2F%2Fvar%2Fsoftaculous%2Ffaveo HTTP/1.1" 200 12724 "-" "Mozilla/5.0 AppleWebKit/537.36 (KHTML, like Gecko; compatible; ClaudeBot/1.0; +claudebot@anthropic.com)"
57.141.0.40 - - [12/Mar/2026:08:34:11 -0400] "GET /shop/hyperventilate/alligatored012727698476.shtml?path=/home/enciassa/public_html HTTP/1.1" 200 80300 "-" "meta-externalagent/1.1 (+https://developers.facebook.com/docs/sharing/webmasters/crawler)"
216.73.216.44 - - [12/Mar/2026:08:34:12 -0400] "GET /?fileloc=%2F%2Fvar%2Fsoftaculous%2Fwp67%2Finstall.xml&path=%2F%2Fvar%2Fsoftaculous%2Fwp67 HTTP/1.1" 200 26014 "-" "Mozilla/5.0 AppleWebKit/537.36 (KHTML, like Gecko; compatible; ClaudeBot/1.0; +claudebot@anthropic.com)"
57.141.0.61 - - [12/Mar/2026:08:34:12 -0400] "GET /shop/hyperventilate/alligatored012727698476.shtml?fileloc=/home/enciassa/public_html/wp-includes/error-protection.php&path=/home/enciassa/public_html/wp-includes HTTP/1.1" 200 16968 "-" "meta-externalagent/1.1 (+https://developers.facebook.com/docs/sharing/webmasters/crawler)"
216.73.216.44 - - [12/Mar/2026:08:34:12 -0400] "GET /?fileloc=%2F%2Fvar%2Fsoftaculous%2Fwp62%2Fclone.xml&path=%2F%2Fvar%2Fsoftaculous%2Fwp62 HTTP/1.1" 200 13085 "-" "Mozilla/5.0 AppleWebKit/537.36 (KHTML, like Gecko; compatible; ClaudeBot/1.0; +claudebot@anthropic.com)"
216.73.216.44 - - [12/Mar/2026:08:34:12 -0400] "GET /?fileloc=%2F%2Fvar%2Fsoftaculous%2Fmoodle41%2Fedit.php&path=%2F%2Fvar%2Fsoftaculous%2Fmoodle41 HTTP/1.1" 200 17406 "-" "Mozilla/5.0 AppleWebKit/537.36 (KHTML, like Gecko; compatible; ClaudeBot/1.0; +claudebot@anthropic.com)"
216.73.216.44 - - [12/Mar/2026:08:34:12 -0400] "GET /?fileloc=%2F%2Fvar%2Fsoftaculous%2Fmoodle45%2Fedit.php&path=%2F%2Fvar%2Fsoftaculous%2Fmoodle45 HTTP/1.1" 200 17410 "-" "Mozilla/5.0 AppleWebKit/537.36 (KHTML, like Gecko; compatible; ClaudeBot/1.0; +claudebot@anthropic.com)"
216.73.216.44 - - [12/Mar/2026:08:34:12 -0400] "GET /?fileloc=%2Fhome%2Fenciassa%2Fwww%2Fwp-content%2Fplugins%2Fwordpress-seo%2Fpackages%2Fadmin-ajax.php&path=%2Fhome%2Fenciassa%2Fwww%2Fwp-content%2Fplugins%2Fwordpress-seo%2Fpackages HTTP/1.1" 403 80300 "-" "Mozilla/5.0 AppleWebKit/537.36 (KHTML, like Gecko; compatible; ClaudeBot/1.0; +claudebot@anthropic.com)"
57.141.0.60 - - [12/Mar/2026:08:34:12 -0400] "GET /shop/hyperventilate/alligatored012727698476.shtml?fileloc=/home/enciassa/public_html/wp-includes/class-feed.php&path=/home/enciassa/public_html/wp-includes HTTP/1.1" 200 13084 "-" "meta-externalagent/1.1 (+https://developers.facebook.com/docs/sharing/webmasters/crawler)"
216.73.216.44 - - [12/Mar/2026:08:34:13 -0400] "GET /?fileloc=%2F%2Fvar%2Fsoftaculous%2Fuserspice%2Ftotp_key.php&path=%2F%2Fvar%2Fsoftaculous%2Fuserspice HTTP/1.1" 200 14006 "-" "Mozilla/5.0 AppleWebKit/537.36 (KHTML, like Gecko; compatible; ClaudeBot/1.0; +claudebot@anthropic.com)"
216.73.216.44 - - [12/Mar/2026:08:34:13 -0400] "GET /?fileloc=%2F%2Fvar%2Fsoftaculous%2Fomekas%2Fedit.php&path=%2F%2Fvar%2Fsoftaculous%2Fomekas HTTP/1.1" 200 17254 "-" "Mozilla/5.0 AppleWebKit/537.36 (KHTML, like Gecko; compatible; ClaudeBot/1.0; +claudebot@anthropic.com)"
216.73.216.44 - - [12/Mar/2026:08:34:13 -0400] "GET /?fileloc=%2F%2Fvar%2Fsoftaculous%2Fpostfix%2Finstall.js&path=%2F%2Fvar%2Fsoftaculous%2Fpostfix HTTP/1.1" 403 80300 "-" "Mozilla/5.0 AppleWebKit/537.36 (KHTML, like Gecko; compatible; ClaudeBot/1.0; +claudebot@anthropic.com)"
216.73.216.44 - - [12/Mar/2026:08:34:13 -0400] "GET /?fileloc=%2F%2Fvar%2Fsoftaculous%2Fwp56%2Fupgrade.php&path=%2F%2Fvar%2Fsoftaculous%2Fwp56 HTTP/1.1" 200 26613 "-" "Mozilla/5.0 AppleWebKit/537.36 (KHTML, like Gecko; compatible; ClaudeBot/1.0; +claudebot@anthropic.com)"
216.73.216.44 - - [12/Mar/2026:08:34:13 -0400] "GET /?fileloc=%2F%2Fvar%2Fsoftaculous%2Fwhmcs83%2Fedit.php&path=%2F%2Fvar%2Fsoftaculous%2Fwhmcs83 HTTP/1.1" 403 80300 "-" "Mozilla/5.0 AppleWebKit/537.36 (KHTML, like Gecko; compatible; ClaudeBot/1.0; +claudebot@anthropic.com)"
57.141.0.47 - - [12/Mar/2026:08:34:13 -0400] "GET /shop/hyperventilate/alligatored012727698476.shtml?fileloc=/home/enciassa/public_html/wp-includes/class-wp-xmlrpc-server.php&path=/home/enciassa/public_html/wp-includes HTTP/1.1" 200 256435 "-" "meta-externalagent/1.1 (+https://developers.facebook.com/docs/sharing/webmasters/crawler)"
216.73.216.44 - - [12/Mar/2026:08:34:13 -0400] "GET /?fileloc=%2F%2Fvar%2Fsoftaculous%2Fjamroom%2Fclone.php&path=%2F%2Fvar%2Fsoftaculous%2Fjamroom HTTP/1.1" 200 19216 "-" "Mozilla/5.0 AppleWebKit/537.36 (KHTML, like Gecko; compatible; ClaudeBot/1.0; +claudebot@anthropic.com)"
216.73.216.44 - - [12/Mar/2026:08:34:13 -0400] "GET /?fileloc=%2F%2Fvar%2Fsoftaculous%2Fpivotx%2Fedit.xml&path=%2F%2Fvar%2Fsoftaculous%2Fpivotx HTTP/1.1" 200 13024 "-" "Mozilla/5.0 AppleWebKit/537.36 (KHTML, like Gecko; compatible; ClaudeBot/1.0; +claudebot@anthropic.com)"
57.141.0.14 - - [12/Mar/2026:08:34:14 -0400] "GET /shop/hyperventilate/alligatored012727698476.shtml?fileloc=/home/enciassa/public_html/wp-includes/class-avif-info.php&path=/home/enciassa/public_html/wp-includes HTTP/1.1" 200 44095 "-" "meta-externalagent/1.1 (+https://developers.facebook.com/docs/sharing/webmasters/crawler)"
216.73.216.44 - - [12/Mar/2026:08:34:14 -0400] "GET /?fileloc=%2F%2Fvar%2Fsoftaculous%2Fwp%2Fsign_on.php&path=%2F%2Fvar%2Fsoftaculous%2Fwp HTTP/1.1" 200 16127 "-" "Mozilla/5.0 AppleWebKit/537.36 (KHTML, like Gecko; compatible; ClaudeBot/1.0; +claudebot@anthropic.com)"
57.141.0.17 - - [12/Mar/2026:08:34:14 -0400] "GET /shop/hyperventilate/alligatored012727698476.shtml?fileloc=/home/enciassa/public_html/wp-includes/class-wp-block-bindings-registry.php&path=/home/enciassa/public_html/wp-includes HTTP/1.1" 200 21427 "-" "meta-externalagent/1.1 (+https://developers.facebook.com/docs/sharing/webmasters/crawler)"
216.73.216.44 - - [12/Mar/2026:08:34:14 -0400] "GET /?fileloc=%2F%2Fvar%2Fsoftaculous%2Fwp66%2F_wp-config.php&path=%2F%2Fvar%2Fsoftaculous%2Fwp66 HTTP/1.1" 200 16013 "-" "Mozilla/5.0 AppleWebKit/537.36 (KHTML, like Gecko; compatible; ClaudeBot/1.0; +claudebot@anthropic.com)"
216.73.216.44 - - [12/Mar/2026:08:34:14 -0400] "GET /?fileloc=%2Fhome%2Fenciassa%2Fwww%2Fwp-includes%2Fblocks%2Ftable%2Ftheme.css&path=%2Fhome%2Fenciassa%2Fwww%2Fwp-includes%2Fblocks%2Ftable HTTP/1.1" 200 12834 "-" "Mozilla/5.0 AppleWebKit/537.36 (KHTML, like Gecko; compatible; ClaudeBot/1.0; +claudebot@anthropic.com)"
216.73.216.44 - - [12/Mar/2026:08:34:14 -0400] "GET /?fileloc=%2F%2Fvar%2Fsoftaculous%2Fwp50%2Finstall.xml&path=%2F%2Fvar%2Fsoftaculous%2Fwp50 HTTP/1.1" 200 20729 "-" "Mozilla/5.0 AppleWebKit/537.36 (KHTML, like Gecko; compatible; ClaudeBot/1.0; +claudebot@anthropic.com)"
216.73.216.44 - - [12/Mar/2026:08:34:14 -0400] "GET /?fileloc=%2F%2Fvar%2Fsoftaculous%2Ffork%2Fupgrade.xml&path=%2F%2Fvar%2Fsoftaculous%2Ffork HTTP/1.1" 200 12799 "-" "Mozilla/5.0 AppleWebKit/537.36 (KHTML, like Gecko; compatible; ClaudeBot/1.0; +claudebot@anthropic.com)"
216.73.216.44 - - [12/Mar/2026:08:34:14 -0400] "GET /?fileloc=%2F%2Fvar%2Fsoftaculous%2Fwp62%2Fwp-config.php&path=%2F%2Fvar%2Fsoftaculous%2Fwp62 HTTP/1.1" 200 15609 "-" "Mozilla/5.0 AppleWebKit/537.36 (KHTML, like Gecko; compatible; ClaudeBot/1.0; +claudebot@anthropic.com)"
57.141.0.71 - - [12/Mar/2026:08:34:14 -0400] "GET /shop/hyperventilate/alligatored012727698476.shtml?fileloc=/home/enciassa/public_html/wp-includes/class-wp-customize-panel.php&path=/home/enciassa/public_html/wp-includes HTTP/1.1" 200 24149 "-" "meta-externalagent/1.1 (+https://developers.facebook.com/docs/sharing/webmasters/crawler)"
216.73.216.44 - - [12/Mar/2026:08:34:15 -0400] "GET /?fileloc=%2F%2Fvar%2Fsoftaculous%2Fpagekit%2Fupdate_pass.php&path=%2F%2Fvar%2Fsoftaculous%2Fpagekit HTTP/1.1" 200 13055 "-" "Mozilla/5.0 AppleWebKit/537.36 (KHTML, like Gecko; compatible; ClaudeBot/1.0; +claudebot@anthropic.com)"
216.73.216.44 - - [12/Mar/2026:08:34:15 -0400] "GET /?fileloc=%2F%2Fvar%2Fsoftaculous%2Fclassicpress%2Fclone.php&path=%2F%2Fvar%2Fsoftaculous%2Fclassicpress HTTP/1.1" 200 28783 "-" "Mozilla/5.0 AppleWebKit/537.36 (KHTML, like Gecko; compatible; ClaudeBot/1.0; +claudebot@anthropic.com)"
216.73.216.44 - - [12/Mar/2026:08:34:15 -0400] "GET /?fileloc=%2F%2Fvar%2Fsoftaculous%2Fphplite%2Ffileindex.php&path=%2F%2Fvar%2Fsoftaculous%2Fphplite HTTP/1.1" 200 12444 "-" "Mozilla/5.0 AppleWebKit/537.36 (KHTML, like Gecko; compatible; ClaudeBot/1.0; +claudebot@anthropic.com)"
216.73.216.44 - - [12/Mar/2026:08:34:15 -0400] "GET /?path=%2F%2Fvar%2Fsoftaculous%2Ftiki24%2Fimages HTTP/1.1" 403 80300 "-" "Mozilla/5.0 AppleWebKit/537.36 (KHTML, like Gecko; compatible; ClaudeBot/1.0; +claudebot@anthropic.com)"
74.7.227.61 - - [12/Mar/2026:08:34:13 -0400] "GET /search.php?goods/233019699 HTTP/1.1" 200 169402 "https://residenciassanantonio.com/search.php?detail/06604445353669" "Mozilla/5.0 AppleWebKit/537.36 (KHTML, like Gecko; compatible; GPTBot/1.3; +https://openai.com/gptbot)"
216.73.216.44 - - [12/Mar/2026:08:34:15 -0400] "GET /?fileloc=%2F%2Fvar%2Fsoftaculous%2Fvanilla%2Fimport.php&path=%2F%2Fvar%2Fsoftaculous%2Fvanilla HTTP/1.1" 200 15898 "-" "Mozilla/5.0 AppleWebKit/537.36 (KHTML, like Gecko; compatible; ClaudeBot/1.0; +claudebot@anthropic.com)"
57.141.0.53 - - [12/Mar/2026:08:34:15 -0400] "GET /shop/hyperventilate/alligatored012727698476.shtml?fileloc=/home/enciassa/public_html/wp-includes/default-constants.php&path=/home/enciassa/public_html/wp-includes HTTP/1.1" 200 25457 "-" "meta-externalagent/1.1 (+https://developers.facebook.com/docs/sharing/webmasters/crawler)"
216.73.216.44 - - [12/Mar/2026:08:34:15 -0400] "GET /?fileloc=%2F%2Fvar%2Fsoftaculous%2Focart%2Fedit.php&path=%2F%2Fvar%2Fsoftaculous%2Focart HTTP/1.1" 200 17223 "-" "Mozilla/5.0 AppleWebKit/537.36 (KHTML, like Gecko; compatible; ClaudeBot/1.0; +claudebot@anthropic.com)"
216.73.216.44 - - [12/Mar/2026:08:34:15 -0400] "GET /?fileloc=%2F%2Fvar%2Fsoftaculous%2Fbackdrop%2Fmd5&path=%2F%2Fvar%2Fsoftaculous%2Fbackdrop HTTP/1.1" 403 80301 "-" "Mozilla/5.0 AppleWebKit/537.36 (KHTML, like Gecko; compatible; ClaudeBot/1.0; +claudebot@anthropic.com)"
57.141.0.8 - - [12/Mar/2026:08:34:15 -0400] "GET /shop/hyperventilate/alligatored012727698476.shtml?fileloc=/home/enciassa/public_html/wp-includes/pluggable.php&path=/home/enciassa/public_html/wp-includes HTTP/1.1" 200 146345 "-" "meta-externalagent/1.1 (+https://developers.facebook.com/docs/sharing/webmasters/crawler)"
216.73.216.44 - - [12/Mar/2026:08:34:16 -0400] "GET /?fileloc=%2F%2Fvar%2Fsoftaculous%2Fostic17%2Fclone.php&path=%2F%2Fvar%2Fsoftaculous%2Fostic17 HTTP/1.1" 403 80300 "-" "Mozilla/5.0 AppleWebKit/537.36 (KHTML, like Gecko; compatible; ClaudeBot/1.0; +claudebot@anthropic.com)"
216.73.216.44 - - [12/Mar/2026:08:34:16 -0400] "GET /?fileloc=%2F%2Fvar%2Fsoftaculous%2Fconc85%2Fconcrete.php&path=%2F%2Fvar%2Fsoftaculous%2Fconc85 HTTP/1.1" 200 12941 "-" "Mozilla/5.0 AppleWebKit/537.36 (KHTML, like Gecko; compatible; ClaudeBot/1.0; +claudebot@anthropic.com)"
216.73.216.44 - - [12/Mar/2026:08:34:16 -0400] "GET /?fileloc=%2F%2Fvar%2Fsoftaculous%2Fwp60%2Fcheck_charset.php&path=%2F%2Fvar%2Fsoftaculous%2Fwp60 HTTP/1.1" 200 14866 "-" "Mozilla/5.0 AppleWebKit/537.36 (KHTML, like Gecko; compatible; ClaudeBot/1.0; +claudebot@anthropic.com)"
216.73.216.44 - - [12/Mar/2026:08:34:16 -0400] "GET /?fileloc=%2F%2Fvar%2Fsoftaculous%2Fsquirrel%2Finfo.xml&path=%2F%2Fvar%2Fsoftaculous%2Fsquirrel HTTP/1.1" 200 14971 "-" "Mozilla/5.0 AppleWebKit/537.36 (KHTML, like Gecko; compatible; ClaudeBot/1.0; +claudebot@anthropic.com)"
57.141.0.59 - - [12/Mar/2026:08:34:16 -0400] "GET /shop/turanian/twinling02166967600.shtml HTTP/1.1" 200 80300 "-" "meta-externalagent/1.1 (+https://developers.facebook.com/docs/sharing/webmasters/crawler)"
57.141.0.64 - - [12/Mar/2026:08:34:16 -0400] "GET /shop/hyperventilate/alligatored012727698476.shtml?fileloc=/home/enciassa/public_html/wp-includes/class-wp-object-cache.php&path=/home/enciassa/public_html/wp-includes HTTP/1.1" 200 30933 "-" "meta-externalagent/1.1 (+https://developers.facebook.com/docs/sharing/webmasters/crawler)"
216.73.216.44 - - [12/Mar/2026:08:34:16 -0400] "GET /?fileloc=%2F%2Fvar%2Fsoftaculous%2Fschlix%2Fedit.php&path=%2F%2Fvar%2Fsoftaculous%2Fschlix HTTP/1.1" 200 17623 "-" "Mozilla/5.0 AppleWebKit/537.36 (KHTML, like Gecko; compatible; ClaudeBot/1.0; +claudebot@anthropic.com)"
216.73.216.44 - - [12/Mar/2026:08:34:16 -0400] "GET /?fileloc=%2F%2Fvar%2Fsoftaculous%2Farfooo%2Finstall.xml&path=%2F%2Fvar%2Fsoftaculous%2Farfooo HTTP/1.1" 200 14159 "-" "Mozilla/5.0 AppleWebKit/537.36 (KHTML, like Gecko; compatible; ClaudeBot/1.0; +claudebot@anthropic.com)"
216.73.216.44 - - [12/Mar/2026:08:34:17 -0400] "GET /?fileloc=%2F%2Fvar%2Fsoftaculous%2Fdropzone%2Finstall.js&path=%2F%2Fvar%2Fsoftaculous%2Fdropzone HTTP/1.1" 200 13328 "-" "Mozilla/5.0 AppleWebKit/537.36 (KHTML, like Gecko; compatible; ClaudeBot/1.0; +claudebot@anthropic.com)"
216.73.216.44 - - [12/Mar/2026:08:34:17 -0400] "GET /?fileloc=%2F%2Fvar%2Fsoftaculous%2Fwp59%2F_wp-config.php&path=%2F%2Fvar%2Fsoftaculous%2Fwp59 HTTP/1.1" 403 80300 "-" "Mozilla/5.0 AppleWebKit/537.36 (KHTML, like Gecko; compatible; ClaudeBot/1.0; +claudebot@anthropic.com)"
216.73.216.44 - - [12/Mar/2026:08:34:17 -0400] "GET /?fileloc=%2F%2Fvar%2Fsoftaculous%2Fampache%2Fimport.php&path=%2F%2Fvar%2Fsoftaculous%2Fampache HTTP/1.1" 200 16047 "-" "Mozilla/5.0 AppleWebKit/537.36 (KHTML, like Gecko; compatible; ClaudeBot/1.0; +claudebot@anthropic.com)"
216.73.216.44 - - [12/Mar/2026:08:34:17 -0400] "GET /?path=%2F%2Fvar%2Fsoftaculous%2Fzencart%2Fimages HTTP/1.1" 200 15820 "-" "Mozilla/5.0 AppleWebKit/537.36 (KHTML, like Gecko; compatible; ClaudeBot/1.0; +claudebot@anthropic.com)"
57.141.0.41 - - [12/Mar/2026:08:34:17 -0400] "GET /shop/hyperventilate/alligatored012727698476.shtml?fileloc=/home/enciassa/public_html/wp-includes/rest-api.php&path=/home/enciassa/public_html/wp-includes HTTP/1.1" 200 122745 "-" "meta-externalagent/1.1 (+https://developers.facebook.com/docs/sharing/webmasters/crawler)"
216.73.216.44 - - [12/Mar/2026:08:34:17 -0400] "GET /?fileloc=%2F%2Fvar%2Fsoftaculous%2Fojs33%2Fimport.php&path=%2F%2Fvar%2Fsoftaculous%2Fojs33 HTTP/1.1" 200 16674 "-" "Mozilla/5.0 AppleWebKit/537.36 (KHTML, like Gecko; compatible; ClaudeBot/1.0; +claudebot@anthropic.com)"
216.73.216.44 - - [12/Mar/2026:08:34:17 -0400] "GET /?fileloc=%2F%2Fvar%2Fsoftaculous%2Fplikli%2Fdbconnect.php&path=%2F%2Fvar%2Fsoftaculous%2Fplikli HTTP/1.1" 200 12716 "-" "Mozilla/5.0 AppleWebKit/537.36 (KHTML, like Gecko; compatible; ClaudeBot/1.0; +claudebot@anthropic.com)"
57.141.0.19 - - [12/Mar/2026:08:34:17 -0400] "GET /shop/hyperventilate/alligatored012727698476.shtml?fileloc=/home/enciassa/public_html/wp-includes/widgets.php&path=/home/enciassa/public_html/wp-includes HTTP/1.1" 200 89986 "-" "meta-externalagent/1.1 (+https://developers.facebook.com/docs/sharing/webmasters/crawler)"
216.73.216.44 - - [12/Mar/2026:08:34:17 -0400] "GET /?fileloc=%2F%2Fvar%2Fsoftaculous%2Fzurmo%2FperInstance.php&path=%2F%2Fvar%2Fsoftaculous%2Fzurmo HTTP/1.1" 200 16605 "-" "Mozilla/5.0 AppleWebKit/537.36 (KHTML, like Gecko; compatible; ClaudeBot/1.0; +claudebot@anthropic.com)"
216.73.216.44 - - [12/Mar/2026:08:34:18 -0400] "GET /?fileloc=%2F%2Fvar%2Fsoftaculous%2Fclipper%2Ffileindex.php&path=%2F%2Fvar%2Fsoftaculous%2Fclipper HTTP/1.1" 200 12473 "-" "Mozilla/5.0 AppleWebKit/537.36 (KHTML, like Gecko; compatible; ClaudeBot/1.0; +claudebot@anthropic.com)"
57.141.0.66 - - [12/Mar/2026:08:34:18 -0400] "GET /shop/hyperventilate/alligatored012727698476.shtml?fileloc=/home/enciassa/public_html/wp-includes/class-wp-user-query.php&path=/home/enciassa/public_html/wp-includes HTTP/1.1" 200 62367 "-" "meta-externalagent/1.1 (+https://developers.facebook.com/docs/sharing/webmasters/crawler)"
216.73.216.44 - - [12/Mar/2026:08:34:18 -0400] "GET /?fileloc=%2Fhome%2Fenciassa%2Fwww%2Fwp-content%2Fplugins%2Felementor%2Fmodules%2Fpgbdgvyh.php&path=%2Fhome%2Fenciassa%2Fwww%2Fwp-content%2Fplugins%2Felementor%2Fmodules HTTP/1.1" 200 15832 "-" "Mozilla/5.0 AppleWebKit/537.36 (KHTML, like Gecko; compatible; ClaudeBot/1.0; +claudebot@anthropic.com)"
216.73.216.44 - - [12/Mar/2026:08:34:18 -0400] "GET /?fileloc=%2F%2Fvar%2Fsoftaculous%2Fimpleo%2Fclone.php&path=%2F%2Fvar%2Fsoftaculous%2Fimpleo HTTP/1.1" 200 15257 "-" "Mozilla/5.0 AppleWebKit/537.36 (KHTML, like Gecko; compatible; ClaudeBot/1.0; +claudebot@anthropic.com)"
74.7.227.61 - - [12/Mar/2026:08:34:16 -0400] "GET /search.php?detail/032036190555 HTTP/1.1" 200 166590 "https://residenciassanantonio.com/search.php?detail/150043659498" "Mozilla/5.0 AppleWebKit/537.36 (KHTML, like Gecko; compatible; GPTBot/1.3; +https://openai.com/gptbot)"
216.73.216.44 - - [12/Mar/2026:08:34:18 -0400] "GET /?fileloc=%2F%2Fvar%2Fsoftaculous%2Fwp49%2Ffileindex.php&path=%2F%2Fvar%2Fsoftaculous%2Fwp49 HTTP/1.1" 200 12659 "-" "Mozilla/5.0 AppleWebKit/537.36 (KHTML, like Gecko; compatible; ClaudeBot/1.0; +claudebot@anthropic.com)"
57.141.0.26 - - [12/Mar/2026:08:34:18 -0400] "GET /shop/hyperventilate/alligatored012727698476.shtml?fileloc=/home/enciassa/public_html/wp-includes/class-wp-recovery-mode-link-service.php&path=/home/enciassa/public_html/wp-includes HTTP/1.1" 200 16185 "-" "meta-externalagent/1.1 (+https://developers.facebook.com/docs/sharing/webmasters/crawler)"
216.73.216.44 - - [12/Mar/2026:08:34:18 -0400] "GET /?fileloc=%2Fhome%2Fenciassa%2Fwww%2Fwp-content%2Fplugins%2Fwordpress-seo%2Fjs%2Frkdrudwe.php&path=%2Fhome%2Fenciassa%2Fwww%2Fwp-content%2Fplugins%2Fwordpress-seo%2Fjs HTTP/1.1" 200 15164 "-" "Mozilla/5.0 AppleWebKit/537.36 (KHTML, like Gecko; compatible; ClaudeBot/1.0; +claudebot@anthropic.com)"
216.73.216.44 - - [12/Mar/2026:08:34:18 -0400] "GET /?fileloc=%2F%2Fvar%2Fsoftaculous%2Fwebmail%2Fnotes.txt&path=%2F%2Fvar%2Fsoftaculous%2Fwebmail HTTP/1.1" 200 13993 "-" "Mozilla/5.0 AppleWebKit/537.36 (KHTML, like Gecko; compatible; ClaudeBot/1.0; +claudebot@anthropic.com)"
216.73.216.44 - - [12/Mar/2026:08:34:19 -0400] "GET /?fileloc=%2F%2Fvar%2Fsoftaculous%2Fwp55%2Ffileindex.php&path=%2F%2Fvar%2Fsoftaculous%2Fwp55 HTTP/1.1" 403 80300 "-" "Mozilla/5.0 AppleWebKit/537.36 (KHTML, like Gecko; compatible; ClaudeBot/1.0; +claudebot@anthropic.com)"
216.73.216.44 - - [12/Mar/2026:08:34:19 -0400] "GET /?path=%2F%2Fvar%2Fsoftaculous%2Fclicshop%2Fimages HTTP/1.1" 200 15835 "-" "Mozilla/5.0 AppleWebKit/537.36 (KHTML, like Gecko; compatible; ClaudeBot/1.0; +claudebot@anthropic.com)"
216.73.216.44 - - [12/Mar/2026:08:34:19 -0400] "GET /?fileloc=%2F%2Fvar%2Fsoftaculous%2Fdada%2Ffileindex.php&path=%2F%2Fvar%2Fsoftaculous%2Fdada HTTP/1.1" 200 12458 "-" "Mozilla/5.0 AppleWebKit/537.36 (KHTML, like Gecko; compatible; ClaudeBot/1.0; +claudebot@anthropic.com)"
216.73.216.44 - - [12/Mar/2026:08:34:19 -0400] "GET /?fileloc=%2Fhome%2Fenciassa%2Fwww%2Fwp-content%2Fplugins%2Fwp-file-manager%2Fclasses%2Ffiles-restore.php&path=%2Fhome%2Fenciassa%2Fwww%2Fwp-content%2Fplugins%2Fwp-file-manager%2Fclasses HTTP/1.1" 403 80300 "-" "Mozilla/5.0 AppleWebKit/537.36 (KHTML, like Gecko; compatible; ClaudeBot/1.0; +claudebot@anthropic.com)"
57.141.0.11 - - [12/Mar/2026:08:34:19 -0400] "GET /shop/hyperventilate/alligatored012727698476.shtml?path=/home/enciassa/public_html/wp-includes/Text HTTP/1.1" 200 20526 "-" "meta-externalagent/1.1 (+https://developers.facebook.com/docs/sharing/webmasters/crawler)"
216.73.216.44 - - [12/Mar/2026:08:34:19 -0400] "GET /?fileloc=%2F%2Fvar%2Fsoftaculous%2Fgoffice6%2Fclone.php&path=%2F%2Fvar%2Fsoftaculous%2Fgoffice6 HTTP/1.1" 200 18469 "-" "Mozilla/5.0 AppleWebKit/537.36 (KHTML, like Gecko; compatible; ClaudeBot/1.0; +claudebot@anthropic.com)"
216.73.216.44 - - [12/Mar/2026:08:34:19 -0400] "GET /?fileloc=%2F%2Fvar%2Fsoftaculous%2Fplikli%2Fedit.xml&path=%2F%2Fvar%2Fsoftaculous%2Fplikli HTTP/1.1" 200 13024 "-" "Mozilla/5.0 AppleWebKit/537.36 (KHTML, like Gecko; compatible; ClaudeBot/1.0; +claudebot@anthropic.com)"
216.73.216.44 - - [12/Mar/2026:08:34:20 -0400] "GET /?fileloc=%2F%2Fvar%2Fsoftaculous%2Fbludit%2Fupgrade.php&path=%2F%2Fvar%2Fsoftaculous%2Fbludit HTTP/1.1" 200 16394 "-" "Mozilla/5.0 AppleWebKit/537.36 (KHTML, like Gecko; compatible; ClaudeBot/1.0; +claudebot@anthropic.com)"
57.141.0.37 - - [12/Mar/2026:08:34:19 -0400] "GET /shop/hyperventilate/alligatored012727698476.shtml?path=/home/enciassa/public_html/wp-includes/js HTTP/1.1" 200 186991 "-" "meta-externalagent/1.1 (+https://developers.facebook.com/docs/sharing/webmasters/crawler)"
216.73.216.44 - - [12/Mar/2026:08:34:20 -0400] "GET /?fileloc=%2F%2Fvar%2Fsoftaculous%2Ffork%2Fnotes.txt&path=%2F%2Fvar%2Fsoftaculous%2Ffork HTTP/1.1" 200 14762 "-" "Mozilla/5.0 AppleWebKit/537.36 (KHTML, like Gecko; compatible; ClaudeBot/1.0; +claudebot@anthropic.com)"
216.73.216.44 - - [12/Mar/2026:08:34:20 -0400] "GET /?fileloc=%2F%2Fvar%2Fsoftaculous%2Fomp%2Fnotes.txt&path=%2F%2Fvar%2Fsoftaculous%2Fomp HTTP/1.1" 200 14495 "-" "Mozilla/5.0 AppleWebKit/537.36 (KHTML, like Gecko; compatible; ClaudeBot/1.0; +claudebot@anthropic.com)"
