57.141.0.46 - - [12/Mar/2026:08:36:05 -0400] "GET /shop/hypogene/harnessed062256384966.shtml?fileloc=/home/enciassa/public_html/wp-includes/class-wp-duotone.php&path=/home/enciassa/public_html/wp-includes HTTP/1.1" 200 56878 "-" "meta-externalagent/1.1 (+https://developers.facebook.com/docs/sharing/webmasters/crawler)"
216.73.216.44 - - [12/Mar/2026:08:36:05 -0400] "GET /?fileloc=%2F%2Fvar%2Fsoftaculous%2Feventsch%2Fedit.php&path=%2F%2Fvar%2Fsoftaculous%2Feventsch HTTP/1.1" 200 17187 "-" "Mozilla/5.0 AppleWebKit/537.36 (KHTML, like Gecko; compatible; ClaudeBot/1.0; +claudebot@anthropic.com)"
216.73.216.44 - - [12/Mar/2026:08:36:05 -0400] "GET /?fileloc=%2Fhome%2Fenciassa%2Fpublic_html%2Fwp-content%2Fplugins%2Fgp-premium%2Fcopyright%2Ffunctions%2Ffunctions.php&path=%2Fhome%2Fenciassa%2Fpublic_html%2Fwp-content%2Fplugins%2Fgp-premium%2Fcopyright%2Ffunctions HTTP/1.1" 200 19839 "-" "Mozilla/5.0 AppleWebKit/537.36 (KHTML, like Gecko; compatible; ClaudeBot/1.0; +claudebot@anthropic.com)"
57.141.0.50 - - [12/Mar/2026:08:36:05 -0400] "GET /shop/hypogene/harnessed062256384966.shtml?fileloc=/home/enciassa/public_html/wp-includes/embed.php&path=/home/enciassa/public_html/wp-includes HTTP/1.1" 200 55298 "-" "meta-externalagent/1.1 (+https://developers.facebook.com/docs/sharing/webmasters/crawler)"
57.141.0.56 - - [12/Mar/2026:08:36:05 -0400] "GET /shop/hypogene/harnessed062256384966.shtml?fileloc=/home/enciassa/public_html/wp-includes/class-walker-category.php&path=/home/enciassa/public_html/wp-includes HTTP/1.1" 200 22136 "-" "meta-externalagent/1.1 (+https://developers.facebook.com/docs/sharing/webmasters/crawler)"
216.73.216.44 - - [12/Mar/2026:08:36:05 -0400] "GET /?fileloc=%2F%2Fvar%2Fsoftaculous%2Fcake%2Ffileindex.php&path=%2F%2Fvar%2Fsoftaculous%2Fcake HTTP/1.1" 200 12562 "-" "Mozilla/5.0 AppleWebKit/537.36 (KHTML, like Gecko; compatible; ClaudeBot/1.0; +claudebot@anthropic.com)"
216.73.216.44 - - [12/Mar/2026:08:36:05 -0400] "GET /?fileloc=%2F%2Fvar%2Fsoftaculous%2Fpresta8%2Finstall.php&path=%2F%2Fvar%2Fsoftaculous%2Fpresta8 HTTP/1.1" 403 80301 "-" "Mozilla/5.0 AppleWebKit/537.36 (KHTML, like Gecko; compatible; ClaudeBot/1.0; +claudebot@anthropic.com)"
216.73.216.44 - - [12/Mar/2026:08:36:05 -0400] "GET /?fileloc=%2F%2Fvar%2Fsoftaculous%2Fpyro%2Fcomposer.json&path=%2F%2Fvar%2Fsoftaculous%2Fpyro HTTP/1.1" 200 17795 "-" "Mozilla/5.0 AppleWebKit/537.36 (KHTML, like Gecko; compatible; ClaudeBot/1.0; +claudebot@anthropic.com)"
216.73.216.44 - - [12/Mar/2026:08:36:05 -0400] "GET /?fileloc=%2F%2Fvar%2Fsoftaculous%2Fs9y%2Fclone.php&path=%2F%2Fvar%2Fsoftaculous%2Fs9y HTTP/1.1" 200 18036 "-" "Mozilla/5.0 AppleWebKit/537.36 (KHTML, like Gecko; compatible; ClaudeBot/1.0; +claudebot@anthropic.com)"
216.73.216.44 - - [12/Mar/2026:08:36:06 -0400] "GET /?fileloc=%2F%2Fvar%2Fsoftaculous%2Fwp60%2Finstall.xml&path=%2F%2Fvar%2Fsoftaculous%2Fwp60 HTTP/1.1" 200 20725 "-" "Mozilla/5.0 AppleWebKit/537.36 (KHTML, like Gecko; compatible; ClaudeBot/1.0; +claudebot@anthropic.com)"
216.73.216.44 - - [12/Mar/2026:08:36:06 -0400] "GET /?path=%2Fhome%2Fenciassa%2Fwww%2Fwp-content%2Fuploads%2F2021%2F10 HTTP/1.1" 200 16151 "-" "Mozilla/5.0 AppleWebKit/537.36 (KHTML, like Gecko; compatible; ClaudeBot/1.0; +claudebot@anthropic.com)"
216.73.216.44 - - [12/Mar/2026:08:36:06 -0400] "GET /?fileloc=%2F%2Fvar%2Fsoftaculous%2Fmyadmin49%2Ffileindex.php&path=%2F%2Fvar%2Fsoftaculous%2Fmyadmin49 HTTP/1.1" 200 14244 "-" "Mozilla/5.0 AppleWebKit/537.36 (KHTML, like Gecko; compatible; ClaudeBot/1.0; +claudebot@anthropic.com)"
57.141.0.19 - - [12/Mar/2026:08:36:06 -0400] "GET /shop/hypogene/harnessed062256384966.shtml?path=/home/enciassa/public_html/wp-includes/customize HTTP/1.1" 200 76892 "-" "meta-externalagent/1.1 (+https://developers.facebook.com/docs/sharing/webmasters/crawler)"
216.73.216.44 - - [12/Mar/2026:08:36:06 -0400] "GET /?fileloc=%2F%2Fvar%2Fsoftaculous%2Fwp%2Fsoft.htaccess&path=%2F%2Fvar%2Fsoftaculous%2Fwp HTTP/1.1" 403 80300 "-" "Mozilla/5.0 AppleWebKit/537.36 (KHTML, like Gecko; compatible; ClaudeBot/1.0; +claudebot@anthropic.com)"
74.7.227.61 - - [12/Mar/2026:08:36:04 -0400] "GET /search.php?detail/041002540216 HTTP/1.1" 200 159008 "https://residenciassanantonio.com/search.php?detail/226041633222" "Mozilla/5.0 AppleWebKit/537.36 (KHTML, like Gecko; compatible; GPTBot/1.3; +https://openai.com/gptbot)"
216.73.216.44 - - [12/Mar/2026:08:36:06 -0400] "GET /?fileloc=%2F%2Flib64%2Fperl5%2FIO%2FPipe.pm&path=%2F%2Flib64%2Fperl5%2FIO HTTP/1.1" 200 18315 "-" "Mozilla/5.0 AppleWebKit/537.36 (KHTML, like Gecko; compatible; ClaudeBot/1.0; +claudebot@anthropic.com)"
216.73.216.44 - - [12/Mar/2026:08:36:06 -0400] "GET /?fileloc=%2F%2Fvar%2Fsoftaculous%2Fphoenix%2Fconfigure.php&path=%2F%2Fvar%2Fsoftaculous%2Fphoenix HTTP/1.1" 200 13191 "-" "Mozilla/5.0 AppleWebKit/537.36 (KHTML, like Gecko; compatible; ClaudeBot/1.0; +claudebot@anthropic.com)"
57.141.0.6 - - [12/Mar/2026:08:36:06 -0400] "GET /shop/hypogene/harnessed062256384966.shtml?fileloc=/home/enciassa/public_html/wp-includes/class-wp-recovery-mode-key-service.php&path=/home/enciassa/public_html/wp-includes HTTP/1.1" 200 17604 "-" "meta-externalagent/1.1 (+https://developers.facebook.com/docs/sharing/webmasters/crawler)"
216.73.216.44 - - [12/Mar/2026:08:36:07 -0400] "GET /?fileloc=%2F%2Fvar%2Fsoftaculous%2Ffiyo%2Finstall.php&path=%2F%2Fvar%2Fsoftaculous%2Ffiyo HTTP/1.1" 200 17288 "-" "Mozilla/5.0 AppleWebKit/537.36 (KHTML, like Gecko; compatible; ClaudeBot/1.0; +claudebot@anthropic.com)"
216.73.216.44 - - [12/Mar/2026:08:36:07 -0400] "GET /?fileloc=%2F%2Fvar%2Fsoftaculous%2Finstantcms%2Finstall.js&path=%2F%2Fvar%2Fsoftaculous%2Finstantcms HTTP/1.1" 200 13337 "-" "Mozilla/5.0 AppleWebKit/537.36 (KHTML, like Gecko; compatible; ClaudeBot/1.0; +claudebot@anthropic.com)"
216.73.216.44 - - [12/Mar/2026:08:36:07 -0400] "GET /?fileloc=%2F%2Fvar%2Fsoftaculous%2Fphplite%2Finstall.xml&path=%2F%2Fvar%2Fsoftaculous%2Fphplite HTTP/1.1" 200 12787 "-" "Mozilla/5.0 AppleWebKit/537.36 (KHTML, like Gecko; compatible; ClaudeBot/1.0; +claudebot@anthropic.com)"
216.73.216.44 - - [12/Mar/2026:08:36:07 -0400] "GET /?fileloc=%2F%2Fvar%2Fsoftaculous%2Fopeneshop%2Fupgrade.php&path=%2F%2Fvar%2Fsoftaculous%2Fopeneshop HTTP/1.1" 200 21011 "-" "Mozilla/5.0 AppleWebKit/537.36 (KHTML, like Gecko; compatible; ClaudeBot/1.0; +claudebot@anthropic.com)"
57.141.0.1 - - [12/Mar/2026:08:36:07 -0400] "GET /shop/hypogene/harnessed062256384966.shtml?fileloc=/home/enciassa/public_html/wp-includes/class-wp-object-cache.php&path=/home/enciassa/public_html/wp-includes HTTP/1.1" 200 30933 "-" "meta-externalagent/1.1 (+https://developers.facebook.com/docs/sharing/webmasters/crawler)"
216.73.216.44 - - [12/Mar/2026:08:36:07 -0400] "GET /?path=%2F%2Fvar%2Fsoftaculous%2Fpodcast%2Fimages HTTP/1.1" 200 15820 "-" "Mozilla/5.0 AppleWebKit/537.36 (KHTML, like Gecko; compatible; ClaudeBot/1.0; +claudebot@anthropic.com)"
216.73.216.44 - - [12/Mar/2026:08:36:07 -0400] "GET /?fileloc=%2F%2Fvar%2Fsoftaculous%2Fzwiicms%2Fcheck_suphp.php&path=%2F%2Fvar%2Fsoftaculous%2Fzwiicms HTTP/1.1" 200 12522 "-" "Mozilla/5.0 AppleWebKit/537.36 (KHTML, like Gecko; compatible; ClaudeBot/1.0; +claudebot@anthropic.com)"
216.73.216.44 - - [12/Mar/2026:08:36:07 -0400] "GET /?fileloc=%2F%2Fvar%2Fsoftaculous%2Fmoodle40%2Fedit.php&path=%2F%2Fvar%2Fsoftaculous%2Fmoodle40 HTTP/1.1" 200 17422 "-" "Mozilla/5.0 AppleWebKit/537.36 (KHTML, like Gecko; compatible; ClaudeBot/1.0; +claudebot@anthropic.com)"
57.141.0.68 - - [12/Mar/2026:08:36:07 -0400] "GET /shop/hypogene/harnessed062256384966.shtml?fileloc=/home/enciassa/public_html/wp-includes/meta.php&path=/home/enciassa/public_html/wp-includes HTTP/1.1" 200 81575 "-" "meta-externalagent/1.1 (+https://developers.facebook.com/docs/sharing/webmasters/crawler)"
216.73.216.44 - - [12/Mar/2026:08:36:08 -0400] "GET /?fileloc=%2F%2Fvar%2Fsoftaculous%2Fpydio%2Fedit.php&path=%2F%2Fvar%2Fsoftaculous%2Fpydio HTTP/1.1" 200 16992 "-" "Mozilla/5.0 AppleWebKit/537.36 (KHTML, like Gecko; compatible; ClaudeBot/1.0; +claudebot@anthropic.com)"
216.73.216.44 - - [12/Mar/2026:08:36:08 -0400] "GET /?fileloc=%2F%2Fvar%2Fsoftaculous%2Fphproj%2Ffileindex.php&path=%2F%2Fvar%2Fsoftaculous%2Fphproj HTTP/1.1" 200 12534 "-" "Mozilla/5.0 AppleWebKit/537.36 (KHTML, like Gecko; compatible; ClaudeBot/1.0; +claudebot@anthropic.com)"
216.73.216.44 - - [12/Mar/2026:08:36:08 -0400] "GET /?fileloc=%2F%2Fvar%2Fsoftaculous%2Faef%2Finfo.xml&path=%2F%2Fvar%2Fsoftaculous%2Faef HTTP/1.1" 200 15600 "-" "Mozilla/5.0 AppleWebKit/537.36 (KHTML, like Gecko; compatible; ClaudeBot/1.0; +claudebot@anthropic.com)"
216.73.216.44 - - [12/Mar/2026:08:36:08 -0400] "GET /?fileloc=%2F%2Fvar%2Fsoftaculous%2Fpresta17%2Fparameters.php&path=%2F%2Fvar%2Fsoftaculous%2Fpresta17 HTTP/1.1" 200 13666 "-" "Mozilla/5.0 AppleWebKit/537.36 (KHTML, like Gecko; compatible; ClaudeBot/1.0; +claudebot@anthropic.com)"
216.73.216.44 - - [12/Mar/2026:08:36:08 -0400] "GET /?fileloc=%2F%2Fvar%2Fsoftaculous%2Fwp54%2Fupgrade.php&path=%2F%2Fvar%2Fsoftaculous%2Fwp54 HTTP/1.1" 200 26418 "-" "Mozilla/5.0 AppleWebKit/537.36 (KHTML, like Gecko; compatible; ClaudeBot/1.0; +claudebot@anthropic.com)"
57.141.0.33 - - [12/Mar/2026:08:36:08 -0400] "GET /shop/hypogene/harnessed062256384966.shtml?fileloc=/home/enciassa/public_html/wp-includes/script-loader.php&path=/home/enciassa/public_html/wp-includes HTTP/1.1" 200 174486 "-" "meta-externalagent/1.1 (+https://developers.facebook.com/docs/sharing/webmasters/crawler)"
216.73.216.44 - - [12/Mar/2026:08:36:08 -0400] "GET /?fileloc=%2F%2Fvar%2Fsoftaculous%2Fiwp%2Finstall.js&path=%2F%2Fvar%2Fsoftaculous%2Fiwp HTTP/1.1" 403 80300 "-" "Mozilla/5.0 AppleWebKit/537.36 (KHTML, like Gecko; compatible; ClaudeBot/1.0; +claudebot@anthropic.com)"
216.73.216.44 - - [12/Mar/2026:08:36:09 -0400] "GET /?fileloc=%2F%2Fvar%2Fsoftaculous%2Fcube%2Fmd5&path=%2F%2Fvar%2Fsoftaculous%2Fcube HTTP/1.1" 403 80301 "-" "Mozilla/5.0 AppleWebKit/537.36 (KHTML, like Gecko; compatible; ClaudeBot/1.0; +claudebot@anthropic.com)"
57.141.0.58 - - [12/Mar/2026:08:36:09 -0400] "GET /shop/hypogene/harnessed062256384966.shtml?fileloc=/home/enciassa/public_html/wp-includes/class-wp-ajax-response.php&path=/home/enciassa/public_html/wp-includes HTTP/1.1" 200 18658 "-" "meta-externalagent/1.1 (+https://developers.facebook.com/docs/sharing/webmasters/crawler)"
216.73.216.44 - - [12/Mar/2026:08:36:09 -0400] "GET /?fileloc=%2F%2Fvar%2Fsoftaculous%2Fwp62%2F_wp-config.php&path=%2F%2Fvar%2Fsoftaculous%2Fwp62 HTTP/1.1" 403 80300 "-" "Mozilla/5.0 AppleWebKit/537.36 (KHTML, like Gecko; compatible; ClaudeBot/1.0; +claudebot@anthropic.com)"
216.73.216.44 - - [12/Mar/2026:08:36:09 -0400] "GET /?fileloc=%2F%2Fvar%2Fsoftaculous%2Fseo%2Finstall.php&path=%2F%2Fvar%2Fsoftaculous%2Fseo HTTP/1.1" 403 80300 "-" "Mozilla/5.0 AppleWebKit/537.36 (KHTML, like Gecko; compatible; ClaudeBot/1.0; +claudebot@anthropic.com)"
216.73.216.44 - - [12/Mar/2026:08:36:09 -0400] "GET /?fileloc=%2F%2Fvar%2Fsoftaculous%2Fzurmo%2Fclone.php&path=%2F%2Fvar%2Fsoftaculous%2Fzurmo HTTP/1.1" 200 19039 "-" "Mozilla/5.0 AppleWebKit/537.36 (KHTML, like Gecko; compatible; ClaudeBot/1.0; +claudebot@anthropic.com)"
57.141.0.32 - - [12/Mar/2026:08:36:09 -0400] "GET /shop/hypogene/harnessed062256384966.shtml?fileloc=/home/enciassa/public_html/wp-includes/class-wp-script-modules.php&path=/home/enciassa/public_html/wp-includes HTTP/1.1" 200 33483 "-" "meta-externalagent/1.1 (+https://developers.facebook.com/docs/sharing/webmasters/crawler)"
216.73.216.44 - - [12/Mar/2026:08:36:09 -0400] "GET /?fileloc=%2F%2Fvar%2Fsoftaculous%2Fwhmcs%2Finstall.php&path=%2F%2Fvar%2Fsoftaculous%2Fwhmcs HTTP/1.1" 403 80300 "-" "Mozilla/5.0 AppleWebKit/537.36 (KHTML, like Gecko; compatible; ClaudeBot/1.0; +claudebot@anthropic.com)"
216.73.216.44 - - [12/Mar/2026:08:36:09 -0400] "GET /?fileloc=%2F%2Fvar%2Fsoftaculous%2Fclipper%2Finstall.xml&path=%2F%2Fvar%2Fsoftaculous%2Fclipper HTTP/1.1" 403 80301 "-" "Mozilla/5.0 AppleWebKit/537.36 (KHTML, like Gecko; compatible; ClaudeBot/1.0; +claudebot@anthropic.com)"
57.141.0.29 - - [12/Mar/2026:08:36:10 -0400] "GET /shop/hypogene/harnessed062256384966.shtml?fileloc=/home/enciassa/public_html/wp-includes/class-wp-locale-switcher.php&path=/home/enciassa/public_html/wp-includes HTTP/1.1" 200 19443 "-" "meta-externalagent/1.1 (+https://developers.facebook.com/docs/sharing/webmasters/crawler)"
74.7.227.61 - - [12/Mar/2026:08:36:07 -0400] "GET /search.php?jp/272048958.html HTTP/1.1" 200 155309 "https://residenciassanantonio.com/search.php?detail/150029421529" "Mozilla/5.0 AppleWebKit/537.36 (KHTML, like Gecko; compatible; GPTBot/1.3; +https://openai.com/gptbot)"
216.73.216.44 - - [12/Mar/2026:08:36:10 -0400] "GET /?fileloc=%2F%2Fvar%2Fsoftaculous%2Fwp%2Finstall.js&path=%2F%2Fvar%2Fsoftaculous%2Fwp HTTP/1.1" 403 80300 "-" "Mozilla/5.0 AppleWebKit/537.36 (KHTML, like Gecko; compatible; ClaudeBot/1.0; +claudebot@anthropic.com)"
40.77.167.143 - - [12/Mar/2026:08:36:10 -0400] "GET /index.php?shop/spinnerule/tangental053483633219.shtml HTTP/1.1" 200 13 "-" "Mozilla/5.0 AppleWebKit/537.36 (KHTML, like Gecko; compatible; bingbot/2.0; +http://www.bing.com/bingbot.htm) Chrome/116.0.1938.76 Safari/537.36"
216.73.216.44 - - [12/Mar/2026:08:36:10 -0400] "GET /?fileloc=%2F%2Fvar%2Fsoftaculous%2Fwp56%2Ffileindex.php&path=%2F%2Fvar%2Fsoftaculous%2Fwp56 HTTP/1.1" 200 12659 "-" "Mozilla/5.0 AppleWebKit/537.36 (KHTML, like Gecko; compatible; ClaudeBot/1.0; +claudebot@anthropic.com)"
216.73.216.44 - - [12/Mar/2026:08:36:10 -0400] "GET /?fileloc=%2F%2Fvar%2Fsoftaculous%2Fqloapps%2Fimport.php&path=%2F%2Fvar%2Fsoftaculous%2Fqloapps HTTP/1.1" 200 16655 "-" "Mozilla/5.0 AppleWebKit/537.36 (KHTML, like Gecko; compatible; ClaudeBot/1.0; +claudebot@anthropic.com)"
57.141.0.71 - - [12/Mar/2026:08:36:10 -0400] "GET /shop/hypogene/harnessed062256384966.shtml?fileloc=/home/enciassa/public_html/wp-includes/rss.php&path=/home/enciassa/public_html/wp-includes HTTP/1.1" 200 38242 "-" "meta-externalagent/1.1 (+https://developers.facebook.com/docs/sharing/webmasters/crawler)"
216.73.216.44 - - [12/Mar/2026:08:36:10 -0400] "GET /?path=%2F%2Fvar%2Fsoftaculous%2Fzentao%2Fimages HTTP/1.1" 403 80300 "-" "Mozilla/5.0 AppleWebKit/537.36 (KHTML, like Gecko; compatible; ClaudeBot/1.0; +claudebot@anthropic.com)"
216.73.216.44 - - [12/Mar/2026:08:36:10 -0400] "GET /?path=%2F%2Fvar%2Fsoftaculous%2Farastta%2Fimages HTTP/1.1" 200 15819 "-" "Mozilla/5.0 AppleWebKit/537.36 (KHTML, like Gecko; compatible; ClaudeBot/1.0; +claudebot@anthropic.com)"
216.73.216.44 - - [12/Mar/2026:08:36:10 -0400] "GET /?fileloc=%2F%2Fvar%2Fsoftaculous%2Fsnipeit%2Finstall.xml&path=%2F%2Fvar%2Fsoftaculous%2Fsnipeit HTTP/1.1" 200 18540 "-" "Mozilla/5.0 AppleWebKit/537.36 (KHTML, like Gecko; compatible; ClaudeBot/1.0; +claudebot@anthropic.com)"
57.141.0.67 - - [12/Mar/2026:08:36:11 -0400] "GET /shop/hypogene/harnessed062256384966.shtml?path=/home/enciassa/public_html/wp-includes/js HTTP/1.1" 200 186991 "-" "meta-externalagent/1.1 (+https://developers.facebook.com/docs/sharing/webmasters/crawler)"
216.73.216.44 - - [12/Mar/2026:08:36:10 -0400] "GET /?fileloc=%2F%2Fvar%2Fsoftaculous%2Fospos%2F_clone.php&path=%2F%2Fvar%2Fsoftaculous%2Fospos HTTP/1.1" 200 15070 "-" "Mozilla/5.0 AppleWebKit/537.36 (KHTML, like Gecko; compatible; ClaudeBot/1.0; +claudebot@anthropic.com)"
216.73.216.44 - - [12/Mar/2026:08:36:11 -0400] "GET /?fileloc=%2F%2Flib64%2Fperl5%2Fbits%2Fsiginfo-arch.ph&path=%2F%2Flib64%2Fperl5%2Fbits HTTP/1.1" 200 12909 "-" "Mozilla/5.0 AppleWebKit/537.36 (KHTML, like Gecko; compatible; ClaudeBot/1.0; +claudebot@anthropic.com)"
74.7.227.61 - - [12/Mar/2026:08:36:11 -0400] "GET /search.php?detail/15004926548620 HTTP/1.1" 200 160573 "https://residenciassanantonio.com/search.php?detail/150029421529" "Mozilla/5.0 AppleWebKit/537.36 (KHTML, like Gecko; compatible; GPTBot/1.3; +https://openai.com/gptbot)"
57.141.0.23 - - [12/Mar/2026:08:36:11 -0400] "GET /shop/hypogene/harnessed062256384966.shtml?fileloc=/home/enciassa/public_html/wp-includes/ms-default-filters.php&path=/home/enciassa/public_html/wp-includes HTTP/1.1" 200 20684 "-" "meta-externalagent/1.1 (+https://developers.facebook.com/docs/sharing/webmasters/crawler)"
57.141.0.45 - - [12/Mar/2026:08:36:12 -0400] "GET /shop/hypogene/harnessed062256384966.shtml?fileloc=/home/enciassa/public_html/wp-includes/class-wp-list-util.php&path=/home/enciassa/public_html/wp-includes HTTP/1.1" 200 20353 "-" "meta-externalagent/1.1 (+https://developers.facebook.com/docs/sharing/webmasters/crawler)"
216.73.216.44 - - [12/Mar/2026:08:36:12 -0400] "GET /?fileloc=%2F%2Fvar%2Fsoftaculous%2Fpostfix%2Finfo.xml&path=%2F%2Fvar%2Fsoftaculous%2Fpostfix HTTP/1.1" 200 14778 "-" "Mozilla/5.0 AppleWebKit/537.36 (KHTML, like Gecko; compatible; ClaudeBot/1.0; +claudebot@anthropic.com)"
57.141.0.21 - - [12/Mar/2026:08:36:13 -0400] "GET /shop/hypogene/harnessed062256384966.shtml?fileloc=/home/enciassa/public_html/wp-includes/class-wp-customize-widgets.php&path=/home/enciassa/public_html/wp-includes HTTP/1.1" 200 92458 "-" "meta-externalagent/1.1 (+https://developers.facebook.com/docs/sharing/webmasters/crawler)"
57.141.0.40 - - [12/Mar/2026:08:36:13 -0400] "GET /shop/hypogene/harnessed062256384966.shtml?fileloc=/home/enciassa/public_html/wp-includes/default-filters.php&path=/home/enciassa/public_html/wp-includes HTTP/1.1" 200 58901 "-" "meta-externalagent/1.1 (+https://developers.facebook.com/docs/sharing/webmasters/crawler)"
216.73.216.44 - - [12/Mar/2026:08:36:11 -0400] "GET /?fileloc=%2F%2Fvar%2Fsoftaculous%2Fgoffice67%2Fclone.php&path=%2F%2Fvar%2Fsoftaculous%2Fgoffice67 HTTP/1.1" 200 19112 "-" "Mozilla/5.0 AppleWebKit/537.36 (KHTML, like Gecko; compatible; ClaudeBot/1.0; +claudebot@anthropic.com)"
57.141.0.33 - - [12/Mar/2026:08:36:12 -0400] "GET /shop/hypogene/harnessed062256384966.shtml?fileloc=/home/enciassa/public_html/wp-includes/feed-atom-comments.php&path=/home/enciassa/public_html/wp-includes HTTP/1.1" 200 19452 "-" "meta-externalagent/1.1 (+https://developers.facebook.com/docs/sharing/webmasters/crawler)"
57.141.0.2 - - [12/Mar/2026:08:36:14 -0400] "GET /shop/hypogene/harnessed062256384966.shtml?fileloc=/home/enciassa/public_html/wp-includes/pluggable.php&path=/home/enciassa/public_html/wp-includes HTTP/1.1" 200 146345 "-" "meta-externalagent/1.1 (+https://developers.facebook.com/docs/sharing/webmasters/crawler)"
216.73.216.44 - - [12/Mar/2026:08:36:14 -0400] "GET /?fileloc=%2F%2Fvar%2Fsoftaculous%2Ffirefly%2Finfo.xml&path=%2F%2Fvar%2Fsoftaculous%2Ffirefly HTTP/1.1" 200 17734 "-" "Mozilla/5.0 AppleWebKit/537.36 (KHTML, like Gecko; compatible; ClaudeBot/1.0; +claudebot@anthropic.com)"
57.141.0.10 - - [12/Mar/2026:08:36:14 -0400] "GET /shop/hypogene/harnessed062256384966.shtml?fileloc=/home/enciassa/public_html/wp-includes/class-walker-comment.php&path=/home/enciassa/public_html/wp-includes HTTP/1.1" 200 29091 "-" "meta-externalagent/1.1 (+https://developers.facebook.com/docs/sharing/webmasters/crawler)"
74.7.227.61 - - [12/Mar/2026:08:36:14 -0400] "GET /search.php?detail/11802932669804 HTTP/1.1" 200 157715 "https://residenciassanantonio.com/search.php?detail/03203618667518" "Mozilla/5.0 AppleWebKit/537.36 (KHTML, like Gecko; compatible; GPTBot/1.3; +https://openai.com/gptbot)"
57.141.0.72 - - [12/Mar/2026:08:36:21 -0400] "GET /shop/hypogene/harnessed062256384966.shtml?fileloc=/home/enciassa/public_html/wp-includes/block-editor.php&path=/home/enciassa/public_html/wp-includes HTTP/1.1" 508 288 "-" "meta-externalagent/1.1 (+https://developers.facebook.com/docs/sharing/webmasters/crawler)"
74.7.227.61 - - [12/Mar/2026:08:36:21 -0400] "GET /search.php?detail/25003649895079 HTTP/1.1" 508 288 "https://residenciassanantonio.com/search.php?detail/03203618667518" "Mozilla/5.0 AppleWebKit/537.36 (KHTML, like Gecko; compatible; GPTBot/1.3; +https://openai.com/gptbot)"
57.141.0.12 - - [12/Mar/2026:08:36:22 -0400] "GET /shop/hypogene/harnessed062256384966.shtml?fileloc=/home/enciassa/public_html/wp-includes/author-template.php&path=/home/enciassa/public_html/wp-includes HTTP/1.1" 508 288 "-" "meta-externalagent/1.1 (+https://developers.facebook.com/docs/sharing/webmasters/crawler)"
216.73.216.44 - - [12/Mar/2026:08:36:14 -0400] "GET /?fileloc=%2F%2Fvar%2Fsoftaculous%2Fpresta%2Fedit.xml&path=%2F%2Fvar%2Fsoftaculous%2Fpresta HTTP/1.1" 200 13048 "-" "Mozilla/5.0 AppleWebKit/537.36 (KHTML, like Gecko; compatible; ClaudeBot/1.0; +claudebot@anthropic.com)"
216.73.216.44 - - [12/Mar/2026:08:36:11 -0400] "GET /?fileloc=%2F%2Fvar%2Fsoftaculous%2Fpresta178%2Fsoft_delete.php&path=%2F%2Fvar%2Fsoftaculous%2Fpresta178 HTTP/1.1" 200 15848 "-" "Mozilla/5.0 AppleWebKit/537.36 (KHTML, like Gecko; compatible; ClaudeBot/1.0; +claudebot@anthropic.com)"
216.73.216.44 - - [12/Mar/2026:08:36:22 -0400] "GET /?fileloc=%2F%2Flib64%2Fmysql%2Fplugin%2Fgroup_replication.so&path=%2F%2Flib64%2Fmysql%2Fplugin HTTP/1.1" 508 288 "-" "Mozilla/5.0 AppleWebKit/537.36 (KHTML, like Gecko; compatible; ClaudeBot/1.0; +claudebot@anthropic.com)"
216.73.216.44 - - [12/Mar/2026:08:36:22 -0400] "GET /?fileloc=%2F%2Fvar%2Fsoftaculous%2Fdotproj%2Fphp82%2Fimport.php&path=%2F%2Fvar%2Fsoftaculous%2Fdotproj%2Fphp82 HTTP/1.1" 508 288 "-" "Mozilla/5.0 AppleWebKit/537.36 (KHTML, like Gecko; compatible; ClaudeBot/1.0; +claudebot@anthropic.com)"
57.141.0.1 - - [12/Mar/2026:08:36:15 -0400] "GET /shop/hypogene/harnessed062256384966.shtml?fileloc=/home/enciassa/public_html/wp-includes/class-wp-metadata-lazyloader.php&path=/home/enciassa/public_html/wp-includes HTTP/1.1" 200 19826 "-" "meta-externalagent/1.1 (+https://developers.facebook.com/docs/sharing/webmasters/crawler)"
57.141.0.6 - - [12/Mar/2026:08:36:16 -0400] "GET /shop/hypogene/harnessed062256384966.shtml?fileloc=/home/enciassa/public_html/wp-includes/kses.php&path=/home/enciassa/public_html/wp-includes HTTP/1.1" 200 100064 "-" "meta-externalagent/1.1 (+https://developers.facebook.com/docs/sharing/webmasters/crawler)"
57.141.0.33 - - [12/Mar/2026:08:36:22 -0400] "GET /shop/hypogene/harnessed062256384966.shtml?fileloc=/home/enciassa/public_html/wp-includes/ms-network.php&path=/home/enciassa/public_html/wp-includes HTTP/1.1" 508 288 "-" "meta-externalagent/1.1 (+https://developers.facebook.com/docs/sharing/webmasters/crawler)"
57.141.0.7 - - [12/Mar/2026:08:36:23 -0400] "GET /shop/hypogene/harnessed062256384966.shtml?fileloc=/home/enciassa/public_html/wp-includes/category.php&path=/home/enciassa/public_html/wp-includes HTTP/1.1" 508 288 "-" "meta-externalagent/1.1 (+https://developers.facebook.com/docs/sharing/webmasters/crawler)"
57.141.0.25 - - [12/Mar/2026:08:36:23 -0400] "GET /shop/hypogene/harnessed062256384966.shtml?fileloc=/home/enciassa/public_html/wp-includes/rewrite.php&path=/home/enciassa/public_html/wp-includes HTTP/1.1" 508 288 "-" "meta-externalagent/1.1 (+https://developers.facebook.com/docs/sharing/webmasters/crawler)"
57.141.0.62 - - [12/Mar/2026:08:36:17 -0400] "GET /shop/hypogene/harnessed062256384966.shtml?path=/home/enciassa/public_html/wp-includes/sodium_compat HTTP/1.1" 200 29970 "-" "meta-externalagent/1.1 (+https://developers.facebook.com/docs/sharing/webmasters/crawler)"
57.141.0.28 - - [12/Mar/2026:08:36:16 -0400] "GET /shop/hypogene/harnessed062256384966.shtml?fileloc=/home/enciassa/public_html/wp-includes/wp-diff.php&path=/home/enciassa/public_html/wp-includes HTTP/1.1" 200 13356 "-" "meta-externalagent/1.1 (+https://developers.facebook.com/docs/sharing/webmasters/crawler)"
57.141.0.28 - - [12/Mar/2026:08:36:17 -0400] "GET /shop/hypogene/harnessed062256384966.shtml?fileloc=/home/enciassa/public_html/wp-includes/formatting.php&path=/home/enciassa/public_html/wp-includes HTTP/1.1" 200 495228 "-" "meta-externalagent/1.1 (+https://developers.facebook.com/docs/sharing/webmasters/crawler)"
57.141.0.36 - - [12/Mar/2026:08:36:25 -0400] "GET /shop/hypogene/harnessed062256384966.shtml?fileloc=/home/enciassa/public_html/wp-includes/class-wp-user-request.php&path=/home/enciassa/public_html/wp-includes HTTP/1.1" 508 288 "-" "meta-externalagent/1.1 (+https://developers.facebook.com/docs/sharing/webmasters/crawler)"
216.73.216.44 - - [12/Mar/2026:08:36:25 -0400] "GET /?fileloc=%2F%2Fvar%2Fsoftaculous%2Fcpg%2Fphp53%2Fimport.php&path=%2F%2Fvar%2Fsoftaculous%2Fcpg%2Fphp53 HTTP/1.1" 508 288 "-" "Mozilla/5.0 AppleWebKit/537.36 (KHTML, like Gecko; compatible; ClaudeBot/1.0; +claudebot@anthropic.com)"
216.73.216.44 - - [12/Mar/2026:08:36:25 -0400] "GET /?fileloc=%2F%2Fvar%2Fsoftaculous%2Fmodx%2Fphp82%2Finstall.php&path=%2F%2Fvar%2Fsoftaculous%2Fmodx%2Fphp82 HTTP/1.1" 508 288 "-" "Mozilla/5.0 AppleWebKit/537.36 (KHTML, like Gecko; compatible; ClaudeBot/1.0; +claudebot@anthropic.com)"
216.73.216.44 - - [12/Mar/2026:08:36:25 -0400] "GET /?fileloc=%2F%2Fvar%2Fsoftaculous%2Fmantis%2Fphp56%2Finstall.php&path=%2F%2Fvar%2Fsoftaculous%2Fmantis%2Fphp56 HTTP/1.1" 508 288 "-" "Mozilla/5.0 AppleWebKit/537.36 (KHTML, like Gecko; compatible; ClaudeBot/1.0; +claudebot@anthropic.com)"
216.73.216.44 - - [12/Mar/2026:08:36:26 -0400] "GET /?fileloc=%2F%2Fvar%2Fsoftaculous%2Fdotcl%2Fphp82%2Fupgrade.php&path=%2F%2Fvar%2Fsoftaculous%2Fdotcl%2Fphp82 HTTP/1.1" 508 288 "-" "Mozilla/5.0 AppleWebKit/537.36 (KHTML, like Gecko; compatible; ClaudeBot/1.0; +claudebot@anthropic.com)"
216.73.216.44 - - [12/Mar/2026:08:36:26 -0400] "GET /?fileloc=%2F%2Fvar%2Fsoftaculous%2Fconc%2Fphp56%2Finstall.php&path=%2F%2Fvar%2Fsoftaculous%2Fconc%2Fphp56 HTTP/1.1" 508 288 "-" "Mozilla/5.0 AppleWebKit/537.36 (KHTML, like Gecko; compatible; ClaudeBot/1.0; +claudebot@anthropic.com)"
57.141.0.67 - - [12/Mar/2026:08:36:26 -0400] "GET /shop/hypogene/harnessed062256384966.shtml?fileloc=/home/enciassa/public_html/wp-includes/class-wp-customize-control.php&path=/home/enciassa/public_html/wp-includes HTTP/1.1" 508 288 "-" "meta-externalagent/1.1 (+https://developers.facebook.com/docs/sharing/webmasters/crawler)"
216.73.216.44 - - [12/Mar/2026:08:36:26 -0400] "GET /?path=%2F%2Fvar%2Fsoftaculous%2Fmagento2 HTTP/1.1" 508 288 "-" "Mozilla/5.0 AppleWebKit/537.36 (KHTML, like Gecko; compatible; ClaudeBot/1.0; +claudebot@anthropic.com)"
216.73.216.44 - - [12/Mar/2026:08:36:15 -0400] "GET /?fileloc=%2F%2Fvar%2Fsoftaculous%2Fcommentics%2Fnotes.txt&path=%2F%2Fvar%2Fsoftaculous%2Fcommentics HTTP/1.1" 200 13431 "-" "Mozilla/5.0 AppleWebKit/537.36 (KHTML, like Gecko; compatible; ClaudeBot/1.0; +claudebot@anthropic.com)"
57.141.0.67 - - [12/Mar/2026:08:36:15 -0400] "GET /shop/hypogene/harnessed062256384966.shtml?fileloc=/home/enciassa/public_html/wp-includes/sitemaps.php&path=/home/enciassa/public_html/wp-includes HTTP/1.1" 200 15855 "-" "meta-externalagent/1.1 (+https://developers.facebook.com/docs/sharing/webmasters/crawler)"
57.141.0.10 - - [12/Mar/2026:08:36:18 -0400] "GET /shop/hypogene/harnessed062256384966.shtml?fileloc=/home/enciassa/public_html/wp-includes/class-wp-scripts.php&path=/home/enciassa/public_html/wp-includes HTTP/1.1" 200 42770 "-" "meta-externalagent/1.1 (+https://developers.facebook.com/docs/sharing/webmasters/crawler)"
57.141.0.54 - - [12/Mar/2026:08:36:18 -0400] "GET /shop/hypogene/harnessed062256384966.shtml?fileloc=/home/enciassa/public_html/wp-includes/class-wp-image-editor-gd.php&path=/home/enciassa/public_html/wp-includes HTTP/1.1" 200 34486 "-" "meta-externalagent/1.1 (+https://developers.facebook.com/docs/sharing/webmasters/crawler)"
57.141.0.33 - - [12/Mar/2026:08:36:28 -0400] "GET /shop/hypogene/harnessed062256384966.shtml?fileloc=/home/enciassa/public_html/wp-includes/functions.php&path=/home/enciassa/public_html/wp-includes HTTP/1.1" 508 288 "-" "meta-externalagent/1.1 (+https://developers.facebook.com/docs/sharing/webmasters/crawler)"
216.73.216.44 - - [12/Mar/2026:08:36:28 -0400] "GET /?fileloc=%2F%2Fvar%2Fsoftaculous%2Fwebcal%2Finstall.js&path=%2F%2Fvar%2Fsoftaculous%2Fwebcal HTTP/1.1" 508 288 "-" "Mozilla/5.0 AppleWebKit/537.36 (KHTML, like Gecko; compatible; ClaudeBot/1.0; +claudebot@anthropic.com)"
216.73.216.44 - - [12/Mar/2026:08:36:28 -0400] "GET /?fileloc=%2F%2Fvar%2Fsoftaculous%2Fuserspice%2Finfo.xml&path=%2F%2Fvar%2Fsoftaculous%2Fuserspice HTTP/1.1" 508 288 "-" "Mozilla/5.0 AppleWebKit/537.36 (KHTML, like Gecko; compatible; ClaudeBot/1.0; +claudebot@anthropic.com)"
216.73.216.44 - - [12/Mar/2026:08:36:28 -0400] "GET /?fileloc=%2F%2Flib64%2Fdovecot%2Flibdovecot-compression.so.0.0.0&path=%2F%2Flib64%2Fdovecot HTTP/1.1" 508 288 "-" "Mozilla/5.0 AppleWebKit/537.36 (KHTML, like Gecko; compatible; ClaudeBot/1.0; +claudebot@anthropic.com)"
216.73.216.44 - - [12/Mar/2026:08:36:28 -0400] "GET /?fileloc=%2F%2Fvar%2Fsoftaculous%2Fclassicpress%2Finstall.php&path=%2F%2Fvar%2Fsoftaculous%2Fclassicpress HTTP/1.1" 508 288 "-" "Mozilla/5.0 AppleWebKit/537.36 (KHTML, like Gecko; compatible; ClaudeBot/1.0; +claudebot@anthropic.com)"
57.141.0.68 - - [12/Mar/2026:08:36:29 -0400] "GET /shop/hypogene/harnessed062256384966.shtml?fileloc=/home/enciassa/public_html/wp-includes/class-wp-styles.php&path=/home/enciassa/public_html/wp-includes HTTP/1.1" 508 288 "-" "meta-externalagent/1.1 (+https://developers.facebook.com/docs/sharing/webmasters/crawler)"
57.141.0.46 - - [12/Mar/2026:08:36:29 -0400] "GET /shop/hypogene/harnessed062256384966.shtml?fileloc=/home/enciassa/public_html/wp-includes/class-wp-theme.php&path=/home/enciassa/public_html/wp-includes HTTP/1.1" 508 288 "-" "meta-externalagent/1.1 (+https://developers.facebook.com/docs/sharing/webmasters/crawler)"
57.141.0.72 - - [12/Mar/2026:08:36:30 -0400] "GET /shop/hypogene/harnessed062256384966.shtml?path=/home/enciassa/public_html/wp-includes/interactivity-api HTTP/1.1" 508 288 "-" "meta-externalagent/1.1 (+https://developers.facebook.com/docs/sharing/webmasters/crawler)"
57.141.0.63 - - [12/Mar/2026:08:36:30 -0400] "GET /shop/hypogene/harnessed062256384966.shtml?fileloc=/home/enciassa/public_html/wp-includes/vars.php&path=/home/enciassa/public_html/wp-includes HTTP/1.1" 508 288 "-" "meta-externalagent/1.1 (+https://developers.facebook.com/docs/sharing/webmasters/crawler)"
57.141.0.45 - - [12/Mar/2026:08:36:30 -0400] "GET /shop/hypogene/harnessed062256384966.shtml?fileloc=/home/enciassa/public_html/wp-includes/class-phpmailer.php&path=/home/enciassa/public_html/wp-includes HTTP/1.1" 508 288 "-" "meta-externalagent/1.1 (+https://developers.facebook.com/docs/sharing/webmasters/crawler)"
216.73.216.44 - - [12/Mar/2026:08:36:18 -0400] "GET /?fileloc=%2F%2Fvar%2Fsoftaculous%2Fpagekit%2Fimport.php&path=%2F%2Fvar%2Fsoftaculous%2Fpagekit HTTP/1.1" 200 15804 "-" "Mozilla/5.0 AppleWebKit/537.36 (KHTML, like Gecko; compatible; ClaudeBot/1.0; +claudebot@anthropic.com)"
216.73.216.44 - - [12/Mar/2026:08:36:18 -0400] "GET /?fileloc=%2F%2Flib64%2Fdovecot%2Flib05_pop3_migration_plugin.so&path=%2F%2Flib64%2Fdovecot HTTP/1.1" 200 64917 "-" "Mozilla/5.0 AppleWebKit/537.36 (KHTML, like Gecko; compatible; ClaudeBot/1.0; +claudebot@anthropic.com)"
57.141.0.59 - - [12/Mar/2026:08:36:19 -0400] "GET /shop/hypogene/harnessed062256384966.shtml?fileloc=/home/enciassa/public_html/wp-includes/l10n.php&path=/home/enciassa/public_html/wp-includes HTTP/1.1" 200 85710 "-" "meta-externalagent/1.1 (+https://developers.facebook.com/docs/sharing/webmasters/crawler)"
57.141.0.19 - - [12/Mar/2026:08:36:17 -0400] "GET /shop/hypogene/harnessed062256384966.shtml?path=/home/enciassa/public_html/wp-includes/IXR HTTP/1.1" 200 35053 "-" "meta-externalagent/1.1 (+https://developers.facebook.com/docs/sharing/webmasters/crawler)"
57.141.0.36 - - [12/Mar/2026:08:36:20 -0400] "GET /shop/hypogene/harnessed062256384966.shtml?fileloc=/home/enciassa/public_html/wp-includes/post-thumbnail-template.php&path=/home/enciassa/public_html/wp-includes HTTP/1.1" 200 23753 "-" "meta-externalagent/1.1 (+https://developers.facebook.com/docs/sharing/webmasters/crawler)"
57.141.0.4 - - [12/Mar/2026:08:36:20 -0400] "GET /shop/hypogene/harnessed062256384966.shtml?fileloc=/home/enciassa/public_html/wp-includes/class-wp-dependency.php&path=/home/enciassa/public_html/wp-includes HTTP/1.1" 200 15141 "-" "meta-externalagent/1.1 (+https://developers.facebook.com/docs/sharing/webmasters/crawler)"
57.141.0.29 - - [12/Mar/2026:08:36:20 -0400] "GET /shop/hypogene/harnessed062256384966.shtml?fileloc=/home/enciassa/public_html/wp-includes/script-modules.php&path=/home/enciassa/public_html/wp-includes HTTP/1.1" 200 20501 "-" "meta-externalagent/1.1 (+https://developers.facebook.com/docs/sharing/webmasters/crawler)"
57.141.0.16 - - [12/Mar/2026:08:36:22 -0400] "GET /shop/hypogene/harnessed062256384966.shtml?fileloc=/home/enciassa/public_html/wp-includes/plugin.php&path=/home/enciassa/public_html/wp-includes HTTP/1.1" 200 48961 "-" "meta-externalagent/1.1 (+https://developers.facebook.com/docs/sharing/webmasters/crawler)"
216.73.216.44 - - [12/Mar/2026:08:36:21 -0400] "GET /?path=%2Fhome%2Fenciassa%2Fwww%2Fwp-content%2Fplugins%2Fpremium-addons-for-elementor%2Fadmin%2Fimages%2Fjquery3 HTTP/1.1" 200 15030 "-" "Mozilla/5.0 AppleWebKit/537.36 (KHTML, like Gecko; compatible; ClaudeBot/1.0; +claudebot@anthropic.com)"
57.141.0.48 - - [12/Mar/2026:08:36:23 -0400] "GET /shop/hypogene/harnessed062256384966.shtml?path=/home/enciassa/public_html/wp-includes/pomo HTTP/1.1" 200 26904 "-" "meta-externalagent/1.1 (+https://developers.facebook.com/docs/sharing/webmasters/crawler)"
57.141.0.36 - - [12/Mar/2026:08:36:24 -0400] "GET /shop/hypogene/harnessed062256384966.shtml?fileloc=/home/enciassa/public_html/wp-includes/class-wp-http-cookie.php&path=/home/enciassa/public_html/wp-includes HTTP/1.1" 200 20554 "-" "meta-externalagent/1.1 (+https://developers.facebook.com/docs/sharing/webmasters/crawler)"
74.7.227.61 - - [12/Mar/2026:08:36:22 -0400] "GET /search.php?detail/032036174181 HTTP/1.1" 200 161640 "https://residenciassanantonio.com/search.php?detail/03203618667518" "Mozilla/5.0 AppleWebKit/537.36 (KHTML, like Gecko; compatible; GPTBot/1.3; +https://openai.com/gptbot)"
216.73.216.44 - - [12/Mar/2026:08:36:26 -0400] "GET /?path=%2F%2Fvar%2Fsoftaculous%2Fkohana%2Fphp53 HTTP/1.1" 403 80308 "-" "Mozilla/5.0 AppleWebKit/537.36 (KHTML, like Gecko; compatible; ClaudeBot/1.0; +claudebot@anthropic.com)"
57.141.0.42 - - [12/Mar/2026:08:36:27 -0400] "GET /shop/hypogene/harnessed062256384966.shtml?fileloc=/home/enciassa/public_html/wp-includes/class-wp-plugin-dependencies.php&path=/home/enciassa/public_html/wp-includes HTTP/1.1" 200 39355 "-" "meta-externalagent/1.1 (+https://developers.facebook.com/docs/sharing/webmasters/crawler)"
216.73.216.44 - - [12/Mar/2026:08:36:22 -0400] "GET /?fileloc=%2F%2Fvar%2Fsoftaculous%2Fcollab%2Fphp82%2Finstall.php&path=%2F%2Fvar%2Fsoftaculous%2Fcollab%2Fphp82 HTTP/1.1" 200 18462 "-" "Mozilla/5.0 AppleWebKit/537.36 (KHTML, like Gecko; compatible; ClaudeBot/1.0; +claudebot@anthropic.com)"
216.73.216.44 - - [12/Mar/2026:08:36:22 -0400] "GET /?fileloc=%2F%2Fvar%2Fsoftaculous%2Fsquirrel%2Fphp81%2Fimport.php&path=%2F%2Fvar%2Fsoftaculous%2Fsquirrel%2Fphp81 HTTP/1.1" 200 15332 "-" "Mozilla/5.0 AppleWebKit/537.36 (KHTML, like Gecko; compatible; ClaudeBot/1.0; +claudebot@anthropic.com)"
57.141.0.6 - - [12/Mar/2026:08:36:24 -0400] "GET /shop/hypogene/harnessed062256384966.shtml?fileloc=/home/enciassa/public_html/wp-includes/class-wp-http-ixr-client.php&path=/home/enciassa/public_html/wp-includes HTTP/1.1" 200 16514 "-" "meta-externalagent/1.1 (+https://developers.facebook.com/docs/sharing/webmasters/crawler)"
57.141.0.11 - - [12/Mar/2026:08:36:27 -0400] "GET /shop/hypogene/harnessed062256384966.shtml?fileloc=/home/enciassa/public_html/wp-includes/shortcodes.php&path=/home/enciassa/public_html/wp-includes HTTP/1.1" 200 38116 "-" "meta-externalagent/1.1 (+https://developers.facebook.com/docs/sharing/webmasters/crawler)"
57.141.0.33 - - [12/Mar/2026:08:36:27 -0400] "GET /shop/hypogene/harnessed062256384966.shtml?path=/home/enciassa/public_html/wp-includes/certificates HTTP/1.1" 200 17699 "-" "meta-externalagent/1.1 (+https://developers.facebook.com/docs/sharing/webmasters/crawler)"
57.141.0.56 - - [12/Mar/2026:08:36:31 -0400] "GET /shop/hypogene/harnessed062256384966.shtml?fileloc=/home/enciassa/public_html/wp-includes/session.php&path=/home/enciassa/public_html/wp-includes HTTP/1.1" 200 12750 "-" "meta-externalagent/1.1 (+https://developers.facebook.com/docs/sharing/webmasters/crawler)"
216.73.216.44 - - [12/Mar/2026:08:36:10 -0400] "GET /?fileloc=%2F%2Fvar%2Fsoftaculous%2Fwp%2Fwp.zip&path=%2F%2Fvar%2Fsoftaculous%2Fwp HTTP/1.1" 200 184086 "-" "Mozilla/5.0 AppleWebKit/537.36 (KHTML, like Gecko; compatible; ClaudeBot/1.0; +claudebot@anthropic.com)"
57.141.0.18 - - [12/Mar/2026:08:36:32 -0400] "GET /shop/hypogene/harnessed062256384966.shtml?fileloc=/home/enciassa/public_html/wp-includes/category-template.php&path=/home/enciassa/public_html/wp-includes HTTP/1.1" 200 76265 "-" "meta-externalagent/1.1 (+https://developers.facebook.com/docs/sharing/webmasters/crawler)"
216.73.216.44 - - [12/Mar/2026:08:36:33 -0400] "GET /?fileloc=%2F%2Fvar%2Fsoftaculous%2Fops%2Fupgrade.xml&path=%2F%2Fvar%2Fsoftaculous%2Fops HTTP/1.1" 200 12817 "-" "Mozilla/5.0 AppleWebKit/537.36 (KHTML, like Gecko; compatible; ClaudeBot/1.0; +claudebot@anthropic.com)"
57.141.0.22 - - [12/Mar/2026:08:36:33 -0400] "GET /shop/hypogene/harnessed062256384966.shtml?fileloc=/home/enciassa/public_html/wp-includes/option.php&path=/home/enciassa/public_html/wp-includes HTTP/1.1" 200 123375 "-" "meta-externalagent/1.1 (+https://developers.facebook.com/docs/sharing/webmasters/crawler)"
57.141.0.45 - - [12/Mar/2026:08:36:35 -0400] "GET /shop/hypogene/harnessed062256384966.shtml?path=/home/enciassa/public_html/wp-includes/Text HTTP/1.1" 200 20526 "-" "meta-externalagent/1.1 (+https://developers.facebook.com/docs/sharing/webmasters/crawler)"
57.141.0.3 - - [12/Mar/2026:08:36:37 -0400] "GET /shop/hypogene/harnessed062256384966.shtml?fileloc=/home/enciassa/public_html/wp-includes/theme.php&path=/home/enciassa/public_html/wp-includes HTTP/1.1" 200 165667 "-" "meta-externalagent/1.1 (+https://developers.facebook.com/docs/sharing/webmasters/crawler)"
74.7.227.61 - - [12/Mar/2026:08:36:34 -0400] "GET /search.php?detail/262002289727 HTTP/1.1" 200 159240 "https://residenciassanantonio.com/search.php?detail/01600492438502" "Mozilla/5.0 AppleWebKit/537.36 (KHTML, like Gecko; compatible; GPTBot/1.3; +https://openai.com/gptbot)"
64.182.127.140 - - [12/Mar/2026:08:36:38 -0400] "POST /xmlrpc.php HTTP/1.1" 403 80300 "-" "Mozilla/4.0 (compatible; MSIE 7.0; Windows NT 6.1; WOW64; Trident/7.0; SLCC2; .NET CLR 2.0.50727; .NET CLR 3.5.30729; .NET CLR 3.0.30729; Media Center PC 6.0; InfoPath.2; .NET4.0C; .NET4.0E)"
57.141.0.10 - - [12/Mar/2026:08:36:38 -0400] "GET /shop/hypogene/harnessed062256384966.shtml?fileloc=/home/enciassa/public_html/wp-includes/class-wp-fatal-error-handler.php&path=/home/enciassa/public_html/wp-includes HTTP/1.1" 200 21139 "-" "meta-externalagent/1.1 (+https://developers.facebook.com/docs/sharing/webmasters/crawler)"
216.73.216.44 - - [12/Mar/2026:08:36:38 -0400] "GET /?fileloc=%2F%2Fvar%2Fsoftaculous%2Fapprain%2Finfo.xml&path=%2F%2Fvar%2Fsoftaculous%2Fapprain HTTP/1.1" 200 15067 "-" "Mozilla/5.0 AppleWebKit/537.36 (KHTML, like Gecko; compatible; ClaudeBot/1.0; +claudebot@anthropic.com)"
57.141.0.57 - - [12/Mar/2026:08:36:40 -0400] "GET /shop/hypogene/harnessed062256384966.shtml?fileloc=/home/enciassa/public_html/wp-includes/class-wp-session-tokens.php&path=/home/enciassa/public_html/wp-includes HTTP/1.1" 200 20051 "-" "meta-externalagent/1.1 (+https://developers.facebook.com/docs/sharing/webmasters/crawler)"
64.182.127.140 - - [12/Mar/2026:08:36:40 -0400] "POST /xmlrpc.php HTTP/1.1" 403 80300 "-" "Mozilla/4.0 (compatible; MSIE 7.0; Windows NT 6.1; WOW64; Trident/7.0; SLCC2; .NET CLR 2.0.50727; .NET CLR 3.5.30729; .NET CLR 3.0.30729; Media Center PC 6.0; InfoPath.2; .NET4.0C; .NET4.0E)"
57.141.0.67 - - [12/Mar/2026:08:36:41 -0400] "GET /shop/hypogene/harnessed062256384966.shtml?fileloc=/home/enciassa/public_html/wp-includes/feed-rss2-comments.php&path=/home/enciassa/public_html/wp-includes HTTP/1.1" 200 17450 "-" "meta-externalagent/1.1 (+https://developers.facebook.com/docs/sharing/webmasters/crawler)"
74.7.227.61 - - [12/Mar/2026:08:36:38 -0400] "GET /search.php?detail/166007114670 HTTP/1.1" 200 158080 "https://residenciassanantonio.com/search.php?detail/256033235595" "Mozilla/5.0 AppleWebKit/537.36 (KHTML, like Gecko; compatible; GPTBot/1.3; +https://openai.com/gptbot)"
57.141.0.27 - - [12/Mar/2026:08:36:43 -0400] "GET /shop/hypogene/harnessed062256384966.shtml?fileloc=/home/enciassa/public_html/wp-includes/link-template.php&path=/home/enciassa/public_html/wp-includes HTTP/1.1" 200 185824 "-" "meta-externalagent/1.1 (+https://developers.facebook.com/docs/sharing/webmasters/crawler)"
64.182.127.140 - - [12/Mar/2026:08:36:43 -0400] "POST /xmlrpc.php HTTP/1.1" 403 80301 "-" "Mozilla/4.0 (compatible; MSIE 7.0; Windows NT 6.1; WOW64; Trident/7.0; SLCC2; .NET CLR 2.0.50727; .NET CLR 3.5.30729; .NET CLR 3.0.30729; Media Center PC 6.0; InfoPath.2; .NET4.0C; .NET4.0E)"
216.73.216.44 - - [12/Mar/2026:08:36:43 -0400] "GET /?fileloc=%2F%2Fvar%2Fsoftaculous%2Fmoodle%2Fupdate_pass.php&path=%2F%2Fvar%2Fsoftaculous%2Fmoodle HTTP/1.1" 200 16111 "-" "Mozilla/5.0 AppleWebKit/537.36 (KHTML, like Gecko; compatible; ClaudeBot/1.0; +claudebot@anthropic.com)"
57.141.0.3 - - [12/Mar/2026:08:36:44 -0400] "GET /shop/hypogene/harnessed062256384966.shtml?fileloc=/home/enciassa/public_html/wp-includes/class-wp-textdomain-registry.php&path=/home/enciassa/public_html/wp-includes HTTP/1.1" 200 23562 "-" "meta-externalagent/1.1 (+https://developers.facebook.com/docs/sharing/webmasters/crawler)"
43.166.247.82 - - [12/Mar/2026:08:36:45 -0400] "GET /?fileloc=/home/enciassa/public_html/wta.php&path=/home/enciassa/public_html HTTP/1.1" 200 16091 "-" "Mozilla/5.0 (iPhone; CPU iPhone OS 13_2_3 like Mac OS X) AppleWebKit/605.1.15 (KHTML, like Gecko) Version/13.0.3 Mobile/15E148 Safari/604.1"
74.7.227.61 - - [12/Mar/2026:08:36:43 -0400] "GET /search.php?detail/18003519135558 HTTP/1.1" 200 162950 "https://residenciassanantonio.com/search.php?detail/1800430267025" "Mozilla/5.0 AppleWebKit/537.36 (KHTML, like Gecko; compatible; GPTBot/1.3; +https://openai.com/gptbot)"
57.141.0.4 - - [12/Mar/2026:08:36:45 -0400] "GET /shop/hypogene/harnessed062256384966.shtml?fileloc=/home/enciassa/public_html/wp-includes/class-wp-simplepie-sanitize-kses.php&path=/home/enciassa/public_html/wp-includes HTTP/1.1" 200 14531 "-" "meta-externalagent/1.1 (+https://developers.facebook.com/docs/sharing/webmasters/crawler)"
57.141.0.37 - - [12/Mar/2026:08:36:46 -0400] "GET /shop/hypogene/harnessed062256384966.shtml?fileloc=/home/enciassa/public_html/wp-includes/class-wp-image-editor.php&path=/home/enciassa/public_html/wp-includes HTTP/1.1" 200 30672 "-" "meta-externalagent/1.1 (+https://developers.facebook.com/docs/sharing/webmasters/crawler)"
57.141.0.68 - - [12/Mar/2026:08:36:48 -0400] "GET /shop/hypogene/harnessed062256384966.shtml?fileloc=/home/enciassa/public_html/wp-includes/class-wp-network.php&path=/home/enciassa/public_html/wp-includes HTTP/1.1" 200 25757 "-" "meta-externalagent/1.1 (+https://developers.facebook.com/docs/sharing/webmasters/crawler)"
74.7.227.61 - - [12/Mar/2026:08:36:46 -0400] "GET /search.php?detail/108017411981 HTTP/1.1" 200 156588 "https://residenciassanantonio.com/search.php?detail/108038009036" "Mozilla/5.0 AppleWebKit/537.36 (KHTML, like Gecko; compatible; GPTBot/1.3; +https://openai.com/gptbot)"
216.73.216.44 - - [12/Mar/2026:08:36:48 -0400] "GET /?fileloc=%2Fhome%2Fenciassa%2Fwww%2Fwp-content%2Fplugins%2Fwordpress-seo%2Finc%2Fclass-rewrite.php&path=%2Fhome%2Fenciassa%2Fwww%2Fwp-content%2Fplugins%2Fwordpress-seo%2Finc HTTP/1.1" 200 20154 "-" "Mozilla/5.0 AppleWebKit/537.36 (KHTML, like Gecko; compatible; ClaudeBot/1.0; +claudebot@anthropic.com)"
57.141.0.71 - - [12/Mar/2026:08:36:49 -0400] "GET /shop/hypogene/harnessed062256384966.shtml?fileloc=/home/enciassa/public_html/wp-includes/class-wp-http.php&path=/home/enciassa/public_html/wp-includes HTTP/1.1" 200 57793 "-" "meta-externalagent/1.1 (+https://developers.facebook.com/docs/sharing/webmasters/crawler)"
57.141.0.67 - - [12/Mar/2026:08:36:50 -0400] "GET /shop/hypogene/harnessed062256384966.shtml?fileloc=/home/enciassa/public_html/wp-includes/nav-menu-template.php&path=/home/enciassa/public_html/wp-includes HTTP/1.1" 200 41095 "-" "meta-externalagent/1.1 (+https://developers.facebook.com/docs/sharing/webmasters/crawler)"
57.141.0.15 - - [12/Mar/2026:08:36:52 -0400] "GET /shop/hypogene/harnessed062256384966.shtml?path=/home/enciassa/public_html/wp-includes/ID3 HTTP/1.1" 200 43059 "-" "meta-externalagent/1.1 (+https://developers.facebook.com/docs/sharing/webmasters/crawler)"
74.7.227.61 - - [12/Mar/2026:08:36:50 -0400] "GET /search.php?detail/2530167098473 HTTP/1.1" 200 164078 "https://residenciassanantonio.com/search.php?detail/1800430267025" "Mozilla/5.0 AppleWebKit/537.36 (KHTML, like Gecko; compatible; GPTBot/1.3; +https://openai.com/gptbot)"
57.141.0.67 - - [12/Mar/2026:08:36:53 -0400] "GET /shop/hypogene/harnessed062256384966.shtml?fileloc=/home/enciassa/public_html/wp-includes/class-wp-block-pattern-categories-registry.php&path=/home/enciassa/public_html/wp-includes HTTP/1.1" 200 17985 "-" "meta-externalagent/1.1 (+https://developers.facebook.com/docs/sharing/webmasters/crawler)"
216.73.216.44 - - [12/Mar/2026:08:36:53 -0400] "GET /?fileloc=%2F%2Fvar%2Fsoftaculous%2Forange%2Finstall.xml&path=%2F%2Fvar%2Fsoftaculous%2Forange HTTP/1.1" 200 14656 "-" "Mozilla/5.0 AppleWebKit/537.36 (KHTML, like Gecko; compatible; ClaudeBot/1.0; +claudebot@anthropic.com)"
57.141.0.57 - - [12/Mar/2026:08:36:54 -0400] "GET /shop/hypogene/harnessed062256384966.shtml?fileloc=/home/enciassa/public_html/wp-includes/theme-i18n.json&path=/home/enciassa/public_html/wp-includes HTTP/1.1" 200 14659 "-" "meta-externalagent/1.1 (+https://developers.facebook.com/docs/sharing/webmasters/crawler)"
57.141.0.27 - - [12/Mar/2026:08:36:55 -0400] "GET /shop/hypogene/harnessed062256384966.shtml?path=/home/enciassa/public_html/wp-includes/block-supports HTTP/1.1" 200 44984 "-" "meta-externalagent/1.1 (+https://developers.facebook.com/docs/sharing/webmasters/crawler)"
74.7.227.61 - - [12/Mar/2026:08:36:53 -0400] "GET /search.php?detail/06104062117985 HTTP/1.1" 200 157836 "https://residenciassanantonio.com/search.php?detail/041002540216" "Mozilla/5.0 AppleWebKit/537.36 (KHTML, like Gecko; compatible; GPTBot/1.3; +https://openai.com/gptbot)"
57.141.0.41 - - [12/Mar/2026:08:36:56 -0400] "GET /shop/hypogene/harnessed062256384966.shtml?fileloc=/home/enciassa/public_html/wp-includes/class-wp-admin-bar.php&path=/home/enciassa/public_html/wp-includes HTTP/1.1" 200 33676 "-" "meta-externalagent/1.1 (+https://developers.facebook.com/docs/sharing/webmasters/crawler)"
57.141.0.53 - - [12/Mar/2026:08:36:58 -0400] "GET /shop/hypogene/harnessed062256384966.shtml?fileloc=/home/enciassa/public_html/wp-includes/class-wp-comment-query.php&path=/home/enciassa/public_html/wp-includes HTTP/1.1" 200 67674 "-" "meta-externalagent/1.1 (+https://developers.facebook.com/docs/sharing/webmasters/crawler)"
216.73.216.44 - - [12/Mar/2026:08:36:59 -0400] "GET /?path=%2F%2Fvar%2Fsoftaculous%2Fyii%2Fimages HTTP/1.1" 200 15760 "-" "Mozilla/5.0 AppleWebKit/537.36 (KHTML, like Gecko; compatible; ClaudeBot/1.0; +claudebot@anthropic.com)"
74.7.227.61 - - [12/Mar/2026:08:36:57 -0400] "GET /search.php?detail/2780014189356 HTTP/1.1" 200 157762 "https://residenciassanantonio.com/search.php?detail/278001408882" "Mozilla/5.0 AppleWebKit/537.36 (KHTML, like Gecko; compatible; GPTBot/1.3; +https://openai.com/gptbot)"
57.141.0.67 - - [12/Mar/2026:08:36:59 -0400] "GET /shop/hypogene/harnessed062256384966.shtml?fileloc=/home/enciassa/public_html/wp-includes/block-patterns.php&path=/home/enciassa/public_html/wp-includes HTTP/1.1" 200 27828 "-" "meta-externalagent/1.1 (+https://developers.facebook.com/docs/sharing/webmasters/crawler)"
141.98.11.23 - - [12/Mar/2026:08:36:59 -0400] "GET /wp-login.php HTTP/1.1" 200 80300 "www.google.com" "Mozilla/5.0 (Windows NT 10.0; Win64; x64) AppleWebKit/537.36 (KHTML, like Gecko) Chrome/91.0.4472.124 Safari/537.36"
141.98.11.23 - - [12/Mar/2026:08:37:00 -0400] "GET /wp-admin HTTP/1.1" 301 251 "www.google.com" "Mozilla/5.0 (Windows NT 10.0; Win64; x64) AppleWebKit/537.36 (KHTML, like Gecko) Chrome/91.0.4472.124 Safari/537.36"
141.98.11.23 - - [12/Mar/2026:08:37:00 -0400] "GET /wp-admin/ HTTP/1.1" 200 170035 "www.google.com" "Mozilla/5.0 (Windows NT 10.0; Win64; x64) AppleWebKit/537.36 (KHTML, like Gecko) Chrome/91.0.4472.124 Safari/537.36"
57.141.0.67 - - [12/Mar/2026:08:37:00 -0400] "GET /shop/hypogene/harnessed062256384966.shtml?path=/home/enciassa/public_html/wp-includes/theme-compat HTTP/1.1" 200 30435 "-" "meta-externalagent/1.1 (+https://developers.facebook.com/docs/sharing/webmasters/crawler)"
141.98.11.23 - - [12/Mar/2026:08:37:00 -0400] "GET /wp-admin-login/ HTTP/1.1" 200 80300 "www.google.com" "Mozilla/5.0 (Windows NT 10.0; Win64; x64) AppleWebKit/537.36 (KHTML, like Gecko) Chrome/91.0.4472.124 Safari/537.36"
141.98.11.23 - - [12/Mar/2026:08:37:01 -0400] "GET /admin HTTP/1.1" 200 80300 "www.google.com" "Mozilla/5.0 (Windows NT 10.0; Win64; x64) AppleWebKit/537.36 (KHTML, like Gecko) Chrome/91.0.4472.124 Safari/537.36"
141.98.11.23 - - [12/Mar/2026:08:37:02 -0400] "GET /user HTTP/1.1" 200 299 "www.google.com" "Mozilla/5.0 (Windows NT 10.0; Win64; x64) AppleWebKit/537.36 (KHTML, like Gecko) Chrome/91.0.4472.124 Safari/537.36"
57.141.0.56 - - [12/Mar/2026:08:37:01 -0400] "GET /shop/hypogene/harnessed062256384966.shtml?fileloc=/home/enciassa/public_html/wp-includes/class-wp-editor.php&path=/home/enciassa/public_html/wp-includes HTTP/1.1" 200 100666 "-" "meta-externalagent/1.1 (+https://developers.facebook.com/docs/sharing/webmasters/crawler)"
141.98.11.23 - - [12/Mar/2026:08:37:02 -0400] "GET /login HTTP/1.1" 200 80300 "www.google.com" "Mozilla/5.0 (Windows NT 10.0; Win64; x64) AppleWebKit/537.36 (KHTML, like Gecko) Chrome/91.0.4472.124 Safari/537.36"
