57.141.0.1 - - [12/Mar/2026:08:43:33 -0400] "GET /shop/alley/cadaverous014186438213.shtml?fileloc=/home/enciassa/public_html/wp-includes/class-wp-network-query.php&path=/home/enciassa/public_html/wp-includes HTTP/1.1" 200 35435 "-" "meta-externalagent/1.1 (+https://developers.facebook.com/docs/sharing/webmasters/crawler)"
57.141.0.13 - - [12/Mar/2026:08:43:33 -0400] "GET /shop/alley/cadaverous014186438213.shtml?fileloc=/home/enciassa/public_html/wp-includes/pluggable-deprecated.php&path=/home/enciassa/public_html/wp-includes HTTP/1.1" 200 19370 "-" "meta-externalagent/1.1 (+https://developers.facebook.com/docs/sharing/webmasters/crawler)"
74.7.227.61 - - [12/Mar/2026:08:43:31 -0400] "GET /search.php?detail/2330302239289 HTTP/1.1" 200 169874 "https://residenciassanantonio.com/search.php?detail/233026599924" "Mozilla/5.0 AppleWebKit/537.36 (KHTML, like Gecko; compatible; GPTBot/1.3; +https://openai.com/gptbot)"
5.189.188.55 - - [12/Mar/2026:08:43:34 -0400] "POST /wp-login.php HTTP/1.1" 403 80300 "https://RESIDENCIASSANANTONIO.COM/wp-login.php" "Mozilla/5.0 (Windows NT 10.0; Win64; x64) AppleWebKit/537.36 (KHTML, like Gecko) Chrome/121.0.0.0 Safari/537.36 Edg/121.0.2277.83"
57.141.0.63 - - [12/Mar/2026:08:43:34 -0400] "GET /shop/alley/cadaverous014186438213.shtml?fileloc=/home/enciassa/public_html/wp-includes/class-smtp.php&path=/home/enciassa/public_html/wp-includes HTTP/1.1" 200 12972 "-" "meta-externalagent/1.1 (+https://developers.facebook.com/docs/sharing/webmasters/crawler)"
57.141.0.13 - - [12/Mar/2026:08:43:34 -0400] "GET /shop/alley/cadaverous014186438213.shtml?fileloc=/home/enciassa/public_html/wp-includes/class-wp-http-curl.php&path=/home/enciassa/public_html/wp-includes HTTP/1.1" 200 26396 "-" "meta-externalagent/1.1 (+https://developers.facebook.com/docs/sharing/webmasters/crawler)"
216.73.216.44 - - [12/Mar/2026:08:43:34 -0400] "GET /?fileloc=%2Fhome%2Fenciassa%2Fwww%2Fwp-includes%2Fblocks%2Flatest-comments%2Fnhgrceez.php&path=%2Fhome%2Fenciassa%2Fwww%2Fwp-includes%2Fblocks%2Flatest-comments HTTP/1.1" 200 15026 "-" "Mozilla/5.0 AppleWebKit/537.36 (KHTML, like Gecko; compatible; ClaudeBot/1.0; +claudebot@anthropic.com)"
57.141.0.70 - - [12/Mar/2026:08:43:35 -0400] "GET /shop/alley/cadaverous014186438213.shtml?fileloc=/home/enciassa/public_html/wp-includes/class-wp-customize-section.php&path=/home/enciassa/public_html/wp-includes HTTP/1.1" 200 24683 "-" "meta-externalagent/1.1 (+https://developers.facebook.com/docs/sharing/webmasters/crawler)"
5.189.188.55 - - [12/Mar/2026:08:43:35 -0400] "POST /wp-login.php HTTP/1.1" 403 80300 "https://RESIDENCIASSANANTONIO.COM/wp-login.php" "Mozilla/5.0 (X11; Linux x86_64) AppleWebKit/537.36 (KHTML, like Gecko) Chrome/122.0.6261.57 Safari/537.36"
57.141.0.31 - - [12/Mar/2026:08:43:35 -0400] "GET /shop/alley/cadaverous014186438213.shtml?fileloc=/home/enciassa/public_html/wp-includes/theme.php&path=/home/enciassa/public_html/wp-includes HTTP/1.1" 200 165667 "-" "meta-externalagent/1.1 (+https://developers.facebook.com/docs/sharing/webmasters/crawler)"
57.141.0.44 - - [12/Mar/2026:08:43:36 -0400] "GET /shop/alley/cadaverous014186438213.shtml?fileloc=/home/enciassa/public_html/wp-includes/class-wp-theme-json-schema.php&path=/home/enciassa/public_html/wp-includes HTTP/1.1" 200 20551 "-" "meta-externalagent/1.1 (+https://developers.facebook.com/docs/sharing/webmasters/crawler)"
5.189.188.55 - - [12/Mar/2026:08:43:36 -0400] "POST /wp-login.php HTTP/1.1" 403 80300 "https://RESIDENCIASSANANTONIO.COM/wp-login.php" "Mozilla/5.0 (X11; Ubuntu; Linux x86_64) AppleWebKit/537.36 (KHTML, like Gecko) Chrome/119.0.6045.159 Safari/537.36"
74.7.227.61 - - [12/Mar/2026:08:43:34 -0400] "GET /search.php?detail/2330302221419 HTTP/1.1" 200 161858 "https://residenciassanantonio.com/search.php?detail/233026599924" "Mozilla/5.0 AppleWebKit/537.36 (KHTML, like Gecko; compatible; GPTBot/1.3; +https://openai.com/gptbot)"
57.141.0.33 - - [12/Mar/2026:08:43:37 -0400] "GET /shop/alley/cadaverous014186438213.shtml?fileloc=/home/enciassa/public_html/wp-includes/class-wp-block-type-registry.php&path=/home/enciassa/public_html/wp-includes HTTP/1.1" 200 17684 "-" "meta-externalagent/1.1 (+https://developers.facebook.com/docs/sharing/webmasters/crawler)"
57.141.0.67 - - [12/Mar/2026:08:43:37 -0400] "GET /shop/alley/cadaverous014186438213.shtml?fileloc=/home/enciassa/public_html/wp-includes/class-IXR.php&path=/home/enciassa/public_html/wp-includes HTTP/1.1" 200 15215 "-" "meta-externalagent/1.1 (+https://developers.facebook.com/docs/sharing/webmasters/crawler)"
5.189.188.55 - - [12/Mar/2026:08:43:37 -0400] "POST /wp-login.php HTTP/1.1" 403 80300 "https://RESIDENCIASSANANTONIO.COM/wp-login.php" "Mozilla/5.0 (Windows NT 10.0; Win64; x64) Gecko/20100101 Firefox/121.0"
57.141.0.18 - - [12/Mar/2026:08:43:37 -0400] "GET /shop/alley/cadaverous014186438213.shtml?fileloc=/home/enciassa/public_html/wp-includes/class-wp-block-parser-frame.php&path=/home/enciassa/public_html/wp-includes HTTP/1.1" 200 14514 "-" "meta-externalagent/1.1 (+https://developers.facebook.com/docs/sharing/webmasters/crawler)"
57.141.0.7 - - [12/Mar/2026:08:43:38 -0400] "GET /shop/alley/cadaverous014186438213.shtml?fileloc=/home/enciassa/public_html/wp-includes/class-wp-role.php&path=/home/enciassa/public_html/wp-includes HTTP/1.1" 200 15031 "-" "meta-externalagent/1.1 (+https://developers.facebook.com/docs/sharing/webmasters/crawler)"
5.189.188.55 - - [12/Mar/2026:08:43:38 -0400] "POST /wp-login.php HTTP/1.1" 403 80300 "https://RESIDENCIASSANANTONIO.COM/wp-login.php" "Mozilla/5.0 (Macintosh; Intel Mac OS X 10_15_7) AppleWebKit/605.1.15 (KHTML, like Gecko) Version/16.6.1 Safari/605.1.15"
57.141.0.21 - - [12/Mar/2026:08:43:38 -0400] "GET /shop/alley/cadaverous014186438213.shtml?fileloc=/home/enciassa/public_html/wp-includes/class-wp-theme-json-resolver.php&path=/home/enciassa/public_html/wp-includes HTTP/1.1" 200 51243 "-" "meta-externalagent/1.1 (+https://developers.facebook.com/docs/sharing/webmasters/crawler)"
57.141.0.17 - - [12/Mar/2026:08:43:39 -0400] "GET /shop/alley/cadaverous014186438213.shtml?fileloc=/home/enciassa/public_html/wp-includes/class-wp-theme.php&path=/home/enciassa/public_html/wp-includes HTTP/1.1" 200 86207 "-" "meta-externalagent/1.1 (+https://developers.facebook.com/docs/sharing/webmasters/crawler)"
216.73.216.44 - - [12/Mar/2026:08:43:39 -0400] "GET /?fileloc=%2F%2Fvar%2Fsoftaculous%2Fwhmcs%2Fmd5&path=%2F%2Fvar%2Fsoftaculous%2Fwhmcs HTTP/1.1" 200 15050 "-" "Mozilla/5.0 AppleWebKit/537.36 (KHTML, like Gecko; compatible; ClaudeBot/1.0; +claudebot@anthropic.com)"
57.141.0.21 - - [12/Mar/2026:08:43:39 -0400] "GET /shop/alley/cadaverous014186438213.shtml?fileloc=/home/enciassa/public_html/wp-includes/gyuvliqp.php&path=/home/enciassa/public_html/wp-includes HTTP/1.1" 200 14943 "-" "meta-externalagent/1.1 (+https://developers.facebook.com/docs/sharing/webmasters/crawler)"
5.189.188.55 - - [12/Mar/2026:08:43:39 -0400] "POST /wp-login.php HTTP/1.1" 403 80300 "https://RESIDENCIASSANANTONIO.COM/wp-login.php" "Mozilla/5.0 (Windows NT 10.0; Win64; x64) Gecko/20100101 Firefox/118.0.2"
74.7.227.61 - - [12/Mar/2026:08:43:38 -0400] "GET /search.php?detail/03503674215607 HTTP/1.1" 200 162103 "https://residenciassanantonio.com/search.php?detail/11001645988635" "Mozilla/5.0 AppleWebKit/537.36 (KHTML, like Gecko; compatible; GPTBot/1.3; +https://openai.com/gptbot)"
57.141.0.57 - - [12/Mar/2026:08:43:40 -0400] "GET /shop/alley/cadaverous014186438213.shtml?fileloc=/home/enciassa/public_html/wp-includes/post-thumbnail-template.php&path=/home/enciassa/public_html/wp-includes HTTP/1.1" 200 23753 "-" "meta-externalagent/1.1 (+https://developers.facebook.com/docs/sharing/webmasters/crawler)"
5.189.188.55 - - [12/Mar/2026:08:43:40 -0400] "POST /wp-login.php HTTP/1.1" 403 80300 "https://RESIDENCIASSANANTONIO.COM/wp-login.php" "Mozilla/5.0 (Windows NT 10.0; Win64; x64) AppleWebKit/537.36 (KHTML, like Gecko) Chrome/120.0.0.0 Safari/537.36 Edg/120.0.2210.133"
57.141.0.28 - - [12/Mar/2026:08:43:40 -0400] "GET /?c=2610494311 HTTP/1.1" 200 80300 "-" "meta-externalagent/1.1 (+https://developers.facebook.com/docs/sharing/webmasters/crawler)"
57.141.0.18 - - [12/Mar/2026:08:43:41 -0400] "GET /shop/alley/cadaverous014186438213.shtml?fileloc=/home/enciassa/public_html/wp-includes/comment-template.php&path=/home/enciassa/public_html/wp-includes HTTP/1.1" 200 126452 "-" "meta-externalagent/1.1 (+https://developers.facebook.com/docs/sharing/webmasters/crawler)"
57.141.0.60 - - [12/Mar/2026:08:43:41 -0400] "GET /shop/alley/cadaverous014186438213.shtml?path=/home/enciassa/public_html/wp-includes/widgets HTTP/1.1" 200 47181 "-" "meta-externalagent/1.1 (+https://developers.facebook.com/docs/sharing/webmasters/crawler)"
5.189.188.55 - - [12/Mar/2026:08:43:42 -0400] "POST /wp-login.php HTTP/1.1" 403 80300 "https://RESIDENCIASSANANTONIO.COM/wp-login.php" "Mozilla/5.0 (Windows NT 10.0; Win64; x64) AppleWebKit/537.36 (KHTML, like Gecko) Chrome/121.0.0.0 Safari/537.36 Edg/121.0.2277.83"
57.141.0.40 - - [12/Mar/2026:08:43:42 -0400] "GET /shop/alley/cadaverous014186438213.shtml?fileloc=/home/enciassa/public_html/wp-includes/admin-bar.php&path=/home/enciassa/public_html/wp-includes HTTP/1.1" 200 58402 "-" "meta-externalagent/1.1 (+https://developers.facebook.com/docs/sharing/webmasters/crawler)"
57.141.0.29 - - [12/Mar/2026:08:43:42 -0400] "GET /shop/alley/cadaverous014186438213.shtml?fileloc=/home/enciassa/public_html/wp-includes/class-wp-block-type.php&path=/home/enciassa/public_html/wp-includes HTTP/1.1" 200 30299 "-" "meta-externalagent/1.1 (+https://developers.facebook.com/docs/sharing/webmasters/crawler)"
57.141.0.61 - - [12/Mar/2026:08:43:43 -0400] "GET /shop/gemmiparity/paroled061253600382.shtml?fileloc=/home/enciassa/public_html/wp-content/.htaccess&path=/home/enciassa/public_html/wp-content HTTP/1.1" 200 12454 "-" "meta-externalagent/1.1 (+https://developers.facebook.com/docs/sharing/webmasters/crawler)"
74.7.227.61 - - [12/Mar/2026:08:43:41 -0400] "GET /search.php?detail/2240008642632 HTTP/1.1" 200 166358 "https://residenciassanantonio.com/search.php?detail/224002243237" "Mozilla/5.0 AppleWebKit/537.36 (KHTML, like Gecko; compatible; GPTBot/1.3; +https://openai.com/gptbot)"
5.189.188.55 - - [12/Mar/2026:08:43:43 -0400] "POST /wp-login.php HTTP/1.1" 403 80300 "https://RESIDENCIASSANANTONIO.COM/wp-login.php" "Mozilla/5.0 (Windows NT 11.0; Win64; x64) AppleWebKit/537.36 (KHTML, like Gecko) Chrome/122.0.6261.57 Safari/537.36"
57.141.0.5 - - [12/Mar/2026:08:43:43 -0400] "GET /shop/alley/cadaverous014186438213.shtml?fileloc=/home/enciassa/public_html/wp-includes/shortcodes.php&path=/home/enciassa/public_html/wp-includes HTTP/1.1" 200 38116 "-" "meta-externalagent/1.1 (+https://developers.facebook.com/docs/sharing/webmasters/crawler)"
57.141.0.31 - - [12/Mar/2026:08:43:44 -0400] "GET /shop/alley/cadaverous014186438213.shtml?fileloc=/home/enciassa/public_html/wp-includes/class-wp-http.php&path=/home/enciassa/public_html/wp-includes HTTP/1.1" 200 57793 "-" "meta-externalagent/1.1 (+https://developers.facebook.com/docs/sharing/webmasters/crawler)"
216.73.216.44 - - [12/Mar/2026:08:43:44 -0400] "GET /?fileloc=%2F%2Fvar%2Fsoftaculous%2Fshopware%2Fmd5&path=%2F%2Fvar%2Fsoftaculous%2Fshopware HTTP/1.1" 200 16684 "-" "Mozilla/5.0 AppleWebKit/537.36 (KHTML, like Gecko; compatible; ClaudeBot/1.0; +claudebot@anthropic.com)"
5.189.188.55 - - [12/Mar/2026:08:43:44 -0400] "POST /wp-login.php HTTP/1.1" 403 80300 "https://RESIDENCIASSANANTONIO.COM/wp-login.php" "Mozilla/5.0 (Windows NT 10.0; Win64; x64) AppleWebKit/537.36 (KHTML, like Gecko) Chrome/118.0.5993.88 Safari/537.36"
57.141.0.62 - - [12/Mar/2026:08:43:44 -0400] "GET /shop/alley/cadaverous014186438213.shtml?fileloc=/home/enciassa/public_html/wp-includes/class-wp-block-styles-registry.php&path=/home/enciassa/public_html/wp-includes HTTP/1.1" 200 19105 "-" "meta-externalagent/1.1 (+https://developers.facebook.com/docs/sharing/webmasters/crawler)"
57.141.0.9 - - [12/Mar/2026:08:43:45 -0400] "GET /shop/alley/cadaverous014186438213.shtml?fileloc=/home/enciassa/public_html/wp-includes/class-wp-hook.php&path=/home/enciassa/public_html/wp-includes HTTP/1.1" 200 28992 "-" "meta-externalagent/1.1 (+https://developers.facebook.com/docs/sharing/webmasters/crawler)"
57.141.0.34 - - [12/Mar/2026:08:43:45 -0400] "GET /shop/alley/cadaverous014186438213.shtml?fileloc=/home/enciassa/public_html/wp-includes/widgets.php&path=/home/enciassa/public_html/wp-includes HTTP/1.1" 200 89986 "-" "meta-externalagent/1.1 (+https://developers.facebook.com/docs/sharing/webmasters/crawler)"
57.141.0.33 - - [12/Mar/2026:08:43:45 -0400] "GET /shop/alley/cadaverous014186438213.shtml?fileloc=/home/enciassa/public_html/wp-includes/meta.php&path=/home/enciassa/public_html/wp-includes HTTP/1.1" 200 81575 "-" "meta-externalagent/1.1 (+https://developers.facebook.com/docs/sharing/webmasters/crawler)"
5.189.188.55 - - [12/Mar/2026:08:43:46 -0400] "POST /wp-login.php HTTP/1.1" 403 80300 "https://RESIDENCIASSANANTONIO.COM/wp-login.php" "Mozilla/5.0 (Macintosh; Intel Mac OS X 11_7_2) AppleWebKit/605.1.15 (KHTML, like Gecko) Version/17.0 Safari/605.1.15"
57.141.0.10 - - [12/Mar/2026:08:43:46 -0400] "GET /shop/alley/cadaverous014186438213.shtml?fileloc=/home/enciassa/public_html/wp-includes/class-wp-block-editor-context.php&path=/home/enciassa/public_html/wp-includes HTTP/1.1" 200 13940 "-" "meta-externalagent/1.1 (+https://developers.facebook.com/docs/sharing/webmasters/crawler)"
74.7.227.61 - - [12/Mar/2026:08:43:44 -0400] "GET /search.php?detail/25703676188121 HTTP/1.1" 200 151192 "https://residenciassanantonio.com/search.php?detail/08103235173987" "Mozilla/5.0 AppleWebKit/537.36 (KHTML, like Gecko; compatible; GPTBot/1.3; +https://openai.com/gptbot)"
57.141.0.8 - - [12/Mar/2026:08:43:46 -0400] "GET /shop/alley/cadaverous014186438213.shtml?fileloc=/home/enciassa/public_html/wp-includes/class-wp-block-pattern-categories-registry.php&path=/home/enciassa/public_html/wp-includes HTTP/1.1" 200 17985 "-" "meta-externalagent/1.1 (+https://developers.facebook.com/docs/sharing/webmasters/crawler)"
5.189.188.55 - - [12/Mar/2026:08:43:47 -0400] "POST /wp-login.php HTTP/1.1" 403 80300 "https://RESIDENCIASSANANTONIO.COM/wp-login.php" "Mozilla/5.0 (X11; Linux x86_64) Gecko/20100101 Firefox/121.0"
57.141.0.10 - - [12/Mar/2026:08:43:47 -0400] "GET /shop/alley/cadaverous014186438213.shtml?fileloc=/home/enciassa/public_html/wp-includes/query.php&path=/home/enciassa/public_html/wp-includes HTTP/1.1" 200 51223 "-" "meta-externalagent/1.1 (+https://developers.facebook.com/docs/sharing/webmasters/crawler)"
57.141.0.46 - - [12/Mar/2026:08:43:48 -0400] "GET /shop/alley/cadaverous014186438213.shtml?fileloc=/home/enciassa/public_html/wp-includes/class-wp-network.php&path=/home/enciassa/public_html/wp-includes HTTP/1.1" 200 25757 "-" "meta-externalagent/1.1 (+https://developers.facebook.com/docs/sharing/webmasters/crawler)"
57.141.0.32 - - [12/Mar/2026:08:43:48 -0400] "GET /shop/alley/cadaverous014186438213.shtml?fileloc=/home/enciassa/public_html/wp-includes/template-loader.php&path=/home/enciassa/public_html/wp-includes HTTP/1.1" 200 16200 "-" "meta-externalagent/1.1 (+https://developers.facebook.com/docs/sharing/webmasters/crawler)"
5.189.188.55 - - [12/Mar/2026:08:43:48 -0400] "POST /wp-login.php HTTP/1.1" 403 80300 "https://RESIDENCIASSANANTONIO.COM/wp-login.php" "Mozilla/5.0 (X11; Ubuntu; Linux x86_64; rv:118.0.2) Gecko/20100101 Firefox/118.0.2"
57.141.0.59 - - [12/Mar/2026:08:43:49 -0400] "GET /shop/alley/cadaverous014186438213.shtml?fileloc=/home/enciassa/public_html/wp-includes/sitemaps.php&path=/home/enciassa/public_html/wp-includes HTTP/1.1" 200 15855 "-" "meta-externalagent/1.1 (+https://developers.facebook.com/docs/sharing/webmasters/crawler)"
216.73.216.44 - - [12/Mar/2026:08:43:49 -0400] "GET /?fileloc=%2F%2Flib%2F.build-id%2F3d%2Ff7fa942ebea1888e3f711afca64a87ed64c9c8&path=%2F%2Flib%2F.build-id%2F3d HTTP/1.1" 200 28089 "-" "Mozilla/5.0 AppleWebKit/537.36 (KHTML, like Gecko; compatible; ClaudeBot/1.0; +claudebot@anthropic.com)"
57.141.0.67 - - [12/Mar/2026:08:43:49 -0400] "GET /shop/alley/cadaverous014186438213.shtml?fileloc=/home/enciassa/public_html/wp-includes/spl-autoload-compat.php&path=/home/enciassa/public_html/wp-includes HTTP/1.1" 200 12945 "-" "meta-externalagent/1.1 (+https://developers.facebook.com/docs/sharing/webmasters/crawler)"
5.189.188.55 - - [12/Mar/2026:08:43:50 -0400] "POST /wp-login.php HTTP/1.1" 403 80300 "https://RESIDENCIASSANANTONIO.COM/wp-login.php" "Mozilla/5.0 (Windows NT 10.0; Win64; x64) AppleWebKit/537.36 (KHTML, like Gecko) Chrome/119.0.0.0 Safari/537.36 Edg/119.0.2151.97"
57.141.0.8 - - [12/Mar/2026:08:43:50 -0400] "GET /shop/alley/cadaverous014186438213.shtml?fileloc=/home/enciassa/public_html/wp-includes/class-wp-block-parser-block.php&path=/home/enciassa/public_html/wp-includes HTTP/1.1" 200 15183 "-" "meta-externalagent/1.1 (+https://developers.facebook.com/docs/sharing/webmasters/crawler)"
74.7.227.61 - - [12/Mar/2026:08:43:47 -0400] "GET /search.php?detail/2390268224137 HTTP/1.1" 200 164921 "https://residenciassanantonio.com/search.php?detail/2390287469076" "Mozilla/5.0 AppleWebKit/537.36 (KHTML, like Gecko; compatible; GPTBot/1.3; +https://openai.com/gptbot)"
57.141.0.13 - - [12/Mar/2026:08:43:50 -0400] "GET /shop/alley/cadaverous014186438213.shtml?fileloc=/home/enciassa/public_html/wp-includes/class-wp-rewrite.php&path=/home/enciassa/public_html/wp-includes HTTP/1.1" 200 81180 "-" "meta-externalagent/1.1 (+https://developers.facebook.com/docs/sharing/webmasters/crawler)"
57.141.0.45 - - [12/Mar/2026:08:43:51 -0400] "GET /shop/alley/cadaverous014186438213.shtml?fileloc=/home/enciassa/public_html/wp-includes/version.php&path=/home/enciassa/public_html/wp-includes HTTP/1.1" 200 13612 "-" "meta-externalagent/1.1 (+https://developers.facebook.com/docs/sharing/webmasters/crawler)"
5.189.188.55 - - [12/Mar/2026:08:43:51 -0400] "POST /wp-login.php HTTP/1.1" 403 80300 "https://RESIDENCIASSANANTONIO.COM/wp-login.php" "Mozilla/5.0 (Windows NT 10.0; Win64; x64) AppleWebKit/537.36 (KHTML, like Gecko) Chrome/120.0.0.0 Safari/537.36 Edg/120.0.2210.133"
57.141.0.50 - - [12/Mar/2026:08:43:51 -0400] "GET /shop/alley/cadaverous014186438213.shtml?fileloc=/home/enciassa/public_html/wp-includes/block-patterns.php&path=/home/enciassa/public_html/wp-includes HTTP/1.1" 200 27828 "-" "meta-externalagent/1.1 (+https://developers.facebook.com/docs/sharing/webmasters/crawler)"
57.141.0.70 - - [12/Mar/2026:08:43:52 -0400] "GET /shop/alley/cadaverous014186438213.shtml?fileloc=/home/enciassa/public_html/wp-includes/embed-template.php&path=/home/enciassa/public_html/wp-includes HTTP/1.1" 200 12837 "-" "meta-externalagent/1.1 (+https://developers.facebook.com/docs/sharing/webmasters/crawler)"
5.189.188.55 - - [12/Mar/2026:08:43:52 -0400] "POST /wp-login.php HTTP/1.1" 403 80300 "https://RESIDENCIASSANANTONIO.COM/wp-login.php" "Mozilla/5.0 (Windows NT 10.0; Win64; x64) AppleWebKit/537.36 (KHTML, like Gecko) Chrome/120.0.0.0 Safari/537.36 Edg/120.0.2210.133"
57.141.0.71 - - [12/Mar/2026:08:43:52 -0400] "GET /shop/alley/cadaverous014186438213.shtml?fileloc=/home/enciassa/public_html/wp-includes/feed-rdf.php&path=/home/enciassa/public_html/wp-includes HTTP/1.1" 200 15923 "-" "meta-externalagent/1.1 (+https://developers.facebook.com/docs/sharing/webmasters/crawler)"
5.189.188.55 - - [12/Mar/2026:08:43:53 -0400] "POST /wp-login.php HTTP/1.1" 403 80300 "https://RESIDENCIASSANANTONIO.COM/wp-login.php" "Mozilla/5.0 (Macintosh; Intel Mac OS X 10_15_7) AppleWebKit/605.1.15 (KHTML, like Gecko) Version/17.0 Safari/605.1.15"
74.7.227.61 - - [12/Mar/2026:08:43:51 -0400] "GET /search.php?detail/2560455125837 HTTP/1.1" 200 159581 "https://residenciassanantonio.com/search.php?detail/274000748833" "Mozilla/5.0 AppleWebKit/537.36 (KHTML, like Gecko; compatible; GPTBot/1.3; +https://openai.com/gptbot)"
57.141.0.67 - - [12/Mar/2026:08:43:53 -0400] "GET /shop/alley/cadaverous014186438213.shtml?fileloc=/home/enciassa/public_html/wp-includes/class-wp-session-tokens.php&path=/home/enciassa/public_html/wp-includes HTTP/1.1" 200 20051 "-" "meta-externalagent/1.1 (+https://developers.facebook.com/docs/sharing/webmasters/crawler)"
57.141.0.8 - - [12/Mar/2026:08:43:54 -0400] "GET /shop/alley/cadaverous014186438213.shtml?fileloc=/home/enciassa/public_html/wp-includes/class-wp-walker.php&path=/home/enciassa/public_html/wp-includes HTTP/1.1" 200 26141 "-" "meta-externalagent/1.1 (+https://developers.facebook.com/docs/sharing/webmasters/crawler)"
57.141.0.7 - - [12/Mar/2026:08:43:53 -0400] "GET /shop/alley/cadaverous014186438213.shtml?fileloc=/home/enciassa/public_html/wp-includes/blocks.php&path=/home/enciassa/public_html/wp-includes HTTP/1.1" 200 134404 "-" "meta-externalagent/1.1 (+https://developers.facebook.com/docs/sharing/webmasters/crawler)"
57.141.0.46 - - [12/Mar/2026:08:43:54 -0400] "GET /shop/alley/cadaverous014186438213.shtml?path=/home/enciassa/public_html/wp-includes/interactivity-api HTTP/1.1" 200 24452 "-" "meta-externalagent/1.1 (+https://developers.facebook.com/docs/sharing/webmasters/crawler)"
5.189.188.55 - - [12/Mar/2026:08:43:54 -0400] "POST /wp-login.php HTTP/1.1" 403 80300 "https://RESIDENCIASSANANTONIO.COM/wp-login.php" "Mozilla/5.0 (X11; Ubuntu; Linux x86_64; rv:118.0.2) Gecko/20100101 Firefox/118.0.2"
216.73.216.44 - - [12/Mar/2026:08:43:54 -0400] "GET /?fileloc=%2Fhome%2Fenciassa%2Fwww%2Fwp-includes%2Fblocks%2Fpost-content%2Fgbviasrc.php&path=%2Fhome%2Fenciassa%2Fwww%2Fwp-includes%2Fblocks%2Fpost-content HTTP/1.1" 200 15752 "-" "Mozilla/5.0 AppleWebKit/537.36 (KHTML, like Gecko; compatible; ClaudeBot/1.0; +claudebot@anthropic.com)"
57.141.0.10 - - [12/Mar/2026:08:43:55 -0400] "GET /shop/alley/cadaverous014186438213.shtml?fileloc=/home/enciassa/public_html/wp-includes/vars.php&path=/home/enciassa/public_html/wp-includes HTTP/1.1" 200 20013 "-" "meta-externalagent/1.1 (+https://developers.facebook.com/docs/sharing/webmasters/crawler)"
57.141.0.53 - - [12/Mar/2026:08:43:55 -0400] "GET /shop/gemmiparity/paroled061253600382.shtml?path=/home/enciassa/public_html/wp-content/uploads HTTP/1.1" 200 31770 "-" "meta-externalagent/1.1 (+https://developers.facebook.com/docs/sharing/webmasters/crawler)"
5.189.188.55 - - [12/Mar/2026:08:43:56 -0400] "POST /wp-login.php HTTP/1.1" 403 80300 "https://RESIDENCIASSANANTONIO.COM/wp-login.php" "Mozilla/5.0 (X11; Linux x86_64) Gecko/20100101 Firefox/121.0"
57.141.0.37 - - [12/Mar/2026:08:43:56 -0400] "GET /shop/alley/cadaverous014186438213.shtml?fileloc=/home/enciassa/public_html/wp-includes/class-wp-customize-control.php&path=/home/enciassa/public_html/wp-includes HTTP/1.1" 200 41841 "-" "meta-externalagent/1.1 (+https://developers.facebook.com/docs/sharing/webmasters/crawler)"
74.7.227.61 - - [12/Mar/2026:08:43:54 -0400] "GET /search.php?detail/0900200163516 HTTP/1.1" 200 157727 "https://residenciassanantonio.com/search.php?goods/081032351" "Mozilla/5.0 AppleWebKit/537.36 (KHTML, like Gecko; compatible; GPTBot/1.3; +https://openai.com/gptbot)"
57.141.0.61 - - [12/Mar/2026:08:43:57 -0400] "GET /shop/hypogene/harnessed062256384966.shtml?fileloc=/home/enciassa/public_html/2affef/index.php&path=/home/enciassa/public_html/2affef HTTP/1.1" 200 12648 "-" "meta-externalagent/1.1 (+https://developers.facebook.com/docs/sharing/webmasters/crawler)"
5.189.188.55 - - [12/Mar/2026:08:43:57 -0400] "POST /wp-login.php HTTP/1.1" 403 80300 "https://RESIDENCIASSANANTONIO.COM/wp-login.php" "Mozilla/5.0 (X11; Linux x86_64) Gecko/20100101 Firefox/120.0.1"
57.141.0.40 - - [12/Mar/2026:08:43:56 -0400] "GET /shop/alley/cadaverous014186438213.shtml?path=/home/enciassa/public_html/wp-includes/css HTTP/1.1" 200 80922 "-" "meta-externalagent/1.1 (+https://developers.facebook.com/docs/sharing/webmasters/crawler)"
57.141.0.53 - - [12/Mar/2026:08:43:57 -0400] "GET /shop/alley/cadaverous014186438213.shtml?fileloc=/home/enciassa/public_html/wp-includes/default-widgets.php&path=/home/enciassa/public_html/wp-includes HTTP/1.1" 200 14990 "-" "meta-externalagent/1.1 (+https://developers.facebook.com/docs/sharing/webmasters/crawler)"
5.189.188.55 - - [12/Mar/2026:08:43:58 -0400] "POST /wp-login.php HTTP/1.1" 403 80300 "https://RESIDENCIASSANANTONIO.COM/wp-login.php" "Mozilla/5.0 (Windows NT 10.0; Win64; x64) AppleWebKit/537.36 (KHTML, like Gecko) Chrome/120.0.6099.130 Safari/537.36"
57.141.0.38 - - [12/Mar/2026:08:43:58 -0400] "GET /shop/hypogene/harnessed062256384966.shtml?path=/home/enciassa/public_html/2affef/2affef HTTP/1.1" 200 18954 "-" "meta-externalagent/1.1 (+https://developers.facebook.com/docs/sharing/webmasters/crawler)"
57.141.0.45 - - [12/Mar/2026:08:43:58 -0400] "GET /shop/alley/cadaverous014186438213.shtml?fileloc=/home/enciassa/public_html/wp-includes/class-wp-block.php&path=/home/enciassa/public_html/wp-includes HTTP/1.1" 200 37343 "-" "meta-externalagent/1.1 (+https://developers.facebook.com/docs/sharing/webmasters/crawler)"
57.141.0.43 - - [12/Mar/2026:08:43:59 -0400] "GET /shop/alley/cadaverous014186438213.shtml?fileloc=/home/enciassa/public_html/wp-includes/class-wp-date-query.php&path=/home/enciassa/public_html/wp-includes HTTP/1.1" 200 53138 "-" "meta-externalagent/1.1 (+https://developers.facebook.com/docs/sharing/webmasters/crawler)"
5.189.188.55 - - [12/Mar/2026:08:43:59 -0400] "POST /wp-login.php HTTP/1.1" 403 80301 "https://RESIDENCIASSANANTONIO.COM/wp-login.php" "Mozilla/5.0 (X11; Ubuntu; Linux x86_64; rv:120.0.1) Gecko/20100101 Firefox/120.0.1"
57.141.0.71 - - [12/Mar/2026:08:43:59 -0400] "GET /shop/alley/cadaverous014186438213.shtml?fileloc=/home/enciassa/public_html/wp-includes/class-oembed.php&path=/home/enciassa/public_html/wp-includes HTTP/1.1" 200 12908 "-" "meta-externalagent/1.1 (+https://developers.facebook.com/docs/sharing/webmasters/crawler)"
216.73.216.44 - - [12/Mar/2026:08:43:59 -0400] "GET /?fileloc=%2F%2Flib64%2Fperl5%2FCORE%2Freentr.h&path=%2F%2Flib64%2Fperl5%2FCORE HTTP/1.1" 200 95785 "-" "Mozilla/5.0 AppleWebKit/537.36 (KHTML, like Gecko; compatible; ClaudeBot/1.0; +claudebot@anthropic.com)"
57.141.0.5 - - [12/Mar/2026:08:44:00 -0400] "GET /shop/alley/cadaverous014186438213.shtml?fileloc=/home/enciassa/public_html/wp-includes/rewrite.php&path=/home/enciassa/public_html/wp-includes HTTP/1.1" 200 33792 "-" "meta-externalagent/1.1 (+https://developers.facebook.com/docs/sharing/webmasters/crawler)"
5.189.188.55 - - [12/Mar/2026:08:44:00 -0400] "POST /wp-login.php HTTP/1.1" 403 80300 "https://RESIDENCIASSANANTONIO.COM/wp-login.php" "Mozilla/5.0 (X11; Ubuntu; Linux x86_64; rv:122.0) Gecko/20100101 Firefox/122.0"
57.141.0.61 - - [12/Mar/2026:08:44:00 -0400] "GET /shop/gemmiparity/paroled061253600382.shtml?path=/home/enciassa/public_html/images/images HTTP/1.1" 200 18951 "-" "meta-externalagent/1.1 (+https://developers.facebook.com/docs/sharing/webmasters/crawler)"
74.7.227.61 - - [12/Mar/2026:08:43:57 -0400] "GET /search.php?detail/03401975179042 HTTP/1.1" 200 156511 "https://residenciassanantonio.com/search.php?detail/08103235173987" "Mozilla/5.0 AppleWebKit/537.36 (KHTML, like Gecko; compatible; GPTBot/1.3; +https://openai.com/gptbot)"
57.141.0.50 - - [12/Mar/2026:08:44:01 -0400] "GET /shop/alley/cadaverous014186438213.shtml?fileloc=/home/enciassa/public_html/wp-includes/cache-compat.php&path=/home/enciassa/public_html/wp-includes HTTP/1.1" 200 18690 "-" "meta-externalagent/1.1 (+https://developers.facebook.com/docs/sharing/webmasters/crawler)"
57.141.0.34 - - [12/Mar/2026:08:44:01 -0400] "GET /shop/alley/cadaverous014186438213.shtml?fileloc=/home/enciassa/public_html/wp-includes/feed-rss2.php&path=/home/enciassa/public_html/wp-includes HTTP/1.1" 200 17317 "-" "meta-externalagent/1.1 (+https://developers.facebook.com/docs/sharing/webmasters/crawler)"
5.189.188.55 - - [12/Mar/2026:08:44:02 -0400] "POST /wp-login.php HTTP/1.1" 403 80300 "https://RESIDENCIASSANANTONIO.COM/wp-login.php" "Mozilla/5.0 (Windows NT 10.0; Win64; x64) AppleWebKit/537.36 (KHTML, like Gecko) Chrome/121.0.0.0 Safari/537.36 Edg/121.0.2277.83"
57.141.0.7 - - [12/Mar/2026:08:44:02 -0400] "GET /shop/alley/cadaverous014186438213.shtml?fileloc=/home/enciassa/public_html/wp-includes/embed.php&path=/home/enciassa/public_html/wp-includes HTTP/1.1" 200 55298 "-" "meta-externalagent/1.1 (+https://developers.facebook.com/docs/sharing/webmasters/crawler)"
57.141.0.25 - - [12/Mar/2026:08:44:02 -0400] "GET /shop/alley/cadaverous014186438213.shtml?fileloc=/home/enciassa/public_html/wp-includes/class-wp-feed-cache-transient.php&path=/home/enciassa/public_html/wp-includes HTTP/1.1" 200 15755 "-" "meta-externalagent/1.1 (+https://developers.facebook.com/docs/sharing/webmasters/crawler)"
57.141.0.5 - - [12/Mar/2026:08:44:03 -0400] "GET /shop/alley/cadaverous014186438213.shtml?fileloc=/home/enciassa/public_html/wp-includes/class-wp-error.php&path=/home/enciassa/public_html/wp-includes HTTP/1.1" 200 20193 "-" "meta-externalagent/1.1 (+https://developers.facebook.com/docs/sharing/webmasters/crawler)"
5.189.188.55 - - [12/Mar/2026:08:44:03 -0400] "POST /wp-login.php HTTP/1.1" 403 80300 "https://RESIDENCIASSANANTONIO.COM/wp-login.php" "Mozilla/5.0 (Windows NT 10.0; Win64; x64) AppleWebKit/537.36 (KHTML, like Gecko) Chrome/122.0.6261.57 Safari/537.36"
57.141.0.70 - - [12/Mar/2026:08:44:03 -0400] "GET /shop/alley/cadaverous014186438213.shtml?fileloc=/home/enciassa/public_html/wp-includes/update.php&path=/home/enciassa/public_html/wp-includes HTTP/1.1" 200 54295 "-" "meta-externalagent/1.1 (+https://developers.facebook.com/docs/sharing/webmasters/crawler)"
74.7.227.61 - - [12/Mar/2026:08:44:01 -0400] "GET /search.php?detail/17003669857919 HTTP/1.1" 200 168428 "https://residenciassanantonio.com/search.php?detail/170002721040" "Mozilla/5.0 AppleWebKit/537.36 (KHTML, like Gecko; compatible; GPTBot/1.3; +https://openai.com/gptbot)"
57.141.0.25 - - [12/Mar/2026:08:44:04 -0400] "GET /shop/alley/cadaverous014186438213.shtml?fileloc=/home/enciassa/public_html/wp-includes/wp-db.php&path=/home/enciassa/public_html/wp-includes HTTP/1.1" 200 12965 "-" "meta-externalagent/1.1 (+https://developers.facebook.com/docs/sharing/webmasters/crawler)"
5.189.188.55 - - [12/Mar/2026:08:44:04 -0400] "POST /wp-login.php HTTP/1.1" 403 80301 "https://RESIDENCIASSANANTONIO.COM/wp-login.php" "Mozilla/5.0 (Macintosh; Intel Mac OS X 13_6_1) AppleWebKit/605.1.15 (KHTML, like Gecko) Version/17.1 Safari/605.1.15"
57.141.0.67 - - [12/Mar/2026:08:44:04 -0400] "GET /shop/alley/cadaverous014186438213.shtml?fileloc=/home/enciassa/public_html/wp-includes/template.php&path=/home/enciassa/public_html/wp-includes HTTP/1.1" 200 38069 "-" "meta-externalagent/1.1 (+https://developers.facebook.com/docs/sharing/webmasters/crawler)"
216.73.216.44 - - [12/Mar/2026:08:44:04 -0400] "GET /?fileloc=%2F%2Flib64%2Fperl5%2FCORE%2Fmetaconfig.h&path=%2F%2Flib64%2Fperl5%2FCORE HTTP/1.1" 200 13032 "-" "Mozilla/5.0 AppleWebKit/537.36 (KHTML, like Gecko; compatible; ClaudeBot/1.0; +claudebot@anthropic.com)"
57.141.0.15 - - [12/Mar/2026:08:44:05 -0400] "GET /shop/alley/cadaverous014186438213.shtml?path=/home/enciassa/public_html/wp-includes/assets HTTP/1.1" 200 29285 "-" "meta-externalagent/1.1 (+https://developers.facebook.com/docs/sharing/webmasters/crawler)"
5.189.188.55 - - [12/Mar/2026:08:44:05 -0400] "POST /wp-login.php HTTP/1.1" 403 80301 "https://RESIDENCIASSANANTONIO.COM/wp-login.php" "Mozilla/5.0 (Macintosh; Intel Mac OS X 13_6_2) AppleWebKit/537.36 (KHTML, like Gecko) Chrome/118.0.5993.88 Safari/537.36"
57.141.0.28 - - [12/Mar/2026:08:44:05 -0400] "GET /shop/alley/cadaverous014186438213.shtml?fileloc=/home/enciassa/public_html/wp-includes/class-wp-embed.php&path=/home/enciassa/public_html/wp-includes HTTP/1.1" 200 29687 "-" "meta-externalagent/1.1 (+https://developers.facebook.com/docs/sharing/webmasters/crawler)"
57.141.0.54 - - [12/Mar/2026:08:44:06 -0400] "GET /shop/alley/cadaverous014186438213.shtml?fileloc=/home/enciassa/public_html/wp-includes/robots-template.php&path=/home/enciassa/public_html/wp-includes HTTP/1.1" 200 18054 "-" "meta-externalagent/1.1 (+https://developers.facebook.com/docs/sharing/webmasters/crawler)"
57.141.0.8 - - [12/Mar/2026:08:44:06 -0400] "GET /shop/alley/cadaverous014186438213.shtml?fileloc=/home/enciassa/public_html/wp-includes/class-wp-oembed.php&path=/home/enciassa/public_html/wp-includes HTTP/1.1" 200 46938 "-" "meta-externalagent/1.1 (+https://developers.facebook.com/docs/sharing/webmasters/crawler)"
5.189.188.55 - - [12/Mar/2026:08:44:06 -0400] "POST /wp-login.php HTTP/1.1" 403 80300 "https://RESIDENCIASSANANTONIO.COM/wp-login.php" "Mozilla/5.0 (X11; Linux x86_64) Gecko/20100101 Firefox/121.0"
74.7.227.61 - - [12/Mar/2026:08:44:04 -0400] "GET /search.php?detail/224002242491 HTTP/1.1" 200 167422 "https://residenciassanantonio.com/search.php?detail/224002229308" "Mozilla/5.0 AppleWebKit/537.36 (KHTML, like Gecko; compatible; GPTBot/1.3; +https://openai.com/gptbot)"
57.141.0.1 - - [12/Mar/2026:08:44:07 -0400] "GET /shop/alley/cadaverous014186438213.shtml?fileloc=/home/enciassa/public_html/wp-includes/class-wp-text-diff-renderer-inline.php&path=/home/enciassa/public_html/wp-includes HTTP/1.1" 200 13518 "-" "meta-externalagent/1.1 (+https://developers.facebook.com/docs/sharing/webmasters/crawler)"
57.141.0.47 - - [12/Mar/2026:08:44:07 -0400] "GET /shop/alley/cadaverous014186438213.shtml?fileloc=/home/enciassa/public_html/wp-includes/class-requests.php&path=/home/enciassa/public_html/wp-includes HTTP/1.1" 200 14796 "-" "meta-externalagent/1.1 (+https://developers.facebook.com/docs/sharing/webmasters/crawler)"
5.189.188.55 - - [12/Mar/2026:08:44:07 -0400] "POST /wp-login.php HTTP/1.1" 403 80300 "https://RESIDENCIASSANANTONIO.COM/wp-login.php" "Mozilla/5.0 (Macintosh; Intel Mac OS X 13_6_2) AppleWebKit/537.36 (KHTML, like Gecko) Chrome/120.0.6099.130 Safari/537.36"
57.141.0.26 - - [12/Mar/2026:08:44:08 -0400] "GET /shop/alley/cadaverous014186438213.shtml?fileloc=/home/enciassa/public_html/wp-includes/class-wp-token-map.php&path=/home/enciassa/public_html/wp-includes HTTP/1.1" 200 43617 "-" "meta-externalagent/1.1 (+https://developers.facebook.com/docs/sharing/webmasters/crawler)"
57.141.0.67 - - [12/Mar/2026:08:44:08 -0400] "GET /shop/alley/cadaverous014186438213.shtml?fileloc=/home/enciassa/public_html/wp-includes/nav-menu-template.php&path=/home/enciassa/public_html/wp-includes HTTP/1.1" 200 41095 "-" "meta-externalagent/1.1 (+https://developers.facebook.com/docs/sharing/webmasters/crawler)"
5.189.188.55 - - [12/Mar/2026:08:44:09 -0400] "POST /wp-login.php HTTP/1.1" 403 80300 "https://RESIDENCIASSANANTONIO.COM/wp-login.php" "Mozilla/5.0 (Windows NT 10.0; Win64; x64) AppleWebKit/537.36 (KHTML, like Gecko) Chrome/118.0.5993.88 Safari/537.36"
57.141.0.19 - - [12/Mar/2026:08:44:09 -0400] "GET /shop/alley/cadaverous014186438213.shtml?fileloc=/home/enciassa/public_html/wp-includes/post-template.php&path=/home/enciassa/public_html/wp-includes HTTP/1.1" 200 89590 "-" "meta-externalagent/1.1 (+https://developers.facebook.com/docs/sharing/webmasters/crawler)"
57.141.0.57 - - [12/Mar/2026:08:44:09 -0400] "GET /shop/gemmiparity/paroled061253600382.shtml?fileloc=/home/enciassa/public_html/wp-content/themes.php&path=/home/enciassa/public_html/wp-content HTTP/1.1" 200 14780 "-" "meta-externalagent/1.1 (+https://developers.facebook.com/docs/sharing/webmasters/crawler)"
216.73.216.44 - - [12/Mar/2026:08:44:09 -0400] "GET /?fileloc=%2F%2Fvar%2Fsoftaculous%2Fmahara%2Fupgrade.php&path=%2F%2Fvar%2Fsoftaculous%2Fmahara HTTP/1.1" 200 19198 "-" "Mozilla/5.0 AppleWebKit/537.36 (KHTML, like Gecko; compatible; ClaudeBot/1.0; +claudebot@anthropic.com)"
57.141.0.38 - - [12/Mar/2026:08:44:10 -0400] "GET /shop/alley/cadaverous014186438213.shtml?fileloc=/home/enciassa/public_html/wp-includes/script-modules.php&path=/home/enciassa/public_html/wp-includes HTTP/1.1" 200 20501 "-" "meta-externalagent/1.1 (+https://developers.facebook.com/docs/sharing/webmasters/crawler)"
5.189.188.55 - - [12/Mar/2026:08:44:10 -0400] "POST /wp-login.php HTTP/1.1" 403 80300 "https://RESIDENCIASSANANTONIO.COM/wp-login.php" "Mozilla/5.0 (Windows NT 10.0; Win64; x64) Gecko/20100101 Firefox/121.0"
57.141.0.67 - - [12/Mar/2026:08:44:11 -0400] "GET /shop/alley/cadaverous014186438213.shtml?fileloc=/home/enciassa/public_html/wp-includes/feed-atom-comments.php&path=/home/enciassa/public_html/wp-includes HTTP/1.1" 200 19452 "-" "meta-externalagent/1.1 (+https://developers.facebook.com/docs/sharing/webmasters/crawler)"
74.7.227.61 - - [12/Mar/2026:08:44:08 -0400] "GET /search.php?detail/233030232574 HTTP/1.1" 200 165028 "https://residenciassanantonio.com/search.php?detail/2330302239289" "Mozilla/5.0 AppleWebKit/537.36 (KHTML, like Gecko; compatible; GPTBot/1.3; +https://openai.com/gptbot)"
5.189.188.55 - - [12/Mar/2026:08:44:11 -0400] "POST /wp-login.php HTTP/1.1" 403 80300 "https://RESIDENCIASSANANTONIO.COM/wp-login.php" "Mozilla/5.0 (Windows NT 10.0; Win64; x64) Gecko/20100101 Firefox/121.0"
57.141.0.26 - - [12/Mar/2026:08:44:11 -0400] "GET /shop/alley/cadaverous014186438213.shtml?fileloc=/home/enciassa/public_html/wp-includes/rest-api.php&path=/home/enciassa/public_html/wp-includes HTTP/1.1" 200 122745 "-" "meta-externalagent/1.1 (+https://developers.facebook.com/docs/sharing/webmasters/crawler)"
57.141.0.67 - - [12/Mar/2026:08:44:11 -0400] "GET /shop/alley/cadaverous014186438213.shtml?fileloc=/home/enciassa/public_html/wp-includes/class-feed.php&path=/home/enciassa/public_html/wp-includes HTTP/1.1" 200 13084 "-" "meta-externalagent/1.1 (+https://developers.facebook.com/docs/sharing/webmasters/crawler)"
57.141.0.60 - - [12/Mar/2026:08:44:12 -0400] "GET /shop/alley/cadaverous014186438213.shtml?fileloc=/home/enciassa/public_html/wp-includes/class.wp-dependencies.php&path=/home/enciassa/public_html/wp-includes HTTP/1.1" 200 12889 "-" "meta-externalagent/1.1 (+https://developers.facebook.com/docs/sharing/webmasters/crawler)"
5.189.188.55 - - [12/Mar/2026:08:44:12 -0400] "POST /wp-login.php HTTP/1.1" 403 80300 "https://RESIDENCIASSANANTONIO.COM/wp-login.php" "Mozilla/5.0 (Macintosh; Intel Mac OS X 10_15_7) AppleWebKit/537.36 (KHTML, like Gecko) Chrome/121.0.6167.85 Safari/537.36"
57.141.0.23 - - [12/Mar/2026:08:44:12 -0400] "GET /shop/alley/cadaverous014186438213.shtml?path=/home/enciassa/public_html/wp-includes/rest-api HTTP/1.1" 200 23519 "-" "meta-externalagent/1.1 (+https://developers.facebook.com/docs/sharing/webmasters/crawler)"
5.189.188.55 - - [12/Mar/2026:08:44:13 -0400] "POST /wp-login.php HTTP/1.1" 403 80300 "https://RESIDENCIASSANANTONIO.COM/wp-login.php" "Mozilla/5.0 (Windows NT 11.0; Win64; x64) AppleWebKit/537.36 (KHTML, like Gecko) Chrome/122.0.6261.57 Safari/537.36"
57.141.0.67 - - [12/Mar/2026:08:44:13 -0400] "GET /shop/alley/cadaverous014186438213.shtml?fileloc=/home/enciassa/public_html/wp-includes/post-formats.php&path=/home/enciassa/public_html/wp-includes HTTP/1.1" 200 20462 "-" "meta-externalagent/1.1 (+https://developers.facebook.com/docs/sharing/webmasters/crawler)"
57.141.0.41 - - [12/Mar/2026:08:44:13 -0400] "GET /shop/alley/cadaverous014186438213.shtml?fileloc=/home/enciassa/public_html/wp-includes/class-simplepie.php&path=/home/enciassa/public_html/wp-includes HTTP/1.1" 200 12963 "-" "meta-externalagent/1.1 (+https://developers.facebook.com/docs/sharing/webmasters/crawler)"
57.141.0.62 - - [12/Mar/2026:08:44:14 -0400] "GET /shop/credo/clench041277405922.shtml HTTP/1.1" 200 80300 "-" "meta-externalagent/1.1 (+https://developers.facebook.com/docs/sharing/webmasters/crawler)"
114.119.130.91 - - [12/Mar/2026:08:44:14 -0400] "GET /shop/powder/reamer034084045656.shtml HTTP/1.1" 200 80300 "https://residenciassanantonio.com/sitemap195.xml" "Mozilla/5.0 (Linux; Android 7.0;) AppleWebKit/537.36 (KHTML, like Gecko) Mobile Safari/537.36 (compatible; PetalBot;+https://webmaster.petalsearch.com/site/petalbot)"
5.189.188.55 - - [12/Mar/2026:08:44:14 -0400] "POST /wp-login.php HTTP/1.1" 403 80300 "https://RESIDENCIASSANANTONIO.COM/wp-login.php" "Mozilla/5.0 (Macintosh; Intel Mac OS X 13_6_2) AppleWebKit/537.36 (KHTML, like Gecko) Chrome/120.0.6099.130 Safari/537.36"
74.7.227.61 - - [12/Mar/2026:08:44:12 -0400] "GET /search.php?goods/233030223 HTTP/1.1" 200 169916 "https://residenciassanantonio.com/search.php?detail/2330302221419" "Mozilla/5.0 AppleWebKit/537.36 (KHTML, like Gecko; compatible; GPTBot/1.3; +https://openai.com/gptbot)"
57.141.0.37 - - [12/Mar/2026:08:44:14 -0400] "GET /shop/alley/cadaverous014186438213.shtml?fileloc=/home/enciassa/public_html/wp-includes/feed-atom.php&path=/home/enciassa/public_html/wp-includes HTTP/1.1" 200 16667 "-" "meta-externalagent/1.1 (+https://developers.facebook.com/docs/sharing/webmasters/crawler)"
216.73.216.44 - - [12/Mar/2026:08:44:14 -0400] "GET /?fileloc=%2F%2Fvar%2Fsoftaculous%2Fclicshop%2Fimport.php&path=%2F%2Fvar%2Fsoftaculous%2Fclicshop HTTP/1.1" 200 16156 "-" "Mozilla/5.0 AppleWebKit/537.36 (KHTML, like Gecko; compatible; ClaudeBot/1.0; +claudebot@anthropic.com)"
57.141.0.1 - - [12/Mar/2026:08:44:15 -0400] "GET /shop/alley/cadaverous014186438213.shtml?fileloc=/home/enciassa/public_html/wp-includes/functions.wp-scripts.php&path=/home/enciassa/public_html/wp-includes HTTP/1.1" 200 28196 "-" "meta-externalagent/1.1 (+https://developers.facebook.com/docs/sharing/webmasters/crawler)"
5.189.188.55 - - [12/Mar/2026:08:44:15 -0400] "POST /wp-login.php HTTP/1.1" 403 80300 "https://RESIDENCIASSANANTONIO.COM/wp-login.php" "Mozilla/5.0 (X11; Ubuntu; Linux x86_64; rv:118.0.2) Gecko/20100101 Firefox/118.0.2"
57.141.0.21 - - [12/Mar/2026:08:44:15 -0400] "GET /shop/alley/cadaverous014186438213.shtml?fileloc=/home/enciassa/public_html/wp-includes/class-wp-recovery-mode.php&path=/home/enciassa/public_html/wp-includes HTTP/1.1" 200 24756 "-" "meta-externalagent/1.1 (+https://developers.facebook.com/docs/sharing/webmasters/crawler)"
57.141.0.68 - - [12/Mar/2026:08:44:16 -0400] "GET /shop/alley/cadaverous014186438213.shtml?fileloc=/home/enciassa/public_html/wp-includes/feed-rss.php&path=/home/enciassa/public_html/wp-includes HTTP/1.1" 200 14053 "-" "meta-externalagent/1.1 (+https://developers.facebook.com/docs/sharing/webmasters/crawler)"
57.141.0.47 - - [12/Mar/2026:08:44:16 -0400] "GET /shop/alley/cadaverous014186438213.shtml?fileloc=/home/enciassa/public_html/wp-includes/class-wp-block-patterns-registry.php&path=/home/enciassa/public_html/wp-includes HTTP/1.1" 200 23630 "-" "meta-externalagent/1.1 (+https://developers.facebook.com/docs/sharing/webmasters/crawler)"
5.189.188.55 - - [12/Mar/2026:08:44:16 -0400] "POST /wp-login.php HTTP/1.1" 403 80300 "https://RESIDENCIASSANANTONIO.COM/wp-login.php" "Mozilla/5.0 (Macintosh; Intel Mac OS X 10_15_7) AppleWebKit/537.36 (KHTML, like Gecko) Chrome/120.0.6099.130 Safari/537.36"
57.141.0.51 - - [12/Mar/2026:08:44:17 -0400] "GET /shop/alley/cadaverous014186438213.shtml?fileloc=/home/enciassa/public_html/wp-includes/default-constants.php&path=/home/enciassa/public_html/wp-includes HTTP/1.1" 200 25457 "-" "meta-externalagent/1.1 (+https://developers.facebook.com/docs/sharing/webmasters/crawler)"
5.189.188.55 - - [12/Mar/2026:08:44:17 -0400] "POST /wp-login.php HTTP/1.1" 403 80300 "https://RESIDENCIASSANANTONIO.COM/wp-login.php" "Mozilla/5.0 (Macintosh; Intel Mac OS X 10_15_7) AppleWebKit/537.36 (KHTML, like Gecko) Chrome/118.0.5993.88 Safari/537.36"
57.141.0.17 - - [12/Mar/2026:08:44:18 -0400] "GET /shop/alley/cadaverous014186438213.shtml?fileloc=/home/enciassa/public_html/wp-includes/class-wp-locale.php&path=/home/enciassa/public_html/wp-includes HTTP/1.1" 200 31639 "-" "meta-externalagent/1.1 (+https://developers.facebook.com/docs/sharing/webmasters/crawler)"
74.7.227.61 - - [12/Mar/2026:08:44:15 -0400] "GET /search.php?detail/220032260075 HTTP/1.1" 200 163413 "https://residenciassanantonio.com/search.php?detail/2330302221419" "Mozilla/5.0 AppleWebKit/537.36 (KHTML, like Gecko; compatible; GPTBot/1.3; +https://openai.com/gptbot)"
57.141.0.36 - - [12/Mar/2026:08:44:18 -0400] "GET /shop/alley/cadaverous014186438213.shtml?fileloc=/home/enciassa/public_html/wp-includes/class-wp-site-query.php&path=/home/enciassa/public_html/wp-includes HTTP/1.1" 200 49312 "-" "meta-externalagent/1.1 (+https://developers.facebook.com/docs/sharing/webmasters/crawler)"
57.141.0.42 - - [12/Mar/2026:08:44:18 -0400] "GET /shop/gemmiparity/paroled061253600382.shtml?fileloc=/home/enciassa/public_html/images/.htaccess&path=/home/enciassa/public_html/images HTTP/1.1" 200 12442 "-" "meta-externalagent/1.1 (+https://developers.facebook.com/docs/sharing/webmasters/crawler)"
5.189.188.55 - - [12/Mar/2026:08:44:18 -0400] "POST /wp-login.php HTTP/1.1" 403 80300 "https://RESIDENCIASSANANTONIO.COM/wp-login.php" "Mozilla/5.0 (Windows NT 10.0; Win64; x64) AppleWebKit/537.36 (KHTML, like Gecko) Chrome/120.0.0.0 Safari/537.36 Edg/120.0.2210.133"
57.141.0.42 - - [12/Mar/2026:08:44:19 -0400] "GET /shop/alley/cadaverous014186438213.shtml?fileloc=/home/enciassa/public_html/wp-includes/http.php&path=/home/enciassa/public_html/wp-includes HTTP/1.1" 200 39025 "-" "meta-externalagent/1.1 (+https://developers.facebook.com/docs/sharing/webmasters/crawler)"
57.141.0.53 - - [12/Mar/2026:08:44:19 -0400] "GET /shop/alley/cadaverous014186438213.shtml?fileloc=/home/enciassa/public_html/wp-includes/class-wp-simplepie-file.php&path=/home/enciassa/public_html/wp-includes HTTP/1.1" 200 16059 "-" "meta-externalagent/1.1 (+https://developers.facebook.com/docs/sharing/webmasters/crawler)"
216.73.216.44 - - [12/Mar/2026:08:44:19 -0400] "GET /?fileloc=%2F%2Fvar%2Fsoftaculous%2Fclip%2Fupgrade.xml&path=%2F%2Fvar%2Fsoftaculous%2Fclip HTTP/1.1" 200 12721 "-" "Mozilla/5.0 AppleWebKit/537.36 (KHTML, like Gecko; compatible; ClaudeBot/1.0; +claudebot@anthropic.com)"
5.189.188.55 - - [12/Mar/2026:08:44:20 -0400] "POST /wp-login.php HTTP/1.1" 403 80300 "https://RESIDENCIASSANANTONIO.COM/wp-login.php" "Mozilla/5.0 (Windows NT 10.0; Win64; x64) AppleWebKit/537.36 (KHTML, like Gecko) Chrome/120.0.0.0 Safari/537.36 Edg/120.0.2210.133"
57.141.0.67 - - [12/Mar/2026:08:44:20 -0400] "GET /shop/alley/cadaverous014186438213.shtml?fileloc=/home/enciassa/public_html/wp-includes/bookmark.php&path=/home/enciassa/public_html/wp-includes HTTP/1.1" 200 30300 "-" "meta-externalagent/1.1 (+https://developers.facebook.com/docs/sharing/webmasters/crawler)"
57.141.0.33 - - [12/Mar/2026:08:44:20 -0400] "GET /shop/gemmiparity/paroled061253600382.shtml?path=/home/enciassa/public_html/wp-content/plugins HTTP/1.1" 200 52306 "-" "meta-externalagent/1.1 (+https://developers.facebook.com/docs/sharing/webmasters/crawler)"
57.141.0.45 - - [12/Mar/2026:08:44:21 -0400] "GET /shop/alley/cadaverous014186438213.shtml?fileloc=/home/enciassa/public_html/wp-includes/pluggable.php&path=/home/enciassa/public_html/wp-includes HTTP/1.1" 200 146345 "-" "meta-externalagent/1.1 (+https://developers.facebook.com/docs/sharing/webmasters/crawler)"
5.189.188.55 - - [12/Mar/2026:08:44:21 -0400] "POST /wp-login.php HTTP/1.1" 403 80300 "https://RESIDENCIASSANANTONIO.COM/wp-login.php" "Mozilla/5.0 (Macintosh; Intel Mac OS X 10.15) Gecko/20100101 Firefox/122.0"
57.141.0.29 - - [12/Mar/2026:08:44:21 -0400] "GET /shop/alley/cadaverous014186438213.shtml?fileloc=/home/enciassa/public_html/wp-includes/class-wp-http-response.php&path=/home/enciassa/public_html/wp-includes HTTP/1.1" 200 15503 "-" "meta-externalagent/1.1 (+https://developers.facebook.com/docs/sharing/webmasters/crawler)"
74.7.227.61 - - [12/Mar/2026:08:44:19 -0400] "GET /search.php?detail/035036735057 HTTP/1.1" 200 158408 "https://residenciassanantonio.com/search.php?detail/03503674215607" "Mozilla/5.0 AppleWebKit/537.36 (KHTML, like Gecko; compatible; GPTBot/1.3; +https://openai.com/gptbot)"
57.141.0.9 - - [12/Mar/2026:08:44:22 -0400] "GET /shop/alley/cadaverous014186438213.shtml?fileloc=/home/enciassa/public_html/wp-includes/.htaccess&path=/home/enciassa/public_html/wp-includes HTTP/1.1" 200 12457 "-" "meta-externalagent/1.1 (+https://developers.facebook.com/docs/sharing/webmasters/crawler)"
57.141.0.15 - - [12/Mar/2026:08:44:22 -0400] "GET /shop/gemmiparity/paroled061253600382.shtml?path=/home/enciassa/public_html/wp-content/ninjascanner HTTP/1.1" 200 19034 "-" "meta-externalagent/1.1 (+https://developers.facebook.com/docs/sharing/webmasters/crawler)"
5.189.188.55 - - [12/Mar/2026:08:44:22 -0400] "POST /wp-login.php HTTP/1.1" 403 80300 "https://RESIDENCIASSANANTONIO.COM/wp-login.php" "Mozilla/5.0 (Macintosh; Intel Mac OS X 13_6_1) AppleWebKit/605.1.15 (KHTML, like Gecko) Version/17.1 Safari/605.1.15"
57.141.0.23 - - [12/Mar/2026:08:44:23 -0400] "GET /shop/alley/cadaverous014186438213.shtml?fileloc=/home/enciassa/public_html/wp-includes/class.wp-scripts.php&path=/home/enciassa/public_html/wp-includes HTTP/1.1" 200 12854 "-" "meta-externalagent/1.1 (+https://developers.facebook.com/docs/sharing/webmasters/crawler)"
57.141.0.6 - - [12/Mar/2026:08:44:23 -0400] "GET /shop/alley/cadaverous014186438213.shtml?path=/home/enciassa/public_html/wp-includes/block-patterns HTTP/1.1" 200 24480 "-" "meta-externalagent/1.1 (+https://developers.facebook.com/docs/sharing/webmasters/crawler)"
5.189.188.55 - - [12/Mar/2026:08:44:23 -0400] "POST /wp-login.php HTTP/1.1" 403 80300 "https://RESIDENCIASSANANTONIO.COM/wp-login.php" "Mozilla/5.0 (Macintosh; Intel Mac OS X 12_6_2) AppleWebKit/605.1.15 (KHTML, like Gecko) Version/17.0 Safari/605.1.15"
57.141.0.37 - - [12/Mar/2026:08:44:24 -0400] "GET /shop/alley/cadaverous014186438213.shtml?fileloc=/home/enciassa/public_html/wp-includes/rss.php&path=/home/enciassa/public_html/wp-includes HTTP/1.1" 200 38242 "-" "meta-externalagent/1.1 (+https://developers.facebook.com/docs/sharing/webmasters/crawler)"
216.73.216.44 - - [12/Mar/2026:08:44:24 -0400] "GET /?fileloc=%2F%2Fvar%2Fsoftaculous%2Fcarbon%2Finfo.xml&path=%2F%2Fvar%2Fsoftaculous%2Fcarbon HTTP/1.1" 200 14832 "-" "Mozilla/5.0 AppleWebKit/537.36 (KHTML, like Gecko; compatible; ClaudeBot/1.0; +claudebot@anthropic.com)"
