57.141.0.71 - - [12/Mar/2026:08:46:10 -0400] "GET /shop/alley/cadaverous014186438213.shtml?path=/home/enciassa/public_html/wp-content/ninjascanner HTTP/1.1" 200 19034 "-" "meta-externalagent/1.1 (+https://developers.facebook.com/docs/sharing/webmasters/crawler)"
57.141.0.50 - - [12/Mar/2026:08:46:10 -0400] "GET /shop/alley/cadaverous014186438213.shtml?fileloc=/home/enciassa/public_html/images/toggige-arrow.jpg&path=/home/enciassa/public_html/images HTTP/1.1" 200 43556 "-" "meta-externalagent/1.1 (+https://developers.facebook.com/docs/sharing/webmasters/crawler)"
216.73.216.44 - - [12/Mar/2026:08:46:10 -0400] "GET /?fileloc=%2F%2Fvar%2Fsoftaculous%2Flittle%2Fnotes.txt&path=%2F%2Fvar%2Fsoftaculous%2Flittle HTTP/1.1" 200 12582 "-" "Mozilla/5.0 AppleWebKit/537.36 (KHTML, like Gecko; compatible; ClaudeBot/1.0; +claudebot@anthropic.com)"
5.189.188.55 - - [12/Mar/2026:08:46:10 -0400] "POST /wp-login.php HTTP/1.1" 403 80300 "https://RESIDENCIASSANANTONIO.COM/wp-login.php" "Mozilla/5.0 (Macintosh; Intel Mac OS X 10_15_7) AppleWebKit/537.36 (KHTML, like Gecko) Chrome/120.0.6099.130 Safari/537.36"
74.7.227.61 - - [12/Mar/2026:08:46:08 -0400] "GET /search.php?detail/099009635110 HTTP/1.1" 200 158856 "https://residenciassanantonio.com/search.php?detail/1720338827509" "Mozilla/5.0 AppleWebKit/537.36 (KHTML, like Gecko; compatible; GPTBot/1.3; +https://openai.com/gptbot)"
57.141.0.38 - - [12/Mar/2026:08:46:11 -0400] "GET /shop/alley/cadaverous014186438213.shtml?path=/home/enciassa/public_html/wp-content/maintenance HTTP/1.1" 200 20678 "-" "meta-externalagent/1.1 (+https://developers.facebook.com/docs/sharing/webmasters/crawler)"
57.141.0.67 - - [12/Mar/2026:08:46:11 -0400] "GET /shop/alley/cadaverous014186438213.shtml?fileloc=/home/enciassa/public_html/wp-content/admin.php&path=/home/enciassa/public_html/wp-content HTTP/1.1" 200 16297 "-" "meta-externalagent/1.1 (+https://developers.facebook.com/docs/sharing/webmasters/crawler)"
57.141.0.2 - - [12/Mar/2026:08:46:12 -0400] "GET /shop/alley/cadaverous014186438213.shtml?path=/home/enciassa/public_html/wp-content/upgrade HTTP/1.1" 200 12910 "-" "meta-externalagent/1.1 (+https://developers.facebook.com/docs/sharing/webmasters/crawler)"
5.189.188.55 - - [12/Mar/2026:08:46:12 -0400] "POST /wp-login.php HTTP/1.1" 403 80300 "https://RESIDENCIASSANANTONIO.COM/wp-login.php" "Mozilla/5.0 (X11; Linux x86_64) Gecko/20100101 Firefox/122.0"
57.141.0.38 - - [12/Mar/2026:08:46:12 -0400] "GET /shop/alley/cadaverous014186438213.shtml?path=/home/enciassa/public_html/wp-content/themes HTTP/1.1" 200 24782 "-" "meta-externalagent/1.1 (+https://developers.facebook.com/docs/sharing/webmasters/crawler)"
57.141.0.17 - - [12/Mar/2026:08:46:13 -0400] "GET /?c=3595269338 HTTP/1.1" 200 80300 "-" "meta-externalagent/1.1 (+https://developers.facebook.com/docs/sharing/webmasters/crawler)"
5.189.188.55 - - [12/Mar/2026:08:46:13 -0400] "POST /wp-login.php HTTP/1.1" 403 80300 "https://RESIDENCIASSANANTONIO.COM/wp-login.php" "Mozilla/5.0 (Windows NT 11.0; Win64; x64) AppleWebKit/537.36 (KHTML, like Gecko) Chrome/120.0.6099.130 Safari/537.36"
57.141.0.30 - - [12/Mar/2026:08:46:13 -0400] "GET /shop/alley/cadaverous014186438213.shtml?path=/home/enciassa/public_html/cgi-bin/cgi-bin HTTP/1.1" 200 20531 "-" "meta-externalagent/1.1 (+https://developers.facebook.com/docs/sharing/webmasters/crawler)"
57.141.0.70 - - [12/Mar/2026:08:46:14 -0400] "GET /shop/hypogene/harnessed062256384966.shtml?path=/ HTTP/1.1" 200 30425 "-" "meta-externalagent/1.1 (+https://developers.facebook.com/docs/sharing/webmasters/crawler)"
74.7.227.61 - - [12/Mar/2026:08:46:12 -0400] "GET /search.php?detail/2200266245556 HTTP/1.1" 200 162891 "https://residenciassanantonio.com/search.php?detail/22001073856669" "Mozilla/5.0 AppleWebKit/537.36 (KHTML, like Gecko; compatible; GPTBot/1.3; +https://openai.com/gptbot)"
57.141.0.40 - - [12/Mar/2026:08:46:14 -0400] "GET /shop/hypogene/harnessed062256384966.shtml?path=/home/enciassa/public_html HTTP/1.1" 200 80300 "-" "meta-externalagent/1.1 (+https://developers.facebook.com/docs/sharing/webmasters/crawler)"
5.189.188.55 - - [12/Mar/2026:08:46:15 -0400] "POST /wp-login.php HTTP/1.1" 403 80300 "https://RESIDENCIASSANANTONIO.COM/wp-login.php" "Mozilla/5.0 (X11; Linux x86_64) AppleWebKit/537.36 (KHTML, like Gecko) Chrome/118.0.5993.88 Safari/537.36"
57.141.0.53 - - [12/Mar/2026:08:46:15 -0400] "GET /shop/hypogene/harnessed062256384966.shtml?fileloc=/home/enciassa/public_html/wp-content/options.php&path=/home/enciassa/public_html/wp-content HTTP/1.1" 200 14877 "-" "meta-externalagent/1.1 (+https://developers.facebook.com/docs/sharing/webmasters/crawler)"
216.73.216.44 - - [12/Mar/2026:08:46:15 -0400] "GET /?fileloc=%2F%2Fvar%2Fsoftaculous%2Fzikula15%2Fupgrade.xml&path=%2F%2Fvar%2Fsoftaculous%2Fzikula15 HTTP/1.1" 200 12937 "-" "Mozilla/5.0 AppleWebKit/537.36 (KHTML, like Gecko; compatible; ClaudeBot/1.0; +claudebot@anthropic.com)"
57.141.0.34 - - [12/Mar/2026:08:46:15 -0400] "GET /shop/alley/cadaverous014186438213.shtml?fileloc=/home/enciassa/public_html/images/.htaccess&path=/home/enciassa/public_html/images HTTP/1.1" 200 12442 "-" "meta-externalagent/1.1 (+https://developers.facebook.com/docs/sharing/webmasters/crawler)"
57.141.0.33 - - [12/Mar/2026:08:46:16 -0400] "GET /shop/alley/cadaverous014186438213.shtml?path=/home/enciassa/public_html HTTP/1.1" 200 80300 "-" "meta-externalagent/1.1 (+https://developers.facebook.com/docs/sharing/webmasters/crawler)"
5.189.188.55 - - [12/Mar/2026:08:46:16 -0400] "POST /wp-login.php HTTP/1.1" 403 80300 "https://RESIDENCIASSANANTONIO.COM/wp-login.php" "Mozilla/5.0 (Macintosh; Intel Mac OS X 10_15_7) AppleWebKit/537.36 (KHTML, like Gecko) Chrome/122.0.6261.57 Safari/537.36"
57.141.0.13 - - [12/Mar/2026:08:46:16 -0400] "GET /shop/alley/cadaverous014186438213.shtml?path=/home/enciassa HTTP/1.1" 200 82539 "-" "meta-externalagent/1.1 (+https://developers.facebook.com/docs/sharing/webmasters/crawler)"
57.141.0.33 - - [12/Mar/2026:08:46:17 -0400] "GET /?c=3618600547 HTTP/1.1" 200 80300 "-" "meta-externalagent/1.1 (+https://developers.facebook.com/docs/sharing/webmasters/crawler)"
74.7.227.61 - - [12/Mar/2026:08:46:15 -0400] "GET /search.php?detail/2200266234333 HTTP/1.1" 200 166971 "https://residenciassanantonio.com/search.php?detail/22001073856669" "Mozilla/5.0 AppleWebKit/537.36 (KHTML, like Gecko; compatible; GPTBot/1.3; +https://openai.com/gptbot)"
5.189.188.55 - - [12/Mar/2026:08:46:17 -0400] "POST /wp-login.php HTTP/1.1" 403 80301 "https://RESIDENCIASSANANTONIO.COM/wp-login.php" "Mozilla/5.0 (Windows NT 10.0; Win64; x64) AppleWebKit/537.36 (KHTML, like Gecko) Chrome/119.0.0.0 Safari/537.36 Edg/119.0.2151.97"
57.141.0.50 - - [12/Mar/2026:08:46:17 -0400] "GET /shop/hypogene/harnessed062256384966.shtml?path=/home/enciassa HTTP/1.1" 200 82539 "-" "meta-externalagent/1.1 (+https://developers.facebook.com/docs/sharing/webmasters/crawler)"
57.141.0.25 - - [12/Mar/2026:08:46:18 -0400] "GET /shop/typhon/scrobiculae042954465750.shtml HTTP/1.1" 200 80300 "-" "meta-externalagent/1.1 (+https://developers.facebook.com/docs/sharing/webmasters/crawler)"
57.141.0.49 - - [12/Mar/2026:08:46:18 -0400] "GET /shop/carbazotate/stewpot062188045419.shtml?fileloc=/home/enciassa/public_html/.well-known/.htaccess&path=/home/enciassa/public_html/.well-known HTTP/1.1" 200 12606 "-" "meta-externalagent/1.1 (+https://developers.facebook.com/docs/sharing/webmasters/crawler)"
5.189.188.55 - - [12/Mar/2026:08:46:19 -0400] "POST /wp-login.php HTTP/1.1" 403 80300 "https://RESIDENCIASSANANTONIO.COM/wp-login.php" "Mozilla/5.0 (Windows NT 10.0; Win64; x64) AppleWebKit/537.36 (KHTML, like Gecko) Chrome/121.0.0.0 Safari/537.36 Edg/121.0.2277.83"
57.141.0.7 - - [12/Mar/2026:08:46:19 -0400] "GET /shop/hypogene/harnessed062256384966.shtml?path=/home HTTP/1.1" 200 13972 "-" "meta-externalagent/1.1 (+https://developers.facebook.com/docs/sharing/webmasters/crawler)"
57.141.0.27 - - [12/Mar/2026:08:46:20 -0400] "GET /shop/carbazotate/stewpot062188045419.shtml?path=/home/enciassa/public_html/.well-known/acme-challenge HTTP/1.1" 200 16103 "-" "meta-externalagent/1.1 (+https://developers.facebook.com/docs/sharing/webmasters/crawler)"
57.141.0.47 - - [12/Mar/2026:08:46:20 -0400] "GET /shop/carbazotate/stewpot062188045419.shtml?path=/home/enciassa/public_html/images/images HTTP/1.1" 200 18951 "-" "meta-externalagent/1.1 (+https://developers.facebook.com/docs/sharing/webmasters/crawler)"
5.189.188.55 - - [12/Mar/2026:08:46:20 -0400] "POST /wp-login.php HTTP/1.1" 403 80300 "https://RESIDENCIASSANANTONIO.COM/wp-login.php" "Mozilla/5.0 (Macintosh; Intel Mac OS X 12_6_2) AppleWebKit/605.1.15 (KHTML, like Gecko) Version/17.1 Safari/605.1.15"
216.73.216.44 - - [12/Mar/2026:08:46:20 -0400] "GET /?fileloc=%2F%2Flib%2F.build-id%2Fbd%2Fb84887eafc19f28ff40f61c43eff126e477509&path=%2F%2Flib%2F.build-id%2Fbd HTTP/1.1" 200 73504 "-" "Mozilla/5.0 AppleWebKit/537.36 (KHTML, like Gecko; compatible; ClaudeBot/1.0; +claudebot@anthropic.com)"
57.141.0.48 - - [12/Mar/2026:08:46:20 -0400] "GET /shop/carbazotate/stewpot062188045419.shtml?fileloc=/home/enciassa/public_html/images/.htaccess&path=/home/enciassa/public_html/images HTTP/1.1" 200 12442 "-" "meta-externalagent/1.1 (+https://developers.facebook.com/docs/sharing/webmasters/crawler)"
74.7.227.61 - - [12/Mar/2026:08:46:18 -0400] "GET /search.php?detail/172025502528 HTTP/1.1" 200 158631 "https://residenciassanantonio.com/search.php?detail/1720338827509" "Mozilla/5.0 AppleWebKit/537.36 (KHTML, like Gecko; compatible; GPTBot/1.3; +https://openai.com/gptbot)"
57.141.0.31 - - [12/Mar/2026:08:46:21 -0400] "GET /shop/gemmiparity/paroled061253600382.shtml?path=/home/enciassa HTTP/1.1" 200 82539 "-" "meta-externalagent/1.1 (+https://developers.facebook.com/docs/sharing/webmasters/crawler)"
5.189.188.55 - - [12/Mar/2026:08:46:21 -0400] "POST /wp-login.php HTTP/1.1" 403 80300 "https://RESIDENCIASSANANTONIO.COM/wp-login.php" "Mozilla/5.0 (Windows NT 10.0; Win64; x64) Gecko/20100101 Firefox/120.0.1"
57.141.0.67 - - [12/Mar/2026:08:46:21 -0400] "GET /shop/carbazotate/stewpot062188045419.shtml?fileloc=/home/enciassa/public_html/images/toggige-arrow.jpg&path=/home/enciassa/public_html/images HTTP/1.1" 200 43556 "-" "meta-externalagent/1.1 (+https://developers.facebook.com/docs/sharing/webmasters/crawler)"
57.141.0.26 - - [12/Mar/2026:08:46:22 -0400] "GET /shop/carbazotate/stewpot062188045419.shtml?path=/home/enciassa/public_html/.well-known/pki-validation HTTP/1.1" 200 19386 "-" "meta-externalagent/1.1 (+https://developers.facebook.com/docs/sharing/webmasters/crawler)"
5.189.188.55 - - [12/Mar/2026:08:46:22 -0400] "POST /wp-login.php HTTP/1.1" 403 80300 "https://RESIDENCIASSANANTONIO.COM/wp-login.php" "Mozilla/5.0 (Macintosh; Intel Mac OS X 11_7_2) AppleWebKit/605.1.15 (KHTML, like Gecko) Version/16.6.1 Safari/605.1.15"
57.141.0.60 - - [12/Mar/2026:08:46:22 -0400] "GET /shop/offense/quassation0232859214.shtml HTTP/1.1" 200 80301 "-" "meta-externalagent/1.1 (+https://developers.facebook.com/docs/sharing/webmasters/crawler)"
57.141.0.20 - - [12/Mar/2026:08:46:23 -0400] "GET /shop/alley/cadaverous014186438213.shtml?path=/home HTTP/1.1" 200 13972 "-" "meta-externalagent/1.1 (+https://developers.facebook.com/docs/sharing/webmasters/crawler)"
57.141.0.66 - - [12/Mar/2026:08:46:23 -0400] "GET /shop/gemmiparity/paroled061253600382.shtml?path=/ HTTP/1.1" 200 30425 "-" "meta-externalagent/1.1 (+https://developers.facebook.com/docs/sharing/webmasters/crawler)"
74.7.227.61 - - [12/Mar/2026:08:46:21 -0400] "GET /search.php?detail/202030274792 HTTP/1.1" 200 159905 "https://residenciassanantonio.com/search.php?detail/01800274623837" "Mozilla/5.0 AppleWebKit/537.36 (KHTML, like Gecko; compatible; GPTBot/1.3; +https://openai.com/gptbot)"
5.189.188.55 - - [12/Mar/2026:08:46:23 -0400] "POST /wp-login.php HTTP/1.1" 403 80300 "https://RESIDENCIASSANANTONIO.COM/wp-login.php" "Mozilla/5.0 (Windows NT 11.0; Win64; x64) AppleWebKit/537.36 (KHTML, like Gecko) Chrome/122.0.6261.57 Safari/537.36"
57.141.0.71 - - [12/Mar/2026:08:46:24 -0400] "GET /?c=379477024 HTTP/1.1" 200 80300 "-" "meta-externalagent/1.1 (+https://developers.facebook.com/docs/sharing/webmasters/crawler)"
5.189.188.55 - - [12/Mar/2026:08:46:25 -0400] "POST /wp-login.php HTTP/1.1" 403 80300 "https://RESIDENCIASSANANTONIO.COM/wp-login.php" "Mozilla/5.0 (Windows NT 10.0; Win64; x64) AppleWebKit/537.36 (KHTML, like Gecko) Chrome/122.0.6261.57 Safari/537.36"
57.141.0.67 - - [12/Mar/2026:08:46:24 -0400] "GET /shop/gemmiparity/paroled061253600382.shtml?path=/home/enciassa/public_html HTTP/1.1" 200 80300 "-" "meta-externalagent/1.1 (+https://developers.facebook.com/docs/sharing/webmasters/crawler)"
57.141.0.42 - - [12/Mar/2026:08:46:25 -0400] "GET /shop/gemmiparity/paroled061253600382.shtml?path=/home HTTP/1.1" 200 13972 "-" "meta-externalagent/1.1 (+https://developers.facebook.com/docs/sharing/webmasters/crawler)"
57.141.0.31 - - [12/Mar/2026:08:46:25 -0400] "GET /?c=1909258148 HTTP/1.1" 200 80300 "-" "meta-externalagent/1.1 (+https://developers.facebook.com/docs/sharing/webmasters/crawler)"
5.189.188.55 - - [12/Mar/2026:08:46:26 -0400] "POST /wp-login.php HTTP/1.1" 403 80300 "https://RESIDENCIASSANANTONIO.COM/wp-login.php" "Mozilla/5.0 (Windows NT 10.0; Win64; x64) Gecko/20100101 Firefox/119.0.1"
57.141.0.63 - - [12/Mar/2026:08:46:26 -0400] "GET /shop/carbazotate/stewpot062188045419.shtml?path=/home/enciassa/public_html/wp-content/maintenance HTTP/1.1" 200 20678 "-" "meta-externalagent/1.1 (+https://developers.facebook.com/docs/sharing/webmasters/crawler)"
216.73.216.44 - - [12/Mar/2026:08:46:26 -0400] "GET /?fileloc=%2F%2Flib64%2Ftcl8.6%2FTix8.4.3%2FEFileBox.tcl&path=%2F%2Flib64%2Ftcl8.6%2FTix8.4.3 HTTP/1.1" 200 24081 "-" "Mozilla/5.0 AppleWebKit/537.36 (KHTML, like Gecko; compatible; ClaudeBot/1.0; +claudebot@anthropic.com)"
57.141.0.45 - - [12/Mar/2026:08:46:26 -0400] "GET /shop/carbazotate/stewpot062188045419.shtml?path=/home/enciassa/public_html/wp-content/brce4cdd HTTP/1.1" 200 22188 "-" "meta-externalagent/1.1 (+https://developers.facebook.com/docs/sharing/webmasters/crawler)"
57.141.0.60 - - [12/Mar/2026:08:46:27 -0400] "GET /shop/carbazotate/stewpot062188045419.shtml?fileloc=/home/enciassa/public_html/wp-content/index.php&path=/home/enciassa/public_html/wp-content HTTP/1.1" 200 12485 "-" "meta-externalagent/1.1 (+https://developers.facebook.com/docs/sharing/webmasters/crawler)"
5.189.188.55 - - [12/Mar/2026:08:46:27 -0400] "POST /wp-login.php HTTP/1.1" 403 80300 "https://RESIDENCIASSANANTONIO.COM/wp-login.php" "Mozilla/5.0 (Macintosh; Intel Mac OS X 10_15_7) AppleWebKit/537.36 (KHTML, like Gecko) Chrome/118.0.5993.88 Safari/537.36"
57.141.0.63 - - [12/Mar/2026:08:46:27 -0400] "GET /shop/carbazotate/stewpot062188045419.shtml?path=/home/enciassa/public_html/wp-content/languages HTTP/1.1" 200 138484 "-" "meta-externalagent/1.1 (+https://developers.facebook.com/docs/sharing/webmasters/crawler)"
74.7.227.61 - - [12/Mar/2026:08:46:24 -0400] "GET /search.php?detail/08603265134804 HTTP/1.1" 200 156903 "https://residenciassanantonio.com/search.php?detail/086008348678" "Mozilla/5.0 AppleWebKit/537.36 (KHTML, like Gecko; compatible; GPTBot/1.3; +https://openai.com/gptbot)"
57.141.0.70 - - [12/Mar/2026:08:46:28 -0400] "GET /shop/carbazotate/stewpot062188045419.shtml?path=/home/enciassa/public_html/wp-content/themes HTTP/1.1" 200 24782 "-" "meta-externalagent/1.1 (+https://developers.facebook.com/docs/sharing/webmasters/crawler)"
57.141.0.60 - - [12/Mar/2026:08:46:28 -0400] "GET /shop/carbazotate/stewpot062188045419.shtml?fileloc=/home/enciassa/public_html/wp-content/options.php&path=/home/enciassa/public_html/wp-content HTTP/1.1" 200 14877 "-" "meta-externalagent/1.1 (+https://developers.facebook.com/docs/sharing/webmasters/crawler)"
5.189.188.55 - - [12/Mar/2026:08:46:28 -0400] "POST /wp-login.php HTTP/1.1" 403 80301 "https://RESIDENCIASSANANTONIO.COM/wp-login.php" "Mozilla/5.0 (X11; Ubuntu; Linux x86_64) AppleWebKit/537.36 (KHTML, like Gecko) Chrome/121.0.6167.85 Safari/537.36"
57.141.0.72 - - [12/Mar/2026:08:46:29 -0400] "GET /shop/corniculum/fibreglass011613165740.shtml HTTP/1.1" 200 80300 "-" "meta-externalagent/1.1 (+https://developers.facebook.com/docs/sharing/webmasters/crawler)"
5.189.188.55 - - [12/Mar/2026:08:46:29 -0400] "POST /wp-login.php HTTP/1.1" 403 80300 "https://RESIDENCIASSANANTONIO.COM/wp-login.php" "Mozilla/5.0 (Macintosh; Intel Mac OS X 10.15) Gecko/20100101 Firefox/121.0"
57.141.0.66 - - [12/Mar/2026:08:46:29 -0400] "GET /?c=1993837111 HTTP/1.1" 200 80300 "-" "meta-externalagent/1.1 (+https://developers.facebook.com/docs/sharing/webmasters/crawler)"
57.141.0.21 - - [12/Mar/2026:08:46:30 -0400] "GET /shop/carbazotate/stewpot062188045419.shtml?path=/home/enciassa/public_html/wp-content/upgrade HTTP/1.1" 200 12910 "-" "meta-externalagent/1.1 (+https://developers.facebook.com/docs/sharing/webmasters/crawler)"
5.189.188.55 - - [12/Mar/2026:08:46:31 -0400] "POST /wp-login.php HTTP/1.1" 403 80300 "https://RESIDENCIASSANANTONIO.COM/wp-login.php" "Mozilla/5.0 (Windows NT 10.0; Win64; x64) AppleWebKit/537.36 (KHTML, like Gecko) Chrome/121.0.6167.85 Safari/537.36"
57.141.0.23 - - [12/Mar/2026:08:46:31 -0400] "GET /shop/deliberate/salivated023258712539.shtml?fileloc=/home/enciassa/public_html/wp-includes/block-patterns.php&path=/home/enciassa/public_html/wp-includes HTTP/1.1" 200 27828 "-" "meta-externalagent/1.1 (+https://developers.facebook.com/docs/sharing/webmasters/crawler)"
216.73.216.44 - - [12/Mar/2026:08:46:31 -0400] "GET /?fileloc=%2F%2Fvar%2Fsoftaculous%2Fpresta14%2Finstall.xml&path=%2F%2Fvar%2Fsoftaculous%2Fpresta14 HTTP/1.1" 200 15080 "-" "Mozilla/5.0 AppleWebKit/537.36 (KHTML, like Gecko; compatible; ClaudeBot/1.0; +claudebot@anthropic.com)"
57.141.0.23 - - [12/Mar/2026:08:46:31 -0400] "GET /shop/carbazotate/stewpot062188045419.shtml?path=/home/enciassa/public_html/wp-content/ai1wm-backups HTTP/1.1" 200 24004 "-" "meta-externalagent/1.1 (+https://developers.facebook.com/docs/sharing/webmasters/crawler)"
74.7.227.61 - - [12/Mar/2026:08:46:28 -0400] "GET /search.php?detail/1720255001018 HTTP/1.1" 200 159263 "https://residenciassanantonio.com/search.php?detail/1720338827509" "Mozilla/5.0 AppleWebKit/537.36 (KHTML, like Gecko; compatible; GPTBot/1.3; +https://openai.com/gptbot)"
57.141.0.31 - - [12/Mar/2026:08:46:31 -0400] "GET /shop/carbazotate/stewpot062188045419.shtml?path=/home/enciassa/public_html/wp-content/ninjascanner HTTP/1.1" 200 19034 "-" "meta-externalagent/1.1 (+https://developers.facebook.com/docs/sharing/webmasters/crawler)"
57.141.0.68 - - [12/Mar/2026:08:46:32 -0400] "GET /shop/deliberate/salivated023258712539.shtml?fileloc=/home/enciassa/public_html/2affef/index.php&path=/home/enciassa/public_html/2affef HTTP/1.1" 200 12648 "-" "meta-externalagent/1.1 (+https://developers.facebook.com/docs/sharing/webmasters/crawler)"
5.189.188.55 - - [12/Mar/2026:08:46:32 -0400] "POST /wp-login.php HTTP/1.1" 403 80300 "https://RESIDENCIASSANANTONIO.COM/wp-login.php" "Mozilla/5.0 (Windows NT 10.0; Win64; x64) AppleWebKit/537.36 (KHTML, like Gecko) Chrome/120.0.6099.130 Safari/537.36"
57.141.0.22 - - [12/Mar/2026:08:46:32 -0400] "GET /shop/carbazotate/stewpot062188045419.shtml?fileloc=/home/enciassa/public_html/wp-content/admin.php&path=/home/enciassa/public_html/wp-content HTTP/1.1" 200 16297 "-" "meta-externalagent/1.1 (+https://developers.facebook.com/docs/sharing/webmasters/crawler)"
57.141.0.42 - - [12/Mar/2026:08:46:33 -0400] "GET /shop/carbazotate/stewpot062188045419.shtml?fileloc=/home/enciassa/public_html/wp-content/themes.php&path=/home/enciassa/public_html/wp-content HTTP/1.1" 200 14780 "-" "meta-externalagent/1.1 (+https://developers.facebook.com/docs/sharing/webmasters/crawler)"
57.141.0.59 - - [12/Mar/2026:08:46:33 -0400] "GET /shop/carbazotate/stewpot062188045419.shtml?fileloc=/home/enciassa/public_html/2929a/.htaccess&path=/home/enciassa/public_html/2929a HTTP/1.1" 200 12439 "-" "meta-externalagent/1.1 (+https://developers.facebook.com/docs/sharing/webmasters/crawler)"
5.189.188.55 - - [12/Mar/2026:08:46:33 -0400] "POST /wp-login.php HTTP/1.1" 403 80300 "https://RESIDENCIASSANANTONIO.COM/wp-login.php" "Mozilla/5.0 (Macintosh; Intel Mac OS X 13_6_2) AppleWebKit/537.36 (KHTML, like Gecko) Chrome/121.0.6167.85 Safari/537.36"
57.141.0.54 - - [12/Mar/2026:08:46:34 -0400] "GET /shop/deliberate/salivated023258712539.shtml?fileloc=/home/enciassa/public_html/2affef/.htaccess&path=/home/enciassa/public_html/2affef HTTP/1.1" 200 12442 "-" "meta-externalagent/1.1 (+https://developers.facebook.com/docs/sharing/webmasters/crawler)"
57.141.0.21 - - [12/Mar/2026:08:46:34 -0400] "GET /shop/carbazotate/stewpot062188045419.shtml?path=/home/enciassa/public_html/2929a/2929a HTTP/1.1" 200 18916 "-" "meta-externalagent/1.1 (+https://developers.facebook.com/docs/sharing/webmasters/crawler)"
5.189.188.55 - - [12/Mar/2026:08:46:34 -0400] "POST /wp-login.php HTTP/1.1" 403 80300 "https://RESIDENCIASSANANTONIO.COM/wp-login.php" "Mozilla/5.0 (X11; Linux x86_64) Gecko/20100101 Firefox/121.0"
57.141.0.48 - - [12/Mar/2026:08:46:35 -0400] "GET /shop/deliberate/salivated023258712539.shtml?path=/home/enciassa/public_html/wp-includes/assets HTTP/1.1" 200 29285 "-" "meta-externalagent/1.1 (+https://developers.facebook.com/docs/sharing/webmasters/crawler)"
74.7.227.61 - - [12/Mar/2026:08:46:32 -0400] "GET /search.php?detail/00303318780060 HTTP/1.1" 200 158739 "https://residenciassanantonio.com/search.php?detail/00303635536596" "Mozilla/5.0 AppleWebKit/537.36 (KHTML, like Gecko; compatible; GPTBot/1.3; +https://openai.com/gptbot)"
57.141.0.10 - - [12/Mar/2026:08:46:35 -0400] "GET /shop/carbazotate/stewpot062188045419.shtml?fileloc=/home/enciassa/public_html/wp-content/.htaccess&path=/home/enciassa/public_html/wp-content HTTP/1.1" 200 12454 "-" "meta-externalagent/1.1 (+https://developers.facebook.com/docs/sharing/webmasters/crawler)"
216.73.216.44 - - [12/Mar/2026:08:46:36 -0400] "GET /?fileloc=%2F%2Fvar%2Fsoftaculous%2Fmoodle39%2Fprivatekey.php&path=%2F%2Fvar%2Fsoftaculous%2Fmoodle39 HTTP/1.1" 200 13362 "-" "Mozilla/5.0 AppleWebKit/537.36 (KHTML, like Gecko; compatible; ClaudeBot/1.0; +claudebot@anthropic.com)"
5.189.188.55 - - [12/Mar/2026:08:46:36 -0400] "POST /wp-login.php HTTP/1.1" 403 80300 "https://RESIDENCIASSANANTONIO.COM/wp-login.php" "Mozilla/5.0 (X11; Ubuntu; Linux x86_64) AppleWebKit/537.36 (KHTML, like Gecko) Chrome/122.0.6261.57 Safari/537.36"
57.141.0.17 - - [12/Mar/2026:08:46:36 -0400] "GET /shop/carbazotate/stewpot062188045419.shtml?fileloc=/home/enciassa/public_html/wp-content/uyizwghr.php&path=/home/enciassa/public_html/wp-content HTTP/1.1" 200 14920 "-" "meta-externalagent/1.1 (+https://developers.facebook.com/docs/sharing/webmasters/crawler)"
57.141.0.24 - - [12/Mar/2026:08:46:36 -0400] "GET /shop/deliberate/salivated023258712539.shtml?fileloc=/home/enciassa/public_html/wp-includes/class-wp-block-type.php&path=/home/enciassa/public_html/wp-includes HTTP/1.1" 200 30299 "-" "meta-externalagent/1.1 (+https://developers.facebook.com/docs/sharing/webmasters/crawler)"
57.141.0.49 - - [12/Mar/2026:08:46:37 -0400] "GET /shop/deliberate/salivated023258712539.shtml?fileloc=/home/enciassa/public_html/wp-admin/options-permalink.php&path=/home/enciassa/public_html/wp-admin HTTP/1.1" 200 40111 "-" "meta-externalagent/1.1 (+https://developers.facebook.com/docs/sharing/webmasters/crawler)"
5.189.188.55 - - [12/Mar/2026:08:46:37 -0400] "POST /wp-login.php HTTP/1.1" 403 80300 "https://RESIDENCIASSANANTONIO.COM/wp-login.php" "Mozilla/5.0 (X11; Ubuntu; Linux x86_64; rv:120.0.1) Gecko/20100101 Firefox/120.0.1"
57.141.0.63 - - [12/Mar/2026:08:46:37 -0400] "GET /shop/deliberate/salivated023258712539.shtml?fileloc=/home/enciassa/public_html/wp-includes/class-smtp.php&path=/home/enciassa/public_html/wp-includes HTTP/1.1" 200 12972 "-" "meta-externalagent/1.1 (+https://developers.facebook.com/docs/sharing/webmasters/crawler)"
57.141.0.19 - - [12/Mar/2026:08:46:38 -0400] "GET /shop/deliberate/salivated023258712539.shtml?fileloc=/home/enciassa/public_html/wp-includes/category-template.php&path=/home/enciassa/public_html/wp-includes HTTP/1.1" 200 76265 "-" "meta-externalagent/1.1 (+https://developers.facebook.com/docs/sharing/webmasters/crawler)"
5.189.188.55 - - [12/Mar/2026:08:46:38 -0400] "POST /wp-login.php HTTP/1.1" 403 80300 "https://RESIDENCIASSANANTONIO.COM/wp-login.php" "Mozilla/5.0 (X11; Ubuntu; Linux x86_64) AppleWebKit/537.36 (KHTML, like Gecko) Chrome/120.0.6099.130 Safari/537.36"
57.141.0.4 - - [12/Mar/2026:08:46:38 -0400] "GET /shop/carbazotate/stewpot062188045419.shtml?path=/home/enciassa/public_html/wp-content/aiowps_backups HTTP/1.1" 200 16115 "-" "meta-externalagent/1.1 (+https://developers.facebook.com/docs/sharing/webmasters/crawler)"
74.7.227.61 - - [12/Mar/2026:08:46:36 -0400] "GET /search.php?detail/03503673988562 HTTP/1.1" 200 160395 "https://residenciassanantonio.com/search.php?detail/035036736014" "Mozilla/5.0 AppleWebKit/537.36 (KHTML, like Gecko; compatible; GPTBot/1.3; +https://openai.com/gptbot)"
57.141.0.20 - - [12/Mar/2026:08:46:39 -0400] "GET /shop/deliberate/salivated023258712539.shtml?fileloc=/home/enciassa/public_html/wp-includes/default-constants.php&path=/home/enciassa/public_html/wp-includes HTTP/1.1" 200 25457 "-" "meta-externalagent/1.1 (+https://developers.facebook.com/docs/sharing/webmasters/crawler)"
5.189.188.55 - - [12/Mar/2026:08:46:39 -0400] "POST /wp-login.php HTTP/1.1" 403 80300 "https://RESIDENCIASSANANTONIO.COM/wp-login.php" "Mozilla/5.0 (Macintosh; Intel Mac OS X 11_7_2) AppleWebKit/605.1.15 (KHTML, like Gecko) Version/17.2.1 Safari/605.1.15"
57.141.0.47 - - [12/Mar/2026:08:46:39 -0400] "GET /shop/carbazotate/stewpot062188045419.shtml?path=/home/enciassa/public_html/wp-content/uploads HTTP/1.1" 200 31770 "-" "meta-externalagent/1.1 (+https://developers.facebook.com/docs/sharing/webmasters/crawler)"
57.141.0.63 - - [12/Mar/2026:08:46:40 -0400] "GET /shop/deliberate/salivated023258712539.shtml?path=/home/enciassa/public_html/wp-includes/sodium_compat HTTP/1.1" 200 29970 "-" "meta-externalagent/1.1 (+https://developers.facebook.com/docs/sharing/webmasters/crawler)"
57.141.0.2 - - [12/Mar/2026:08:46:40 -0400] "GET /shop/deliberate/salivated023258712539.shtml?fileloc=/home/enciassa/public_html/wp-includes/class-wp-taxonomy.php&path=/home/enciassa/public_html/wp-includes HTTP/1.1" 200 33659 "-" "meta-externalagent/1.1 (+https://developers.facebook.com/docs/sharing/webmasters/crawler)"
5.189.188.55 - - [12/Mar/2026:08:46:41 -0400] "POST /wp-login.php HTTP/1.1" 403 80301 "https://RESIDENCIASSANANTONIO.COM/wp-login.php" "Mozilla/5.0 (Macintosh; Intel Mac OS X 10.15) Gecko/20100101 Firefox/120.0.1"
216.73.216.44 - - [12/Mar/2026:08:46:41 -0400] "GET /?fileloc=%2F%2Fvar%2Fsoftaculous%2Fshopware%2Finfo.xml&path=%2F%2Fvar%2Fsoftaculous%2Fshopware HTTP/1.1" 200 17896 "-" "Mozilla/5.0 AppleWebKit/537.36 (KHTML, like Gecko; compatible; ClaudeBot/1.0; +claudebot@anthropic.com)"
57.141.0.10 - - [12/Mar/2026:08:46:41 -0400] "GET /shop/deliberate/salivated023258712539.shtml?fileloc=/home/enciassa/public_html/wp-includes/rewrite.php&path=/home/enciassa/public_html/wp-includes HTTP/1.1" 200 33792 "-" "meta-externalagent/1.1 (+https://developers.facebook.com/docs/sharing/webmasters/crawler)"
57.141.0.55 - - [12/Mar/2026:08:46:41 -0400] "GET /shop/deliberate/salivated023258712539.shtml?fileloc=/home/enciassa/public_html/wp-includes/class-wp-theme-json-schema.php&path=/home/enciassa/public_html/wp-includes HTTP/1.1" 200 20551 "-" "meta-externalagent/1.1 (+https://developers.facebook.com/docs/sharing/webmasters/crawler)"
5.189.188.55 - - [12/Mar/2026:08:46:42 -0400] "POST /wp-login.php HTTP/1.1" 403 80300 "https://RESIDENCIASSANANTONIO.COM/wp-login.php" "Mozilla/5.0 (Windows NT 11.0; Win64; x64) AppleWebKit/537.36 (KHTML, like Gecko) Chrome/120.0.6099.130 Safari/537.36"
57.141.0.45 - - [12/Mar/2026:08:46:42 -0400] "GET /shop/deliberate/salivated023258712539.shtml?fileloc=/home/enciassa/public_html/wp-includes/class-wp-list-util.php&path=/home/enciassa/public_html/wp-includes HTTP/1.1" 200 20353 "-" "meta-externalagent/1.1 (+https://developers.facebook.com/docs/sharing/webmasters/crawler)"
57.141.0.28 - - [12/Mar/2026:08:46:42 -0400] "GET /shop/deliberate/salivated023258712539.shtml?fileloc=/home/enciassa/public_html/wp-includes/class-wp-customize-panel.php&path=/home/enciassa/public_html/wp-includes HTTP/1.1" 200 24149 "-" "meta-externalagent/1.1 (+https://developers.facebook.com/docs/sharing/webmasters/crawler)"
74.7.227.61 - - [12/Mar/2026:08:46:39 -0400] "GET /search.php?detail/11900365225449 HTTP/1.1" 200 167671 "https://residenciassanantonio.com/search.php?jp/186003670.html" "Mozilla/5.0 AppleWebKit/537.36 (KHTML, like Gecko; compatible; GPTBot/1.3; +https://openai.com/gptbot)"
57.141.0.31 - - [12/Mar/2026:08:46:43 -0400] "GET /shop/deliberate/salivated023258712539.shtml?fileloc=/home/enciassa/public_html/wp-includes/.htaccess&path=/home/enciassa/public_html/wp-includes HTTP/1.1" 200 12457 "-" "meta-externalagent/1.1 (+https://developers.facebook.com/docs/sharing/webmasters/crawler)"
5.189.188.55 - - [12/Mar/2026:08:46:43 -0400] "POST /wp-login.php HTTP/1.1" 403 80300 "https://RESIDENCIASSANANTONIO.COM/wp-login.php" "Mozilla/5.0 (Windows NT 10.0; Win64; x64) AppleWebKit/537.36 (KHTML, like Gecko) Chrome/118.0.5993.88 Safari/537.36"
57.141.0.38 - - [12/Mar/2026:08:46:43 -0400] "GET /shop/deliberate/salivated023258712539.shtml?fileloc=/home/enciassa/public_html/wp-includes/bookmark.php&path=/home/enciassa/public_html/wp-includes HTTP/1.1" 200 30300 "-" "meta-externalagent/1.1 (+https://developers.facebook.com/docs/sharing/webmasters/crawler)"
5.189.188.55 - - [12/Mar/2026:08:46:44 -0400] "POST /wp-login.php HTTP/1.1" 403 80300 "https://RESIDENCIASSANANTONIO.COM/wp-login.php" "Mozilla/5.0 (Windows NT 10.0; Win64; x64) AppleWebKit/537.36 (KHTML, like Gecko) Chrome/119.0.0.0 Safari/537.36 Edg/119.0.2151.97"
57.141.0.3 - - [12/Mar/2026:08:46:44 -0400] "GET /shop/deliberate/salivated023258712539.shtml?fileloc=/home/enciassa/public_html/wp-includes/block-i18n.json&path=/home/enciassa/public_html/wp-includes HTTP/1.1" 200 12939 "-" "meta-externalagent/1.1 (+https://developers.facebook.com/docs/sharing/webmasters/crawler)"
57.141.0.13 - - [12/Mar/2026:08:46:44 -0400] "GET /shop/deliberate/salivated023258712539.shtml?fileloc=/home/enciassa/public_html/wp-includes/wp-diff.php&path=/home/enciassa/public_html/wp-includes HTTP/1.1" 200 13356 "-" "meta-externalagent/1.1 (+https://developers.facebook.com/docs/sharing/webmasters/crawler)"
57.141.0.21 - - [12/Mar/2026:08:46:45 -0400] "GET /shop/deliberate/salivated023258712539.shtml?path=/home/enciassa/public_html/wp-includes/SimplePie HTTP/1.1" 200 18927 "-" "meta-externalagent/1.1 (+https://developers.facebook.com/docs/sharing/webmasters/crawler)"
5.189.188.55 - - [12/Mar/2026:08:46:45 -0400] "POST /wp-login.php HTTP/1.1" 403 80300 "https://RESIDENCIASSANANTONIO.COM/wp-login.php" "Mozilla/5.0 (X11; Linux x86_64) AppleWebKit/537.36 (KHTML, like Gecko) Chrome/119.0.6045.159 Safari/537.36"
57.141.0.3 - - [12/Mar/2026:08:46:45 -0400] "GET /shop/deliberate/salivated023258712539.shtml?fileloc=/home/enciassa/public_html/wp-includes/class-json.php&path=/home/enciassa/public_html/wp-includes HTTP/1.1" 200 59273 "-" "meta-externalagent/1.1 (+https://developers.facebook.com/docs/sharing/webmasters/crawler)"
74.7.227.61 - - [12/Mar/2026:08:46:43 -0400] "GET /search.php?detail/1370358514980 HTTP/1.1" 200 153528 "https://residenciassanantonio.com/search.php?detail/08604967300000" "Mozilla/5.0 AppleWebKit/537.36 (KHTML, like Gecko; compatible; GPTBot/1.3; +https://openai.com/gptbot)"
216.73.216.44 - - [12/Mar/2026:08:46:46 -0400] "GET /?fileloc=%2F%2Fvar%2Fsoftaculous%2Fmagento247%2Finstall.php&path=%2F%2Fvar%2Fsoftaculous%2Fmagento247 HTTP/1.1" 200 35243 "-" "Mozilla/5.0 AppleWebKit/537.36 (KHTML, like Gecko; compatible; ClaudeBot/1.0; +claudebot@anthropic.com)"
57.141.0.14 - - [12/Mar/2026:08:46:46 -0400] "GET /shop/deliberate/salivated023258712539.shtml?fileloc=/home/enciassa/public_html/wp-includes/update.php&path=/home/enciassa/public_html/wp-includes HTTP/1.1" 200 54295 "-" "meta-externalagent/1.1 (+https://developers.facebook.com/docs/sharing/webmasters/crawler)"
5.189.188.55 - - [12/Mar/2026:08:46:46 -0400] "POST /wp-login.php HTTP/1.1" 403 80300 "https://RESIDENCIASSANANTONIO.COM/wp-login.php" "Mozilla/5.0 (Windows NT 10.0; Win64; x64) Gecko/20100101 Firefox/121.0"
57.141.0.6 - - [12/Mar/2026:08:46:46 -0400] "GET /shop/deliberate/salivated023258712539.shtml?fileloc=/home/enciassa/public_html/wp-includes/class-wp-feed-cache.php&path=/home/enciassa/public_html/wp-includes HTTP/1.1" 200 13493 "-" "meta-externalagent/1.1 (+https://developers.facebook.com/docs/sharing/webmasters/crawler)"
57.141.0.47 - - [12/Mar/2026:08:46:46 -0400] "GET /shop/deliberate/salivated023258712539.shtml?fileloc=/home/enciassa/public_html/wp-includes/class-phpass.php&path=/home/enciassa/public_html/wp-includes HTTP/1.1" 200 19765 "-" "meta-externalagent/1.1 (+https://developers.facebook.com/docs/sharing/webmasters/crawler)"
57.141.0.11 - - [12/Mar/2026:08:46:47 -0400] "GET /shop/deliberate/salivated023258712539.shtml?path=/home/enciassa/public_html/wp-includes/Requests HTTP/1.1" 200 17333 "-" "meta-externalagent/1.1 (+https://developers.facebook.com/docs/sharing/webmasters/crawler)"
5.189.188.55 - - [12/Mar/2026:08:46:47 -0400] "POST /wp-login.php HTTP/1.1" 403 80300 "https://RESIDENCIASSANANTONIO.COM/wp-login.php" "Mozilla/5.0 (Macintosh; Intel Mac OS X 10_15_7) AppleWebKit/537.36 (KHTML, like Gecko) Chrome/118.0.5993.88 Safari/537.36"
57.141.0.35 - - [12/Mar/2026:08:46:48 -0400] "GET /shop/deliberate/salivated023258712539.shtml?fileloc=/home/enciassa/public_html/wp-includes/class-walker-nav-menu.php&path=/home/enciassa/public_html/wp-includes HTTP/1.1" 200 25724 "-" "meta-externalagent/1.1 (+https://developers.facebook.com/docs/sharing/webmasters/crawler)"
57.141.0.30 - - [12/Mar/2026:08:46:48 -0400] "GET /shop/deliberate/salivated023258712539.shtml?fileloc=/home/enciassa/public_html/wp-includes/compat.php&path=/home/enciassa/public_html/wp-includes HTTP/1.1" 200 29440 "-" "meta-externalagent/1.1 (+https://developers.facebook.com/docs/sharing/webmasters/crawler)"
5.189.188.55 - - [12/Mar/2026:08:46:49 -0400] "POST /wp-login.php HTTP/1.1" 403 80300 "https://RESIDENCIASSANANTONIO.COM/wp-login.php" "Mozilla/5.0 (Windows NT 10.0; Win64; x64) Gecko/20100101 Firefox/120.0.1"
57.141.0.67 - - [12/Mar/2026:08:46:49 -0400] "GET /shop/deliberate/salivated023258712539.shtml?path=/home/enciassa/public_html/wp-includes/l10n HTTP/1.1" 200 22632 "-" "meta-externalagent/1.1 (+https://developers.facebook.com/docs/sharing/webmasters/crawler)"
74.7.227.61 - - [12/Mar/2026:08:46:47 -0400] "GET /search.php?detail/209024361546 HTTP/1.1" 200 157952 "https://residenciassanantonio.com/search.php?detail/099009635110" "Mozilla/5.0 AppleWebKit/537.36 (KHTML, like Gecko; compatible; GPTBot/1.3; +https://openai.com/gptbot)"
57.141.0.3 - - [12/Mar/2026:08:46:49 -0400] "GET /shop/deliberate/salivated023258712539.shtml?fileloc=/home/enciassa/public_html/wp-admin/lJFAMx.php&path=/home/enciassa/public_html/wp-admin HTTP/1.1" 200 50595 "-" "meta-externalagent/1.1 (+https://developers.facebook.com/docs/sharing/webmasters/crawler)"
57.141.0.72 - - [12/Mar/2026:08:46:50 -0400] "GET /shop/deliberate/salivated023258712539.shtml?fileloc=/home/enciassa/public_html/wp-includes/global-styles-and-settings.php&path=/home/enciassa/public_html/wp-includes HTTP/1.1" 200 35590 "-" "meta-externalagent/1.1 (+https://developers.facebook.com/docs/sharing/webmasters/crawler)"
5.189.188.55 - - [12/Mar/2026:08:46:50 -0400] "POST /wp-login.php HTTP/1.1" 403 80300 "https://RESIDENCIASSANANTONIO.COM/wp-login.php" "Mozilla/5.0 (Macintosh; Intel Mac OS X 10_15_7) AppleWebKit/537.36 (KHTML, like Gecko) Chrome/121.0.6167.85 Safari/537.36"
57.141.0.8 - - [12/Mar/2026:08:46:50 -0400] "GET /shop/deliberate/salivated023258712539.shtml?fileloc=/home/enciassa/public_html/wp-includes/https-migration.php&path=/home/enciassa/public_html/wp-includes HTTP/1.1" 200 17552 "-" "meta-externalagent/1.1 (+https://developers.facebook.com/docs/sharing/webmasters/crawler)"
57.141.0.56 - - [12/Mar/2026:08:46:50 -0400] "GET /shop/carbazotate/stewpot062188045419.shtml?path=/home/enciassa/public_html/wp-content/upgrade-temp-backup HTTP/1.1" 200 12934 "-" "meta-externalagent/1.1 (+https://developers.facebook.com/docs/sharing/webmasters/crawler)"
216.73.216.44 - - [12/Mar/2026:08:46:51 -0400] "GET /?fileloc=%2F%2Fvar%2Fsoftaculous%2Fmoodle310%2Fedit.xml&path=%2F%2Fvar%2Fsoftaculous%2Fmoodle310 HTTP/1.1" 200 13033 "-" "Mozilla/5.0 AppleWebKit/537.36 (KHTML, like Gecko; compatible; ClaudeBot/1.0; +claudebot@anthropic.com)"
57.141.0.6 - - [12/Mar/2026:08:46:51 -0400] "GET /shop/deliberate/salivated023258712539.shtml?fileloc=/home/enciassa/public_html/wp-includes/sitemaps.php&path=/home/enciassa/public_html/wp-includes HTTP/1.1" 200 15855 "-" "meta-externalagent/1.1 (+https://developers.facebook.com/docs/sharing/webmasters/crawler)"
5.189.188.55 - - [12/Mar/2026:08:46:51 -0400] "POST /wp-login.php HTTP/1.1" 403 80300 "https://RESIDENCIASSANANTONIO.COM/wp-login.php" "Mozilla/5.0 (Windows NT 10.0; Win64; x64) AppleWebKit/537.36 (KHTML, like Gecko) Chrome/120.0.0.0 Safari/537.36 Edg/120.0.2210.133"
57.141.0.64 - - [12/Mar/2026:08:46:52 -0400] "GET /shop/deliberate/salivated023258712539.shtml?fileloc=/home/enciassa/public_html/wp-includes/block-template-utils.php&path=/home/enciassa/public_html/wp-includes HTTP/1.1" 200 81579 "-" "meta-externalagent/1.1 (+https://developers.facebook.com/docs/sharing/webmasters/crawler)"
57.141.0.42 - - [12/Mar/2026:08:46:52 -0400] "GET /shop/deliberate/salivated023258712539.shtml?fileloc=/home/enciassa/public_html/wp-includes/class-wp-rewrite.php&path=/home/enciassa/public_html/wp-includes HTTP/1.1" 200 81180 "-" "meta-externalagent/1.1 (+https://developers.facebook.com/docs/sharing/webmasters/crawler)"
74.7.227.61 - - [12/Mar/2026:08:46:50 -0400] "GET /search.php?detail/220039377930 HTTP/1.1" 200 160395 "https://residenciassanantonio.com/search.php?detail/2200266245556" "Mozilla/5.0 AppleWebKit/537.36 (KHTML, like Gecko; compatible; GPTBot/1.3; +https://openai.com/gptbot)"
5.189.188.55 - - [12/Mar/2026:08:46:53 -0400] "POST /wp-login.php HTTP/1.1" 403 80300 "https://RESIDENCIASSANANTONIO.COM/wp-login.php" "Mozilla/5.0 (Macintosh; Intel Mac OS X 10.15) Gecko/20100101 Firefox/120.0.1"
57.141.0.1 - - [12/Mar/2026:08:46:53 -0400] "GET /shop/deliberate/salivated023258712539.shtml?fileloc=/home/enciassa/public_html/wp-includes/vars.php&path=/home/enciassa/public_html/wp-includes HTTP/1.1" 200 20013 "-" "meta-externalagent/1.1 (+https://developers.facebook.com/docs/sharing/webmasters/crawler)"
57.141.0.36 - - [12/Mar/2026:08:46:53 -0400] "GET /shop/deliberate/salivated023258712539.shtml?fileloc=/home/enciassa/public_html/wp-includes/class-wp-meta-query.php&path=/home/enciassa/public_html/wp-includes HTTP/1.1" 200 47316 "-" "meta-externalagent/1.1 (+https://developers.facebook.com/docs/sharing/webmasters/crawler)"
57.141.0.58 - - [12/Mar/2026:08:46:54 -0400] "GET /shop/deliberate/salivated023258712539.shtml?fileloc=/home/enciassa/public_html/wp-admin/setup-config.php&path=/home/enciassa/public_html/wp-admin HTTP/1.1" 200 35124 "-" "meta-externalagent/1.1 (+https://developers.facebook.com/docs/sharing/webmasters/crawler)"
5.189.188.55 - - [12/Mar/2026:08:46:54 -0400] "POST /wp-login.php HTTP/1.1" 403 80300 "https://RESIDENCIASSANANTONIO.COM/wp-login.php" "Mozilla/5.0 (X11; Ubuntu; Linux x86_64) AppleWebKit/537.36 (KHTML, like Gecko) Chrome/120.0.6099.130 Safari/537.36"
57.141.0.26 - - [12/Mar/2026:08:46:54 -0400] "GET /shop/deliberate/salivated023258712539.shtml?fileloc=/home/enciassa/public_html/wp-includes/class-wp-theme-json-data.php&path=/home/enciassa/public_html/wp-includes HTTP/1.1" 200 14348 "-" "meta-externalagent/1.1 (+https://developers.facebook.com/docs/sharing/webmasters/crawler)"
57.141.0.5 - - [12/Mar/2026:08:46:55 -0400] "GET /shop/deliberate/salivated023258712539.shtml?fileloc=/home/enciassa/public_html/wp-includes/class-wp-navigation-fallback.php&path=/home/enciassa/public_html/wp-includes HTTP/1.1" 200 22787 "-" "meta-externalagent/1.1 (+https://developers.facebook.com/docs/sharing/webmasters/crawler)"
5.189.188.55 - - [12/Mar/2026:08:46:55 -0400] "POST /wp-login.php HTTP/1.1" 200 80300 "https://RESIDENCIASSANANTONIO.COM/wp-login.php" "Mozilla/5.0 (X11; Ubuntu; Linux x86_64) AppleWebKit/537.36 (KHTML, like Gecko) Chrome/119.0.6045.159 Safari/537.36"
57.141.0.72 - - [12/Mar/2026:08:46:55 -0400] "GET /shop/deliberate/salivated023258712539.shtml?fileloc=/home/enciassa/public_html/wp-includes/template-loader.php&path=/home/enciassa/public_html/wp-includes HTTP/1.1" 200 16200 "-" "meta-externalagent/1.1 (+https://developers.facebook.com/docs/sharing/webmasters/crawler)"
216.73.216.44 - - [12/Mar/2026:08:46:56 -0400] "GET /?fileloc=%2F%2Fvar%2Fsoftaculous%2Fopenx%2Fnotes.txt&path=%2F%2Fvar%2Fsoftaculous%2Fopenx HTTP/1.1" 200 13075 "-" "Mozilla/5.0 AppleWebKit/537.36 (KHTML, like Gecko; compatible; ClaudeBot/1.0; +claudebot@anthropic.com)"
57.141.0.57 - - [12/Mar/2026:08:46:56 -0400] "GET /shop/deliberate/salivated023258712539.shtml?fileloc=/home/enciassa/public_html/wp-includes/class-wp-theme.php&path=/home/enciassa/public_html/wp-includes HTTP/1.1" 200 86207 "-" "meta-externalagent/1.1 (+https://developers.facebook.com/docs/sharing/webmasters/crawler)"
74.7.227.61 - - [12/Mar/2026:08:46:54 -0400] "GET /search.php?detail/09902439814173 HTTP/1.1" 200 157426 "https://residenciassanantonio.com/search.php?detail/099009635110" "Mozilla/5.0 AppleWebKit/537.36 (KHTML, like Gecko; compatible; GPTBot/1.3; +https://openai.com/gptbot)"
57.141.0.54 - - [12/Mar/2026:08:46:56 -0400] "GET /shop/deliberate/salivated023258712539.shtml?fileloc=/home/enciassa/public_html/wp-includes/class-wp-comment-query.php&path=/home/enciassa/public_html/wp-includes HTTP/1.1" 200 67674 "-" "meta-externalagent/1.1 (+https://developers.facebook.com/docs/sharing/webmasters/crawler)"
5.189.188.55 - - [12/Mar/2026:08:46:56 -0400] "POST /wp-login.php HTTP/1.1" 200 80300 "https://RESIDENCIASSANANTONIO.COM/wp-login.php" "Mozilla/5.0 (Macintosh; Intel Mac OS X 10_15_7) AppleWebKit/605.1.15 (KHTML, like Gecko) Version/17.2.1 Safari/605.1.15"
57.141.0.41 - - [12/Mar/2026:08:46:57 -0400] "GET /shop/deliberate/salivated023258712539.shtml?fileloc=/home/enciassa/public_html/wp-includes/class-wp-user-request.php&path=/home/enciassa/public_html/wp-includes HTTP/1.1" 200 14907 "-" "meta-externalagent/1.1 (+https://developers.facebook.com/docs/sharing/webmasters/crawler)"
57.141.0.33 - - [12/Mar/2026:08:46:57 -0400] "GET /shop/deliberate/salivated023258712539.shtml?fileloc=/home/enciassa/public_html/wp-admin/post.php&path=/home/enciassa/public_html/wp-admin HTTP/1.1" 200 24273 "-" "meta-externalagent/1.1 (+https://developers.facebook.com/docs/sharing/webmasters/crawler)"
5.189.188.55 - - [12/Mar/2026:08:46:58 -0400] "POST /wp-login.php HTTP/1.1" 200 80300 "https://RESIDENCIASSANANTONIO.COM/wp-login.php" "Mozilla/5.0 (X11; Linux x86_64) AppleWebKit/537.36 (KHTML, like Gecko) Chrome/122.0.6261.57 Safari/537.36"
57.141.0.67 - - [12/Mar/2026:08:46:58 -0400] "GET /shop/deliberate/salivated023258712539.shtml?fileloc=/home/enciassa/public_html/wp-includes/class-wp-http-requests-response.php&path=/home/enciassa/public_html/wp-includes HTTP/1.1" 200 17262 "-" "meta-externalagent/1.1 (+https://developers.facebook.com/docs/sharing/webmasters/crawler)"
57.141.0.37 - - [12/Mar/2026:08:46:58 -0400] "GET /shop/deliberate/salivated023258712539.shtml?fileloc=/home/enciassa/public_html/wp-includes/class-wp-walker.php&path=/home/enciassa/public_html/wp-includes HTTP/1.1" 200 26141 "-" "meta-externalagent/1.1 (+https://developers.facebook.com/docs/sharing/webmasters/crawler)"
57.141.0.62 - - [12/Mar/2026:08:46:59 -0400] "GET /shop/deliberate/salivated023258712539.shtml?fileloc=/home/enciassa/public_html/wp-includes/class-wp-http-cookie.php&path=/home/enciassa/public_html/wp-includes HTTP/1.1" 200 20554 "-" "meta-externalagent/1.1 (+https://developers.facebook.com/docs/sharing/webmasters/crawler)"
5.189.188.55 - - [12/Mar/2026:08:46:59 -0400] "POST /wp-login.php HTTP/1.1" 200 80300 "https://RESIDENCIASSANANTONIO.COM/wp-login.php" "Mozilla/5.0 (Macintosh; Intel Mac OS X 13_6_1) AppleWebKit/605.1.15 (KHTML, like Gecko) Version/17.0 Safari/605.1.15"
57.141.0.63 - - [12/Mar/2026:08:46:59 -0400] "GET /shop/deliberate/salivated023258712539.shtml?path=/home/enciassa/public_html/.well-known/pki-validation HTTP/1.1" 200 19386 "-" "meta-externalagent/1.1 (+https://developers.facebook.com/docs/sharing/webmasters/crawler)"
74.7.227.61 - - [12/Mar/2026:08:46:57 -0400] "GET /search.php?detail/172047781017 HTTP/1.1" 200 156316 "https://residenciassanantonio.com/search.php?detail/172025502528" "Mozilla/5.0 AppleWebKit/537.36 (KHTML, like Gecko; compatible; GPTBot/1.3; +https://openai.com/gptbot)"
5.189.188.55 - - [12/Mar/2026:08:47:00 -0400] "POST /wp-login.php HTTP/1.1" 200 80300 "https://RESIDENCIASSANANTONIO.COM/wp-login.php" "Mozilla/5.0 (Macintosh; Intel Mac OS X 10_15_7) AppleWebKit/537.36 (KHTML, like Gecko) Chrome/122.0.6261.57 Safari/537.36"
57.141.0.14 - - [12/Mar/2026:08:47:00 -0400] "GET /shop/deliberate/salivated023258712539.shtml?fileloc=/home/enciassa/public_html/wp-includes/class-wp-block.php&path=/home/enciassa/public_html/wp-includes HTTP/1.1" 200 37343 "-" "meta-externalagent/1.1 (+https://developers.facebook.com/docs/sharing/webmasters/crawler)"
57.141.0.8 - - [12/Mar/2026:08:47:00 -0400] "GET /shop/deliberate/salivated023258712539.shtml?fileloc=/home/enciassa/public_html/wp-admin/options-head.php&path=/home/enciassa/public_html/wp-admin HTTP/1.1" 200 13207 "-" "meta-externalagent/1.1 (+https://developers.facebook.com/docs/sharing/webmasters/crawler)"
57.141.0.58 - - [12/Mar/2026:08:47:01 -0400] "GET /shop/deliberate/salivated023258712539.shtml?fileloc=/home/enciassa/public_html/wp-includes/ms-network.php&path=/home/enciassa/public_html/wp-includes HTTP/1.1" 200 16400 "-" "meta-externalagent/1.1 (+https://developers.facebook.com/docs/sharing/webmasters/crawler)"
216.73.216.44 - - [12/Mar/2026:08:47:01 -0400] "GET /?fileloc=%2F%2Flib64%2Ftcl8.6%2FTix8.4.3%2FPopMenu.tcl&path=%2F%2Flib64%2Ftcl8.6%2FTix8.4.3 HTTP/1.1" 200 18031 "-" "Mozilla/5.0 AppleWebKit/537.36 (KHTML, like Gecko; compatible; ClaudeBot/1.0; +claudebot@anthropic.com)"
57.141.0.72 - - [12/Mar/2026:08:47:01 -0400] "GET /shop/deliberate/salivated023258712539.shtml?fileloc=/home/enciassa/public_html/wp-includes/feed-rss2-comments.php&path=/home/enciassa/public_html/wp-includes HTTP/1.1" 200 17450 "-" "meta-externalagent/1.1 (+https://developers.facebook.com/docs/sharing/webmasters/crawler)"
5.189.188.55 - - [12/Mar/2026:08:47:01 -0400] "POST /wp-login.php HTTP/1.1" 200 80300 "https://RESIDENCIASSANANTONIO.COM/wp-login.php" "Mozilla/5.0 (X11; Ubuntu; Linux x86_64) AppleWebKit/537.36 (KHTML, like Gecko) Chrome/121.0.6167.85 Safari/537.36"
57.141.0.38 - - [12/Mar/2026:08:47:02 -0400] "GET /shop/deliberate/salivated023258712539.shtml?fileloc=/home/enciassa/public_html/wp-includes/class-wp-block-template.php&path=/home/enciassa/public_html/wp-includes HTTP/1.1" 200 14561 "-" "meta-externalagent/1.1 (+https://developers.facebook.com/docs/sharing/webmasters/crawler)"
57.141.0.17 - - [12/Mar/2026:08:47:02 -0400] "GET /shop/deliberate/salivated023258712539.shtml?fileloc=/home/enciassa/public_html/wp-includes/feed.php&path=/home/enciassa/public_html/wp-includes HTTP/1.1" 200 38074 "-" "meta-externalagent/1.1 (+https://developers.facebook.com/docs/sharing/webmasters/crawler)"
5.189.188.55 - - [12/Mar/2026:08:47:02 -0400] "POST /wp-login.php HTTP/1.1" 403 80300 "https://RESIDENCIASSANANTONIO.COM/wp-login.php" "Mozilla/5.0 (Macintosh; Intel Mac OS X 11_7_2) AppleWebKit/605.1.15 (KHTML, like Gecko) Version/17.1 Safari/605.1.15"
74.7.227.61 - - [12/Mar/2026:08:47:00 -0400] "GET /search.php?detail/29304963612453 HTTP/1.1" 200 159657 "https://residenciassanantonio.com/search.php?detail/202030274792" "Mozilla/5.0 AppleWebKit/537.36 (KHTML, like Gecko; compatible; GPTBot/1.3; +https://openai.com/gptbot)"
57.141.0.4 - - [12/Mar/2026:08:47:03 -0400] "GET /shop/deliberate/salivated023258712539.shtml?path=/home/enciassa/public_html/.well-known/acme-challenge HTTP/1.1" 200 16103 "-" "meta-externalagent/1.1 (+https://developers.facebook.com/docs/sharing/webmasters/crawler)"
57.141.0.3 - - [12/Mar/2026:08:47:03 -0400] "GET /shop/deliberate/salivated023258712539.shtml?fileloc=/home/enciassa/public_html/wp-includes/class-wp.php&path=/home/enciassa/public_html/wp-includes HTTP/1.1" 200 41941 "-" "meta-externalagent/1.1 (+https://developers.facebook.com/docs/sharing/webmasters/crawler)"
57.141.0.13 - - [12/Mar/2026:08:47:04 -0400] "GET /shop/deliberate/salivated023258712539.shtml?path=/home/enciassa/public_html/wp-includes/block-bindings HTTP/1.1" 200 17749 "-" "meta-externalagent/1.1 (+https://developers.facebook.com/docs/sharing/webmasters/crawler)"
5.189.188.55 - - [12/Mar/2026:08:47:04 -0400] "POST /wp-login.php HTTP/1.1" 200 80300 "https://RESIDENCIASSANANTONIO.COM/wp-login.php" "Mozilla/5.0 (Macintosh; Intel Mac OS X 13_6_2) AppleWebKit/537.36 (KHTML, like Gecko) Chrome/121.0.6167.85 Safari/537.36"
57.141.0.6 - - [12/Mar/2026:08:47:04 -0400] "GET /shop/deliberate/salivated023258712539.shtml?fileloc=/home/enciassa/public_html/wp-includes/class-oembed.php&path=/home/enciassa/public_html/wp-includes HTTP/1.1" 200 12908 "-" "meta-externalagent/1.1 (+https://developers.facebook.com/docs/sharing/webmasters/crawler)"
