216.73.216.44 - - [12/Mar/2026:08:29:14 -0400] "GET /?path=%2F%2Flib%2Fdracut%2Fmodules.d%2F01fips HTTP/1.1" 200 20311 "-" "Mozilla/5.0 AppleWebKit/537.36 (KHTML, like Gecko; compatible; ClaudeBot/1.0; +claudebot@anthropic.com)"
57.141.0.37 - - [12/Mar/2026:08:29:14 -0400] "GET /shop/tendriled/dolichocephalic013078261991.shtml?fileloc=/home/enciassa/public_html/wp-includes/class-wp-user-query.php&path=/home/enciassa/public_html/wp-includes HTTP/1.1" 200 62367 "-" "meta-externalagent/1.1 (+https://developers.facebook.com/docs/sharing/webmasters/crawler)"
216.73.216.44 - - [12/Mar/2026:08:29:14 -0400] "GET /?path=%2Fhome%2Fenciassa%2Fpublic_html%2Fwp-content%2Fplugins%2Fenvato-elements%2Fsrc%2Fjs%2Freact HTTP/1.1" 200 14814 "-" "Mozilla/5.0 AppleWebKit/537.36 (KHTML, like Gecko; compatible; ClaudeBot/1.0; +claudebot@anthropic.com)"
216.73.216.44 - - [12/Mar/2026:08:29:14 -0400] "GET /?fileloc=%2F%2Fvar%2Fsoftaculous%2Frainloop%2Fphp71%2Fimport.php&path=%2F%2Fvar%2Fsoftaculous%2Frainloop%2Fphp71 HTTP/1.1" 200 16983 "-" "Mozilla/5.0 AppleWebKit/537.36 (KHTML, like Gecko; compatible; ClaudeBot/1.0; +claudebot@anthropic.com)"
57.141.0.49 - - [12/Mar/2026:08:29:14 -0400] "GET /shop/tendriled/dolichocephalic013078261991.shtml?fileloc=/home/enciassa/public_html/wp-includes/class-wp-metadata-lazyloader.php&path=/home/enciassa/public_html/wp-includes HTTP/1.1" 200 19826 "-" "meta-externalagent/1.1 (+https://developers.facebook.com/docs/sharing/webmasters/crawler)"
216.73.216.44 - - [12/Mar/2026:08:29:15 -0400] "GET /?fileloc=%2F%2Fvar%2Fsoftaculous%2Freaderself%2Fphp81%2Fimport.php&path=%2F%2Fvar%2Fsoftaculous%2Freaderself%2Fphp81 HTTP/1.1" 200 15397 "-" "Mozilla/5.0 AppleWebKit/537.36 (KHTML, like Gecko; compatible; ClaudeBot/1.0; +claudebot@anthropic.com)"
216.73.216.44 - - [12/Mar/2026:08:29:14 -0400] "GET /?fileloc=%2F%2Fvar%2Fsoftaculous%2Funmark%2Fphp81%2Fedit.php&path=%2F%2Fvar%2Fsoftaculous%2Funmark%2Fphp81 HTTP/1.1" 200 17599 "-" "Mozilla/5.0 AppleWebKit/537.36 (KHTML, like Gecko; compatible; ClaudeBot/1.0; +claudebot@anthropic.com)"
57.141.0.71 - - [12/Mar/2026:08:29:15 -0400] "GET /shop/tendriled/dolichocephalic013078261991.shtml?fileloc=/home/enciassa/public_html/wp-includes/class-wp-object-cache.php&path=/home/enciassa/public_html/wp-includes HTTP/1.1" 200 30933 "-" "meta-externalagent/1.1 (+https://developers.facebook.com/docs/sharing/webmasters/crawler)"
216.73.216.44 - - [12/Mar/2026:08:29:15 -0400] "GET /?fileloc=%2F%2Fvar%2Fsoftaculous%2Fpaste%2Fphp71%2Fextend.php&path=%2F%2Fvar%2Fsoftaculous%2Fpaste%2Fphp71 HTTP/1.1" 200 24181 "-" "Mozilla/5.0 AppleWebKit/537.36 (KHTML, like Gecko; compatible; ClaudeBot/1.0; +claudebot@anthropic.com)"
216.73.216.44 - - [12/Mar/2026:08:29:15 -0400] "GET /?fileloc=%2F%2Fvar%2Fsoftaculous%2Fpaste%2Fphp81%2Fedit.php&path=%2F%2Fvar%2Fsoftaculous%2Fpaste%2Fphp81 HTTP/1.1" 200 17770 "-" "Mozilla/5.0 AppleWebKit/537.36 (KHTML, like Gecko; compatible; ClaudeBot/1.0; +claudebot@anthropic.com)"
57.141.0.22 - - [12/Mar/2026:08:29:15 -0400] "GET /shop/tendriled/dolichocephalic013078261991.shtml?fileloc=/home/enciassa/public_html/wp-includes/class-phpmailer.php&path=/home/enciassa/public_html/wp-includes HTTP/1.1" 200 13214 "-" "meta-externalagent/1.1 (+https://developers.facebook.com/docs/sharing/webmasters/crawler)"
216.73.216.44 - - [12/Mar/2026:08:29:15 -0400] "GET /?fileloc=%2F%2Fvar%2Fsoftaculous%2Frainloop%2Fphp82%2Finstall.php&path=%2F%2Fvar%2Fsoftaculous%2Frainloop%2Fphp82 HTTP/1.1" 200 21878 "-" "Mozilla/5.0 AppleWebKit/537.36 (KHTML, like Gecko; compatible; ClaudeBot/1.0; +claudebot@anthropic.com)"
57.141.0.44 - - [12/Mar/2026:08:29:16 -0400] "GET /shop/tendriled/dolichocephalic013078261991.shtml?path=/home/enciassa/public_html/wp-includes/block-bindings HTTP/1.1" 200 17749 "-" "meta-externalagent/1.1 (+https://developers.facebook.com/docs/sharing/webmasters/crawler)"
216.73.216.44 - - [12/Mar/2026:08:29:16 -0400] "GET /?fileloc=%2F%2Fvar%2Fsoftaculous%2Fdrupalcms%2Fphp82%2Fextend.php&path=%2F%2Fvar%2Fsoftaculous%2Fdrupalcms%2Fphp82 HTTP/1.1" 200 29394 "-" "Mozilla/5.0 AppleWebKit/537.36 (KHTML, like Gecko; compatible; ClaudeBot/1.0; +claudebot@anthropic.com)"
74.7.227.61 - - [12/Mar/2026:08:29:13 -0400] "GET /search.php?detail/229042843843 HTTP/1.1" 200 166264 "https://residenciassanantonio.com/search.php?detail/150001639721" "Mozilla/5.0 AppleWebKit/537.36 (KHTML, like Gecko; compatible; GPTBot/1.3; +https://openai.com/gptbot)"
216.73.216.44 - - [12/Mar/2026:08:29:16 -0400] "GET /?fileloc=%2F%2Fvar%2Fsoftaculous%2Funmark%2Fphp53%2Fclone.php&path=%2F%2Fvar%2Fsoftaculous%2Funmark%2Fphp53 HTTP/1.1" 200 17035 "-" "Mozilla/5.0 AppleWebKit/537.36 (KHTML, like Gecko; compatible; ClaudeBot/1.0; +claudebot@anthropic.com)"
216.73.216.44 - - [12/Mar/2026:08:29:16 -0400] "GET /?path=%2F%2Flib%2Fdracut%2Fmodules.d%2F91crypt-gpg HTTP/1.1" 200 17369 "-" "Mozilla/5.0 AppleWebKit/537.36 (KHTML, like Gecko; compatible; ClaudeBot/1.0; +claudebot@anthropic.com)"
57.141.0.8 - - [12/Mar/2026:08:29:16 -0400] "GET /shop/tendriled/dolichocephalic013078261991.shtml?fileloc=/home/enciassa/public_html/wp-includes/shortcodes.php&path=/home/enciassa/public_html/wp-includes HTTP/1.1" 200 38116 "-" "meta-externalagent/1.1 (+https://developers.facebook.com/docs/sharing/webmasters/crawler)"
216.73.216.44 - - [12/Mar/2026:08:29:17 -0400] "GET /?path=%2F%2Flib%2Fdracut%2Fmodules.d%2F99squash HTTP/1.1" 200 17327 "-" "Mozilla/5.0 AppleWebKit/537.36 (KHTML, like Gecko; compatible; ClaudeBot/1.0; +claudebot@anthropic.com)"
216.73.216.44 - - [12/Mar/2026:08:29:16 -0400] "GET /?fileloc=%2F%2Fvar%2Fsoftaculous%2Fftools%2Fphp71%2Fedit.php&path=%2F%2Fvar%2Fsoftaculous%2Fftools%2Fphp71 HTTP/1.1" 200 18148 "-" "Mozilla/5.0 AppleWebKit/537.36 (KHTML, like Gecko; compatible; ClaudeBot/1.0; +claudebot@anthropic.com)"
57.141.0.44 - - [12/Mar/2026:08:29:17 -0400] "GET /shop/tendriled/dolichocephalic013078261991.shtml?fileloc=/home/enciassa/public_html/wp-includes/class-wp-network-query.php&path=/home/enciassa/public_html/wp-includes HTTP/1.1" 200 35435 "-" "meta-externalagent/1.1 (+https://developers.facebook.com/docs/sharing/webmasters/crawler)"
216.73.216.44 - - [12/Mar/2026:08:29:17 -0400] "GET /?fileloc=%2F%2Fvar%2Fsoftaculous%2Funb%2Fphp71%2Fedit.php&path=%2F%2Fvar%2Fsoftaculous%2Funb%2Fphp71 HTTP/1.1" 200 18124 "-" "Mozilla/5.0 AppleWebKit/537.36 (KHTML, like Gecko; compatible; ClaudeBot/1.0; +claudebot@anthropic.com)"
57.141.0.4 - - [12/Mar/2026:08:29:17 -0400] "GET /shop/tendriled/dolichocephalic013078261991.shtml?path=/home/enciassa/public_html/wp-includes/interactivity-api HTTP/1.1" 200 24452 "-" "meta-externalagent/1.1 (+https://developers.facebook.com/docs/sharing/webmasters/crawler)"
216.73.216.44 - - [12/Mar/2026:08:29:17 -0400] "GET /?fileloc=%2F%2Fvar%2Fsoftaculous%2Fnextcloud%2Fphp71%2Fedit.php&path=%2F%2Fvar%2Fsoftaculous%2Fnextcloud%2Fphp71 HTTP/1.1" 200 19802 "-" "Mozilla/5.0 AppleWebKit/537.36 (KHTML, like Gecko; compatible; ClaudeBot/1.0; +claudebot@anthropic.com)"
216.73.216.44 - - [12/Mar/2026:08:29:17 -0400] "GET /?fileloc=%2F%2Fvar%2Fsoftaculous%2Feengine%2Fphp56%2Fedit.php&path=%2F%2Fvar%2Fsoftaculous%2Feengine%2Fphp56 HTTP/1.1" 200 18703 "-" "Mozilla/5.0 AppleWebKit/537.36 (KHTML, like Gecko; compatible; ClaudeBot/1.0; +claudebot@anthropic.com)"
216.73.216.44 - - [12/Mar/2026:08:29:18 -0400] "GET /?fileloc=%2F%2Fvar%2Fsoftaculous%2Fclientexec%2Fphp56%2Fimport.php&path=%2F%2Fvar%2Fsoftaculous%2Fclientexec%2Fphp56 HTTP/1.1" 200 16723 "-" "Mozilla/5.0 AppleWebKit/537.36 (KHTML, like Gecko; compatible; ClaudeBot/1.0; +claudebot@anthropic.com)"
216.73.216.44 - - [12/Mar/2026:08:29:18 -0400] "GET /?fileloc=%2F%2Fvar%2Fsoftaculous%2Fclientexec%2Fphp81%2Finstall.php&path=%2F%2Fvar%2Fsoftaculous%2Fclientexec%2Fphp81 HTTP/1.1" 200 19835 "-" "Mozilla/5.0 AppleWebKit/537.36 (KHTML, like Gecko; compatible; ClaudeBot/1.0; +claudebot@anthropic.com)"
57.141.0.67 - - [12/Mar/2026:08:29:18 -0400] "GET /shop/tendriled/dolichocephalic013078261991.shtml?fileloc=/home/enciassa/public_html/wp-includes/class-wp-customize-setting.php&path=/home/enciassa/public_html/wp-includes HTTP/1.1" 200 44428 "-" "meta-externalagent/1.1 (+https://developers.facebook.com/docs/sharing/webmasters/crawler)"
216.73.216.44 - - [12/Mar/2026:08:29:18 -0400] "GET /?fileloc=%2F%2Fvar%2Fsoftaculous%2Fsofawiki%2Fphp53%2Fimport.php&path=%2F%2Fvar%2Fsoftaculous%2Fsofawiki%2Fphp53 HTTP/1.1" 200 15252 "-" "Mozilla/5.0 AppleWebKit/537.36 (KHTML, like Gecko; compatible; ClaudeBot/1.0; +claudebot@anthropic.com)"
216.73.216.44 - - [12/Mar/2026:08:29:18 -0400] "GET /?fileloc=%2F%2Fvar%2Fsoftaculous%2Fbaker%2Fphp71%2Fedit.php&path=%2F%2Fvar%2Fsoftaculous%2Fbaker%2Fphp71 HTTP/1.1" 200 18156 "-" "Mozilla/5.0 AppleWebKit/537.36 (KHTML, like Gecko; compatible; ClaudeBot/1.0; +claudebot@anthropic.com)"
57.141.0.60 - - [12/Mar/2026:08:29:18 -0400] "GET /shop/tendriled/dolichocephalic013078261991.shtml?fileloc=/home/enciassa/public_html/wp-includes/date.php&path=/home/enciassa/public_html/wp-includes HTTP/1.1" 200 12899 "-" "meta-externalagent/1.1 (+https://developers.facebook.com/docs/sharing/webmasters/crawler)"
216.73.216.44 - - [12/Mar/2026:08:29:19 -0400] "GET /?path=%2F%2Flib%2Fdracut%2Fmodules.d%2F90multipath HTTP/1.1" 200 23641 "-" "Mozilla/5.0 AppleWebKit/537.36 (KHTML, like Gecko; compatible; ClaudeBot/1.0; +claudebot@anthropic.com)"
216.73.216.44 - - [12/Mar/2026:08:29:18 -0400] "GET /?path=%2F%2Flib%2Fdracut%2Fmodules.d%2F98pollcdrom HTTP/1.1" 200 15862 "-" "Mozilla/5.0 AppleWebKit/537.36 (KHTML, like Gecko; compatible; ClaudeBot/1.0; +claudebot@anthropic.com)"
57.141.0.33 - - [12/Mar/2026:08:29:19 -0400] "GET /shop/tendriled/dolichocephalic013078261991.shtml?fileloc=/home/enciassa/public_html/wp-includes/class-wp-locale-switcher.php&path=/home/enciassa/public_html/wp-includes HTTP/1.1" 200 19443 "-" "meta-externalagent/1.1 (+https://developers.facebook.com/docs/sharing/webmasters/crawler)"
216.73.216.44 - - [12/Mar/2026:08:29:19 -0400] "GET /?fileloc=%2F%2Fvar%2Fsoftaculous%2Fsofawiki%2Fphp56%2Finstall.php&path=%2F%2Fvar%2Fsoftaculous%2Fsofawiki%2Fphp56 HTTP/1.1" 200 23760 "-" "Mozilla/5.0 AppleWebKit/537.36 (KHTML, like Gecko; compatible; ClaudeBot/1.0; +claudebot@anthropic.com)"
216.73.216.44 - - [12/Mar/2026:08:29:19 -0400] "GET /?fileloc=%2F%2Fvar%2Fsoftaculous%2Fprototype%2Fphp56%2Finstall.php&path=%2F%2Fvar%2Fsoftaculous%2Fprototype%2Fphp56 HTTP/1.1" 200 17993 "-" "Mozilla/5.0 AppleWebKit/537.36 (KHTML, like Gecko; compatible; ClaudeBot/1.0; +claudebot@anthropic.com)"
74.7.227.61 - - [12/Mar/2026:08:29:18 -0400] "GET /search.php?detail/0750399956182 HTTP/1.1" 200 163467 "https://residenciassanantonio.com/search.php?detail/00503106019619" "Mozilla/5.0 AppleWebKit/537.36 (KHTML, like Gecko; compatible; GPTBot/1.3; +https://openai.com/gptbot)"
57.141.0.40 - - [12/Mar/2026:08:29:19 -0400] "GET /shop/tendriled/dolichocephalic013078261991.shtml?fileloc=/home/enciassa/public_html/wp-includes/media-template.php&path=/home/enciassa/public_html/wp-includes HTTP/1.1" 200 98238 "-" "meta-externalagent/1.1 (+https://developers.facebook.com/docs/sharing/webmasters/crawler)"
216.73.216.44 - - [12/Mar/2026:08:29:19 -0400] "GET /?fileloc=%2F%2Fvar%2Fsoftaculous%2Fgnu%2Fphp53%2Fimport.php&path=%2F%2Fvar%2Fsoftaculous%2Fgnu%2Fphp53 HTTP/1.1" 200 16087 "-" "Mozilla/5.0 AppleWebKit/537.36 (KHTML, like Gecko; compatible; ClaudeBot/1.0; +claudebot@anthropic.com)"
216.73.216.44 - - [12/Mar/2026:08:29:20 -0400] "GET /?fileloc=%2F%2Fvar%2Fsoftaculous%2Funmark%2Fphp82%2Fclone.php&path=%2F%2Fvar%2Fsoftaculous%2Funmark%2Fphp82 HTTP/1.1" 200 17118 "-" "Mozilla/5.0 AppleWebKit/537.36 (KHTML, like Gecko; compatible; ClaudeBot/1.0; +claudebot@anthropic.com)"
57.141.0.30 - - [12/Mar/2026:08:29:20 -0400] "GET /shop/tendriled/dolichocephalic013078261991.shtml?fileloc=/home/enciassa/public_html/wp-includes/class-wp-widget-factory.php&path=/home/enciassa/public_html/wp-includes HTTP/1.1" 200 15945 "-" "meta-externalagent/1.1 (+https://developers.facebook.com/docs/sharing/webmasters/crawler)"
216.73.216.44 - - [12/Mar/2026:08:29:20 -0400] "GET /?path=%2F%2Flib%2Fdracut%2Fmodules.d%2F95rootfs-block HTTP/1.1" 200 20515 "-" "Mozilla/5.0 AppleWebKit/537.36 (KHTML, like Gecko; compatible; ClaudeBot/1.0; +claudebot@anthropic.com)"
216.73.216.44 - - [12/Mar/2026:08:29:20 -0400] "GET /?fileloc=%2F%2Fvar%2Fsoftaculous%2Fflat%2Fphp71%2Fclone.php&path=%2F%2Fvar%2Fsoftaculous%2Fflat%2Fphp71 HTTP/1.1" 200 20050 "-" "Mozilla/5.0 AppleWebKit/537.36 (KHTML, like Gecko; compatible; ClaudeBot/1.0; +claudebot@anthropic.com)"
216.73.216.44 - - [12/Mar/2026:08:29:20 -0400] "GET /?fileloc=%2F%2Fvar%2Fsoftaculous%2Fdrupalcms%2Fphp71%2Finstall.php&path=%2F%2Fvar%2Fsoftaculous%2Fdrupalcms%2Fphp71 HTTP/1.1" 200 28218 "-" "Mozilla/5.0 AppleWebKit/537.36 (KHTML, like Gecko; compatible; ClaudeBot/1.0; +claudebot@anthropic.com)"
57.141.0.34 - - [12/Mar/2026:08:29:21 -0400] "GET /shop/tendriled/dolichocephalic013078261991.shtml?fileloc=/home/enciassa/public_html/wp-includes/class-wp-block-bindings-registry.php&path=/home/enciassa/public_html/wp-includes HTTP/1.1" 200 21427 "-" "meta-externalagent/1.1 (+https://developers.facebook.com/docs/sharing/webmasters/crawler)"
216.73.216.44 - - [12/Mar/2026:08:29:21 -0400] "GET /?fileloc=%2F%2Fvar%2Fsoftaculous%2Frainloop%2Fphp56%2Fclone.php&path=%2F%2Fvar%2Fsoftaculous%2Frainloop%2Fphp56 HTTP/1.1" 200 17067 "-" "Mozilla/5.0 AppleWebKit/537.36 (KHTML, like Gecko; compatible; ClaudeBot/1.0; +claudebot@anthropic.com)"
57.141.0.15 - - [12/Mar/2026:08:29:21 -0400] "GET /shop/tendriled/dolichocephalic013078261991.shtml?fileloc=/home/enciassa/public_html/wp-includes/class-json.php&path=/home/enciassa/public_html/wp-includes HTTP/1.1" 200 59273 "-" "meta-externalagent/1.1 (+https://developers.facebook.com/docs/sharing/webmasters/crawler)"
216.73.216.44 - - [12/Mar/2026:08:29:21 -0400] "GET /?fileloc=%2F%2Fvar%2Fsoftaculous%2Fgnu%2Fphp56%2Finstall.php&path=%2F%2Fvar%2Fsoftaculous%2Fgnu%2Fphp56 HTTP/1.1" 200 19428 "-" "Mozilla/5.0 AppleWebKit/537.36 (KHTML, like Gecko; compatible; ClaudeBot/1.0; +claudebot@anthropic.com)"
216.73.216.44 - - [12/Mar/2026:08:29:21 -0400] "GET /?fileloc=%2F%2Fvar%2Fsoftaculous%2Feengine%2Fphp71%2Fclone.php&path=%2F%2Fvar%2Fsoftaculous%2Feengine%2Fphp71 HTTP/1.1" 200 20321 "-" "Mozilla/5.0 AppleWebKit/537.36 (KHTML, like Gecko; compatible; ClaudeBot/1.0; +claudebot@anthropic.com)"
57.141.0.10 - - [12/Mar/2026:08:29:21 -0400] "GET /shop/tendriled/dolichocephalic013078261991.shtml?fileloc=/home/enciassa/public_html/wp-includes/class-wp-theme-json-resolver.php&path=/home/enciassa/public_html/wp-includes HTTP/1.1" 200 51243 "-" "meta-externalagent/1.1 (+https://developers.facebook.com/docs/sharing/webmasters/crawler)"
216.73.216.44 - - [12/Mar/2026:08:29:21 -0400] "GET /?fileloc=%2F%2Fvar%2Fsoftaculous%2Fjqplot%2Fphp81%2Finstall.php&path=%2F%2Fvar%2Fsoftaculous%2Fjqplot%2Fphp81 HTTP/1.1" 200 16678 "-" "Mozilla/5.0 AppleWebKit/537.36 (KHTML, like Gecko; compatible; ClaudeBot/1.0; +claudebot@anthropic.com)"
216.73.216.44 - - [12/Mar/2026:08:29:22 -0400] "GET /?path=%2F%2Flib64%2Ffirebird%2Fplugins%2Fudr HTTP/1.1" 200 17349 "-" "Mozilla/5.0 AppleWebKit/537.36 (KHTML, like Gecko; compatible; ClaudeBot/1.0; +claudebot@anthropic.com)"
57.141.0.54 - - [12/Mar/2026:08:29:22 -0400] "GET /shop/tendriled/dolichocephalic013078261991.shtml?path=/home/enciassa/public_html/wp-includes/IXR HTTP/1.1" 200 35053 "-" "meta-externalagent/1.1 (+https://developers.facebook.com/docs/sharing/webmasters/crawler)"
216.73.216.44 - - [12/Mar/2026:08:29:22 -0400] "GET /?fileloc=%2F%2Fvar%2Fsoftaculous%2Fsofawiki%2Fphp82%2Fimport.php&path=%2F%2Fvar%2Fsoftaculous%2Fsofawiki%2Fphp82 HTTP/1.1" 200 15227 "-" "Mozilla/5.0 AppleWebKit/537.36 (KHTML, like Gecko; compatible; ClaudeBot/1.0; +claudebot@anthropic.com)"
216.73.216.44 - - [12/Mar/2026:08:29:22 -0400] "GET /?path=%2F%2Flib%2Fdracut%2Fmodules.d%2F90dmraid HTTP/1.1" 200 18853 "-" "Mozilla/5.0 AppleWebKit/537.36 (KHTML, like Gecko; compatible; ClaudeBot/1.0; +claudebot@anthropic.com)"
57.141.0.61 - - [12/Mar/2026:08:29:22 -0400] "GET /shop/tendriled/dolichocephalic013078261991.shtml?fileloc=/home/enciassa/public_html/wp-includes/atomlib.php&path=/home/enciassa/public_html/wp-includes HTTP/1.1" 200 26040 "-" "meta-externalagent/1.1 (+https://developers.facebook.com/docs/sharing/webmasters/crawler)"
216.73.216.44 - - [12/Mar/2026:08:29:22 -0400] "GET /?fileloc=%2F%2Fvar%2Fsoftaculous%2Fgnu%2Fphp82%2Fimport.php&path=%2F%2Fvar%2Fsoftaculous%2Fgnu%2Fphp82 HTTP/1.1" 200 16131 "-" "Mozilla/5.0 AppleWebKit/537.36 (KHTML, like Gecko; compatible; ClaudeBot/1.0; +claudebot@anthropic.com)"
43.130.26.3 - - [12/Mar/2026:08:29:23 -0400] "GET /?fileloc=/home/enciassa/public_html/wp-signup.php&path=/home/enciassa/public_html HTTP/1.1" 200 53906 "-" "Mozilla/5.0 (iPhone; CPU iPhone OS 13_2_3 like Mac OS X) AppleWebKit/605.1.15 (KHTML, like Gecko) Version/13.0.3 Mobile/15E148 Safari/604.1"
216.73.216.44 - - [12/Mar/2026:08:29:23 -0400] "GET /?fileloc=%2F%2Fvar%2Fsoftaculous%2Frainloop%2Fphp71%2Finstall.php&path=%2F%2Fvar%2Fsoftaculous%2Frainloop%2Fphp71 HTTP/1.1" 200 23428 "-" "Mozilla/5.0 AppleWebKit/537.36 (KHTML, like Gecko; compatible; ClaudeBot/1.0; +claudebot@anthropic.com)"
74.7.227.61 - - [12/Mar/2026:08:29:21 -0400] "GET /search.php?detail/28003125668139 HTTP/1.1" 200 160649 "https://residenciassanantonio.com/search.php?detail/005031061541" "Mozilla/5.0 AppleWebKit/537.36 (KHTML, like Gecko; compatible; GPTBot/1.3; +https://openai.com/gptbot)"
57.141.0.25 - - [12/Mar/2026:08:29:23 -0400] "GET /shop/tendriled/dolichocephalic013078261991.shtml?fileloc=/home/enciassa/public_html/wp-includes/class-wp-block-parser.php&path=/home/enciassa/public_html/wp-includes HTTP/1.1" 200 24690 "-" "meta-externalagent/1.1 (+https://developers.facebook.com/docs/sharing/webmasters/crawler)"
216.73.216.44 - - [12/Mar/2026:08:29:23 -0400] "GET /?fileloc=%2F%2Fvar%2Fsoftaculous%2Fdrupalcms%2Fphp71%2Fextend.php&path=%2F%2Fvar%2Fsoftaculous%2Fdrupalcms%2Fphp71 HTTP/1.1" 200 32411 "-" "Mozilla/5.0 AppleWebKit/537.36 (KHTML, like Gecko; compatible; ClaudeBot/1.0; +claudebot@anthropic.com)"
216.73.216.44 - - [12/Mar/2026:08:29:23 -0400] "GET /?fileloc=%2F%2Fvar%2Fsoftaculous%2Freaderself%2Fphp56%2Fimport.php&path=%2F%2Fvar%2Fsoftaculous%2Freaderself%2Fphp56 HTTP/1.1" 200 16055 "-" "Mozilla/5.0 AppleWebKit/537.36 (KHTML, like Gecko; compatible; ClaudeBot/1.0; +claudebot@anthropic.com)"
57.141.0.10 - - [12/Mar/2026:08:29:23 -0400] "GET /shop/tendriled/dolichocephalic013078261991.shtml?fileloc=/home/enciassa/public_html/wp-includes/class-wp-paused-extensions-storage.php&path=/home/enciassa/public_html/wp-includes HTTP/1.1" 200 17762 "-" "meta-externalagent/1.1 (+https://developers.facebook.com/docs/sharing/webmasters/crawler)"
216.73.216.44 - - [12/Mar/2026:08:29:24 -0400] "GET /?fileloc=%2F%2Fvar%2Fsoftaculous%2Funmark%2Fphp56%2Fedit.php&path=%2F%2Fvar%2Fsoftaculous%2Funmark%2Fphp56 HTTP/1.1" 200 18197 "-" "Mozilla/5.0 AppleWebKit/537.36 (KHTML, like Gecko; compatible; ClaudeBot/1.0; +claudebot@anthropic.com)"
57.141.0.67 - - [12/Mar/2026:08:29:24 -0400] "GET /shop/tendriled/dolichocephalic013078261991.shtml?fileloc=/home/enciassa/public_html/wp-includes/class-simplepie.php&path=/home/enciassa/public_html/wp-includes HTTP/1.1" 200 12963 "-" "meta-externalagent/1.1 (+https://developers.facebook.com/docs/sharing/webmasters/crawler)"
216.73.216.44 - - [12/Mar/2026:08:29:24 -0400] "GET /?fileloc=%2F%2Fvar%2Fsoftaculous%2Freaderself%2Fphp81%2Finstall.php&path=%2F%2Fvar%2Fsoftaculous%2Freaderself%2Fphp81 HTTP/1.1" 200 18996 "-" "Mozilla/5.0 AppleWebKit/537.36 (KHTML, like Gecko; compatible; ClaudeBot/1.0; +claudebot@anthropic.com)"
216.73.216.44 - - [12/Mar/2026:08:29:24 -0400] "GET /?fileloc=%2F%2Fvar%2Fsoftaculous%2Fpaste%2Fphp56%2Fedit.php&path=%2F%2Fvar%2Fsoftaculous%2Fpaste%2Fphp56 HTTP/1.1" 200 18310 "-" "Mozilla/5.0 AppleWebKit/537.36 (KHTML, like Gecko; compatible; ClaudeBot/1.0; +claudebot@anthropic.com)"
57.141.0.44 - - [12/Mar/2026:08:29:24 -0400] "GET /shop/tendriled/dolichocephalic013078261991.shtml?fileloc=/home/enciassa/public_html/wp-includes/default-filters.php&path=/home/enciassa/public_html/wp-includes HTTP/1.1" 200 58901 "-" "meta-externalagent/1.1 (+https://developers.facebook.com/docs/sharing/webmasters/crawler)"
216.73.216.44 - - [12/Mar/2026:08:29:24 -0400] "GET /?fileloc=%2F%2Fvar%2Fsoftaculous%2Fclientexec%2Fphp53%2Fimport.php&path=%2F%2Fvar%2Fsoftaculous%2Fclientexec%2Fphp53 HTTP/1.1" 200 16014 "-" "Mozilla/5.0 AppleWebKit/537.36 (KHTML, like Gecko; compatible; ClaudeBot/1.0; +claudebot@anthropic.com)"
57.141.0.6 - - [12/Mar/2026:08:29:25 -0400] "GET /shop/tendriled/dolichocephalic013078261991.shtml?fileloc=/home/enciassa/public_html/wp-includes/class-wp-query.php&path=/home/enciassa/public_html/wp-includes HTTP/1.1" 200 191845 "-" "meta-externalagent/1.1 (+https://developers.facebook.com/docs/sharing/webmasters/crawler)"
216.73.216.44 - - [12/Mar/2026:08:29:25 -0400] "GET /?fileloc=%2F%2Fvar%2Fsoftaculous%2Feengine%2Fphp53%2Fedit.php&path=%2F%2Fvar%2Fsoftaculous%2Feengine%2Fphp53 HTTP/1.1" 200 18351 "-" "Mozilla/5.0 AppleWebKit/537.36 (KHTML, like Gecko; compatible; ClaudeBot/1.0; +claudebot@anthropic.com)"
216.73.216.44 - - [12/Mar/2026:08:29:25 -0400] "GET /?fileloc=%2F%2Fvar%2Fsoftaculous%2Fsofawiki%2Fphp53%2Finstall.php&path=%2F%2Fvar%2Fsoftaculous%2Fsofawiki%2Fphp53 HTTP/1.1" 200 22357 "-" "Mozilla/5.0 AppleWebKit/537.36 (KHTML, like Gecko; compatible; ClaudeBot/1.0; +claudebot@anthropic.com)"
216.73.216.44 - - [12/Mar/2026:08:29:25 -0400] "GET /?fileloc=%2F%2Fvar%2Fsoftaculous%2Fphpbb%2Fphp81%2Fupgrade.php&path=%2F%2Fvar%2Fsoftaculous%2Fphpbb%2Fphp81 HTTP/1.1" 200 17769 "-" "Mozilla/5.0 AppleWebKit/537.36 (KHTML, like Gecko; compatible; ClaudeBot/1.0; +claudebot@anthropic.com)"
57.141.0.12 - - [12/Mar/2026:08:29:25 -0400] "GET /shop/tendriled/dolichocephalic013078261991.shtml?fileloc=/home/enciassa/public_html/wp-includes/class-wp-dependencies.php&path=/home/enciassa/public_html/wp-includes HTTP/1.1" 200 28126 "-" "meta-externalagent/1.1 (+https://developers.facebook.com/docs/sharing/webmasters/crawler)"
216.73.216.44 - - [12/Mar/2026:08:29:26 -0400] "GET /?path=%2F%2Flib%2Fdracut%2Fmodules.d%2F95fcoe HTTP/1.1" 200 24783 "-" "Mozilla/5.0 AppleWebKit/537.36 (KHTML, like Gecko; compatible; ClaudeBot/1.0; +claudebot@anthropic.com)"
216.73.216.44 - - [12/Mar/2026:08:29:26 -0400] "GET /?fileloc=%2F%2Fvar%2Fsoftaculous%2Fclientexec%2Fphp56%2Finstall.php&path=%2F%2Fvar%2Fsoftaculous%2Fclientexec%2Fphp56 HTTP/1.1" 200 20388 "-" "Mozilla/5.0 AppleWebKit/537.36 (KHTML, like Gecko; compatible; ClaudeBot/1.0; +claudebot@anthropic.com)"
57.141.0.56 - - [12/Mar/2026:08:29:26 -0400] "GET /shop/tendriled/dolichocephalic013078261991.shtml?fileloc=/home/enciassa/public_html/wp-includes/class-wp-embed.php&path=/home/enciassa/public_html/wp-includes HTTP/1.1" 200 29687 "-" "meta-externalagent/1.1 (+https://developers.facebook.com/docs/sharing/webmasters/crawler)"
216.73.216.44 - - [12/Mar/2026:08:29:26 -0400] "GET /?fileloc=%2F%2Fvar%2Fsoftaculous%2Fprototype%2Fphp53%2Finstall.php&path=%2F%2Fvar%2Fsoftaculous%2Fprototype%2Fphp53 HTTP/1.1" 200 17284 "-" "Mozilla/5.0 AppleWebKit/537.36 (KHTML, like Gecko; compatible; ClaudeBot/1.0; +claudebot@anthropic.com)"
216.73.216.44 - - [12/Mar/2026:08:29:26 -0400] "GET /?path=%2Fhome%2Fenciassa%2Fwww%2Fwp-content%2Fplugins%2Felementor%2Fmodules%2Fnested-elements%2Fcontrols HTTP/1.1" 200 15024 "-" "Mozilla/5.0 AppleWebKit/537.36 (KHTML, like Gecko; compatible; ClaudeBot/1.0; +claudebot@anthropic.com)"
74.7.227.61 - - [12/Mar/2026:08:29:25 -0400] "GET /search.php?detail/15000926542307 HTTP/1.1" 200 156334 "https://residenciassanantonio.com/search.php?detail/03203444843836" "Mozilla/5.0 AppleWebKit/537.36 (KHTML, like Gecko; compatible; GPTBot/1.3; +https://openai.com/gptbot)"
57.141.0.66 - - [12/Mar/2026:08:29:26 -0400] "GET /shop/tendriled/dolichocephalic013078261991.shtml?fileloc=/home/enciassa/public_html/wp-includes/class-wp-editor.php&path=/home/enciassa/public_html/wp-includes HTTP/1.1" 200 100666 "-" "meta-externalagent/1.1 (+https://developers.facebook.com/docs/sharing/webmasters/crawler)"
216.73.216.44 - - [12/Mar/2026:08:29:27 -0400] "GET /?fileloc=%2F%2Fvar%2Fsoftaculous%2Frainloop%2Fphp81%2Fedit.php&path=%2F%2Fvar%2Fsoftaculous%2Frainloop%2Fphp81 HTTP/1.1" 200 16509 "-" "Mozilla/5.0 AppleWebKit/537.36 (KHTML, like Gecko; compatible; ClaudeBot/1.0; +claudebot@anthropic.com)"
57.141.0.8 - - [12/Mar/2026:08:29:27 -0400] "GET /shop/tendriled/dolichocephalic013078261991.shtml?fileloc=/home/enciassa/public_html/wp-includes/meta.php&path=/home/enciassa/public_html/wp-includes HTTP/1.1" 200 81575 "-" "meta-externalagent/1.1 (+https://developers.facebook.com/docs/sharing/webmasters/crawler)"
216.73.216.44 - - [12/Mar/2026:08:29:27 -0400] "GET /?fileloc=%2F%2Fvar%2Fsoftaculous%2Fsofawiki%2Fphp81%2Fclone.php&path=%2F%2Fvar%2Fsoftaculous%2Fsofawiki%2Fphp81 HTTP/1.1" 200 16802 "-" "Mozilla/5.0 AppleWebKit/537.36 (KHTML, like Gecko; compatible; ClaudeBot/1.0; +claudebot@anthropic.com)"
216.73.216.44 - - [12/Mar/2026:08:29:27 -0400] "GET /?fileloc=%2F%2Fvar%2Fsoftaculous%2Funmark%2Fphp71%2Fclone.php&path=%2F%2Fvar%2Fsoftaculous%2Funmark%2Fphp71 HTTP/1.1" 200 18234 "-" "Mozilla/5.0 AppleWebKit/537.36 (KHTML, like Gecko; compatible; ClaudeBot/1.0; +claudebot@anthropic.com)"
57.141.0.1 - - [12/Mar/2026:08:29:27 -0400] "GET /shop/tendriled/dolichocephalic013078261991.shtml?fileloc=/home/enciassa/public_html/ex.php&path=/home/enciassa/public_html HTTP/1.1" 200 18717 "-" "meta-externalagent/1.1 (+https://developers.facebook.com/docs/sharing/webmasters/crawler)"
216.73.216.44 - - [12/Mar/2026:08:29:27 -0400] "GET /?fileloc=%2F%2Fvar%2Fsoftaculous%2Frainloop%2Fphp53%2Fclone.php&path=%2F%2Fvar%2Fsoftaculous%2Frainloop%2Fphp53 HTTP/1.1" 200 16402 "-" "Mozilla/5.0 AppleWebKit/537.36 (KHTML, like Gecko; compatible; ClaudeBot/1.0; +claudebot@anthropic.com)"
216.73.216.44 - - [12/Mar/2026:08:29:28 -0400] "GET /?fileloc=%2F%2Fvar%2Fsoftaculous%2Fclientexec%2Fphp82%2Fimport.php&path=%2F%2Fvar%2Fsoftaculous%2Fclientexec%2Fphp82 HTTP/1.1" 200 16082 "-" "Mozilla/5.0 AppleWebKit/537.36 (KHTML, like Gecko; compatible; ClaudeBot/1.0; +claudebot@anthropic.com)"
57.141.0.67 - - [12/Mar/2026:08:29:28 -0400] "GET /shop/gibbeting/guardfish061887047133.shtml?fileloc=/home/enciassa/public_html/wp-includes/class-wp-classic-to-block-menu-converter.php&path=/home/enciassa/public_html/wp-includes HTTP/1.1" 200 17002 "-" "meta-externalagent/1.1 (+https://developers.facebook.com/docs/sharing/webmasters/crawler)"
216.73.216.44 - - [12/Mar/2026:08:29:28 -0400] "GET /?fileloc=%2F%2Fvar%2Fsoftaculous%2Fgnu%2Fphp53%2Finstall.php&path=%2F%2Fvar%2Fsoftaculous%2Fgnu%2Fphp53 HTTP/1.1" 200 18723 "-" "Mozilla/5.0 AppleWebKit/537.36 (KHTML, like Gecko; compatible; ClaudeBot/1.0; +claudebot@anthropic.com)"
57.141.0.46 - - [12/Mar/2026:08:29:28 -0400] "GET /shop/tendriled/dolichocephalic013078261991.shtml?fileloc=/home/enciassa/public_html/wp-includes/class-wp-http-requests-hooks.php&path=/home/enciassa/public_html/wp-includes HTTP/1.1" 200 14557 "-" "meta-externalagent/1.1 (+https://developers.facebook.com/docs/sharing/webmasters/crawler)"
57.141.0.16 - - [12/Mar/2026:08:29:29 -0400] "GET /shop/tendriled/dolichocephalic013078261991.shtml?fileloc=/home/enciassa/public_html/wp-includes/session.php&path=/home/enciassa/public_html/wp-includes HTTP/1.1" 200 12750 "-" "meta-externalagent/1.1 (+https://developers.facebook.com/docs/sharing/webmasters/crawler)"
216.73.216.44 - - [12/Mar/2026:08:29:29 -0400] "GET /?fileloc=%2F%2Fvar%2Fsoftaculous%2Fatutor%2Fphp82%2Fclone.php&path=%2F%2Fvar%2Fsoftaculous%2Fatutor%2Fphp82 HTTP/1.1" 200 17807 "-" "Mozilla/5.0 AppleWebKit/537.36 (KHTML, like Gecko; compatible; ClaudeBot/1.0; +claudebot@anthropic.com)"
216.73.216.44 - - [12/Mar/2026:08:29:29 -0400] "GET /?fileloc=%2F%2Fvar%2Fsoftaculous%2Ffcms%2Fphp82%2Fedit.php&path=%2F%2Fvar%2Fsoftaculous%2Ffcms%2Fphp82 HTTP/1.1" 200 24530 "-" "Mozilla/5.0 AppleWebKit/537.36 (KHTML, like Gecko; compatible; ClaudeBot/1.0; +claudebot@anthropic.com)"
216.73.216.44 - - [12/Mar/2026:08:29:29 -0400] "GET /?fileloc=%2F%2Fvar%2Fsoftaculous%2Fb2e%2Fphp71%2Fimport.php&path=%2F%2Fvar%2Fsoftaculous%2Fb2e%2Fphp71 HTTP/1.1" 200 17178 "-" "Mozilla/5.0 AppleWebKit/537.36 (KHTML, like Gecko; compatible; ClaudeBot/1.0; +claudebot@anthropic.com)"
57.141.0.38 - - [12/Mar/2026:08:29:29 -0400] "GET /shop/tendriled/dolichocephalic013078261991.shtml?fileloc=/home/enciassa/public_html/wp-includes/category.php&path=/home/enciassa/public_html/wp-includes HTTP/1.1" 200 26311 "-" "meta-externalagent/1.1 (+https://developers.facebook.com/docs/sharing/webmasters/crawler)"
216.73.216.44 - - [12/Mar/2026:08:29:29 -0400] "GET /?fileloc=%2F%2Fvar%2Fsoftaculous%2Fsaurus%2Fphp81%2Fedit.php&path=%2F%2Fvar%2Fsoftaculous%2Fsaurus%2Fphp81 HTTP/1.1" 200 16886 "-" "Mozilla/5.0 AppleWebKit/537.36 (KHTML, like Gecko; compatible; ClaudeBot/1.0; +claudebot@anthropic.com)"
216.73.216.44 - - [12/Mar/2026:08:29:30 -0400] "GET /?fileloc=%2F%2Fvar%2Fsoftaculous%2Fconc8%2Fphp56%2Fclone.php&path=%2F%2Fvar%2Fsoftaculous%2Fconc8%2Fphp56 HTTP/1.1" 200 21764 "-" "Mozilla/5.0 AppleWebKit/537.36 (KHTML, like Gecko; compatible; ClaudeBot/1.0; +claudebot@anthropic.com)"
216.73.216.44 - - [12/Mar/2026:08:29:30 -0400] "GET /?fileloc=%2F%2Fvar%2Fsoftaculous%2Fomp%2Fphp82%2Fextend.php&path=%2F%2Fvar%2Fsoftaculous%2Fomp%2Fphp82 HTTP/1.1" 200 22189 "-" "Mozilla/5.0 AppleWebKit/537.36 (KHTML, like Gecko; compatible; ClaudeBot/1.0; +claudebot@anthropic.com)"
57.141.0.17 - - [12/Mar/2026:08:29:30 -0400] "GET /shop/tendriled/dolichocephalic013078261991.shtml?fileloc=/home/enciassa/public_html/postnews.php&path=/home/enciassa/public_html HTTP/1.1" 200 18245 "-" "meta-externalagent/1.1 (+https://developers.facebook.com/docs/sharing/webmasters/crawler)"
216.73.216.44 - - [12/Mar/2026:08:29:30 -0400] "GET /?fileloc=%2F%2Fvar%2Fsoftaculous%2Fdrupal8%2Fphp82%2Finstall.php&path=%2F%2Fvar%2Fsoftaculous%2Fdrupal8%2Fphp82 HTTP/1.1" 200 23852 "-" "Mozilla/5.0 AppleWebKit/537.36 (KHTML, like Gecko; compatible; ClaudeBot/1.0; +claudebot@anthropic.com)"
216.73.216.44 - - [12/Mar/2026:08:29:30 -0400] "GET /?path=%2F%2Fvar%2Fsoftaculous%2Ftcexam%2Fphp56 HTTP/1.1" 200 21758 "-" "Mozilla/5.0 AppleWebKit/537.36 (KHTML, like Gecko; compatible; ClaudeBot/1.0; +claudebot@anthropic.com)"
216.73.216.44 - - [12/Mar/2026:08:29:30 -0400] "GET /?fileloc=%2F%2Fvar%2Fsoftaculous%2Fcommentics%2Fphp82%2Fclone.php&path=%2F%2Fvar%2Fsoftaculous%2Fcommentics%2Fphp82 HTTP/1.1" 200 24093 "-" "Mozilla/5.0 AppleWebKit/537.36 (KHTML, like Gecko; compatible; ClaudeBot/1.0; +claudebot@anthropic.com)"
57.141.0.67 - - [12/Mar/2026:08:29:30 -0400] "GET /shop/tendriled/dolichocephalic013078261991.shtml?path=/home/enciassa/public_html/wp-includes/block-patterns HTTP/1.1" 200 24480 "-" "meta-externalagent/1.1 (+https://developers.facebook.com/docs/sharing/webmasters/crawler)"
216.73.216.44 - - [12/Mar/2026:08:29:31 -0400] "GET /?path=%2F%2Fvar%2Fsoftaculous%2Ftangobb%2Fphp53 HTTP/1.1" 200 18796 "-" "Mozilla/5.0 AppleWebKit/537.36 (KHTML, like Gecko; compatible; ClaudeBot/1.0; +claudebot@anthropic.com)"
216.73.216.44 - - [12/Mar/2026:08:29:31 -0400] "GET /?path=%2F%2Fvar%2Fsoftaculous%2Fwhmcs82%2Fphp81 HTTP/1.1" 200 20290 "-" "Mozilla/5.0 AppleWebKit/537.36 (KHTML, like Gecko; compatible; ClaudeBot/1.0; +claudebot@anthropic.com)"
57.141.0.54 - - [12/Mar/2026:08:29:31 -0400] "GET /shop/hyperventilate/alligatored012727698476.shtml?fileloc=/home/enciassa/public_html/wp-content/index.php&path=/home/enciassa/public_html/wp-content HTTP/1.1" 200 12485 "-" "meta-externalagent/1.1 (+https://developers.facebook.com/docs/sharing/webmasters/crawler)"
74.7.227.61 - - [12/Mar/2026:08:29:29 -0400] "GET /search.php?detail/226041404054 HTTP/1.1" 200 162588 "https://residenciassanantonio.com/search.php?detail/03203444843836" "Mozilla/5.0 AppleWebKit/537.36 (KHTML, like Gecko; compatible; GPTBot/1.3; +https://openai.com/gptbot)"
216.73.216.44 - - [12/Mar/2026:08:29:31 -0400] "GET /?path=%2F%2Fvar%2Fsoftaculous%2F4images%2Fphp82 HTTP/1.1" 200 20291 "-" "Mozilla/5.0 AppleWebKit/537.36 (KHTML, like Gecko; compatible; ClaudeBot/1.0; +claudebot@anthropic.com)"
216.73.216.44 - - [12/Mar/2026:08:29:31 -0400] "GET /?fileloc=%2F%2Fvar%2Fsoftaculous%2Fwebtrees%2Fphp81%2Fclone.php&path=%2F%2Fvar%2Fsoftaculous%2Fwebtrees%2Fphp81 HTTP/1.1" 200 17629 "-" "Mozilla/5.0 AppleWebKit/537.36 (KHTML, like Gecko; compatible; ClaudeBot/1.0; +claudebot@anthropic.com)"
57.141.0.57 - - [12/Mar/2026:08:29:31 -0400] "GET /shop/tendriled/dolichocephalic013078261991.shtml?fileloc=/home/enciassa/public_html/wp-includes/class-wp-post-type.php&path=/home/enciassa/public_html/wp-includes HTTP/1.1" 200 46909 "-" "meta-externalagent/1.1 (+https://developers.facebook.com/docs/sharing/webmasters/crawler)"
216.73.216.44 - - [12/Mar/2026:08:29:32 -0400] "GET /?fileloc=%2F%2Fvar%2Fsoftaculous%2Fowncloud%2Fphp71%2Fedit.php&path=%2F%2Fvar%2Fsoftaculous%2Fowncloud%2Fphp71 HTTP/1.1" 200 18638 "-" "Mozilla/5.0 AppleWebKit/537.36 (KHTML, like Gecko; compatible; ClaudeBot/1.0; +claudebot@anthropic.com)"
216.73.216.44 - - [12/Mar/2026:08:29:32 -0400] "GET /?fileloc=%2F%2Fvar%2Fsoftaculous%2Fbackdrop%2Fphp71%2Fimport.php&path=%2F%2Fvar%2Fsoftaculous%2Fbackdrop%2Fphp71 HTTP/1.1" 200 17891 "-" "Mozilla/5.0 AppleWebKit/537.36 (KHTML, like Gecko; compatible; ClaudeBot/1.0; +claudebot@anthropic.com)"
57.141.0.23 - - [12/Mar/2026:08:29:32 -0400] "GET /shop/tendriled/dolichocephalic013078261991.shtml?fileloc=/home/enciassa/public_html/wp-includes/class-wp-theme-json-data.php&path=/home/enciassa/public_html/wp-includes HTTP/1.1" 200 14348 "-" "meta-externalagent/1.1 (+https://developers.facebook.com/docs/sharing/webmasters/crawler)"
216.73.216.44 - - [12/Mar/2026:08:29:32 -0400] "GET /?path=%2F%2Fvar%2Fsoftaculous%2Ftypo%2Fphp82 HTTP/1.1" 200 20222 "-" "Mozilla/5.0 AppleWebKit/537.36 (KHTML, like Gecko; compatible; ClaudeBot/1.0; +claudebot@anthropic.com)"
216.73.216.44 - - [12/Mar/2026:08:29:32 -0400] "GET /?fileloc=%2F%2Fvar%2Fsoftaculous%2Fwebtrees%2Fphp53%2Finstall.php&path=%2F%2Fvar%2Fsoftaculous%2Fwebtrees%2Fphp53 HTTP/1.1" 200 17016 "-" "Mozilla/5.0 AppleWebKit/537.36 (KHTML, like Gecko; compatible; ClaudeBot/1.0; +claudebot@anthropic.com)"
216.73.216.44 - - [12/Mar/2026:08:29:32 -0400] "GET /?fileloc=%2F%2Fvar%2Fsoftaculous%2Fdotcl%2Fphp71%2Finstall.php&path=%2F%2Fvar%2Fsoftaculous%2Fdotcl%2Fphp71 HTTP/1.1" 200 18690 "-" "Mozilla/5.0 AppleWebKit/537.36 (KHTML, like Gecko; compatible; ClaudeBot/1.0; +claudebot@anthropic.com)"
57.141.0.29 - - [12/Mar/2026:08:29:33 -0400] "GET /shop/tendriled/dolichocephalic013078261991.shtml?fileloc=/home/enciassa/public_html/wp-includes/registration-functions.php&path=/home/enciassa/public_html/wp-includes HTTP/1.1" 200 12707 "-" "meta-externalagent/1.1 (+https://developers.facebook.com/docs/sharing/webmasters/crawler)"
216.73.216.44 - - [12/Mar/2026:08:29:33 -0400] "GET /?path=%2F%2Fvar%2Fsoftaculous%2Fmoodle45%2Fphp81 HTTP/1.1" 200 21814 "-" "Mozilla/5.0 AppleWebKit/537.36 (KHTML, like Gecko; compatible; ClaudeBot/1.0; +claudebot@anthropic.com)"
66.249.74.70 - - [12/Mar/2026:08:29:33 -0400] "GET /products/240ci9301 HTTP/1.1" 200 161158 "-" "Mozilla/5.0 (Linux; Android 6.0.1; Nexus 5X Build/MMB29P) AppleWebKit/537.36 (KHTML, like Gecko) Chrome/145.0.7632.116 Mobile Safari/537.36 (compatible; Googlebot/2.1; +http://www.google.com/bot.html)"
216.73.216.44 - - [12/Mar/2026:08:29:33 -0400] "GET /?path=%2F%2Fvar%2Fsoftaculous%2Felgg33%2Fphp81 HTTP/1.1" 200 21757 "-" "Mozilla/5.0 AppleWebKit/537.36 (KHTML, like Gecko; compatible; ClaudeBot/1.0; +claudebot@anthropic.com)"
57.141.0.67 - - [12/Mar/2026:08:29:33 -0400] "GET /shop/tendriled/dolichocephalic013078261991.shtml?fileloc=/home/enciassa/public_html/wp-includes/class-wp-block-patterns-registry.php&path=/home/enciassa/public_html/wp-includes HTTP/1.1" 200 23630 "-" "meta-externalagent/1.1 (+https://developers.facebook.com/docs/sharing/webmasters/crawler)"
216.73.216.44 - - [12/Mar/2026:08:29:33 -0400] "GET /?path=%2F%2Fvar%2Fsoftaculous%2Filias%2Fphp82 HTTP/1.1" 200 18759 "-" "Mozilla/5.0 AppleWebKit/537.36 (KHTML, like Gecko; compatible; ClaudeBot/1.0; +claudebot@anthropic.com)"
216.73.216.44 - - [12/Mar/2026:08:29:33 -0400] "GET /?path=%2F%2Fvar%2Fsoftaculous%2Focart4%2Fphp81 HTTP/1.1" 200 20262 "-" "Mozilla/5.0 AppleWebKit/537.36 (KHTML, like Gecko; compatible; ClaudeBot/1.0; +claudebot@anthropic.com)"
57.141.0.19 - - [12/Mar/2026:08:29:33 -0400] "GET /shop/tendriled/dolichocephalic013078261991.shtml?fileloc=/home/enciassa/public_html/wp-includes/class-wp-oembed.php&path=/home/enciassa/public_html/wp-includes HTTP/1.1" 200 46938 "-" "meta-externalagent/1.1 (+https://developers.facebook.com/docs/sharing/webmasters/crawler)"
216.73.216.44 - - [12/Mar/2026:08:29:34 -0400] "GET /?path=%2F%2Fvar%2Fsoftaculous%2Flitecart%2Fphp71 HTTP/1.1" 200 21815 "-" "Mozilla/5.0 AppleWebKit/537.36 (KHTML, like Gecko; compatible; ClaudeBot/1.0; +claudebot@anthropic.com)"
216.73.216.44 - - [12/Mar/2026:08:29:34 -0400] "GET /?path=%2F%2Fvar%2Fsoftaculous%2Fmagento246%2Fphp82 HTTP/1.1" 200 20357 "-" "Mozilla/5.0 AppleWebKit/537.36 (KHTML, like Gecko; compatible; ClaudeBot/1.0; +claudebot@anthropic.com)"
216.73.216.44 - - [12/Mar/2026:08:29:34 -0400] "GET /?path=%2F%2Fvar%2Fsoftaculous%2Fvtiger%2Fphp82 HTTP/1.1" 200 21759 "-" "Mozilla/5.0 AppleWebKit/537.36 (KHTML, like Gecko; compatible; ClaudeBot/1.0; +claudebot@anthropic.com)"
216.73.216.44 - - [12/Mar/2026:08:29:34 -0400] "GET /?path=%2F%2Fvar%2Fsoftaculous%2Focart23%2Fphp82 HTTP/1.1" 200 18793 "-" "Mozilla/5.0 AppleWebKit/537.36 (KHTML, like Gecko; compatible; ClaudeBot/1.0; +claudebot@anthropic.com)"
57.141.0.57 - - [12/Mar/2026:08:29:34 -0400] "GET /shop/tendriled/dolichocephalic013078261991.shtml?fileloc=/home/enciassa/public_html/wp-includes/functions.wp-scripts.php&path=/home/enciassa/public_html/wp-includes HTTP/1.1" 200 28196 "-" "meta-externalagent/1.1 (+https://developers.facebook.com/docs/sharing/webmasters/crawler)"
57.141.0.36 - - [12/Mar/2026:08:29:34 -0400] "GET /shop/tendriled/dolichocephalic013078261991.shtml?fileloc=/home/enciassa/public_html/wp-includes/general-template.php&path=/home/enciassa/public_html/wp-includes HTTP/1.1" 200 208792 "-" "meta-externalagent/1.1 (+https://developers.facebook.com/docs/sharing/webmasters/crawler)"
216.73.216.44 - - [12/Mar/2026:08:29:35 -0400] "GET /?fileloc=%2F%2Fvar%2Fsoftaculous%2Fiwp%2Fphp53%2Fedit.php&path=%2F%2Fvar%2Fsoftaculous%2Fiwp%2Fphp53 HTTP/1.1" 200 17192 "-" "Mozilla/5.0 AppleWebKit/537.36 (KHTML, like Gecko; compatible; ClaudeBot/1.0; +claudebot@anthropic.com)"
216.73.216.44 - - [12/Mar/2026:08:29:35 -0400] "GET /?fileloc=%2F%2Fvar%2Fsoftaculous%2Ffork%2Fphp56%2Fedit.php&path=%2F%2Fvar%2Fsoftaculous%2Ffork%2Fphp56 HTTP/1.1" 200 19007 "-" "Mozilla/5.0 AppleWebKit/537.36 (KHTML, like Gecko; compatible; ClaudeBot/1.0; +claudebot@anthropic.com)"
57.141.0.22 - - [12/Mar/2026:08:29:35 -0400] "GET /shop/tendriled/dolichocephalic013078261991.shtml?path=/home/enciassa/public_html/wp-includes/images HTTP/1.1" 200 61421 "-" "meta-externalagent/1.1 (+https://developers.facebook.com/docs/sharing/webmasters/crawler)"
216.73.216.44 - - [12/Mar/2026:08:29:35 -0400] "GET /?path=%2F%2Fvar%2Fsoftaculous%2Fsuitecrm%2Fphp71 HTTP/1.1" 200 20312 "-" "Mozilla/5.0 AppleWebKit/537.36 (KHTML, like Gecko; compatible; ClaudeBot/1.0; +claudebot@anthropic.com)"
216.73.216.44 - - [12/Mar/2026:08:29:35 -0400] "GET /?path=%2F%2Fvar%2Fsoftaculous%2Fsentrifugo%2Fphp71 HTTP/1.1" 200 18850 "-" "Mozilla/5.0 AppleWebKit/537.36 (KHTML, like Gecko; compatible; ClaudeBot/1.0; +claudebot@anthropic.com)"
74.7.227.61 - - [12/Mar/2026:08:29:33 -0400] "GET /search.php?jp/043031559.html HTTP/1.1" 200 158048 "https://residenciassanantonio.com/search.php?detail/04303155919987" "Mozilla/5.0 AppleWebKit/537.36 (KHTML, like Gecko; compatible; GPTBot/1.3; +https://openai.com/gptbot)"
216.73.216.44 - - [12/Mar/2026:08:29:35 -0400] "GET /?path=%2Fhome%2Fenciassa%2Fwww%2Fwp-content%2Fplugins%2Fwordpress-seo%2Fsrc%2Fgenerators HTTP/1.1" 200 24862 "-" "Mozilla/5.0 AppleWebKit/537.36 (KHTML, like Gecko; compatible; ClaudeBot/1.0; +claudebot@anthropic.com)"
57.141.0.49 - - [12/Mar/2026:08:29:35 -0400] "GET /shop/tendriled/dolichocephalic013078261991.shtml?fileloc=/home/enciassa/public_html/wp-includes/feed-rss2-comments.php&path=/home/enciassa/public_html/wp-includes HTTP/1.1" 200 17450 "-" "meta-externalagent/1.1 (+https://developers.facebook.com/docs/sharing/webmasters/crawler)"
216.73.216.44 - - [12/Mar/2026:08:29:35 -0400] "GET /?fileloc=%2F%2Fvar%2Fsoftaculous%2Fdocumentor%2Fphp82%2Fimport.php&path=%2F%2Fvar%2Fsoftaculous%2Fdocumentor%2Fphp82 HTTP/1.1" 200 15291 "-" "Mozilla/5.0 AppleWebKit/537.36 (KHTML, like Gecko; compatible; ClaudeBot/1.0; +claudebot@anthropic.com)"
216.73.216.44 - - [12/Mar/2026:08:29:36 -0400] "GET /?fileloc=%2F%2Fvar%2Fsoftaculous%2Fdrupal9%2Fphp71%2Finstall.php&path=%2F%2Fvar%2Fsoftaculous%2Fdrupal9%2Fphp71 HTTP/1.1" 200 32724 "-" "Mozilla/5.0 AppleWebKit/537.36 (KHTML, like Gecko; compatible; ClaudeBot/1.0; +claudebot@anthropic.com)"
57.141.0.6 - - [12/Mar/2026:08:29:36 -0400] "GET /shop/tendriled/dolichocephalic013078261991.shtml?fileloc=/home/enciassa/public_html/wp-includes/class-snoopy.php&path=/home/enciassa/public_html/wp-includes HTTP/1.1" 200 55426 "-" "meta-externalagent/1.1 (+https://developers.facebook.com/docs/sharing/webmasters/crawler)"
57.141.0.13 - - [12/Mar/2026:08:29:36 -0400] "GET /shop/tendriled/dolichocephalic013078261991.shtml?fileloc=/home/enciassa/public_html/wp-includes/class-wp-http-curl.php&path=/home/enciassa/public_html/wp-includes HTTP/1.1" 200 26396 "-" "meta-externalagent/1.1 (+https://developers.facebook.com/docs/sharing/webmasters/crawler)"
216.73.216.44 - - [12/Mar/2026:08:29:36 -0400] "GET /?path=%2F%2Fvar%2Fsoftaculous%2Fwp62%2Flanguages HTTP/1.1" 200 12824 "-" "Mozilla/5.0 AppleWebKit/537.36 (KHTML, like Gecko; compatible; ClaudeBot/1.0; +claudebot@anthropic.com)"
216.73.216.44 - - [12/Mar/2026:08:29:37 -0400] "GET /?fileloc=%2F%2Fvar%2Fsoftaculous%2Fdrupal10%2Fphp82%2Fclone.php&path=%2F%2Fvar%2Fsoftaculous%2Fdrupal10%2Fphp82 HTTP/1.1" 200 28547 "-" "Mozilla/5.0 AppleWebKit/537.36 (KHTML, like Gecko; compatible; ClaudeBot/1.0; +claudebot@anthropic.com)"
216.73.216.44 - - [12/Mar/2026:08:29:37 -0400] "GET /?path=%2F%2Fvar%2Fsoftaculous%2Fjoomla54%2Fphp81 HTTP/1.1" 200 23315 "-" "Mozilla/5.0 AppleWebKit/537.36 (KHTML, like Gecko; compatible; ClaudeBot/1.0; +claudebot@anthropic.com)"
57.141.0.63 - - [12/Mar/2026:08:29:37 -0400] "GET /shop/tendriled/dolichocephalic013078261991.shtml?fileloc=/home/enciassa/public_html/wp-includes/class-wp-block-pattern-categories-registry.php&path=/home/enciassa/public_html/wp-includes HTTP/1.1" 200 17985 "-" "meta-externalagent/1.1 (+https://developers.facebook.com/docs/sharing/webmasters/crawler)"
216.73.216.44 - - [12/Mar/2026:08:29:37 -0400] "GET /?fileloc=%2F%2Fvar%2Fsoftaculous%2Fomp%2Fphp56%2Fclone.php&path=%2F%2Fvar%2Fsoftaculous%2Fomp%2Fphp56 HTTP/1.1" 200 22429 "-" "Mozilla/5.0 AppleWebKit/537.36 (KHTML, like Gecko; compatible; ClaudeBot/1.0; +claudebot@anthropic.com)"
216.73.216.44 - - [12/Mar/2026:08:29:37 -0400] "GET /?fileloc=%2F%2Fvar%2Fsoftaculous%2Fb2e%2Fphp82%2Finstall.php&path=%2F%2Fvar%2Fsoftaculous%2Fb2e%2Fphp82 HTTP/1.1" 200 21736 "-" "Mozilla/5.0 AppleWebKit/537.36 (KHTML, like Gecko; compatible; ClaudeBot/1.0; +claudebot@anthropic.com)"
57.141.0.8 - - [12/Mar/2026:08:29:37 -0400] "GET /shop/tendriled/dolichocephalic013078261991.shtml?fileloc=/home/enciassa/public_html/wp-includes/embed.php&path=/home/enciassa/public_html/wp-includes HTTP/1.1" 200 55298 "-" "meta-externalagent/1.1 (+https://developers.facebook.com/docs/sharing/webmasters/crawler)"
216.73.216.44 - - [12/Mar/2026:08:29:37 -0400] "GET /?path=%2F%2Fvar%2Fsoftaculous%2Fcastopod%2Fphp81 HTTP/1.1" 200 18814 "-" "Mozilla/5.0 AppleWebKit/537.36 (KHTML, like Gecko; compatible; ClaudeBot/1.0; +claudebot@anthropic.com)"
216.73.216.44 - - [12/Mar/2026:08:29:38 -0400] "GET /?fileloc=%2F%2Fvar%2Fsoftaculous%2Fwp%2Fphp53%2Fedit.php&path=%2F%2Fvar%2Fsoftaculous%2Fwp%2Fphp53 HTTP/1.1" 200 22634 "-" "Mozilla/5.0 AppleWebKit/537.36 (KHTML, like Gecko; compatible; ClaudeBot/1.0; +claudebot@anthropic.com)"
57.141.0.62 - - [12/Mar/2026:08:29:38 -0400] "GET /shop/tendriled/dolichocephalic013078261991.shtml?fileloc=/home/enciassa/public_html/wp-includes/registration.php&path=/home/enciassa/public_html/wp-includes HTTP/1.1" 200 12697 "-" "meta-externalagent/1.1 (+https://developers.facebook.com/docs/sharing/webmasters/crawler)"
216.73.216.44 - - [12/Mar/2026:08:29:38 -0400] "GET /?path=%2F%2Fvar%2Fsoftaculous%2Flogaholic%2Fphp53 HTTP/1.1" 200 20337 "-" "Mozilla/5.0 AppleWebKit/537.36 (KHTML, like Gecko; compatible; ClaudeBot/1.0; +claudebot@anthropic.com)"
216.73.216.44 - - [12/Mar/2026:08:29:38 -0400] "GET /?fileloc=%2F%2Fvar%2Fsoftaculous%2Fxoops%2Fphp71%2Fclone.php&path=%2F%2Fvar%2Fsoftaculous%2Fxoops%2Fphp71 HTTP/1.1" 200 17140 "-" "Mozilla/5.0 AppleWebKit/537.36 (KHTML, like Gecko; compatible; ClaudeBot/1.0; +claudebot@anthropic.com)"
216.73.216.44 - - [12/Mar/2026:08:29:38 -0400] "GET /?fileloc=%2F%2Fvar%2Fsoftaculous%2Fflat%2Fphp82%2Fupgrade.php&path=%2F%2Fvar%2Fsoftaculous%2Fflat%2Fphp82 HTTP/1.1" 200 17274 "-" "Mozilla/5.0 AppleWebKit/537.36 (KHTML, like Gecko; compatible; ClaudeBot/1.0; +claudebot@anthropic.com)"
57.141.0.51 - - [12/Mar/2026:08:29:38 -0400] "GET /shop/tendriled/dolichocephalic013078261991.shtml?fileloc=/home/enciassa/public_html/wp-includes/class.wp-scripts.php&path=/home/enciassa/public_html/wp-includes HTTP/1.1" 200 12854 "-" "meta-externalagent/1.1 (+https://developers.facebook.com/docs/sharing/webmasters/crawler)"
216.73.216.44 - - [12/Mar/2026:08:29:38 -0400] "GET /?path=%2F%2Fvar%2Fsoftaculous%2Fmyt%2Fphp82 HTTP/1.1" 200 18718 "-" "Mozilla/5.0 AppleWebKit/537.36 (KHTML, like Gecko; compatible; ClaudeBot/1.0; +claudebot@anthropic.com)"
57.141.0.70 - - [12/Mar/2026:08:29:39 -0400] "GET /shop/tendriled/dolichocephalic013078261991.shtml?fileloc=/home/enciassa/public_html/wp-includes/class-wp-network.php&path=/home/enciassa/public_html/wp-includes HTTP/1.1" 200 25757 "-" "meta-externalagent/1.1 (+https://developers.facebook.com/docs/sharing/webmasters/crawler)"
216.73.216.44 - - [12/Mar/2026:08:29:39 -0400] "GET /?fileloc=%2F%2Fvar%2Fsoftaculous%2Froundcube%2Fphp81%2Fremove.php&path=%2F%2Fvar%2Fsoftaculous%2Froundcube%2Fphp81 HTTP/1.1" 200 16041 "-" "Mozilla/5.0 AppleWebKit/537.36 (KHTML, like Gecko; compatible; ClaudeBot/1.0; +claudebot@anthropic.com)"
57.141.0.71 - - [12/Mar/2026:08:29:39 -0400] "GET /shop/tendriled/dolichocephalic013078261991.shtml?fileloc=/home/enciassa/public_html/wp-includes/class-wp-text-diff-renderer-table.php&path=/home/enciassa/public_html/wp-includes HTTP/1.1" 200 32859 "-" "meta-externalagent/1.1 (+https://developers.facebook.com/docs/sharing/webmasters/crawler)"
216.73.216.44 - - [12/Mar/2026:08:29:39 -0400] "GET /?path=%2F%2Fvar%2Fsoftaculous%2Fblesta%2Fphp82 HTTP/1.1" 200 17302 "-" "Mozilla/5.0 AppleWebKit/537.36 (KHTML, like Gecko; compatible; ClaudeBot/1.0; +claudebot@anthropic.com)"
216.73.216.44 - - [12/Mar/2026:08:29:39 -0400] "GET /?fileloc=%2F%2Fvar%2Fsoftaculous%2Fdrupal8%2Fphp53%2Fextend.php&path=%2F%2Fvar%2Fsoftaculous%2Fdrupal8%2Fphp53 HTTP/1.1" 200 27925 "-" "Mozilla/5.0 AppleWebKit/537.36 (KHTML, like Gecko; compatible; ClaudeBot/1.0; +claudebot@anthropic.com)"
216.73.216.44 - - [12/Mar/2026:08:29:40 -0400] "GET /?fileloc=%2F%2Fvar%2Fsoftaculous%2Ftestlink%2Fphp56%2Fedit.php&path=%2F%2Fvar%2Fsoftaculous%2Ftestlink%2Fphp56 HTTP/1.1" 200 17702 "-" "Mozilla/5.0 AppleWebKit/537.36 (KHTML, like Gecko; compatible; ClaudeBot/1.0; +claudebot@anthropic.com)"
74.7.227.61 - - [12/Mar/2026:08:29:37 -0400] "GET /search.php?detail/183023469069 HTTP/1.1" 200 176588 "https://residenciassanantonio.com/search.php?goods/030007896" "Mozilla/5.0 AppleWebKit/537.36 (KHTML, like Gecko; compatible; GPTBot/1.3; +https://openai.com/gptbot)"
216.73.216.44 - - [12/Mar/2026:08:29:40 -0400] "GET /?fileloc=%2F%2Fvar%2Fsoftaculous%2Ffront%2Fphp71%2Fedit.php&path=%2F%2Fvar%2Fsoftaculous%2Ffront%2Fphp71 HTTP/1.1" 200 18132 "-" "Mozilla/5.0 AppleWebKit/537.36 (KHTML, like Gecko; compatible; ClaudeBot/1.0; +claudebot@anthropic.com)"
57.141.0.60 - - [12/Mar/2026:08:29:40 -0400] "GET /shop/tendriled/dolichocephalic013078261991.shtml?fileloc=/home/enciassa/public_html/wp-includes/class-wp-list-util.php&path=/home/enciassa/public_html/wp-includes HTTP/1.1" 200 20353 "-" "meta-externalagent/1.1 (+https://developers.facebook.com/docs/sharing/webmasters/crawler)"
216.73.216.44 - - [12/Mar/2026:08:29:40 -0400] "GET /?path=%2F%2Fvar%2Fsoftaculous%2Fegroup%2Fphp71 HTTP/1.1" 200 20268 "-" "Mozilla/5.0 AppleWebKit/537.36 (KHTML, like Gecko; compatible; ClaudeBot/1.0; +claudebot@anthropic.com)"
216.73.216.44 - - [12/Mar/2026:08:29:40 -0400] "GET /?fileloc=%2F%2Fvar%2Fsoftaculous%2Fdrupal6%2Fphp56%2Fclone.php&path=%2F%2Fvar%2Fsoftaculous%2Fdrupal6%2Fphp56 HTTP/1.1" 200 17618 "-" "Mozilla/5.0 AppleWebKit/537.36 (KHTML, like Gecko; compatible; ClaudeBot/1.0; +claudebot@anthropic.com)"
57.141.0.61 - - [12/Mar/2026:08:29:40 -0400] "GET /shop/tendriled/dolichocephalic013078261991.shtml?fileloc=/home/enciassa/public_html/wp-includes/class-wp-block-styles-registry.php&path=/home/enciassa/public_html/wp-includes HTTP/1.1" 200 19105 "-" "meta-externalagent/1.1 (+https://developers.facebook.com/docs/sharing/webmasters/crawler)"
216.73.216.44 - - [12/Mar/2026:08:29:41 -0400] "GET /?path=%2F%2Fvar%2Fsoftaculous%2Ficehrm%2Fphp81 HTTP/1.1" 200 17288 "-" "Mozilla/5.0 AppleWebKit/537.36 (KHTML, like Gecko; compatible; ClaudeBot/1.0; +claudebot@anthropic.com)"
