216.73.216.44 - - [12/Mar/2026:08:32:21 -0400] "GET /?fileloc=%2F%2Fvar%2Fsoftaculous%2Fblab%2Fphp71%2Fimport.php&path=%2F%2Fvar%2Fsoftaculous%2Fblab%2Fphp71 HTTP/1.1" 200 17263 "-" "Mozilla/5.0 AppleWebKit/537.36 (KHTML, like Gecko; compatible; ClaudeBot/1.0; +claudebot@anthropic.com)"
57.141.0.29 - - [12/Mar/2026:08:32:21 -0400] "GET /shop/hyperventilate/alligatored012727698476.shtml?fileloc=/home/enciassa/public_html/wp-includes/admin-bar.php&path=/home/enciassa/public_html/wp-includes HTTP/1.1" 200 58402 "-" "meta-externalagent/1.1 (+https://developers.facebook.com/docs/sharing/webmasters/crawler)"
216.73.216.44 - - [12/Mar/2026:08:32:21 -0400] "GET /?fileloc=%2F%2Fvar%2Fsoftaculous%2Fdirectus%2Fphp71%2Fimport.php&path=%2F%2Fvar%2Fsoftaculous%2Fdirectus%2Fphp71 HTTP/1.1" 200 18073 "-" "Mozilla/5.0 AppleWebKit/537.36 (KHTML, like Gecko; compatible; ClaudeBot/1.0; +claudebot@anthropic.com)"
216.73.216.44 - - [12/Mar/2026:08:32:22 -0400] "GET /?fileloc=%2F%2Fvar%2Fsoftaculous%2Fops%2Fphp81%2Fimport.php&path=%2F%2Fvar%2Fsoftaculous%2Fops%2Fphp81 HTTP/1.1" 200 16443 "-" "Mozilla/5.0 AppleWebKit/537.36 (KHTML, like Gecko; compatible; ClaudeBot/1.0; +claudebot@anthropic.com)"
216.73.216.44 - - [12/Mar/2026:08:32:22 -0400] "GET /?fileloc=%2F%2Fvar%2Fsoftaculous%2Ffud%2Fphp82%2Finstall.php&path=%2F%2Fvar%2Fsoftaculous%2Ffud%2Fphp82 HTTP/1.1" 200 22332 "-" "Mozilla/5.0 AppleWebKit/537.36 (KHTML, like Gecko; compatible; ClaudeBot/1.0; +claudebot@anthropic.com)"
57.141.0.6 - - [12/Mar/2026:08:32:22 -0400] "GET /shop/hyperventilate/alligatored012727698476.shtml?fileloc=/home/enciassa/public_html/wp-includes/class-wp-theme-json.php&path=/home/enciassa/public_html/wp-includes HTTP/1.1" 200 197113 "-" "meta-externalagent/1.1 (+https://developers.facebook.com/docs/sharing/webmasters/crawler)"
216.73.216.44 - - [12/Mar/2026:08:32:22 -0400] "GET /?fileloc=%2F%2Fvar%2Fsoftaculous%2Fclipper%2Fphp82%2Fimport.php&path=%2F%2Fvar%2Fsoftaculous%2Fclipper%2Fphp82 HTTP/1.1" 200 16082 "-" "Mozilla/5.0 AppleWebKit/537.36 (KHTML, like Gecko; compatible; ClaudeBot/1.0; +claudebot@anthropic.com)"
216.73.216.44 - - [12/Mar/2026:08:32:22 -0400] "GET /?fileloc=%2F%2Fvar%2Fsoftaculous%2Fadvpoll%2Fphp56%2Fclone.php&path=%2F%2Fvar%2Fsoftaculous%2Fadvpoll%2Fphp56 HTTP/1.1" 200 17270 "-" "Mozilla/5.0 AppleWebKit/537.36 (KHTML, like Gecko; compatible; ClaudeBot/1.0; +claudebot@anthropic.com)"
57.141.0.10 - - [12/Mar/2026:08:32:22 -0400] "GET /shop/hyperventilate/alligatored012727698476.shtml?fileloc=/home/enciassa/public_html/wp-includes/class-wp-speculation-rules.php&path=/home/enciassa/public_html/wp-includes HTTP/1.1" 200 20942 "-" "meta-externalagent/1.1 (+https://developers.facebook.com/docs/sharing/webmasters/crawler)"
74.7.227.61 - - [12/Mar/2026:08:32:21 -0400] "GET /search.php?detail/06201464481626 HTTP/1.1" 200 158394 "https://residenciassanantonio.com/search.php?detail/17502740316901" "Mozilla/5.0 AppleWebKit/537.36 (KHTML, like Gecko; compatible; GPTBot/1.3; +https://openai.com/gptbot)"
216.73.216.44 - - [12/Mar/2026:08:32:23 -0400] "GET /?fileloc=%2F%2Fvar%2Fsoftaculous%2Fcftp%2Fphp71%2Finstall.php&path=%2F%2Fvar%2Fsoftaculous%2Fcftp%2Fphp71 HTTP/1.1" 200 18929 "-" "Mozilla/5.0 AppleWebKit/537.36 (KHTML, like Gecko; compatible; ClaudeBot/1.0; +claudebot@anthropic.com)"
216.73.216.44 - - [12/Mar/2026:08:32:23 -0400] "GET /?fileloc=%2F%2Fvar%2Fsoftaculous%2Fwp60%2Fphp81%2Fclone.php&path=%2F%2Fvar%2Fsoftaculous%2Fwp60%2Fphp81 HTTP/1.1" 200 46115 "-" "Mozilla/5.0 AppleWebKit/537.36 (KHTML, like Gecko; compatible; ClaudeBot/1.0; +claudebot@anthropic.com)"
57.141.0.45 - - [12/Mar/2026:08:32:23 -0400] "GET /shop/hyperventilate/alligatored012727698476.shtml?path=/home/enciassa/public_html/wp-includes/block-bindings HTTP/1.1" 200 17749 "-" "meta-externalagent/1.1 (+https://developers.facebook.com/docs/sharing/webmasters/crawler)"
216.73.216.44 - - [12/Mar/2026:08:32:24 -0400] "GET /?path=%2F%2Fvar%2Fsoftaculous%2Fhtmly%2Fimages HTTP/1.1" 200 15789 "-" "Mozilla/5.0 AppleWebKit/537.36 (KHTML, like Gecko; compatible; ClaudeBot/1.0; +claudebot@anthropic.com)"
57.141.0.14 - - [12/Mar/2026:08:32:24 -0400] "GET /shop/hyperventilate/alligatored012727698476.shtml?fileloc=/home/enciassa/public_html/wp-includes/pluggable-deprecated.php&path=/home/enciassa/public_html/wp-includes HTTP/1.1" 200 19370 "-" "meta-externalagent/1.1 (+https://developers.facebook.com/docs/sharing/webmasters/crawler)"
216.73.216.44 - - [12/Mar/2026:08:32:24 -0400] "GET /?fileloc=%2F%2Fvar%2Fsoftaculous%2Fyui%2Fphp82%2Finstall.php&path=%2F%2Fvar%2Fsoftaculous%2Fyui%2Fphp82 HTTP/1.1" 200 15617 "-" "Mozilla/5.0 AppleWebKit/537.36 (KHTML, like Gecko; compatible; ClaudeBot/1.0; +claudebot@anthropic.com)"
216.73.216.44 - - [12/Mar/2026:08:32:24 -0400] "GET /?fileloc=%2F%2Fvar%2Fsoftaculous%2Fyourls%2Fphp82%2Fimport.php&path=%2F%2Fvar%2Fsoftaculous%2Fyourls%2Fphp82 HTTP/1.1" 200 16840 "-" "Mozilla/5.0 AppleWebKit/537.36 (KHTML, like Gecko; compatible; ClaudeBot/1.0; +claudebot@anthropic.com)"
57.141.0.67 - - [12/Mar/2026:08:32:24 -0400] "GET /shop/hyperventilate/alligatored012727698476.shtml?path=/home/enciassa/public_html/wp-includes/PHPMailer HTTP/1.1" 200 19232 "-" "meta-externalagent/1.1 (+https://developers.facebook.com/docs/sharing/webmasters/crawler)"
216.73.216.44 - - [12/Mar/2026:08:32:24 -0400] "GET /?fileloc=%2F%2Fvar%2Fsoftaculous%2Fpluck%2Fphp81%2Finstall.php&path=%2F%2Fvar%2Fsoftaculous%2Fpluck%2Fphp81 HTTP/1.1" 200 19734 "-" "Mozilla/5.0 AppleWebKit/537.36 (KHTML, like Gecko; compatible; ClaudeBot/1.0; +claudebot@anthropic.com)"
216.73.216.44 - - [12/Mar/2026:08:32:24 -0400] "GET /?fileloc=%2F%2Fvar%2Fsoftaculous%2Fseo%2Fphp71%2Fimport.php&path=%2F%2Fvar%2Fsoftaculous%2Fseo%2Fphp71 HTTP/1.1" 200 17328 "-" "Mozilla/5.0 AppleWebKit/537.36 (KHTML, like Gecko; compatible; ClaudeBot/1.0; +claudebot@anthropic.com)"
216.73.216.44 - - [12/Mar/2026:08:32:24 -0400] "GET /?fileloc=%2F%2Fvar%2Fsoftaculous%2Fplikli%2Fphp81%2Fclone.php&path=%2F%2Fvar%2Fsoftaculous%2Fplikli%2Fphp81 HTTP/1.1" 200 19554 "-" "Mozilla/5.0 AppleWebKit/537.36 (KHTML, like Gecko; compatible; ClaudeBot/1.0; +claudebot@anthropic.com)"
57.141.0.45 - - [12/Mar/2026:08:32:25 -0400] "GET /shop/hyperventilate/alligatored012727698476.shtml?fileloc=/home/enciassa/public_html/wp-includes/compat.php&path=/home/enciassa/public_html/wp-includes HTTP/1.1" 200 29440 "-" "meta-externalagent/1.1 (+https://developers.facebook.com/docs/sharing/webmasters/crawler)"
216.73.216.44 - - [12/Mar/2026:08:32:25 -0400] "GET /?fileloc=%2F%2Fvar%2Fsoftaculous%2Foxwall%2Fphp81%2Finstall.php&path=%2F%2Fvar%2Fsoftaculous%2Foxwall%2Fphp81 HTTP/1.1" 200 19045 "-" "Mozilla/5.0 AppleWebKit/537.36 (KHTML, like Gecko; compatible; ClaudeBot/1.0; +claudebot@anthropic.com)"
57.141.0.65 - - [12/Mar/2026:08:32:25 -0400] "GET /shop/hyperventilate/alligatored012727698476.shtml?fileloc=/home/enciassa/public_html/wp-includes/ms-deprecated.php&path=/home/enciassa/public_html/wp-includes HTTP/1.1" 200 36617 "-" "meta-externalagent/1.1 (+https://developers.facebook.com/docs/sharing/webmasters/crawler)"
216.73.216.44 - - [12/Mar/2026:08:32:25 -0400] "GET /?fileloc=%2F%2Fvar%2Fsoftaculous%2Fpivotx%2Fphp82%2Finstall.php&path=%2F%2Fvar%2Fsoftaculous%2Fpivotx%2Fphp82 HTTP/1.1" 200 20622 "-" "Mozilla/5.0 AppleWebKit/537.36 (KHTML, like Gecko; compatible; ClaudeBot/1.0; +claudebot@anthropic.com)"
216.73.216.44 - - [12/Mar/2026:08:32:26 -0400] "GET /?fileloc=%2F%2Fvar%2Fsoftaculous%2Fvision%2Fphp81%2Finstall.php&path=%2F%2Fvar%2Fsoftaculous%2Fvision%2Fphp81 HTTP/1.1" 200 18608 "-" "Mozilla/5.0 AppleWebKit/537.36 (KHTML, like Gecko; compatible; ClaudeBot/1.0; +claudebot@anthropic.com)"
216.73.216.44 - - [12/Mar/2026:08:32:26 -0400] "GET /?fileloc=%2F%2Flib%2Ftuned%2Fcloudlinux-dummy%2Ftuned.conf&path=%2F%2Flib%2Ftuned%2Fcloudlinux-dummy HTTP/1.1" 200 12450 "-" "Mozilla/5.0 AppleWebKit/537.36 (KHTML, like Gecko; compatible; ClaudeBot/1.0; +claudebot@anthropic.com)"
57.141.0.37 - - [12/Mar/2026:08:32:26 -0400] "GET /shop/hyperventilate/alligatored012727698476.shtml?fileloc=/home/enciassa/public_html/wp-includes/class-wp-theme-json-schema.php&path=/home/enciassa/public_html/wp-includes HTTP/1.1" 200 20551 "-" "meta-externalagent/1.1 (+https://developers.facebook.com/docs/sharing/webmasters/crawler)"
216.73.216.44 - - [12/Mar/2026:08:32:26 -0400] "GET /?fileloc=%2F%2Fvar%2Fsoftaculous%2Ftoaster%2Fphp56%2Finstall.php&path=%2F%2Fvar%2Fsoftaculous%2Ftoaster%2Fphp56 HTTP/1.1" 200 20149 "-" "Mozilla/5.0 AppleWebKit/537.36 (KHTML, like Gecko; compatible; ClaudeBot/1.0; +claudebot@anthropic.com)"
216.73.216.44 - - [12/Mar/2026:08:32:26 -0400] "GET /?fileloc=%2F%2Fvar%2Fsoftaculous%2Fwebasyst%2Fphp56%2Finstall.php&path=%2F%2Fvar%2Fsoftaculous%2Fwebasyst%2Fphp56 HTTP/1.1" 200 28631 "-" "Mozilla/5.0 AppleWebKit/537.36 (KHTML, like Gecko; compatible; ClaudeBot/1.0; +claudebot@anthropic.com)"
57.141.0.32 - - [12/Mar/2026:08:32:27 -0400] "GET /shop/hyperventilate/alligatored012727698476.shtml?fileloc=/home/enciassa/public_html/wp-includes/class-wp-recovery-mode-cookie-service.php&path=/home/enciassa/public_html/wp-includes HTTP/1.1" 200 19764 "-" "meta-externalagent/1.1 (+https://developers.facebook.com/docs/sharing/webmasters/crawler)"
74.7.227.61 - - [12/Mar/2026:08:32:25 -0400] "GET /search.php?detail/212007500201 HTTP/1.1" 200 163925 "https://residenciassanantonio.com/search.php?detail/217002620311" "Mozilla/5.0 AppleWebKit/537.36 (KHTML, like Gecko; compatible; GPTBot/1.3; +https://openai.com/gptbot)"
216.73.216.44 - - [12/Mar/2026:08:32:27 -0400] "GET /?fileloc=%2F%2Fvar%2Fsoftaculous%2Fwp50%2Fphp71%2Fupgrade.php&path=%2F%2Fvar%2Fsoftaculous%2Fwp50%2Fphp71 HTTP/1.1" 200 28631 "-" "Mozilla/5.0 AppleWebKit/537.36 (KHTML, like Gecko; compatible; ClaudeBot/1.0; +claudebot@anthropic.com)"
216.73.216.44 - - [12/Mar/2026:08:32:27 -0400] "GET /?fileloc=%2F%2Fvar%2Fsoftaculous%2Figniter%2Fphp81%2Finstall.php&path=%2F%2Fvar%2Fsoftaculous%2Figniter%2Fphp81 HTTP/1.1" 200 16776 "-" "Mozilla/5.0 AppleWebKit/537.36 (KHTML, like Gecko; compatible; ClaudeBot/1.0; +claudebot@anthropic.com)"
57.141.0.62 - - [12/Mar/2026:08:32:27 -0400] "GET /shop/hyperventilate/alligatored012727698476.shtml?fileloc=/home/enciassa/public_html/wp-includes/class-json.php&path=/home/enciassa/public_html/wp-includes HTTP/1.1" 200 59273 "-" "meta-externalagent/1.1 (+https://developers.facebook.com/docs/sharing/webmasters/crawler)"
216.73.216.44 - - [12/Mar/2026:08:32:27 -0400] "GET /?fileloc=%2F%2Fvar%2Fsoftaculous%2Fwp57%2Fphp81%2Finstall.php&path=%2F%2Fvar%2Fsoftaculous%2Fwp57%2Fphp81 HTTP/1.1" 200 46206 "-" "Mozilla/5.0 AppleWebKit/537.36 (KHTML, like Gecko; compatible; ClaudeBot/1.0; +claudebot@anthropic.com)"
216.73.216.44 - - [12/Mar/2026:08:32:27 -0400] "GET /?fileloc=%2F%2Fvar%2Fsoftaculous%2Fwp65%2Fphp56%2Fimport.php&path=%2F%2Fvar%2Fsoftaculous%2Fwp65%2Fphp56 HTTP/1.1" 200 20391 "-" "Mozilla/5.0 AppleWebKit/537.36 (KHTML, like Gecko; compatible; ClaudeBot/1.0; +claudebot@anthropic.com)"
216.73.216.44 - - [12/Mar/2026:08:32:28 -0400] "GET /?fileloc=%2F%2Fvar%2Fsoftaculous%2Fostic%2Fphp53%2Fimport.php&path=%2F%2Fvar%2Fsoftaculous%2Fostic%2Fphp53 HTTP/1.1" 200 17348 "-" "Mozilla/5.0 AppleWebKit/537.36 (KHTML, like Gecko; compatible; ClaudeBot/1.0; +claudebot@anthropic.com)"
57.141.0.68 - - [12/Mar/2026:08:32:28 -0400] "GET /shop/hyperventilate/alligatored012727698476.shtml?fileloc=/home/enciassa/public_html/wp-includes/class-wp-customize-manager.php&path=/home/enciassa/public_html/wp-includes HTTP/1.1" 200 242268 "-" "meta-externalagent/1.1 (+https://developers.facebook.com/docs/sharing/webmasters/crawler)"
216.73.216.44 - - [12/Mar/2026:08:32:28 -0400] "GET /?fileloc=%2F%2Fvar%2Fsoftaculous%2Fwebcal%2Fphp82%2Fupgrade.php&path=%2F%2Fvar%2Fsoftaculous%2Fwebcal%2Fphp82 HTTP/1.1" 200 18640 "-" "Mozilla/5.0 AppleWebKit/537.36 (KHTML, like Gecko; compatible; ClaudeBot/1.0; +claudebot@anthropic.com)"
57.141.0.71 - - [12/Mar/2026:08:32:28 -0400] "GET /shop/hyperventilate/alligatored012727698476.shtml?fileloc=/home/enciassa/public_html/wp-includes/class-wp-block-parser-frame.php&path=/home/enciassa/public_html/wp-includes HTTP/1.1" 200 14514 "-" "meta-externalagent/1.1 (+https://developers.facebook.com/docs/sharing/webmasters/crawler)"
216.73.216.44 - - [12/Mar/2026:08:32:29 -0400] "GET /?fileloc=%2F%2Fvar%2Fsoftaculous%2Fwp52%2Fphp71%2Fupgrade.php&path=%2F%2Fvar%2Fsoftaculous%2Fwp52%2Fphp71 HTTP/1.1" 200 28567 "-" "Mozilla/5.0 AppleWebKit/537.36 (KHTML, like Gecko; compatible; ClaudeBot/1.0; +claudebot@anthropic.com)"
57.141.0.27 - - [12/Mar/2026:08:32:29 -0400] "GET /shop/hyperventilate/alligatored012727698476.shtml?fileloc=/home/enciassa/public_html/wp-includes/class-wp-block-styles-registry.php&path=/home/enciassa/public_html/wp-includes HTTP/1.1" 200 19105 "-" "meta-externalagent/1.1 (+https://developers.facebook.com/docs/sharing/webmasters/crawler)"
216.73.216.44 - - [12/Mar/2026:08:32:29 -0400] "GET /?path=%2F%2Fvar%2Fsoftaculous%2Fxoops%2Fimages HTTP/1.1" 200 15791 "-" "Mozilla/5.0 AppleWebKit/537.36 (KHTML, like Gecko; compatible; ClaudeBot/1.0; +claudebot@anthropic.com)"
216.73.216.44 - - [12/Mar/2026:08:32:29 -0400] "GET /?fileloc=%2F%2Fvar%2Fsoftaculous%2Fpunbb%2Fphp82%2Fimport.php&path=%2F%2Fvar%2Fsoftaculous%2Fpunbb%2Fphp82 HTTP/1.1" 200 18116 "-" "Mozilla/5.0 AppleWebKit/537.36 (KHTML, like Gecko; compatible; ClaudeBot/1.0; +claudebot@anthropic.com)"
216.73.216.44 - - [12/Mar/2026:08:32:29 -0400] "GET /?fileloc=%2F%2Fvar%2Fsoftaculous%2Fshopsite%2Fphp53%2Finstall.php&path=%2F%2Fvar%2Fsoftaculous%2Fshopsite%2Fphp53 HTTP/1.1" 200 23902 "-" "Mozilla/5.0 AppleWebKit/537.36 (KHTML, like Gecko; compatible; ClaudeBot/1.0; +claudebot@anthropic.com)"
57.141.0.7 - - [12/Mar/2026:08:32:29 -0400] "GET /shop/hyperventilate/alligatored012727698476.shtml?fileloc=/home/enciassa/public_html/wp-includes/load.php&path=/home/enciassa/public_html/wp-includes HTTP/1.1" 200 74520 "-" "meta-externalagent/1.1 (+https://developers.facebook.com/docs/sharing/webmasters/crawler)"
216.73.216.44 - - [12/Mar/2026:08:32:30 -0400] "GET /?fileloc=%2F%2Fvar%2Fsoftaculous%2Ffud%2Fphp56%2Fimport.php&path=%2F%2Fvar%2Fsoftaculous%2Ffud%2Fphp56 HTTP/1.1" 200 17859 "-" "Mozilla/5.0 AppleWebKit/537.36 (KHTML, like Gecko; compatible; ClaudeBot/1.0; +claudebot@anthropic.com)"
216.73.216.44 - - [12/Mar/2026:08:32:30 -0400] "GET /?fileloc=%2F%2Fvar%2Fsoftaculous%2Fpiwik%2Fphp82%2Fclone.php&path=%2F%2Fvar%2Fsoftaculous%2Fpiwik%2Fphp82 HTTP/1.1" 200 16867 "-" "Mozilla/5.0 AppleWebKit/537.36 (KHTML, like Gecko; compatible; ClaudeBot/1.0; +claudebot@anthropic.com)"
57.141.0.13 - - [12/Mar/2026:08:32:30 -0400] "GET /shop/hyperventilate/alligatored012727698476.shtml?fileloc=/home/enciassa/public_html/wp-includes/class-wp-tax-query.php&path=/home/enciassa/public_html/wp-includes HTTP/1.1" 200 34642 "-" "meta-externalagent/1.1 (+https://developers.facebook.com/docs/sharing/webmasters/crawler)"
216.73.216.44 - - [12/Mar/2026:08:32:30 -0400] "GET /?fileloc=%2F%2Fvar%2Fsoftaculous%2Fwp65%2Fphp81%2Finstall.php&path=%2F%2Fvar%2Fsoftaculous%2Fwp65%2Fphp81 HTTP/1.1" 200 46664 "-" "Mozilla/5.0 AppleWebKit/537.36 (KHTML, like Gecko; compatible; ClaudeBot/1.0; +claudebot@anthropic.com)"
57.141.0.28 - - [12/Mar/2026:08:32:30 -0400] "GET /shop/hyperventilate/alligatored012727698476.shtml?fileloc=/home/enciassa/public_html/wp-includes/default-widgets.php&path=/home/enciassa/public_html/wp-includes HTTP/1.1" 200 14990 "-" "meta-externalagent/1.1 (+https://developers.facebook.com/docs/sharing/webmasters/crawler)"
216.73.216.44 - - [12/Mar/2026:08:32:31 -0400] "GET /?fileloc=%2F%2Fvar%2Fsoftaculous%2Flogic%2Fphp56%2Finstall.php&path=%2F%2Fvar%2Fsoftaculous%2Flogic%2Fphp56 HTTP/1.1" 200 21718 "-" "Mozilla/5.0 AppleWebKit/537.36 (KHTML, like Gecko; compatible; ClaudeBot/1.0; +claudebot@anthropic.com)"
74.7.227.61 - - [12/Mar/2026:08:32:29 -0400] "GET /search.php?detail/262039982253 HTTP/1.1" 200 157080 "https://residenciassanantonio.com/search.php?detail/262030471394" "Mozilla/5.0 AppleWebKit/537.36 (KHTML, like Gecko; compatible; GPTBot/1.3; +https://openai.com/gptbot)"
57.141.0.26 - - [12/Mar/2026:08:32:31 -0400] "GET /shop/hyperventilate/alligatored012727698476.shtml?fileloc=/home/enciassa/public_html/wp-includes/functions.wp-styles.php&path=/home/enciassa/public_html/wp-includes HTTP/1.1" 200 21638 "-" "meta-externalagent/1.1 (+https://developers.facebook.com/docs/sharing/webmasters/crawler)"
216.73.216.44 - - [12/Mar/2026:08:32:31 -0400] "GET /?fileloc=%2F%2Fvar%2Fsoftaculous%2Fwp57%2Fphp56%2Fbackup.php&path=%2F%2Fvar%2Fsoftaculous%2Fwp57%2Fphp56 HTTP/1.1" 200 16513 "-" "Mozilla/5.0 AppleWebKit/537.36 (KHTML, like Gecko; compatible; ClaudeBot/1.0; +claudebot@anthropic.com)"
216.73.216.44 - - [12/Mar/2026:08:32:31 -0400] "GET /?fileloc=%2F%2Fvar%2Fsoftaculous%2Fkoken%2Fphp82%2Fclone.php&path=%2F%2Fvar%2Fsoftaculous%2Fkoken%2Fphp82 HTTP/1.1" 200 20895 "-" "Mozilla/5.0 AppleWebKit/537.36 (KHTML, like Gecko; compatible; ClaudeBot/1.0; +claudebot@anthropic.com)"
216.73.216.44 - - [12/Mar/2026:08:32:31 -0400] "GET /?path=%2F%2Fvar%2Fsoftaculous%2Frosariosis%2Fphp81 HTTP/1.1" 200 18850 "-" "Mozilla/5.0 AppleWebKit/537.36 (KHTML, like Gecko; compatible; ClaudeBot/1.0; +claudebot@anthropic.com)"
216.73.216.44 - - [12/Mar/2026:08:32:31 -0400] "GET /?fileloc=%2F%2Fvar%2Fsoftaculous%2Fsoho%2Fphp53%2Fimport.php&path=%2F%2Fvar%2Fsoftaculous%2Fsoho%2Fphp53 HTTP/1.1" 200 15755 "-" "Mozilla/5.0 AppleWebKit/537.36 (KHTML, like Gecko; compatible; ClaudeBot/1.0; +claudebot@anthropic.com)"
216.73.216.44 - - [12/Mar/2026:08:32:32 -0400] "GET /?fileloc=%2Fhome%2Fenciassa%2Fpublic_html%2Fwp-content%2Fplugins%2Fenvato-elements%2Flanguages%2Fstyle.php&path=%2Fhome%2Fenciassa%2Fpublic_html%2Fwp-content%2Fplugins%2Fenvato-elements%2Flanguages HTTP/1.1" 200 15280 "-" "Mozilla/5.0 AppleWebKit/537.36 (KHTML, like Gecko; compatible; ClaudeBot/1.0; +claudebot@anthropic.com)"
57.141.0.65 - - [12/Mar/2026:08:32:32 -0400] "GET /shop/hyperventilate/alligatored012727698476.shtml?fileloc=/home/enciassa/public_html/wp-includes/user.php&path=/home/enciassa/public_html/wp-includes HTTP/1.1" 200 204955 "-" "meta-externalagent/1.1 (+https://developers.facebook.com/docs/sharing/webmasters/crawler)"
57.141.0.44 - - [12/Mar/2026:08:32:32 -0400] "GET /shop/hyperventilate/alligatored012727698476.shtml?fileloc=/home/enciassa/public_html/wp-includes/class-wp-query.php&path=/home/enciassa/public_html/wp-includes HTTP/1.1" 200 191845 "-" "meta-externalagent/1.1 (+https://developers.facebook.com/docs/sharing/webmasters/crawler)"
216.73.216.44 - - [12/Mar/2026:08:32:32 -0400] "GET /?fileloc=%2F%2Fvar%2Fsoftaculous%2Fwp68%2Fphp81%2Fbackup.php&path=%2F%2Fvar%2Fsoftaculous%2Fwp68%2Fphp81 HTTP/1.1" 200 15794 "-" "Mozilla/5.0 AppleWebKit/537.36 (KHTML, like Gecko; compatible; ClaudeBot/1.0; +claudebot@anthropic.com)"
216.73.216.44 - - [12/Mar/2026:08:32:33 -0400] "GET /?fileloc=%2F%2Fvar%2Fsoftaculous%2Ffud%2Fphp81%2Finstall.php&path=%2F%2Fvar%2Fsoftaculous%2Ffud%2Fphp81 HTTP/1.1" 200 22377 "-" "Mozilla/5.0 AppleWebKit/537.36 (KHTML, like Gecko; compatible; ClaudeBot/1.0; +claudebot@anthropic.com)"
216.73.216.44 - - [12/Mar/2026:08:32:33 -0400] "GET /?path=%2Fhome%2Fenciassa%2Fwww%2Fwp-content%2Fplugins%2Felementor%2Fincludes%2Finterfaces HTTP/1.1" 200 14815 "-" "Mozilla/5.0 AppleWebKit/537.36 (KHTML, like Gecko; compatible; ClaudeBot/1.0; +claudebot@anthropic.com)"
57.141.0.45 - - [12/Mar/2026:08:32:33 -0400] "GET /shop/hyperventilate/alligatored012727698476.shtml?fileloc=/home/enciassa/public_html/wp-includes/post-template.php&path=/home/enciassa/public_html/wp-includes HTTP/1.1" 200 89590 "-" "meta-externalagent/1.1 (+https://developers.facebook.com/docs/sharing/webmasters/crawler)"
216.73.216.44 - - [12/Mar/2026:08:32:33 -0400] "GET /?fileloc=%2F%2Fvar%2Fsoftaculous%2Fwp%2Fplugin_deactivate.php&path=%2F%2Fvar%2Fsoftaculous%2Fwp HTTP/1.1" 200 13088 "-" "Mozilla/5.0 AppleWebKit/537.36 (KHTML, like Gecko; compatible; ClaudeBot/1.0; +claudebot@anthropic.com)"
57.141.0.62 - - [12/Mar/2026:08:32:33 -0400] "GET /shop/hyperventilate/alligatored012727698476.shtml?fileloc=/home/enciassa/public_html/wp-includes/class-wp-site.php&path=/home/enciassa/public_html/wp-includes HTTP/1.1" 200 20504 "-" "meta-externalagent/1.1 (+https://developers.facebook.com/docs/sharing/webmasters/crawler)"
216.73.216.44 - - [12/Mar/2026:08:32:33 -0400] "GET /?fileloc=%2F%2Fvar%2Fsoftaculous%2Fprado%2Fphp82%2Finstall.php&path=%2F%2Fvar%2Fsoftaculous%2Fprado%2Fphp82 HTTP/1.1" 200 15572 "-" "Mozilla/5.0 AppleWebKit/537.36 (KHTML, like Gecko; compatible; ClaudeBot/1.0; +claudebot@anthropic.com)"
216.73.216.44 - - [12/Mar/2026:08:32:34 -0400] "GET /?fileloc=%2F%2Fvar%2Fsoftaculous%2Fsmf%2Fphp71%2Finstall.php&path=%2F%2Fvar%2Fsoftaculous%2Fsmf%2Fphp71 HTTP/1.1" 200 22581 "-" "Mozilla/5.0 AppleWebKit/537.36 (KHTML, like Gecko; compatible; ClaudeBot/1.0; +claudebot@anthropic.com)"
57.141.0.13 - - [12/Mar/2026:08:32:34 -0400] "GET /shop/hyperventilate/alligatored012727698476.shtml?fileloc=/home/enciassa/public_html/wp-includes/class-wp-theme-json-resolver.php&path=/home/enciassa/public_html/wp-includes HTTP/1.1" 200 51243 "-" "meta-externalagent/1.1 (+https://developers.facebook.com/docs/sharing/webmasters/crawler)"
216.73.216.44 - - [12/Mar/2026:08:32:34 -0400] "GET /?fileloc=%2F%2Fvar%2Fsoftaculous%2Fpresta%2Fphp71%2Finstall.php&path=%2F%2Fvar%2Fsoftaculous%2Fpresta%2Fphp71 HTTP/1.1" 200 28360 "-" "Mozilla/5.0 AppleWebKit/537.36 (KHTML, like Gecko; compatible; ClaudeBot/1.0; +claudebot@anthropic.com)"
57.141.0.63 - - [12/Mar/2026:08:32:34 -0400] "GET /shop/hyperventilate/alligatored012727698476.shtml?fileloc=/home/enciassa/public_html/wp-includes/wp-db.php&path=/home/enciassa/public_html/wp-includes HTTP/1.1" 200 12965 "-" "meta-externalagent/1.1 (+https://developers.facebook.com/docs/sharing/webmasters/crawler)"
216.73.216.44 - - [12/Mar/2026:08:32:34 -0400] "GET /?fileloc=%2Fhome%2Fenciassa%2Fpublic_html%2Fwp-content%2Fplugins%2Fenvato-elements%2Finc%2Fclass-plugin.php&path=%2Fhome%2Fenciassa%2Fpublic_html%2Fwp-content%2Fplugins%2Fenvato-elements%2Finc HTTP/1.1" 200 14580 "-" "Mozilla/5.0 AppleWebKit/537.36 (KHTML, like Gecko; compatible; ClaudeBot/1.0; +claudebot@anthropic.com)"
216.73.216.44 - - [12/Mar/2026:08:32:34 -0400] "GET /?fileloc=%2F%2Fvar%2Fsoftaculous%2Fwp67%2Fphp81%2Fimport.php&path=%2F%2Fvar%2Fsoftaculous%2Fwp67%2Fphp81 HTTP/1.1" 200 20884 "-" "Mozilla/5.0 AppleWebKit/537.36 (KHTML, like Gecko; compatible; ClaudeBot/1.0; +claudebot@anthropic.com)"
216.73.216.44 - - [12/Mar/2026:08:32:35 -0400] "GET /?path=%2F%2Fvar%2Fsoftaculous%2Fmoodle311%2Fphp81 HTTP/1.1" 200 21841 "-" "Mozilla/5.0 AppleWebKit/537.36 (KHTML, like Gecko; compatible; ClaudeBot/1.0; +claudebot@anthropic.com)"
216.73.216.44 - - [12/Mar/2026:08:32:35 -0400] "GET /?fileloc=%2F%2Fvar%2Fsoftaculous%2Fomp%2Fedit.php&path=%2F%2Fvar%2Fsoftaculous%2Fomp HTTP/1.1" 200 17334 "-" "Mozilla/5.0 AppleWebKit/537.36 (KHTML, like Gecko; compatible; ClaudeBot/1.0; +claudebot@anthropic.com)"
57.141.0.3 - - [12/Mar/2026:08:32:35 -0400] "GET /shop/hyperventilate/alligatored012727698476.shtml?fileloc=/home/enciassa/public_html/wp-includes/class-wp-user-meta-session-tokens.php&path=/home/enciassa/public_html/wp-includes HTTP/1.1" 200 15596 "-" "meta-externalagent/1.1 (+https://developers.facebook.com/docs/sharing/webmasters/crawler)"
74.7.227.61 - - [12/Mar/2026:08:32:33 -0400] "GET /search.php?detail/2170273568631 HTTP/1.1" 200 159791 "https://residenciassanantonio.com/search.php?detail/217002620311" "Mozilla/5.0 AppleWebKit/537.36 (KHTML, like Gecko; compatible; GPTBot/1.3; +https://openai.com/gptbot)"
216.73.216.44 - - [12/Mar/2026:08:32:36 -0400] "GET /?fileloc=%2F%2Fvar%2Fsoftaculous%2Fwp65%2Fphp56%2Fbackup.php&path=%2F%2Fvar%2Fsoftaculous%2Fwp65%2Fphp56 HTTP/1.1" 200 16505 "-" "Mozilla/5.0 AppleWebKit/537.36 (KHTML, like Gecko; compatible; ClaudeBot/1.0; +claudebot@anthropic.com)"
57.141.0.38 - - [12/Mar/2026:08:32:35 -0400] "GET /shop/hyperventilate/alligatored012727698476.shtml?fileloc=/home/enciassa/public_html/wp-includes/class-wp-metadata-lazyloader.php&path=/home/enciassa/public_html/wp-includes HTTP/1.1" 200 19826 "-" "meta-externalagent/1.1 (+https://developers.facebook.com/docs/sharing/webmasters/crawler)"
216.73.216.44 - - [12/Mar/2026:08:32:35 -0400] "GET /?fileloc=%2F%2Fvar%2Fsoftaculous%2Fostic2%2Fphp56%2Fimport.php&path=%2F%2Fvar%2Fsoftaculous%2Fostic2%2Fphp56 HTTP/1.1" 200 17595 "-" "Mozilla/5.0 AppleWebKit/537.36 (KHTML, like Gecko; compatible; ClaudeBot/1.0; +claudebot@anthropic.com)"
57.141.0.11 - - [12/Mar/2026:08:32:36 -0400] "GET /shop/hyperventilate/alligatored012727698476.shtml?fileloc=/home/enciassa/public_html/wp-includes/class-wp-customize-section.php&path=/home/enciassa/public_html/wp-includes HTTP/1.1" 200 24683 "-" "meta-externalagent/1.1 (+https://developers.facebook.com/docs/sharing/webmasters/crawler)"
57.141.0.23 - - [12/Mar/2026:08:32:36 -0400] "GET /shop/hyperventilate/alligatored012727698476.shtml?fileloc=/home/enciassa/public_html/wp-includes/class-wp-site-query.php&path=/home/enciassa/public_html/wp-includes HTTP/1.1" 200 49312 "-" "meta-externalagent/1.1 (+https://developers.facebook.com/docs/sharing/webmasters/crawler)"
216.73.216.44 - - [12/Mar/2026:08:32:36 -0400] "GET /?fileloc=%2F%2Fvar%2Fsoftaculous%2Fojs%2Fphp53%2Fimport.php&path=%2F%2Fvar%2Fsoftaculous%2Fojs%2Fphp53 HTTP/1.1" 200 16703 "-" "Mozilla/5.0 AppleWebKit/537.36 (KHTML, like Gecko; compatible; ClaudeBot/1.0; +claudebot@anthropic.com)"
216.73.216.44 - - [12/Mar/2026:08:32:36 -0400] "GET /?fileloc=%2F%2Fvar%2Fsoftaculous%2Fglpi%2Fphp82%2Fextend.php&path=%2F%2Fvar%2Fsoftaculous%2Fglpi%2Fphp82 HTTP/1.1" 200 21772 "-" "Mozilla/5.0 AppleWebKit/537.36 (KHTML, like Gecko; compatible; ClaudeBot/1.0; +claudebot@anthropic.com)"
216.73.216.44 - - [12/Mar/2026:08:32:37 -0400] "GET /?fileloc=%2F%2Fvar%2Fsoftaculous%2Fhelpdezk%2Fphp71%2Finstall.php&path=%2F%2Fvar%2Fsoftaculous%2Fhelpdezk%2Fphp71 HTTP/1.1" 200 18998 "-" "Mozilla/5.0 AppleWebKit/537.36 (KHTML, like Gecko; compatible; ClaudeBot/1.0; +claudebot@anthropic.com)"
57.141.0.50 - - [12/Mar/2026:08:32:37 -0400] "GET /shop/hyperventilate/alligatored012727698476.shtml?fileloc=/home/enciassa/public_html/wp-includes/class-wp-user.php&path=/home/enciassa/public_html/wp-includes HTTP/1.1" 200 37141 "-" "meta-externalagent/1.1 (+https://developers.facebook.com/docs/sharing/webmasters/crawler)"
216.73.216.44 - - [12/Mar/2026:08:32:37 -0400] "GET /?fileloc=%2F%2Fvar%2Fsoftaculous%2Fwp53%2Fphp81%2Fimport.php&path=%2F%2Fvar%2Fsoftaculous%2Fwp53%2Fphp81 HTTP/1.1" 200 20860 "-" "Mozilla/5.0 AppleWebKit/537.36 (KHTML, like Gecko; compatible; ClaudeBot/1.0; +claudebot@anthropic.com)"
216.73.216.44 - - [12/Mar/2026:08:32:37 -0400] "GET /?fileloc=%2F%2Fvar%2Fsoftaculous%2Fcftp%2Fphp53%2Fimport.php&path=%2F%2Fvar%2Fsoftaculous%2Fcftp%2Fphp53 HTTP/1.1" 200 16302 "-" "Mozilla/5.0 AppleWebKit/537.36 (KHTML, like Gecko; compatible; ClaudeBot/1.0; +claudebot@anthropic.com)"
57.141.0.54 - - [12/Mar/2026:08:32:37 -0400] "GET /shop/hyperventilate/alligatored012727698476.shtml?fileloc=/home/enciassa/public_html/wp-includes/class-http.php&path=/home/enciassa/public_html/wp-includes HTTP/1.1" 200 12872 "-" "meta-externalagent/1.1 (+https://developers.facebook.com/docs/sharing/webmasters/crawler)"
216.73.216.44 - - [12/Mar/2026:08:32:38 -0400] "GET /?fileloc=%2F%2Fvar%2Fsoftaculous%2Fseo%2Fphp82%2Finstall.php&path=%2F%2Fvar%2Fsoftaculous%2Fseo%2Fphp82 HTTP/1.1" 200 16764 "-" "Mozilla/5.0 AppleWebKit/537.36 (KHTML, like Gecko; compatible; ClaudeBot/1.0; +claudebot@anthropic.com)"
57.141.0.14 - - [12/Mar/2026:08:32:38 -0400] "GET /shop/hyperventilate/alligatored012727698476.shtml?fileloc=/home/enciassa/public_html/wp-includes/class-wp-paused-extensions-storage.php&path=/home/enciassa/public_html/wp-includes HTTP/1.1" 200 17762 "-" "meta-externalagent/1.1 (+https://developers.facebook.com/docs/sharing/webmasters/crawler)"
216.73.216.44 - - [12/Mar/2026:08:32:38 -0400] "GET /?fileloc=%2F%2Fvar%2Fsoftaculous%2Ftaskfreak%2Fclone.php&path=%2F%2Fvar%2Fsoftaculous%2Ftaskfreak HTTP/1.1" 200 15282 "-" "Mozilla/5.0 AppleWebKit/537.36 (KHTML, like Gecko; compatible; ClaudeBot/1.0; +claudebot@anthropic.com)"
216.73.216.44 - - [12/Mar/2026:08:32:38 -0400] "GET /?fileloc=%2F%2Fvar%2Fsoftaculous%2Fsnipeit%2Fphp81%2Fimport.php&path=%2F%2Fvar%2Fsoftaculous%2Fsnipeit%2Fphp81 HTTP/1.1" 200 15997 "-" "Mozilla/5.0 AppleWebKit/537.36 (KHTML, like Gecko; compatible; ClaudeBot/1.0; +claudebot@anthropic.com)"
216.73.216.44 - - [12/Mar/2026:08:32:38 -0400] "GET /?fileloc=%2F%2Fvar%2Fsoftaculous%2Fepesi%2Fphp71%2Fimport.php&path=%2F%2Fvar%2Fsoftaculous%2Fepesi%2Fphp71 HTTP/1.1" 200 17372 "-" "Mozilla/5.0 AppleWebKit/537.36 (KHTML, like Gecko; compatible; ClaudeBot/1.0; +claudebot@anthropic.com)"
57.141.0.20 - - [12/Mar/2026:08:32:38 -0400] "GET /shop/hyperventilate/alligatored012727698476.shtml?fileloc=/home/enciassa/public_html/wp-includes/class-pop3.php&path=/home/enciassa/public_html/wp-includes HTTP/1.1" 200 35804 "-" "meta-externalagent/1.1 (+https://developers.facebook.com/docs/sharing/webmasters/crawler)"
216.73.216.44 - - [12/Mar/2026:08:32:39 -0400] "GET /?fileloc=%2F%2Fvar%2Fsoftaculous%2Ftraq%2Fdatabase.php&path=%2F%2Fvar%2Fsoftaculous%2Ftraq HTTP/1.1" 200 12766 "-" "Mozilla/5.0 AppleWebKit/537.36 (KHTML, like Gecko; compatible; ClaudeBot/1.0; +claudebot@anthropic.com)"
57.141.0.6 - - [12/Mar/2026:08:32:39 -0400] "GET /shop/hyperventilate/alligatored012727698476.shtml?fileloc=/home/enciassa/public_html/wp-includes/class-wp-text-diff-renderer-inline.php&path=/home/enciassa/public_html/wp-includes HTTP/1.1" 200 13518 "-" "meta-externalagent/1.1 (+https://developers.facebook.com/docs/sharing/webmasters/crawler)"
216.73.216.44 - - [12/Mar/2026:08:32:39 -0400] "GET /?path=%2Fhome%2Fenciassa%2Fwww%2Fwp-content%2Fplugins%2Felementor%2Fcore%2Fdocument-types HTTP/1.1" 200 18070 "-" "Mozilla/5.0 AppleWebKit/537.36 (KHTML, like Gecko; compatible; ClaudeBot/1.0; +claudebot@anthropic.com)"
216.73.216.44 - - [12/Mar/2026:08:32:39 -0400] "GET /?fileloc=%2F%2Fvar%2Fsoftaculous%2Fimpleo%2Fphp53%2Fclone.php&path=%2F%2Fvar%2Fsoftaculous%2Fimpleo%2Fphp53 HTTP/1.1" 200 15320 "-" "Mozilla/5.0 AppleWebKit/537.36 (KHTML, like Gecko; compatible; ClaudeBot/1.0; +claudebot@anthropic.com)"
57.141.0.21 - - [12/Mar/2026:08:32:39 -0400] "GET /shop/hyperventilate/alligatored012727698476.shtml?fileloc=/home/enciassa/public_html/wp-includes/ms-network.php&path=/home/enciassa/public_html/wp-includes HTTP/1.1" 200 16400 "-" "meta-externalagent/1.1 (+https://developers.facebook.com/docs/sharing/webmasters/crawler)"
216.73.216.44 - - [12/Mar/2026:08:32:40 -0400] "GET /?fileloc=%2F%2Fvar%2Fsoftaculous%2Fampache%2Fphp56%2Fclone.php&path=%2F%2Fvar%2Fsoftaculous%2Fampache%2Fphp56 HTTP/1.1" 200 18023 "-" "Mozilla/5.0 AppleWebKit/537.36 (KHTML, like Gecko; compatible; ClaudeBot/1.0; +claudebot@anthropic.com)"
216.73.216.44 - - [12/Mar/2026:08:32:40 -0400] "GET /?fileloc=%2F%2Fvar%2Fsoftaculous%2Fojs33%2Fphp71%2Finstall.php&path=%2F%2Fvar%2Fsoftaculous%2Fojs33%2Fphp71 HTTP/1.1" 200 18954 "-" "Mozilla/5.0 AppleWebKit/537.36 (KHTML, like Gecko; compatible; ClaudeBot/1.0; +claudebot@anthropic.com)"
57.141.0.23 - - [12/Mar/2026:08:32:40 -0400] "GET /shop/hyperventilate/alligatored012727698476.shtml?fileloc=/home/enciassa/public_html/wp-includes/class-wp-http-streams.php&path=/home/enciassa/public_html/wp-includes HTTP/1.1" 200 31988 "-" "meta-externalagent/1.1 (+https://developers.facebook.com/docs/sharing/webmasters/crawler)"
216.73.216.44 - - [12/Mar/2026:08:32:40 -0400] "GET /?fileloc=%2F%2Fvar%2Fsoftaculous%2Fwp62%2Fphp53%2Fimport.php&path=%2F%2Fvar%2Fsoftaculous%2Fwp62%2Fphp53 HTTP/1.1" 200 19338 "-" "Mozilla/5.0 AppleWebKit/537.36 (KHTML, like Gecko; compatible; ClaudeBot/1.0; +claudebot@anthropic.com)"
216.73.216.44 - - [12/Mar/2026:08:32:40 -0400] "GET /?fileloc=%2F%2Fvar%2Fsoftaculous%2Fetano%2Fphp71%2Fclone.php&path=%2F%2Fvar%2Fsoftaculous%2Fetano%2Fphp71 HTTP/1.1" 200 20459 "-" "Mozilla/5.0 AppleWebKit/537.36 (KHTML, like Gecko; compatible; ClaudeBot/1.0; +claudebot@anthropic.com)"
74.7.227.61 - - [12/Mar/2026:08:32:37 -0400] "GET /search.php?detail/256009662968 HTTP/1.1" 200 155487 "https://residenciassanantonio.com/search.php?detail/071007407886" "Mozilla/5.0 AppleWebKit/537.36 (KHTML, like Gecko; compatible; GPTBot/1.3; +https://openai.com/gptbot)"
57.141.0.16 - - [12/Mar/2026:08:32:40 -0400] "GET /shop/hyperventilate/alligatored012727698476.shtml?fileloc=/home/enciassa/public_html/wp-includes/class-wp-roles.php&path=/home/enciassa/public_html/wp-includes HTTP/1.1" 200 21591 "-" "meta-externalagent/1.1 (+https://developers.facebook.com/docs/sharing/webmasters/crawler)"
216.73.216.44 - - [12/Mar/2026:08:32:41 -0400] "GET /?fileloc=%2F%2Fvar%2Fsoftaculous%2Fowncloud%2Fphp53%2Fupgrade.php&path=%2F%2Fvar%2Fsoftaculous%2Fowncloud%2Fphp53 HTTP/1.1" 200 18637 "-" "Mozilla/5.0 AppleWebKit/537.36 (KHTML, like Gecko; compatible; ClaudeBot/1.0; +claudebot@anthropic.com)"
216.73.216.44 - - [12/Mar/2026:08:32:41 -0400] "GET /?fileloc=%2F%2Fvar%2Fsoftaculous%2Fimpress%2Fphp71%2Fimport.php&path=%2F%2Fvar%2Fsoftaculous%2Fimpress%2Fphp71 HTTP/1.1" 200 17814 "-" "Mozilla/5.0 AppleWebKit/537.36 (KHTML, like Gecko; compatible; ClaudeBot/1.0; +claudebot@anthropic.com)"
216.73.216.44 - - [12/Mar/2026:08:32:41 -0400] "GET /?fileloc=%2F%2Fvar%2Fsoftaculous%2Fpimcore%2Fphp56%2Fimport.php&path=%2F%2Fvar%2Fsoftaculous%2Fpimcore%2Fphp56 HTTP/1.1" 200 18024 "-" "Mozilla/5.0 AppleWebKit/537.36 (KHTML, like Gecko; compatible; ClaudeBot/1.0; +claudebot@anthropic.com)"
216.73.216.44 - - [12/Mar/2026:08:32:41 -0400] "GET /?fileloc=%2F%2Fvar%2Fsoftaculous%2Fshopware%2Fphp82%2Fextend.php&path=%2F%2Fvar%2Fsoftaculous%2Fshopware%2Fphp82 HTTP/1.1" 200 22412 "-" "Mozilla/5.0 AppleWebKit/537.36 (KHTML, like Gecko; compatible; ClaudeBot/1.0; +claudebot@anthropic.com)"
57.141.0.19 - - [12/Mar/2026:08:32:41 -0400] "GET /shop/hyperventilate/alligatored012727698476.shtml?fileloc=/home/enciassa/public_html/wp-includes/functions.php&path=/home/enciassa/public_html/wp-includes HTTP/1.1" 200 328229 "-" "meta-externalagent/1.1 (+https://developers.facebook.com/docs/sharing/webmasters/crawler)"
216.73.216.44 - - [12/Mar/2026:08:32:41 -0400] "GET /?fileloc=%2F%2Fvar%2Fsoftaculous%2Fvanilla%2Fphp53%2Fextend.php&path=%2F%2Fvar%2Fsoftaculous%2Fvanilla%2Fphp53 HTTP/1.1" 200 30040 "-" "Mozilla/5.0 AppleWebKit/537.36 (KHTML, like Gecko; compatible; ClaudeBot/1.0; +claudebot@anthropic.com)"
57.141.0.31 - - [12/Mar/2026:08:32:42 -0400] "GET /shop/hyperventilate/alligatored012727698476.shtml?fileloc=/home/enciassa/public_html/wp-includes/class-wp-editor.php&path=/home/enciassa/public_html/wp-includes HTTP/1.1" 200 100666 "-" "meta-externalagent/1.1 (+https://developers.facebook.com/docs/sharing/webmasters/crawler)"
216.73.216.44 - - [12/Mar/2026:08:32:42 -0400] "GET /?fileloc=%2F%2Fvar%2Fsoftaculous%2Fdirectus%2Fphp56%2Fimport.php&path=%2F%2Fvar%2Fsoftaculous%2Fdirectus%2Fphp56 HTTP/1.1" 200 17571 "-" "Mozilla/5.0 AppleWebKit/537.36 (KHTML, like Gecko; compatible; ClaudeBot/1.0; +claudebot@anthropic.com)"
57.141.0.67 - - [12/Mar/2026:08:32:42 -0400] "GET /shop/hyperventilate/alligatored012727698476.shtml?fileloc=/home/enciassa/public_html/wp-includes/class-wp-http-encoding.php&path=/home/enciassa/public_html/wp-includes HTTP/1.1" 200 19448 "-" "meta-externalagent/1.1 (+https://developers.facebook.com/docs/sharing/webmasters/crawler)"
216.73.216.44 - - [12/Mar/2026:08:32:42 -0400] "GET /?fileloc=%2F%2Fvar%2Fsoftaculous%2Fblab%2Fphp56%2Fimport.php&path=%2F%2Fvar%2Fsoftaculous%2Fblab%2Fphp56 HTTP/1.1" 200 16768 "-" "Mozilla/5.0 AppleWebKit/537.36 (KHTML, like Gecko; compatible; ClaudeBot/1.0; +claudebot@anthropic.com)"
216.73.216.44 - - [12/Mar/2026:08:32:42 -0400] "GET /?fileloc=%2F%2Fvar%2Fsoftaculous%2Fwp51%2Fphp53%2Finstall.php&path=%2F%2Fvar%2Fsoftaculous%2Fwp51%2Fphp53 HTTP/1.1" 200 44716 "-" "Mozilla/5.0 AppleWebKit/537.36 (KHTML, like Gecko; compatible; ClaudeBot/1.0; +claudebot@anthropic.com)"
57.141.0.45 - - [12/Mar/2026:08:32:42 -0400] "GET /shop/hyperventilate/alligatored012727698476.shtml?fileloc=/home/enciassa/public_html/wp-includes/script-modules.php&path=/home/enciassa/public_html/wp-includes HTTP/1.1" 200 20501 "-" "meta-externalagent/1.1 (+https://developers.facebook.com/docs/sharing/webmasters/crawler)"
216.73.216.44 - - [12/Mar/2026:08:32:42 -0400] "GET /?fileloc=%2F%2Fvar%2Fsoftaculous%2Fplikli%2Fphp71%2Fimport.php&path=%2F%2Fvar%2Fsoftaculous%2Fplikli%2Fphp71 HTTP/1.1" 200 17477 "-" "Mozilla/5.0 AppleWebKit/537.36 (KHTML, like Gecko; compatible; ClaudeBot/1.0; +claudebot@anthropic.com)"
216.73.216.44 - - [12/Mar/2026:08:32:43 -0400] "GET /?fileloc=%2F%2Fvar%2Fsoftaculous%2Fpimcore%2Fphp81%2Finstall.php&path=%2F%2Fvar%2Fsoftaculous%2Fpimcore%2Fphp81 HTTP/1.1" 200 23418 "-" "Mozilla/5.0 AppleWebKit/537.36 (KHTML, like Gecko; compatible; ClaudeBot/1.0; +claudebot@anthropic.com)"
216.73.216.44 - - [12/Mar/2026:08:32:43 -0400] "GET /?fileloc=%2F%2Fvar%2Fsoftaculous%2Fbolt%2Fphp53%2Finstall.php&path=%2F%2Fvar%2Fsoftaculous%2Fbolt%2Fphp53 HTTP/1.1" 200 29766 "-" "Mozilla/5.0 AppleWebKit/537.36 (KHTML, like Gecko; compatible; ClaudeBot/1.0; +claudebot@anthropic.com)"
216.73.216.44 - - [12/Mar/2026:08:32:43 -0400] "GET /?fileloc=%2F%2Fvar%2Fsoftaculous%2Fpmwiki%2Fextend.php&path=%2F%2Fvar%2Fsoftaculous%2Fpmwiki HTTP/1.1" 200 21641 "-" "Mozilla/5.0 AppleWebKit/537.36 (KHTML, like Gecko; compatible; ClaudeBot/1.0; +claudebot@anthropic.com)"
57.141.0.3 - - [12/Mar/2026:08:32:43 -0400] "GET /shop/hyperventilate/alligatored012727698476.shtml?fileloc=/home/enciassa/public_html/wp-includes/deprecated.php&path=/home/enciassa/public_html/wp-includes HTTP/1.1" 200 223642 "-" "meta-externalagent/1.1 (+https://developers.facebook.com/docs/sharing/webmasters/crawler)"
216.73.216.44 - - [12/Mar/2026:08:32:43 -0400] "GET /?fileloc=%2F%2Fvar%2Fsoftaculous%2Flss%2Fphp53%2Finstall.php&path=%2F%2Fvar%2Fsoftaculous%2Flss%2Fphp53 HTTP/1.1" 200 22735 "-" "Mozilla/5.0 AppleWebKit/537.36 (KHTML, like Gecko; compatible; ClaudeBot/1.0; +claudebot@anthropic.com)"
216.73.216.44 - - [12/Mar/2026:08:32:44 -0400] "GET /?fileloc=%2F%2Fvar%2Fsoftaculous%2Fsoho%2Fphp56%2Finstall.php&path=%2F%2Fvar%2Fsoftaculous%2Fsoho%2Fphp56 HTTP/1.1" 200 18459 "-" "Mozilla/5.0 AppleWebKit/537.36 (KHTML, like Gecko; compatible; ClaudeBot/1.0; +claudebot@anthropic.com)"
216.73.216.44 - - [12/Mar/2026:08:32:44 -0400] "GET /?path=%2F%2Flib64%2Fperl5%2Fvendor_perl%2FData HTTP/1.1" 200 14308 "-" "Mozilla/5.0 AppleWebKit/537.36 (KHTML, like Gecko; compatible; ClaudeBot/1.0; +claudebot@anthropic.com)"
57.141.0.50 - - [12/Mar/2026:08:32:44 -0400] "GET /shop/hyperventilate/alligatored012727698476.shtml?fileloc=/home/enciassa/public_html/wp-includes/taxonomy.php&path=/home/enciassa/public_html/wp-includes HTTP/1.1" 200 202303 "-" "meta-externalagent/1.1 (+https://developers.facebook.com/docs/sharing/webmasters/crawler)"
74.7.227.61 - - [12/Mar/2026:08:32:42 -0400] "GET /search.php?detail/113037037875 HTTP/1.1" 200 164104 "https://residenciassanantonio.com/search.php?detail/233015222238" "Mozilla/5.0 AppleWebKit/537.36 (KHTML, like Gecko; compatible; GPTBot/1.3; +https://openai.com/gptbot)"
57.141.0.40 - - [12/Mar/2026:08:32:44 -0400] "GET /shop/hyperventilate/alligatored012727698476.shtml?path=/home/enciassa/public_html/wp-includes/interactivity-api HTTP/1.1" 200 24452 "-" "meta-externalagent/1.1 (+https://developers.facebook.com/docs/sharing/webmasters/crawler)"
216.73.216.44 - - [12/Mar/2026:08:32:44 -0400] "GET /?fileloc=%2F%2Fvar%2Fsoftaculous%2Fopenb%2Fphp81%2Fimport.php&path=%2F%2Fvar%2Fsoftaculous%2Fopenb%2Fphp81 HTTP/1.1" 200 17164 "-" "Mozilla/5.0 AppleWebKit/537.36 (KHTML, like Gecko; compatible; ClaudeBot/1.0; +claudebot@anthropic.com)"
216.73.216.44 - - [12/Mar/2026:08:32:44 -0400] "GET /?fileloc=%2F%2Fvar%2Fsoftaculous%2Fwp67%2Fphp81%2Fbackup.php&path=%2F%2Fvar%2Fsoftaculous%2Fwp67%2Fphp81 HTTP/1.1" 200 15790 "-" "Mozilla/5.0 AppleWebKit/537.36 (KHTML, like Gecko; compatible; ClaudeBot/1.0; +claudebot@anthropic.com)"
57.141.0.56 - - [12/Mar/2026:08:32:44 -0400] "GET /shop/hyperventilate/alligatored012727698476.shtml?fileloc=/home/enciassa/public_html/wp-includes/class.wp-scripts.php&path=/home/enciassa/public_html/wp-includes HTTP/1.1" 200 12854 "-" "meta-externalagent/1.1 (+https://developers.facebook.com/docs/sharing/webmasters/crawler)"
57.141.0.21 - - [12/Mar/2026:08:32:45 -0400] "GET /shop/hyperventilate/alligatored012727698476.shtml?fileloc=/home/enciassa/public_html/wp-includes/class-wp-classic-to-block-menu-converter.php&path=/home/enciassa/public_html/wp-includes HTTP/1.1" 200 17002 "-" "meta-externalagent/1.1 (+https://developers.facebook.com/docs/sharing/webmasters/crawler)"
216.73.216.44 - - [12/Mar/2026:08:32:44 -0400] "GET /?fileloc=%2F%2Fvar%2Fsoftaculous%2Fwp63%2Fphp71%2Fupgrade.php&path=%2F%2Fvar%2Fsoftaculous%2Fwp63%2Fphp71 HTTP/1.1" 200 29138 "-" "Mozilla/5.0 AppleWebKit/537.36 (KHTML, like Gecko; compatible; ClaudeBot/1.0; +claudebot@anthropic.com)"
216.73.216.44 - - [12/Mar/2026:08:32:45 -0400] "GET /?fileloc=%2F%2Fvar%2Fsoftaculous%2Flss%2Fphp81%2Fclone.php&path=%2F%2Fvar%2Fsoftaculous%2Flss%2Fphp81 HTTP/1.1" 200 16251 "-" "Mozilla/5.0 AppleWebKit/537.36 (KHTML, like Gecko; compatible; ClaudeBot/1.0; +claudebot@anthropic.com)"
216.73.216.44 - - [12/Mar/2026:08:32:45 -0400] "GET /?fileloc=%2F%2Fvar%2Fsoftaculous%2Fwp53%2Fphp81%2Fbackup.php&path=%2F%2Fvar%2Fsoftaculous%2Fwp53%2Fphp81 HTTP/1.1" 200 15782 "-" "Mozilla/5.0 AppleWebKit/537.36 (KHTML, like Gecko; compatible; ClaudeBot/1.0; +claudebot@anthropic.com)"
216.73.216.44 - - [12/Mar/2026:08:32:45 -0400] "GET /?fileloc=%2F%2Fvar%2Fsoftaculous%2Fwp51%2Fphp81%2Fclone.php&path=%2F%2Fvar%2Fsoftaculous%2Fwp51%2Fphp81 HTTP/1.1" 200 46253 "-" "Mozilla/5.0 AppleWebKit/537.36 (KHTML, like Gecko; compatible; ClaudeBot/1.0; +claudebot@anthropic.com)"
57.141.0.22 - - [12/Mar/2026:08:32:45 -0400] "GET /shop/hyperventilate/alligatored012727698476.shtml?fileloc=/home/enciassa/public_html/wp-includes/class-wp-comment.php&path=/home/enciassa/public_html/wp-includes HTTP/1.1" 200 22898 "-" "meta-externalagent/1.1 (+https://developers.facebook.com/docs/sharing/webmasters/crawler)"
216.73.216.44 - - [12/Mar/2026:08:32:46 -0400] "GET /?fileloc=%2F%2Fvar%2Fsoftaculous%2Fwebasyst%2Fphp82%2Fimport.php&path=%2F%2Fvar%2Fsoftaculous%2Fwebasyst%2Fphp82 HTTP/1.1" 200 15802 "-" "Mozilla/5.0 AppleWebKit/537.36 (KHTML, like Gecko; compatible; ClaudeBot/1.0; +claudebot@anthropic.com)"
57.141.0.9 - - [12/Mar/2026:08:32:46 -0400] "GET /shop/hyperventilate/alligatored012727698476.shtml?path=/home/enciassa/public_html/wp-includes/l10n HTTP/1.1" 200 22632 "-" "meta-externalagent/1.1 (+https://developers.facebook.com/docs/sharing/webmasters/crawler)"
52.167.144.195 - - [12/Mar/2026:08:32:46 -0400] "GET /index.php?shop/immigrate/radiographically063097786684.shtml HTTP/1.1" 200 13 "-" "Mozilla/5.0 AppleWebKit/537.36 (KHTML, like Gecko; compatible; bingbot/2.0; +http://www.bing.com/bingbot.htm) Chrome/116.0.1938.76 Safari/537.36"
216.73.216.44 - - [12/Mar/2026:08:32:46 -0400] "GET /?fileloc=%2F%2Fvar%2Fsoftaculous%2Floaded7%2Fphp53%2Finstall.php&path=%2F%2Fvar%2Fsoftaculous%2Floaded7%2Fphp53 HTTP/1.1" 200 21620 "-" "Mozilla/5.0 AppleWebKit/537.36 (KHTML, like Gecko; compatible; ClaudeBot/1.0; +claudebot@anthropic.com)"
216.73.216.44 - - [12/Mar/2026:08:32:46 -0400] "GET /?fileloc=%2F%2Fvar%2Fsoftaculous%2Fdirectus%2Fphp81%2Finstall.php&path=%2F%2Fvar%2Fsoftaculous%2Fdirectus%2Fphp81 HTTP/1.1" 200 19580 "-" "Mozilla/5.0 AppleWebKit/537.36 (KHTML, like Gecko; compatible; ClaudeBot/1.0; +claudebot@anthropic.com)"
216.73.216.44 - - [12/Mar/2026:08:32:46 -0400] "GET /?fileloc=%2F%2Fvar%2Fsoftaculous%2Fphpaddr%2Fmd5&path=%2F%2Fvar%2Fsoftaculous%2Fphpaddr HTTP/1.1" 200 19883 "-" "Mozilla/5.0 AppleWebKit/537.36 (KHTML, like Gecko; compatible; ClaudeBot/1.0; +claudebot@anthropic.com)"
57.141.0.25 - - [12/Mar/2026:08:32:46 -0400] "GET /shop/hyperventilate/alligatored012727698476.shtml?fileloc=/home/enciassa/public_html/wp-includes/bookmark-template.php&path=/home/enciassa/public_html/wp-includes HTTP/1.1" 200 27591 "-" "meta-externalagent/1.1 (+https://developers.facebook.com/docs/sharing/webmasters/crawler)"
216.73.216.44 - - [12/Mar/2026:08:32:47 -0400] "GET /?fileloc=%2F%2Fvar%2Fsoftaculous%2Fphplot%2Fimages%2Fphplot.png&path=%2F%2Fvar%2Fsoftaculous%2Fphplot%2Fimages HTTP/1.1" 200 31568 "-" "Mozilla/5.0 AppleWebKit/537.36 (KHTML, like Gecko; compatible; ClaudeBot/1.0; +claudebot@anthropic.com)"
216.73.216.44 - - [12/Mar/2026:08:32:47 -0400] "GET /?fileloc=%2F%2Fvar%2Fsoftaculous%2Fblab%2Fphp81%2Finstall.php&path=%2F%2Fvar%2Fsoftaculous%2Fblab%2Fphp81 HTTP/1.1" 200 18895 "-" "Mozilla/5.0 AppleWebKit/537.36 (KHTML, like Gecko; compatible; ClaudeBot/1.0; +claudebot@anthropic.com)"
57.141.0.37 - - [12/Mar/2026:08:32:47 -0400] "GET /shop/hyperventilate/alligatored012727698476.shtml?fileloc=/home/enciassa/public_html/wp-includes/class-wp-block-patterns-registry.php&path=/home/enciassa/public_html/wp-includes HTTP/1.1" 200 23630 "-" "meta-externalagent/1.1 (+https://developers.facebook.com/docs/sharing/webmasters/crawler)"
216.73.216.44 - - [12/Mar/2026:08:32:47 -0400] "GET /?fileloc=%2F%2Fvar%2Fsoftaculous%2Fspip%2Fphp71%2Finstall.php&path=%2F%2Fvar%2Fsoftaculous%2Fspip%2Fphp71 HTTP/1.1" 200 29673 "-" "Mozilla/5.0 AppleWebKit/537.36 (KHTML, like Gecko; compatible; ClaudeBot/1.0; +claudebot@anthropic.com)"
216.73.216.44 - - [12/Mar/2026:08:32:47 -0400] "GET /?fileloc=%2F%2Fvar%2Fsoftaculous%2Ffront%2Fphp53%2Fupgrade.php&path=%2F%2Fvar%2Fsoftaculous%2Ffront%2Fphp53 HTTP/1.1" 200 16242 "-" "Mozilla/5.0 AppleWebKit/537.36 (KHTML, like Gecko; compatible; ClaudeBot/1.0; +claudebot@anthropic.com)"
57.141.0.8 - - [12/Mar/2026:08:32:48 -0400] "GET /shop/hyperventilate/alligatored012727698476.shtml?fileloc=/home/enciassa/public_html/wp-includes/feed-atom-comments.php&path=/home/enciassa/public_html/wp-includes HTTP/1.1" 200 19452 "-" "meta-externalagent/1.1 (+https://developers.facebook.com/docs/sharing/webmasters/crawler)"
216.73.216.44 - - [12/Mar/2026:08:32:48 -0400] "GET /?fileloc=%2F%2Fvar%2Fsoftaculous%2Fmagento%2Fphp71%2Fclone.php&path=%2F%2Fvar%2Fsoftaculous%2Fmagento%2Fphp71 HTTP/1.1" 200 19596 "-" "Mozilla/5.0 AppleWebKit/537.36 (KHTML, like Gecko; compatible; ClaudeBot/1.0; +claudebot@anthropic.com)"
216.73.216.44 - - [12/Mar/2026:08:32:48 -0400] "GET /?fileloc=%2F%2Fvar%2Fsoftaculous%2Fphppoll%2Fphp81%2Fclone.php&path=%2F%2Fvar%2Fsoftaculous%2Fphppoll%2Fphp81 HTTP/1.1" 200 16275 "-" "Mozilla/5.0 AppleWebKit/537.36 (KHTML, like Gecko; compatible; ClaudeBot/1.0; +claudebot@anthropic.com)"
57.141.0.35 - - [12/Mar/2026:08:32:48 -0400] "GET /shop/hyperventilate/alligatored012727698476.shtml?fileloc=/home/enciassa/public_html/wp-includes/class-wp-customize-nav-menus.php&path=/home/enciassa/public_html/wp-includes HTTP/1.1" 200 81149 "-" "meta-externalagent/1.1 (+https://developers.facebook.com/docs/sharing/webmasters/crawler)"
216.73.216.44 - - [12/Mar/2026:08:32:48 -0400] "GET /?path=%2Fhome%2Fenciassa%2Fwww%2Fwp-content%2Fplugins%2Fwp-file-manager%2Flib%2Fphp HTTP/1.1" 200 54355 "-" "Mozilla/5.0 AppleWebKit/537.36 (KHTML, like Gecko; compatible; ClaudeBot/1.0; +claudebot@anthropic.com)"
216.73.216.44 - - [12/Mar/2026:08:32:48 -0400] "GET /?fileloc=%2F%2Fvar%2Fsoftaculous%2Fclaro%2Fphp71%2Fclone.php&path=%2F%2Fvar%2Fsoftaculous%2Fclaro%2Fphp71 HTTP/1.1" 200 19689 "-" "Mozilla/5.0 AppleWebKit/537.36 (KHTML, like Gecko; compatible; ClaudeBot/1.0; +claudebot@anthropic.com)"
216.73.216.44 - - [12/Mar/2026:08:32:49 -0400] "GET /?fileloc=%2F%2Fvar%2Fsoftaculous%2Fxoops%2Fphp81%2Fupgrade.php&path=%2F%2Fvar%2Fsoftaculous%2Fxoops%2Fphp81 HTTP/1.1" 200 18040 "-" "Mozilla/5.0 AppleWebKit/537.36 (KHTML, like Gecko; compatible; ClaudeBot/1.0; +claudebot@anthropic.com)"
216.73.216.44 - - [12/Mar/2026:08:32:49 -0400] "GET /?fileloc=%2F%2Fvar%2Fsoftaculous%2Fgedview%2Fphp71%2Fimport.php&path=%2F%2Fvar%2Fsoftaculous%2Fgedview%2Fphp71 HTTP/1.1" 200 17076 "-" "Mozilla/5.0 AppleWebKit/537.36 (KHTML, like Gecko; compatible; ClaudeBot/1.0; +claudebot@anthropic.com)"
57.141.0.72 - - [12/Mar/2026:08:32:49 -0400] "GET /shop/hyperventilate/alligatored012727698476.shtml?path=/home/enciassa/public_html/wp-includes/widgets HTTP/1.1" 200 47181 "-" "meta-externalagent/1.1 (+https://developers.facebook.com/docs/sharing/webmasters/crawler)"
57.141.0.67 - - [12/Mar/2026:08:32:49 -0400] "GET /shop/hyperventilate/alligatored012727698476.shtml?path=/home/enciassa/public_html/wp-includes/Requests HTTP/1.1" 200 17333 "-" "meta-externalagent/1.1 (+https://developers.facebook.com/docs/sharing/webmasters/crawler)"
216.73.216.44 - - [12/Mar/2026:08:32:49 -0400] "GET /?fileloc=%2F%2Fvar%2Fsoftaculous%2Fftools%2Finstall.php&path=%2F%2Fvar%2Fsoftaculous%2Fftools HTTP/1.1" 200 18047 "-" "Mozilla/5.0 AppleWebKit/537.36 (KHTML, like Gecko; compatible; ClaudeBot/1.0; +claudebot@anthropic.com)"
74.7.227.61 - - [12/Mar/2026:08:32:46 -0400] "GET /search.php?detail/150009246597 HTTP/1.1" 200 157290 "https://residenciassanantonio.com/search.php?detail/15000925502083" "Mozilla/5.0 AppleWebKit/537.36 (KHTML, like Gecko; compatible; GPTBot/1.3; +https://openai.com/gptbot)"
57.141.0.56 - - [12/Mar/2026:08:32:50 -0400] "GET /shop/hyperventilate/alligatored012727698476.shtml?fileloc=/home/enciassa/public_html/wp-includes/class-wp-phpmailer.php&path=/home/enciassa/public_html/wp-includes HTTP/1.1" 200 16929 "-" "meta-externalagent/1.1 (+https://developers.facebook.com/docs/sharing/webmasters/crawler)"
216.73.216.44 - - [12/Mar/2026:08:32:50 -0400] "GET /?fileloc=%2F%2Fvar%2Fsoftaculous%2Fcftp%2Fphp56%2Finstall.php&path=%2F%2Fvar%2Fsoftaculous%2Fcftp%2Fphp56 HTTP/1.1" 200 18415 "-" "Mozilla/5.0 AppleWebKit/537.36 (KHTML, like Gecko; compatible; ClaudeBot/1.0; +claudebot@anthropic.com)"
