216.73.216.44 - - [12/Mar/2026:08:32:50 -0400] "GET /?fileloc=%2F%2Fvar%2Fsoftaculous%2Fnextcloud%2Finstall.php&path=%2F%2Fvar%2Fsoftaculous%2Fnextcloud HTTP/1.1" 200 29497 "-" "Mozilla/5.0 AppleWebKit/537.36 (KHTML, like Gecko; compatible; ClaudeBot/1.0; +claudebot@anthropic.com)"
66.249.74.70 - - [12/Mar/2026:08:32:50 -0400] "GET /shop/ostia/ocelot012996326156.shtml HTTP/1.1" 200 171118 "-" "Mozilla/5.0 (Linux; Android 6.0.1; Nexus 5X Build/MMB29P) AppleWebKit/537.36 (KHTML, like Gecko) Chrome/145.0.7632.116 Mobile Safari/537.36 (compatible; Googlebot/2.1; +http://www.google.com/bot.html)"
57.141.0.38 - - [12/Mar/2026:08:32:50 -0400] "GET /shop/hyperventilate/alligatored012727698476.shtml?fileloc=/home/enciassa/public_html/wp-includes/class-wp-recovery-mode-email-service.php&path=/home/enciassa/public_html/wp-includes HTTP/1.1" 200 24703 "-" "meta-externalagent/1.1 (+https://developers.facebook.com/docs/sharing/webmasters/crawler)"
216.73.216.44 - - [12/Mar/2026:08:32:49 -0400] "GET /?fileloc=%2F%2Flib64%2Ffirebird%2Fplugins%2Flibudr_engine.so&path=%2F%2Flib64%2Ffirebird%2Fplugins HTTP/1.1" 200 2530500 "-" "Mozilla/5.0 AppleWebKit/537.36 (KHTML, like Gecko; compatible; ClaudeBot/1.0; +claudebot@anthropic.com)"
216.73.216.44 - - [12/Mar/2026:08:32:50 -0400] "GET /?fileloc=%2F%2Fvar%2Fsoftaculous%2Fwp64%2Fphp81%2Fimport.php&path=%2F%2Fvar%2Fsoftaculous%2Fwp64%2Fphp81 HTTP/1.1" 200 20900 "-" "Mozilla/5.0 AppleWebKit/537.36 (KHTML, like Gecko; compatible; ClaudeBot/1.0; +claudebot@anthropic.com)"
216.73.216.44 - - [12/Mar/2026:08:32:50 -0400] "GET /?fileloc=%2F%2Fvar%2Fsoftaculous%2Fleafpub%2Fedit.php&path=%2F%2Fvar%2Fsoftaculous%2Fleafpub HTTP/1.1" 200 17448 "-" "Mozilla/5.0 AppleWebKit/537.36 (KHTML, like Gecko; compatible; ClaudeBot/1.0; +claudebot@anthropic.com)"
57.141.0.57 - - [12/Mar/2026:08:32:50 -0400] "GET /shop/hyperventilate/alligatored012727698476.shtml?fileloc=/home/enciassa/public_html/wp-includes/ms-files.php&path=/home/enciassa/public_html/wp-includes HTTP/1.1" 200 15684 "-" "meta-externalagent/1.1 (+https://developers.facebook.com/docs/sharing/webmasters/crawler)"
216.73.216.44 - - [12/Mar/2026:08:32:50 -0400] "GET /?fileloc=%2F%2Fvar%2Fsoftaculous%2Fopeneshop%2Fphp53%2Fimport.php&path=%2F%2Fvar%2Fsoftaculous%2Fopeneshop%2Fphp53 HTTP/1.1" 200 15925 "-" "Mozilla/5.0 AppleWebKit/537.36 (KHTML, like Gecko; compatible; ClaudeBot/1.0; +claudebot@anthropic.com)"
57.141.0.46 - - [12/Mar/2026:08:32:51 -0400] "GET /shop/hyperventilate/alligatored012727698476.shtml?fileloc=/home/enciassa/public_html/wp-includes/update.php&path=/home/enciassa/public_html/wp-includes HTTP/1.1" 200 54295 "-" "meta-externalagent/1.1 (+https://developers.facebook.com/docs/sharing/webmasters/crawler)"
216.73.216.44 - - [12/Mar/2026:08:32:51 -0400] "GET /?fileloc=%2F%2Fvar%2Fsoftaculous%2Fwp62%2Fphp53%2Fbackup.php&path=%2F%2Fvar%2Fsoftaculous%2Fwp62%2Fphp53 HTTP/1.1" 200 15832 "-" "Mozilla/5.0 AppleWebKit/537.36 (KHTML, like Gecko; compatible; ClaudeBot/1.0; +claudebot@anthropic.com)"
216.73.216.44 - - [12/Mar/2026:08:32:51 -0400] "GET /?fileloc=%2F%2Fvar%2Fsoftaculous%2Fojs%2Fphp56%2Finstall.php&path=%2F%2Fvar%2Fsoftaculous%2Fojs%2Fphp56 HTTP/1.1" 200 19704 "-" "Mozilla/5.0 AppleWebKit/537.36 (KHTML, like Gecko; compatible; ClaudeBot/1.0; +claudebot@anthropic.com)"
216.73.216.44 - - [12/Mar/2026:08:32:52 -0400] "GET /?fileloc=%2F%2Fvar%2Fsoftaculous%2Fwp66%2Fphp81%2Fextend.php&path=%2F%2Fvar%2Fsoftaculous%2Fwp66%2Fphp81 HTTP/1.1" 200 112952 "-" "Mozilla/5.0 AppleWebKit/537.36 (KHTML, like Gecko; compatible; ClaudeBot/1.0; +claudebot@anthropic.com)"
216.73.216.44 - - [12/Mar/2026:08:32:52 -0400] "GET /?fileloc=%2F%2Fvar%2Fsoftaculous%2Fwp%2Fplugin_activate.php&path=%2F%2Fvar%2Fsoftaculous%2Fwp HTTP/1.1" 200 13069 "-" "Mozilla/5.0 AppleWebKit/537.36 (KHTML, like Gecko; compatible; ClaudeBot/1.0; +claudebot@anthropic.com)"
57.141.0.60 - - [12/Mar/2026:08:32:52 -0400] "GET /shop/hyperventilate/alligatored012727698476.shtml?fileloc=/home/enciassa/public_html/wp-includes/class-wp-locale.php&path=/home/enciassa/public_html/wp-includes HTTP/1.1" 200 31639 "-" "meta-externalagent/1.1 (+https://developers.facebook.com/docs/sharing/webmasters/crawler)"
57.141.0.7 - - [12/Mar/2026:08:32:51 -0400] "GET /shop/hyperventilate/alligatored012727698476.shtml?fileloc=/home/enciassa/public_html/wp-includes/general-template.php&path=/home/enciassa/public_html/wp-includes HTTP/1.1" 200 208792 "-" "meta-externalagent/1.1 (+https://developers.facebook.com/docs/sharing/webmasters/crawler)"
216.73.216.44 - - [12/Mar/2026:08:32:52 -0400] "GET /?fileloc=%2F%2Fvar%2Fsoftaculous%2Fepesi%2Fphp82%2Finstall.php&path=%2F%2Fvar%2Fsoftaculous%2Fepesi%2Fphp82 HTTP/1.1" 200 18364 "-" "Mozilla/5.0 AppleWebKit/537.36 (KHTML, like Gecko; compatible; ClaudeBot/1.0; +claudebot@anthropic.com)"
216.73.216.44 - - [12/Mar/2026:08:32:52 -0400] "GET /?fileloc=%2F%2Fvar%2Fsoftaculous%2Ftraq%2Fphp81%2Fupgrade.php&path=%2F%2Fvar%2Fsoftaculous%2Ftraq%2Fphp81 HTTP/1.1" 200 16525 "-" "Mozilla/5.0 AppleWebKit/537.36 (KHTML, like Gecko; compatible; ClaudeBot/1.0; +claudebot@anthropic.com)"
216.73.216.44 - - [12/Mar/2026:08:32:53 -0400] "GET /?fileloc=%2F%2Fvar%2Fsoftaculous%2Fwp59%2Fphp81%2Fextend.php&path=%2F%2Fvar%2Fsoftaculous%2Fwp59%2Fphp81 HTTP/1.1" 200 101264 "-" "Mozilla/5.0 AppleWebKit/537.36 (KHTML, like Gecko; compatible; ClaudeBot/1.0; +claudebot@anthropic.com)"
57.141.0.56 - - [12/Mar/2026:08:32:52 -0400] "GET /shop/hyperventilate/alligatored012727698476.shtml?path=/home/enciassa/public_html/wp-includes/css HTTP/1.1" 200 80922 "-" "meta-externalagent/1.1 (+https://developers.facebook.com/docs/sharing/webmasters/crawler)"
216.73.216.44 - - [12/Mar/2026:08:32:53 -0400] "GET /?fileloc=%2F%2Fvar%2Fsoftaculous%2Fmyadmin49%2Fphp56%2Fimport.php&path=%2F%2Fvar%2Fsoftaculous%2Fmyadmin49%2Fphp56 HTTP/1.1" 200 16833 "-" "Mozilla/5.0 AppleWebKit/537.36 (KHTML, like Gecko; compatible; ClaudeBot/1.0; +claudebot@anthropic.com)"
74.7.227.61 - - [12/Mar/2026:08:32:51 -0400] "GET /search.php?detail/150009247428 HTTP/1.1" 200 157728 "https://residenciassanantonio.com/search.php?detail/15000925502083" "Mozilla/5.0 AppleWebKit/537.36 (KHTML, like Gecko; compatible; GPTBot/1.3; +https://openai.com/gptbot)"
216.73.216.44 - - [12/Mar/2026:08:32:53 -0400] "GET /?fileloc=%2F%2Fvar%2Fsoftaculous%2Ffluxbb%2Fphp71%2Fimport.php&path=%2F%2Fvar%2Fsoftaculous%2Ffluxbb%2Fphp71 HTTP/1.1" 200 17275 "-" "Mozilla/5.0 AppleWebKit/537.36 (KHTML, like Gecko; compatible; ClaudeBot/1.0; +claudebot@anthropic.com)"
57.141.0.67 - - [12/Mar/2026:08:32:53 -0400] "GET /shop/hyperventilate/alligatored012727698476.shtml?fileloc=/home/enciassa/public_html/wp-includes/canonical.php&path=/home/enciassa/public_html/wp-includes HTTP/1.1" 200 53330 "-" "meta-externalagent/1.1 (+https://developers.facebook.com/docs/sharing/webmasters/crawler)"
57.141.0.60 - - [12/Mar/2026:08:32:53 -0400] "GET /shop/hyperventilate/alligatored012727698476.shtml?fileloc=/home/enciassa/public_html/wp-includes/class-wp-http-curl.php&path=/home/enciassa/public_html/wp-includes HTTP/1.1" 200 26396 "-" "meta-externalagent/1.1 (+https://developers.facebook.com/docs/sharing/webmasters/crawler)"
216.73.216.44 - - [12/Mar/2026:08:32:53 -0400] "GET /?fileloc=%2F%2Fvar%2Fsoftaculous%2Fadvpoll%2Fphp53%2Fimport.php&path=%2F%2Fvar%2Fsoftaculous%2Fadvpoll%2Fphp53 HTTP/1.1" 200 15812 "-" "Mozilla/5.0 AppleWebKit/537.36 (KHTML, like Gecko; compatible; ClaudeBot/1.0; +claudebot@anthropic.com)"
57.141.0.42 - - [12/Mar/2026:08:32:54 -0400] "GET /shop/hyperventilate/alligatored012727698476.shtml?fileloc=/home/enciassa/public_html/wp-includes/fonts.php&path=/home/enciassa/public_html/wp-includes HTTP/1.1" 200 23005 "-" "meta-externalagent/1.1 (+https://developers.facebook.com/docs/sharing/webmasters/crawler)"
216.73.216.44 - - [12/Mar/2026:08:32:54 -0400] "GET /?fileloc=%2F%2Fvar%2Fsoftaculous%2Fextplorer%2Fphp71%2Fimport.php&path=%2F%2Fvar%2Fsoftaculous%2Fextplorer%2Fphp71 HTTP/1.1" 200 16306 "-" "Mozilla/5.0 AppleWebKit/537.36 (KHTML, like Gecko; compatible; ClaudeBot/1.0; +claudebot@anthropic.com)"
216.73.216.44 - - [12/Mar/2026:08:32:54 -0400] "GET /?fileloc=%2F%2Fvar%2Fsoftaculous%2Fbludit%2Fphp56%2Fimport.php&path=%2F%2Fvar%2Fsoftaculous%2Fbludit%2Fphp56 HTTP/1.1" 200 16071 "-" "Mozilla/5.0 AppleWebKit/537.36 (KHTML, like Gecko; compatible; ClaudeBot/1.0; +claudebot@anthropic.com)"
216.73.216.44 - - [12/Mar/2026:08:32:54 -0400] "GET /?fileloc=%2F%2Fvar%2Fsoftaculous%2Fwikka%2Fphp71%2Fimport.php&path=%2F%2Fvar%2Fsoftaculous%2Fwikka%2Fphp71 HTTP/1.1" 200 17502 "-" "Mozilla/5.0 AppleWebKit/537.36 (KHTML, like Gecko; compatible; ClaudeBot/1.0; +claudebot@anthropic.com)"
216.73.216.44 - - [12/Mar/2026:08:32:55 -0400] "GET /?fileloc=%2F%2Fvar%2Fsoftaculous%2Fimpress%2Fphp82%2Finstall.php&path=%2F%2Fvar%2Fsoftaculous%2Fimpress%2Fphp82 HTTP/1.1" 200 25003 "-" "Mozilla/5.0 AppleWebKit/537.36 (KHTML, like Gecko; compatible; ClaudeBot/1.0; +claudebot@anthropic.com)"
57.141.0.8 - - [12/Mar/2026:08:32:55 -0400] "GET /shop/hyperventilate/alligatored012727698476.shtml?fileloc=/home/enciassa/public_html/wp-includes/class-wp-block-supports.php&path=/home/enciassa/public_html/wp-includes HTTP/1.1" 200 18380 "-" "meta-externalagent/1.1 (+https://developers.facebook.com/docs/sharing/webmasters/crawler)"
216.73.216.44 - - [12/Mar/2026:08:32:55 -0400] "GET /?fileloc=%2Fhome%2Fenciassa%2Fpublic_html%2Fwp-content%2Fplugins%2Fsimple-css%2Fcss%2Fambiance.css&path=%2Fhome%2Fenciassa%2Fpublic_html%2Fwp-content%2Fplugins%2Fsimple-css%2Fcss HTTP/1.1" 200 39223 "-" "Mozilla/5.0 AppleWebKit/537.36 (KHTML, like Gecko; compatible; ClaudeBot/1.0; +claudebot@anthropic.com)"
57.141.0.25 - - [12/Mar/2026:08:32:55 -0400] "GET /shop/hyperventilate/alligatored012727698476.shtml?fileloc=/home/enciassa/public_html/wp-includes/class-wp-block-bindings-source.php&path=/home/enciassa/public_html/wp-includes HTTP/1.1" 200 15552 "-" "meta-externalagent/1.1 (+https://developers.facebook.com/docs/sharing/webmasters/crawler)"
216.73.216.44 - - [12/Mar/2026:08:32:55 -0400] "GET /?path=%2F%2Flib%2Fdracut%2Fmodules.d%2F05nss-softokn HTTP/1.1" 200 14361 "-" "Mozilla/5.0 AppleWebKit/537.36 (KHTML, like Gecko; compatible; ClaudeBot/1.0; +claudebot@anthropic.com)"
216.73.216.44 - - [12/Mar/2026:08:32:55 -0400] "GET /?fileloc=%2F%2Fvar%2Fsoftaculous%2Fwp62%2Fphp56%2Finstall.php&path=%2F%2Fvar%2Fsoftaculous%2Fwp62%2Fphp56 HTTP/1.1" 200 45247 "-" "Mozilla/5.0 AppleWebKit/537.36 (KHTML, like Gecko; compatible; ClaudeBot/1.0; +claudebot@anthropic.com)"
57.141.0.17 - - [12/Mar/2026:08:32:55 -0400] "GET /shop/hyperventilate/alligatored012727698476.shtml?fileloc=/home/enciassa/public_html/wp-includes/query.php&path=/home/enciassa/public_html/wp-includes HTTP/1.1" 200 51223 "-" "meta-externalagent/1.1 (+https://developers.facebook.com/docs/sharing/webmasters/crawler)"
216.73.216.44 - - [12/Mar/2026:08:32:56 -0400] "GET /?path=%2F%2Fvar%2Fsoftaculous%2Fmautic%2Fimages HTTP/1.1" 200 15804 "-" "Mozilla/5.0 AppleWebKit/537.36 (KHTML, like Gecko; compatible; ClaudeBot/1.0; +claudebot@anthropic.com)"
216.73.216.44 - - [12/Mar/2026:08:32:56 -0400] "GET /?fileloc=%2F%2Fvar%2Fsoftaculous%2Fsp%2Fsp.sql&path=%2F%2Fvar%2Fsoftaculous%2Fsp HTTP/1.1" 200 40642 "-" "Mozilla/5.0 AppleWebKit/537.36 (KHTML, like Gecko; compatible; ClaudeBot/1.0; +claudebot@anthropic.com)"
57.141.0.29 - - [12/Mar/2026:08:32:56 -0400] "GET /shop/hyperventilate/alligatored012727698476.shtml?fileloc=/home/enciassa/public_html/wp-includes/class-wp-rewrite.php&path=/home/enciassa/public_html/wp-includes HTTP/1.1" 200 81180 "-" "meta-externalagent/1.1 (+https://developers.facebook.com/docs/sharing/webmasters/crawler)"
216.73.216.44 - - [12/Mar/2026:08:32:56 -0400] "GET /?fileloc=%2F%2Fvar%2Fsoftaculous%2Fx2%2Fedit.php&path=%2F%2Fvar%2Fsoftaculous%2Fx2 HTTP/1.1" 200 16967 "-" "Mozilla/5.0 AppleWebKit/537.36 (KHTML, like Gecko; compatible; ClaudeBot/1.0; +claudebot@anthropic.com)"
216.73.216.44 - - [12/Mar/2026:08:32:56 -0400] "GET /?fileloc=%2F%2Fvar%2Fsoftaculous%2Fwp59%2Fextend.php&path=%2F%2Fvar%2Fsoftaculous%2Fwp59 HTTP/1.1" 200 97715 "-" "Mozilla/5.0 AppleWebKit/537.36 (KHTML, like Gecko; compatible; ClaudeBot/1.0; +claudebot@anthropic.com)"
216.73.216.44 - - [12/Mar/2026:08:32:56 -0400] "GET /?fileloc=%2F%2Fvar%2Fsoftaculous%2Ffeng%2Finstall.php&path=%2F%2Fvar%2Fsoftaculous%2Ffeng HTTP/1.1" 200 20546 "-" "Mozilla/5.0 AppleWebKit/537.36 (KHTML, like Gecko; compatible; ClaudeBot/1.0; +claudebot@anthropic.com)"
216.73.216.44 - - [12/Mar/2026:08:32:56 -0400] "GET /?fileloc=%2F%2Fvar%2Fsoftaculous%2Fwp64%2Fbackup.php&path=%2F%2Fvar%2Fsoftaculous%2Fwp64 HTTP/1.1" 200 15775 "-" "Mozilla/5.0 AppleWebKit/537.36 (KHTML, like Gecko; compatible; ClaudeBot/1.0; +claudebot@anthropic.com)"
57.141.0.49 - - [12/Mar/2026:08:32:56 -0400] "GET /shop/hyperventilate/alligatored012727698476.shtml?path=/home/enciassa/public_html/wp-includes/certificates HTTP/1.1" 200 17699 "-" "meta-externalagent/1.1 (+https://developers.facebook.com/docs/sharing/webmasters/crawler)"
216.73.216.44 - - [12/Mar/2026:08:32:57 -0400] "GET /?path=%2F%2Fvar%2Fsoftaculous%2Fsymfony24%2Fimages HTTP/1.1" 200 15849 "-" "Mozilla/5.0 AppleWebKit/537.36 (KHTML, like Gecko; compatible; ClaudeBot/1.0; +claudebot@anthropic.com)"
216.73.216.44 - - [12/Mar/2026:08:32:57 -0400] "GET /?fileloc=%2F%2Fvar%2Fsoftaculous%2Fakaunting%2Fextend.php&path=%2F%2Fvar%2Fsoftaculous%2Fakaunting HTTP/1.1" 200 22902 "-" "Mozilla/5.0 AppleWebKit/537.36 (KHTML, like Gecko; compatible; ClaudeBot/1.0; +claudebot@anthropic.com)"
57.141.0.66 - - [12/Mar/2026:08:32:57 -0400] "GET /shop/hyperventilate/alligatored012727698476.shtml?fileloc=/home/enciassa/public_html/wp-includes/cron.php&path=/home/enciassa/public_html/wp-includes HTTP/1.1" 200 57616 "-" "meta-externalagent/1.1 (+https://developers.facebook.com/docs/sharing/webmasters/crawler)"
216.73.216.44 - - [12/Mar/2026:08:32:57 -0400] "GET /?fileloc=%2F%2Fvar%2Fsoftaculous%2Fwp63%2Fimport.php&path=%2F%2Fvar%2Fsoftaculous%2Fwp63 HTTP/1.1" 200 19374 "-" "Mozilla/5.0 AppleWebKit/537.36 (KHTML, like Gecko; compatible; ClaudeBot/1.0; +claudebot@anthropic.com)"
74.7.227.61 - - [12/Mar/2026:08:32:55 -0400] "GET /search.php?detail/1950464229757 HTTP/1.1" 200 168539 "https://residenciassanantonio.com/search.php?detail/15000925502083" "Mozilla/5.0 AppleWebKit/537.36 (KHTML, like Gecko; compatible; GPTBot/1.3; +https://openai.com/gptbot)"
57.141.0.48 - - [12/Mar/2026:08:32:57 -0400] "GET /shop/hyperventilate/alligatored012727698476.shtml?fileloc=/home/enciassa/public_html/wp-includes/theme-i18n.json&path=/home/enciassa/public_html/wp-includes HTTP/1.1" 200 14659 "-" "meta-externalagent/1.1 (+https://developers.facebook.com/docs/sharing/webmasters/crawler)"
216.73.216.44 - - [12/Mar/2026:08:32:57 -0400] "GET /?fileloc=%2F%2Fvar%2Fsoftaculous%2Fqcms%2Fedit.xml&path=%2F%2Fvar%2Fsoftaculous%2Fqcms HTTP/1.1" 200 13042 "-" "Mozilla/5.0 AppleWebKit/537.36 (KHTML, like Gecko; compatible; ClaudeBot/1.0; +claudebot@anthropic.com)"
216.73.216.44 - - [12/Mar/2026:08:32:58 -0400] "GET /?fileloc=%2F%2Fvar%2Fsoftaculous%2Fwp60%2Finstall.php&path=%2F%2Fvar%2Fsoftaculous%2Fwp60 HTTP/1.1" 200 44833 "-" "Mozilla/5.0 AppleWebKit/537.36 (KHTML, like Gecko; compatible; ClaudeBot/1.0; +claudebot@anthropic.com)"
216.73.216.44 - - [12/Mar/2026:08:32:58 -0400] "GET /?fileloc=%2F%2Fvar%2Fsoftaculous%2Fwp52%2Fbackup.php&path=%2F%2Fvar%2Fsoftaculous%2Fwp52 HTTP/1.1" 200 15771 "-" "Mozilla/5.0 AppleWebKit/537.36 (KHTML, like Gecko; compatible; ClaudeBot/1.0; +claudebot@anthropic.com)"
216.73.216.44 - - [12/Mar/2026:08:32:58 -0400] "GET /?fileloc=%2F%2Fvar%2Fsoftaculous%2Fwebmail%2F_edit.xml&path=%2F%2Fvar%2Fsoftaculous%2Fwebmail HTTP/1.1" 200 13028 "-" "Mozilla/5.0 AppleWebKit/537.36 (KHTML, like Gecko; compatible; ClaudeBot/1.0; +claudebot@anthropic.com)"
57.141.0.30 - - [12/Mar/2026:08:32:58 -0400] "GET /shop/hyperventilate/alligatored012727698476.shtml?fileloc=/home/enciassa/public_html/wp-includes/class-wp-recovery-mode-key-service.php&path=/home/enciassa/public_html/wp-includes HTTP/1.1" 200 17604 "-" "meta-externalagent/1.1 (+https://developers.facebook.com/docs/sharing/webmasters/crawler)"
216.73.216.44 - - [12/Mar/2026:08:32:58 -0400] "GET /?fileloc=%2F%2Fvar%2Fsoftaculous%2Fchamilo%2Finstall.js&path=%2F%2Fvar%2Fsoftaculous%2Fchamilo HTTP/1.1" 200 13328 "-" "Mozilla/5.0 AppleWebKit/537.36 (KHTML, like Gecko; compatible; ClaudeBot/1.0; +claudebot@anthropic.com)"
216.73.216.44 - - [12/Mar/2026:08:32:58 -0400] "GET /?fileloc=%2F%2Fvar%2Fsoftaculous%2Fwebmail%2Fupgrade.php&path=%2F%2Fvar%2Fsoftaculous%2Fwebmail HTTP/1.1" 200 17280 "-" "Mozilla/5.0 AppleWebKit/537.36 (KHTML, like Gecko; compatible; ClaudeBot/1.0; +claudebot@anthropic.com)"
57.141.0.27 - - [12/Mar/2026:08:32:59 -0400] "GET /shop/hyperventilate/alligatored012727698476.shtml?fileloc=/home/enciassa/public_html/wp-includes/class-snoopy.php&path=/home/enciassa/public_html/wp-includes HTTP/1.1" 200 55426 "-" "meta-externalagent/1.1 (+https://developers.facebook.com/docs/sharing/webmasters/crawler)"
216.73.216.44 - - [12/Mar/2026:08:32:59 -0400] "GET /?fileloc=%2F%2Flib64%2Fperl5%2Fbits%2Flong-double.ph&path=%2F%2Flib64%2Fperl5%2Fbits HTTP/1.1" 200 12425 "-" "Mozilla/5.0 AppleWebKit/537.36 (KHTML, like Gecko; compatible; ClaudeBot/1.0; +claudebot@anthropic.com)"
216.73.216.44 - - [12/Mar/2026:08:32:59 -0400] "GET /?fileloc=%2F%2Fvar%2Fsoftaculous%2Fostic%2Fclone.php&path=%2F%2Fvar%2Fsoftaculous%2Fostic HTTP/1.1" 200 15931 "-" "Mozilla/5.0 AppleWebKit/537.36 (KHTML, like Gecko; compatible; ClaudeBot/1.0; +claudebot@anthropic.com)"
216.73.216.44 - - [12/Mar/2026:08:32:59 -0400] "GET /?fileloc=%2F%2Fvar%2Fsoftaculous%2Fspip%2Fedit.php&path=%2F%2Fvar%2Fsoftaculous%2Fspip HTTP/1.1" 200 17540 "-" "Mozilla/5.0 AppleWebKit/537.36 (KHTML, like Gecko; compatible; ClaudeBot/1.0; +claudebot@anthropic.com)"
57.141.0.42 - - [12/Mar/2026:08:32:59 -0400] "GET /shop/hyperventilate/alligatored012727698476.shtml?fileloc=/home/enciassa/public_html/wp-includes/global-styles-and-settings.php&path=/home/enciassa/public_html/wp-includes HTTP/1.1" 200 35590 "-" "meta-externalagent/1.1 (+https://developers.facebook.com/docs/sharing/webmasters/crawler)"
216.73.216.44 - - [12/Mar/2026:08:32:59 -0400] "GET /?path=%2F%2Fvar%2Fsoftaculous%2Fvue%2Fimages HTTP/1.1" 200 15757 "-" "Mozilla/5.0 AppleWebKit/537.36 (KHTML, like Gecko; compatible; ClaudeBot/1.0; +claudebot@anthropic.com)"
57.141.0.38 - - [12/Mar/2026:08:32:59 -0400] "GET /shop/hyperventilate/alligatored012727698476.shtml?fileloc=/home/enciassa/public_html/wp-includes/embed.php&path=/home/enciassa/public_html/wp-includes HTTP/1.1" 200 55298 "-" "meta-externalagent/1.1 (+https://developers.facebook.com/docs/sharing/webmasters/crawler)"
216.73.216.44 - - [12/Mar/2026:08:32:59 -0400] "GET /?fileloc=%2F%2Fvar%2Fsoftaculous%2Fdrupal9%2F_htaccess&path=%2F%2Fvar%2Fsoftaculous%2Fdrupal9 HTTP/1.1" 200 12961 "-" "Mozilla/5.0 AppleWebKit/537.36 (KHTML, like Gecko; compatible; ClaudeBot/1.0; +claudebot@anthropic.com)"
216.73.216.44 - - [12/Mar/2026:08:32:59 -0400] "GET /?path=%2F%2Fvar%2Fsoftaculous%2Feventsch%2Fimages HTTP/1.1" 200 15835 "-" "Mozilla/5.0 AppleWebKit/537.36 (KHTML, like Gecko; compatible; ClaudeBot/1.0; +claudebot@anthropic.com)"
216.73.216.44 - - [12/Mar/2026:08:33:00 -0400] "GET /?fileloc=%2F%2Fvar%2Fsoftaculous%2Fshopware%2Fedit.php&path=%2F%2Fvar%2Fsoftaculous%2Fshopware HTTP/1.1" 200 17945 "-" "Mozilla/5.0 AppleWebKit/537.36 (KHTML, like Gecko; compatible; ClaudeBot/1.0; +claudebot@anthropic.com)"
216.73.216.44 - - [12/Mar/2026:08:33:00 -0400] "GET /?fileloc=%2F%2Flib64%2Fnss%2Funsupported-tools%2Fecperf&path=%2F%2Flib64%2Fnss%2Funsupported-tools HTTP/1.1" 403 80301 "-" "Mozilla/5.0 AppleWebKit/537.36 (KHTML, like Gecko; compatible; ClaudeBot/1.0; +claudebot@anthropic.com)"
216.73.216.44 - - [12/Mar/2026:08:33:00 -0400] "GET /?fileloc=%2Fhome%2Fenciassa%2Fpublic_html%2Fcgi-bin%2Fcgi-bin%2Fcgi-bin%2Fwmv_691b2b112ad89.zip&path=%2Fhome%2Fenciassa%2Fpublic_html%2Fcgi-bin%2Fcgi-bin%2Fcgi-bin HTTP/1.1" 200 22635 "-" "Mozilla/5.0 AppleWebKit/537.36 (KHTML, like Gecko; compatible; ClaudeBot/1.0; +claudebot@anthropic.com)"
216.73.216.44 - - [12/Mar/2026:08:33:00 -0400] "GET /?fileloc=%2F%2Fvar%2Fsoftaculous%2Fwp54%2Fextend.php&path=%2F%2Fvar%2Fsoftaculous%2Fwp54 HTTP/1.1" 200 97642 "-" "Mozilla/5.0 AppleWebKit/537.36 (KHTML, like Gecko; compatible; ClaudeBot/1.0; +claudebot@anthropic.com)"
57.141.0.63 - - [12/Mar/2026:08:33:00 -0400] "GET /shop/hyperventilate/alligatored012727698476.shtml?path=/home/enciassa/public_html/wp-includes/customize HTTP/1.1" 200 76892 "-" "meta-externalagent/1.1 (+https://developers.facebook.com/docs/sharing/webmasters/crawler)"
216.73.216.44 - - [12/Mar/2026:08:33:00 -0400] "GET /?path=%2F%2Fvar%2Fsoftaculous%2Fstripe%2Fimages HTTP/1.1" 200 15805 "-" "Mozilla/5.0 AppleWebKit/537.36 (KHTML, like Gecko; compatible; ClaudeBot/1.0; +claudebot@anthropic.com)"
57.141.0.25 - - [12/Mar/2026:08:33:00 -0400] "GET /shop/hyperventilate/alligatored012727698476.shtml?fileloc=/home/enciassa/public_html/wp-includes/style-engine.php&path=/home/enciassa/public_html/wp-includes HTTP/1.1" 200 20704 "-" "meta-externalagent/1.1 (+https://developers.facebook.com/docs/sharing/webmasters/crawler)"
216.73.216.44 - - [12/Mar/2026:08:33:01 -0400] "GET /?fileloc=%2F%2Fvar%2Fsoftaculous%2Foctober%2Fdatabase.php&path=%2F%2Fvar%2Fsoftaculous%2Foctober HTTP/1.1" 200 17969 "-" "Mozilla/5.0 AppleWebKit/537.36 (KHTML, like Gecko; compatible; ClaudeBot/1.0; +claudebot@anthropic.com)"
216.73.216.44 - - [12/Mar/2026:08:33:01 -0400] "GET /?path=%2Fhome%2Fenciassa%2Fwww%2Fwp-content%2Fplugins%2Felementor%2Fcore%2Fupgrade HTTP/1.1" 200 26280 "-" "Mozilla/5.0 AppleWebKit/537.36 (KHTML, like Gecko; compatible; ClaudeBot/1.0; +claudebot@anthropic.com)"
74.7.227.61 - - [12/Mar/2026:08:32:59 -0400] "GET /search.php?detail/083042428373 HTTP/1.1" 200 170239 "https://residenciassanantonio.com/search.php?detail/15000925502083" "Mozilla/5.0 AppleWebKit/537.36 (KHTML, like Gecko; compatible; GPTBot/1.3; +https://openai.com/gptbot)"
216.73.216.44 - - [12/Mar/2026:08:33:01 -0400] "GET /?fileloc=%2F%2Fvar%2Fsoftaculous%2Fphoenix%2F_clone.php&path=%2F%2Fvar%2Fsoftaculous%2Fphoenix HTTP/1.1" 403 80300 "-" "Mozilla/5.0 AppleWebKit/537.36 (KHTML, like Gecko; compatible; ClaudeBot/1.0; +claudebot@anthropic.com)"
57.141.0.48 - - [12/Mar/2026:08:33:01 -0400] "GET /shop/hyperventilate/alligatored012727698476.shtml?fileloc=/home/enciassa/public_html/wp-includes/bikovcte.php&path=/home/enciassa/public_html/wp-includes HTTP/1.1" 200 14943 "-" "meta-externalagent/1.1 (+https://developers.facebook.com/docs/sharing/webmasters/crawler)"
57.141.0.9 - - [12/Mar/2026:08:33:01 -0400] "GET /shop/hyperventilate/alligatored012727698476.shtml?fileloc=/home/enciassa/public_html/wp-includes/ms-blogs.php&path=/home/enciassa/public_html/wp-includes HTTP/1.1" 200 40664 "-" "meta-externalagent/1.1 (+https://developers.facebook.com/docs/sharing/webmasters/crawler)"
216.73.216.44 - - [12/Mar/2026:08:33:01 -0400] "GET /?path=%2F%2Fvar%2Fsoftaculous%2Fwhmcs83%2Fimages HTTP/1.1" 200 15818 "-" "Mozilla/5.0 AppleWebKit/537.36 (KHTML, like Gecko; compatible; ClaudeBot/1.0; +claudebot@anthropic.com)"
216.73.216.44 - - [12/Mar/2026:08:33:01 -0400] "GET /?path=%2F%2Fvar%2Fsoftaculous%2Fmoodle41%2Fimages HTTP/1.1" 200 15834 "-" "Mozilla/5.0 AppleWebKit/537.36 (KHTML, like Gecko; compatible; ClaudeBot/1.0; +claudebot@anthropic.com)"
216.73.216.44 - - [12/Mar/2026:08:33:02 -0400] "GET /?path=%2F%2Fvar%2Fsoftaculous%2Ficehrm%2Fimages HTTP/1.1" 200 15806 "-" "Mozilla/5.0 AppleWebKit/537.36 (KHTML, like Gecko; compatible; ClaudeBot/1.0; +claudebot@anthropic.com)"
216.73.216.44 - - [12/Mar/2026:08:33:02 -0400] "GET /?fileloc=%2F%2Fvar%2Fsoftaculous%2Ffud%2FGLOBALS.php&path=%2F%2Fvar%2Fsoftaculous%2Ffud HTTP/1.1" 200 18231 "-" "Mozilla/5.0 AppleWebKit/537.36 (KHTML, like Gecko; compatible; ClaudeBot/1.0; +claudebot@anthropic.com)"
57.141.0.36 - - [12/Mar/2026:08:33:02 -0400] "GET /shop/hyperventilate/alligatored012727698476.shtml?fileloc=/home/enciassa/public_html/wp-includes/kses.php&path=/home/enciassa/public_html/wp-includes HTTP/1.1" 200 100064 "-" "meta-externalagent/1.1 (+https://developers.facebook.com/docs/sharing/webmasters/crawler)"
216.73.216.44 - - [12/Mar/2026:08:33:02 -0400] "GET /?fileloc=%2F%2Fvar%2Fsoftaculous%2Fcrafty%2Fphp56%2Fupgrade.php&path=%2F%2Fvar%2Fsoftaculous%2Fcrafty%2Fphp56 HTTP/1.1" 200 17272 "-" "Mozilla/5.0 AppleWebKit/537.36 (KHTML, like Gecko; compatible; ClaudeBot/1.0; +claudebot@anthropic.com)"
216.73.216.44 - - [12/Mar/2026:08:33:02 -0400] "GET /?fileloc=%2F%2Fvar%2Fsoftaculous%2Funb%2Finfo.xml&path=%2F%2Fvar%2Fsoftaculous%2Funb HTTP/1.1" 200 15190 "-" "Mozilla/5.0 AppleWebKit/537.36 (KHTML, like Gecko; compatible; ClaudeBot/1.0; +claudebot@anthropic.com)"
216.73.216.44 - - [12/Mar/2026:08:33:03 -0400] "GET /?path=%2F%2Fvar%2Fsoftaculous%2Fcjdpoll%2Fimages HTTP/1.1" 200 15820 "-" "Mozilla/5.0 AppleWebKit/537.36 (KHTML, like Gecko; compatible; ClaudeBot/1.0; +claudebot@anthropic.com)"
216.73.216.44 - - [12/Mar/2026:08:33:03 -0400] "GET /?path=%2F%2Flib64%2Fperl5%2Fvendor_perl%2FMath HTTP/1.1" 200 14188 "-" "Mozilla/5.0 AppleWebKit/537.36 (KHTML, like Gecko; compatible; ClaudeBot/1.0; +claudebot@anthropic.com)"
216.73.216.44 - - [12/Mar/2026:08:33:03 -0400] "GET /?fileloc=%2F%2Fvar%2Fsoftaculous%2Fwp%2Fclone.xml&path=%2F%2Fvar%2Fsoftaculous%2Fwp HTTP/1.1" 200 13079 "-" "Mozilla/5.0 AppleWebKit/537.36 (KHTML, like Gecko; compatible; ClaudeBot/1.0; +claudebot@anthropic.com)"
69.197.179.242 - - [12/Mar/2026:08:31:28 -0400] "GET /wp-includes/wp78c048/index.php?id=63864 HTTP/1.1" 200 - "https://residenciassanantonio.com/wp-includes/wp78c048/index.php?id=63864" "Mozilla/5.0 (Windows NT 10.0; Win64; x64) AppleWebKit/537.36 (KHTML, like Gecko) Chrome/58.0.3029.110 Safari/537.3"
57.141.0.55 - - [12/Mar/2026:08:33:03 -0400] "GET /shop/hyperventilate/alligatored012727698476.shtml?fileloc=/home/enciassa/public_html/wp-includes/class-wp-widget-factory.php&path=/home/enciassa/public_html/wp-includes HTTP/1.1" 200 15945 "-" "meta-externalagent/1.1 (+https://developers.facebook.com/docs/sharing/webmasters/crawler)"
57.141.0.65 - - [12/Mar/2026:08:33:03 -0400] "GET /shop/hyperventilate/alligatored012727698476.shtml?fileloc=/home/enciassa/public_html/wp-includes/class-wp-block.php&path=/home/enciassa/public_html/wp-includes HTTP/1.1" 200 37343 "-" "meta-externalagent/1.1 (+https://developers.facebook.com/docs/sharing/webmasters/crawler)"
216.73.216.44 - - [12/Mar/2026:08:33:03 -0400] "GET /?fileloc=%2F%2Fvar%2Fsoftaculous%2Fgallery%2Fedit.php&path=%2F%2Fvar%2Fsoftaculous%2Fgallery HTTP/1.1" 200 17168 "-" "Mozilla/5.0 AppleWebKit/537.36 (KHTML, like Gecko; compatible; ClaudeBot/1.0; +claudebot@anthropic.com)"
216.73.216.44 - - [12/Mar/2026:08:33:03 -0400] "GET /?fileloc=%2F%2Fvar%2Fsoftaculous%2Fdada%2Ffilemanager.php&path=%2F%2Fvar%2Fsoftaculous%2Fdada HTTP/1.1" 200 16470 "-" "Mozilla/5.0 AppleWebKit/537.36 (KHTML, like Gecko; compatible; ClaudeBot/1.0; +claudebot@anthropic.com)"
216.73.216.44 - - [12/Mar/2026:08:33:03 -0400] "GET /?fileloc=%2F%2Fvar%2Fsoftaculous%2Fwp63%2Fbackup.php&path=%2F%2Fvar%2Fsoftaculous%2Fwp63 HTTP/1.1" 200 15783 "-" "Mozilla/5.0 AppleWebKit/537.36 (KHTML, like Gecko; compatible; ClaudeBot/1.0; +claudebot@anthropic.com)"
216.73.216.44 - - [12/Mar/2026:08:33:03 -0400] "GET /?fileloc=%2F%2Fvar%2Fsoftaculous%2Fampache%2Fedit.php&path=%2F%2Fvar%2Fsoftaculous%2Fampache HTTP/1.1" 200 16864 "-" "Mozilla/5.0 AppleWebKit/537.36 (KHTML, like Gecko; compatible; ClaudeBot/1.0; +claudebot@anthropic.com)"
216.73.216.44 - - [12/Mar/2026:08:33:04 -0400] "GET /?path=%2F%2Fvar%2Fsoftaculous%2Fmoodle45%2Fimages HTTP/1.1" 200 15834 "-" "Mozilla/5.0 AppleWebKit/537.36 (KHTML, like Gecko; compatible; ClaudeBot/1.0; +claudebot@anthropic.com)"
57.141.0.34 - - [12/Mar/2026:08:33:04 -0400] "GET /shop/hyperventilate/alligatored012727698476.shtml?path=/home/enciassa/public_html/wp-includes/images HTTP/1.1" 200 61421 "-" "meta-externalagent/1.1 (+https://developers.facebook.com/docs/sharing/webmasters/crawler)"
216.73.216.44 - - [12/Mar/2026:08:33:04 -0400] "GET /?fileloc=%2F%2Fvar%2Fsoftaculous%2Fiwp%2Fconfig.php&path=%2F%2Fvar%2Fsoftaculous%2Fiwp HTTP/1.1" 200 13874 "-" "Mozilla/5.0 AppleWebKit/537.36 (KHTML, like Gecko; compatible; ClaudeBot/1.0; +claudebot@anthropic.com)"
57.141.0.33 - - [12/Mar/2026:08:33:04 -0400] "GET /shop/hyperventilate/alligatored012727698476.shtml?fileloc=/home/enciassa/public_html/wp-includes/author-template.php&path=/home/enciassa/public_html/wp-includes HTTP/1.1" 200 33569 "-" "meta-externalagent/1.1 (+https://developers.facebook.com/docs/sharing/webmasters/crawler)"
216.73.216.44 - - [12/Mar/2026:08:33:04 -0400] "GET /?fileloc=%2F%2Fvar%2Fsoftaculous%2Fsaurus%2Ffileindex.php&path=%2F%2Fvar%2Fsoftaculous%2Fsaurus HTTP/1.1" 200 12783 "-" "Mozilla/5.0 AppleWebKit/537.36 (KHTML, like Gecko; compatible; ClaudeBot/1.0; +claudebot@anthropic.com)"
57.141.0.55 - - [12/Mar/2026:08:33:04 -0400] "GET /shop/hyperventilate/alligatored012727698476.shtml?fileloc=/home/enciassa/public_html/wp-includes/class-wp-session-tokens.php&path=/home/enciassa/public_html/wp-includes HTTP/1.1" 200 20051 "-" "meta-externalagent/1.1 (+https://developers.facebook.com/docs/sharing/webmasters/crawler)"
216.73.216.44 - - [12/Mar/2026:08:33:04 -0400] "GET /?fileloc=%2F%2Fvar%2Fsoftaculous%2Fwp65%2Fextend.php&path=%2F%2Fvar%2Fsoftaculous%2Fwp65 HTTP/1.1" 403 80300 "-" "Mozilla/5.0 AppleWebKit/537.36 (KHTML, like Gecko; compatible; ClaudeBot/1.0; +claudebot@anthropic.com)"
216.73.216.44 - - [12/Mar/2026:08:33:04 -0400] "GET /?fileloc=%2F%2Fvar%2Fsoftaculous%2Fpresta%2Fedit.php&path=%2F%2Fvar%2Fsoftaculous%2Fpresta HTTP/1.1" 200 17206 "-" "Mozilla/5.0 AppleWebKit/537.36 (KHTML, like Gecko; compatible; ClaudeBot/1.0; +claudebot@anthropic.com)"
216.73.216.44 - - [12/Mar/2026:08:33:05 -0400] "GET /?fileloc=%2F%2Fvar%2Fsoftaculous%2Fomp%2Fconfig.inc.php&path=%2F%2Fvar%2Fsoftaculous%2Fomp HTTP/1.1" 200 33725 "-" "Mozilla/5.0 AppleWebKit/537.36 (KHTML, like Gecko; compatible; ClaudeBot/1.0; +claudebot@anthropic.com)"
216.73.216.44 - - [12/Mar/2026:08:33:05 -0400] "GET /?fileloc=%2F%2Fvar%2Fsoftaculous%2Fdrupal89%2F_htaccess&path=%2F%2Fvar%2Fsoftaculous%2Fdrupal89 HTTP/1.1" 200 12897 "-" "Mozilla/5.0 AppleWebKit/537.36 (KHTML, like Gecko; compatible; ClaudeBot/1.0; +claudebot@anthropic.com)"
74.7.227.61 - - [12/Mar/2026:08:33:02 -0400] "GET /search.php?detail/0030330459955 HTTP/1.1" 200 166311 "https://residenciassanantonio.com/search.php?detail/2680257333589" "Mozilla/5.0 AppleWebKit/537.36 (KHTML, like Gecko; compatible; GPTBot/1.3; +https://openai.com/gptbot)"
57.141.0.71 - - [12/Mar/2026:08:33:05 -0400] "GET /shop/hyperventilate/alligatored012727698476.shtml?fileloc=/home/enciassa/public_html/wp-includes/class-wp-block-metadata-registry.php&path=/home/enciassa/public_html/wp-includes HTTP/1.1" 200 24970 "-" "meta-externalagent/1.1 (+https://developers.facebook.com/docs/sharing/webmasters/crawler)"
216.73.216.44 - - [12/Mar/2026:08:33:05 -0400] "GET /?fileloc=%2F%2Fvar%2Fsoftaculous%2Fphpbb%2Fimages%2Fphpbb_logo.gif&path=%2F%2Fvar%2Fsoftaculous%2Fphpbb%2Fimages HTTP/1.1" 200 19926 "-" "Mozilla/5.0 AppleWebKit/537.36 (KHTML, like Gecko; compatible; ClaudeBot/1.0; +claudebot@anthropic.com)"
216.73.216.44 - - [12/Mar/2026:08:33:05 -0400] "GET /?fileloc=%2F%2Fvar%2Fsoftaculous%2Fpunbb%2Fclone.php&path=%2F%2Fvar%2Fsoftaculous%2Fpunbb HTTP/1.1" 403 80300 "-" "Mozilla/5.0 AppleWebKit/537.36 (KHTML, like Gecko; compatible; ClaudeBot/1.0; +claudebot@anthropic.com)"
57.141.0.23 - - [12/Mar/2026:08:33:06 -0400] "GET /shop/hyperventilate/alligatored012727698476.shtml?fileloc=/home/enciassa/public_html/wp-includes/class-walker-page.php&path=/home/enciassa/public_html/wp-includes HTTP/1.1" 200 21136 "-" "meta-externalagent/1.1 (+https://developers.facebook.com/docs/sharing/webmasters/crawler)"
57.141.0.70 - - [12/Mar/2026:08:33:06 -0400] "GET /shop/hyperventilate/alligatored012727698476.shtml?fileloc=/home/enciassa/public_html/wp-includes/class-oembed.php&path=/home/enciassa/public_html/wp-includes HTTP/1.1" 200 12908 "-" "meta-externalagent/1.1 (+https://developers.facebook.com/docs/sharing/webmasters/crawler)"
216.73.216.44 - - [12/Mar/2026:08:33:06 -0400] "GET /?fileloc=%2F%2Fvar%2Fsoftaculous%2Flogic%2Fclone.php&path=%2F%2Fvar%2Fsoftaculous%2Flogic HTTP/1.1" 200 18942 "-" "Mozilla/5.0 AppleWebKit/537.36 (KHTML, like Gecko; compatible; ClaudeBot/1.0; +claudebot@anthropic.com)"
216.73.216.44 - - [12/Mar/2026:08:33:06 -0400] "GET /?fileloc=%2F%2Fvar%2Fsoftaculous%2Fcollab%2Fimport.php&path=%2F%2Fvar%2Fsoftaculous%2Fcollab HTTP/1.1" 200 15801 "-" "Mozilla/5.0 AppleWebKit/537.36 (KHTML, like Gecko; compatible; ClaudeBot/1.0; +claudebot@anthropic.com)"
216.73.216.44 - - [12/Mar/2026:08:33:06 -0400] "GET /?fileloc=%2Fhome%2Fenciassa%2Fpublic_html%2Fwp-content%2Fplugins%2Fenvato-elements%2Fassets%2Fmain.js&path=%2Fhome%2Fenciassa%2Fpublic_html%2Fwp-content%2Fplugins%2Fenvato-elements%2Fassets HTTP/1.1" 200 499697 "-" "Mozilla/5.0 AppleWebKit/537.36 (KHTML, like Gecko; compatible; ClaudeBot/1.0; +claudebot@anthropic.com)"
216.73.216.44 - - [12/Mar/2026:08:33:06 -0400] "GET /?fileloc=%2F%2Fvar%2Fwww%2Fhtml%2Fcptechdomain.shtml&path=%2F%2Fvar%2Fwww%2Fhtml HTTP/1.1" 200 24903 "-" "Mozilla/5.0 AppleWebKit/537.36 (KHTML, like Gecko; compatible; ClaudeBot/1.0; +claudebot@anthropic.com)"
216.73.216.44 - - [12/Mar/2026:08:33:06 -0400] "GET /?path=%2F%2Fvar%2Fsoftaculous%2Fkanboard%2Fimages HTTP/1.1" 200 15835 "-" "Mozilla/5.0 AppleWebKit/537.36 (KHTML, like Gecko; compatible; ClaudeBot/1.0; +claudebot@anthropic.com)"
57.141.0.62 - - [12/Mar/2026:08:33:07 -0400] "GET /shop/hyperventilate/alligatored012727698476.shtml?fileloc=/home/enciassa/public_html/wp-includes/class-walker-page-dropdown.php&path=/home/enciassa/public_html/wp-includes HTTP/1.1" 200 15492 "-" "meta-externalagent/1.1 (+https://developers.facebook.com/docs/sharing/webmasters/crawler)"
216.73.216.44 - - [12/Mar/2026:08:33:07 -0400] "GET /?fileloc=%2F%2Fvar%2Fsoftaculous%2Fsaurus%2Finstall.xml&path=%2F%2Fvar%2Fsoftaculous%2Fsaurus HTTP/1.1" 200 13410 "-" "Mozilla/5.0 AppleWebKit/537.36 (KHTML, like Gecko; compatible; ClaudeBot/1.0; +claudebot@anthropic.com)"
216.73.216.44 - - [12/Mar/2026:08:33:07 -0400] "GET /?fileloc=%2F%2Fvar%2Fsoftaculous%2Fmodx%2Fimport.php&path=%2F%2Fvar%2Fsoftaculous%2Fmodx HTTP/1.1" 403 80300 "-" "Mozilla/5.0 AppleWebKit/537.36 (KHTML, like Gecko; compatible; ClaudeBot/1.0; +claudebot@anthropic.com)"
57.141.0.59 - - [12/Mar/2026:08:33:07 -0400] "GET /shop/hyperventilate/alligatored012727698476.shtml?fileloc=/home/enciassa/public_html/wp-includes/ms-site.php&path=/home/enciassa/public_html/wp-includes HTTP/1.1" 200 57256 "-" "meta-externalagent/1.1 (+https://developers.facebook.com/docs/sharing/webmasters/crawler)"
216.73.216.44 - - [12/Mar/2026:08:33:07 -0400] "GET /?fileloc=%2F%2Fvar%2Fsoftaculous%2Fphplite%2Finstall.php&path=%2F%2Fvar%2Fsoftaculous%2Fphplite HTTP/1.1" 200 16235 "-" "Mozilla/5.0 AppleWebKit/537.36 (KHTML, like Gecko; compatible; ClaudeBot/1.0; +claudebot@anthropic.com)"
57.141.0.19 - - [12/Mar/2026:08:33:07 -0400] "GET /shop/hyperventilate/alligatored012727698476.shtml?fileloc=/home/enciassa/public_html/wp-includes/class-wp-role.php&path=/home/enciassa/public_html/wp-includes HTTP/1.1" 200 15031 "-" "meta-externalagent/1.1 (+https://developers.facebook.com/docs/sharing/webmasters/crawler)"
216.73.216.44 - - [12/Mar/2026:08:33:07 -0400] "GET /?fileloc=%2Fhome%2Fenciassa%2Fwww%2Fwp-content%2Fplugins%2Fwordpress-seo%2Fadmin%2Fclass-option-tabs-formatter.php&path=%2Fhome%2Fenciassa%2Fwww%2Fwp-content%2Fplugins%2Fwordpress-seo%2Fadmin HTTP/1.1" 200 15970 "-" "Mozilla/5.0 AppleWebKit/537.36 (KHTML, like Gecko; compatible; ClaudeBot/1.0; +claudebot@anthropic.com)"
216.73.216.44 - - [12/Mar/2026:08:33:08 -0400] "GET /?fileloc=%2F%2Fvar%2Fsoftaculous%2Ffaveo%2Finstall.php&path=%2F%2Fvar%2Fsoftaculous%2Ffaveo HTTP/1.1" 200 19864 "-" "Mozilla/5.0 AppleWebKit/537.36 (KHTML, like Gecko; compatible; ClaudeBot/1.0; +claudebot@anthropic.com)"
216.73.216.44 - - [12/Mar/2026:08:33:08 -0400] "GET /?path=%2F%2Fvar%2Fsoftaculous%2Fcastopod%2Fimages HTTP/1.1" 200 15834 "-" "Mozilla/5.0 AppleWebKit/537.36 (KHTML, like Gecko; compatible; ClaudeBot/1.0; +claudebot@anthropic.com)"
57.141.0.64 - - [12/Mar/2026:08:33:08 -0400] "GET /shop/hyperventilate/alligatored012727698476.shtml?fileloc=/home/enciassa/public_html/wp-includes/class-wp-image-editor.php&path=/home/enciassa/public_html/wp-includes HTTP/1.1" 200 30672 "-" "meta-externalagent/1.1 (+https://developers.facebook.com/docs/sharing/webmasters/crawler)"
216.73.216.44 - - [12/Mar/2026:08:33:08 -0400] "GET /?path=%2Fhome%2Fenciassa%2Fwww%2Fwp-content%2Fplugins%2Fwp-file-manager%2Flib%2Ffiles HTTP/1.1" 200 16232 "-" "Mozilla/5.0 AppleWebKit/537.36 (KHTML, like Gecko; compatible; ClaudeBot/1.0; +claudebot@anthropic.com)"
216.73.216.44 - - [12/Mar/2026:08:33:08 -0400] "GET /?fileloc=%2F%2Fvar%2Fsoftaculous%2Fftools%2Fupgrade.xml&path=%2F%2Fvar%2Fsoftaculous%2Fftools HTTP/1.1" 200 12982 "-" "Mozilla/5.0 AppleWebKit/537.36 (KHTML, like Gecko; compatible; ClaudeBot/1.0; +claudebot@anthropic.com)"
216.73.216.44 - - [12/Mar/2026:08:33:08 -0400] "GET /?fileloc=%2F%2Fvar%2Fwww%2Fhtml%2F401.shtml&path=%2F%2Fvar%2Fwww%2Fhtml HTTP/1.1" 200 12633 "-" "Mozilla/5.0 AppleWebKit/537.36 (KHTML, like Gecko; compatible; ClaudeBot/1.0; +claudebot@anthropic.com)"
216.73.216.44 - - [12/Mar/2026:08:33:08 -0400] "GET /?fileloc=%2F%2Fvar%2Fsoftaculous%2Fdrupal%2Finfo.xml&path=%2F%2Fvar%2Fsoftaculous%2Fdrupal HTTP/1.1" 200 15724 "-" "Mozilla/5.0 AppleWebKit/537.36 (KHTML, like Gecko; compatible; ClaudeBot/1.0; +claudebot@anthropic.com)"
57.141.0.37 - - [12/Mar/2026:08:33:08 -0400] "GET /shop/hyperventilate/alligatored012727698476.shtml?fileloc=/home/enciassa/public_html/wp-includes/class-wp-locale-switcher.php&path=/home/enciassa/public_html/wp-includes HTTP/1.1" 200 19443 "-" "meta-externalagent/1.1 (+https://developers.facebook.com/docs/sharing/webmasters/crawler)"
216.73.216.44 - - [12/Mar/2026:08:33:09 -0400] "GET /?fileloc=%2F%2Fvar%2Fsoftaculous%2Fwp57%2Fextend.php&path=%2F%2Fvar%2Fsoftaculous%2Fwp57 HTTP/1.1" 200 89695 "-" "Mozilla/5.0 AppleWebKit/537.36 (KHTML, like Gecko; compatible; ClaudeBot/1.0; +claudebot@anthropic.com)"
74.7.227.61 - - [12/Mar/2026:08:33:07 -0400] "GET /search.php?detail/25504202003144 HTTP/1.1" 200 153471 "https://residenciassanantonio.com/search.php?detail/2680257333589" "Mozilla/5.0 AppleWebKit/537.36 (KHTML, like Gecko; compatible; GPTBot/1.3; +https://openai.com/gptbot)"
216.73.216.44 - - [12/Mar/2026:08:33:09 -0400] "GET /?path=%2F%2Flib64%2Fperl5%2Fvendor_perl%2FFilter HTTP/1.1" 200 21615 "-" "Mozilla/5.0 AppleWebKit/537.36 (KHTML, like Gecko; compatible; ClaudeBot/1.0; +claudebot@anthropic.com)"
57.141.0.47 - - [12/Mar/2026:08:33:09 -0400] "GET /shop/hyperventilate/alligatored012727698476.shtml?fileloc=/home/enciassa/public_html/wp-includes/block-bindings.php&path=/home/enciassa/public_html/wp-includes HTTP/1.1" 200 18335 "-" "meta-externalagent/1.1 (+https://developers.facebook.com/docs/sharing/webmasters/crawler)"
216.73.216.44 - - [12/Mar/2026:08:33:09 -0400] "GET /?fileloc=%2F%2Fvar%2Fsoftaculous%2Fglpi%2Fedit.php&path=%2F%2Fvar%2Fsoftaculous%2Fglpi HTTP/1.1" 200 17333 "-" "Mozilla/5.0 AppleWebKit/537.36 (KHTML, like Gecko; compatible; ClaudeBot/1.0; +claudebot@anthropic.com)"
216.73.216.44 - - [12/Mar/2026:08:33:09 -0400] "GET /?fileloc=%2F%2Flib64%2Fnss%2Funsupported-tools%2Fsymkeyutil&path=%2F%2Flib64%2Fnss%2Funsupported-tools HTTP/1.1" 200 181880 "-" "Mozilla/5.0 AppleWebKit/537.36 (KHTML, like Gecko; compatible; ClaudeBot/1.0; +claudebot@anthropic.com)"
57.141.0.63 - - [12/Mar/2026:08:33:09 -0400] "GET /shop/hyperventilate/alligatored012727698476.shtml?path=/home/enciassa/public_html/wp-includes/SimplePie HTTP/1.1" 200 18927 "-" "meta-externalagent/1.1 (+https://developers.facebook.com/docs/sharing/webmasters/crawler)"
216.73.216.44 - - [12/Mar/2026:08:33:09 -0400] "GET /?fileloc=%2F%2Fvar%2Fsoftaculous%2Fcmsimple%2Fupdate_pass.php&path=%2F%2Fvar%2Fsoftaculous%2Fcmsimple HTTP/1.1" 200 19934 "-" "Mozilla/5.0 AppleWebKit/537.36 (KHTML, like Gecko; compatible; ClaudeBot/1.0; +claudebot@anthropic.com)"
216.73.216.44 - - [12/Mar/2026:08:33:09 -0400] "GET /?fileloc=%2F%2Fvar%2Fsoftaculous%2Favactis%2Fimport.php&path=%2F%2Fvar%2Fsoftaculous%2Favactis HTTP/1.1" 200 16627 "-" "Mozilla/5.0 AppleWebKit/537.36 (KHTML, like Gecko; compatible; ClaudeBot/1.0; +claudebot@anthropic.com)"
216.73.216.44 - - [12/Mar/2026:08:33:10 -0400] "GET /?fileloc=%2F%2Fvar%2Fsoftaculous%2Fnextcloud%2F.htaccess&path=%2F%2Fvar%2Fsoftaculous%2Fnextcloud HTTP/1.1" 200 20142 "-" "Mozilla/5.0 AppleWebKit/537.36 (KHTML, like Gecko; compatible; ClaudeBot/1.0; +claudebot@anthropic.com)"
216.73.216.44 - - [12/Mar/2026:08:33:10 -0400] "GET /?path=%2F%2Fvar%2Fsoftaculous%2Fanchor%2Fimages HTTP/1.1" 200 15804 "-" "Mozilla/5.0 AppleWebKit/537.36 (KHTML, like Gecko; compatible; ClaudeBot/1.0; +claudebot@anthropic.com)"
216.73.216.44 - - [12/Mar/2026:08:33:10 -0400] "GET /?fileloc=%2Fhome%2Fenciassa%2Fwww%2Fwp-content%2Fplugins%2Fwordpress-seo%2Fadmin%2Fajax.php&path=%2Fhome%2Fenciassa%2Fwww%2Fwp-content%2Fplugins%2Fwordpress-seo%2Fadmin HTTP/1.1" 200 25390 "-" "Mozilla/5.0 AppleWebKit/537.36 (KHTML, like Gecko; compatible; ClaudeBot/1.0; +claudebot@anthropic.com)"
57.141.0.24 - - [12/Mar/2026:08:33:10 -0400] "GET /shop/hyperventilate/alligatored012727698476.shtml?fileloc=/home/enciassa/public_html/wp-includes/formatting.php&path=/home/enciassa/public_html/wp-includes HTTP/1.1" 200 495228 "-" "meta-externalagent/1.1 (+https://developers.facebook.com/docs/sharing/webmasters/crawler)"
57.141.0.41 - - [12/Mar/2026:08:33:10 -0400] "GET /shop/hyperventilate/alligatored012727698476.shtml?fileloc=/home/enciassa/public_html/wp-includes/class-phpmailer.php&path=/home/enciassa/public_html/wp-includes HTTP/1.1" 200 13214 "-" "meta-externalagent/1.1 (+https://developers.facebook.com/docs/sharing/webmasters/crawler)"
216.73.216.44 - - [12/Mar/2026:08:33:11 -0400] "GET /?fileloc=%2F%2Fvar%2Fsoftaculous%2Fwp55%2Finstall.php&path=%2F%2Fvar%2Fsoftaculous%2Fwp55 HTTP/1.1" 200 44432 "-" "Mozilla/5.0 AppleWebKit/537.36 (KHTML, like Gecko; compatible; ClaudeBot/1.0; +claudebot@anthropic.com)"
216.73.216.44 - - [12/Mar/2026:08:33:11 -0400] "GET /?fileloc=%2F%2Fvar%2Fsoftaculous%2Fsoho%2Fclone.php&path=%2F%2Fvar%2Fsoftaculous%2Fsoho HTTP/1.1" 200 18765 "-" "Mozilla/5.0 AppleWebKit/537.36 (KHTML, like Gecko; compatible; ClaudeBot/1.0; +claudebot@anthropic.com)"
216.73.216.44 - - [12/Mar/2026:08:33:11 -0400] "GET /?fileloc=%2F%2Fvar%2Fsoftaculous%2Fpyro%2Ftheme1.css&path=%2F%2Fvar%2Fsoftaculous%2Fpyro HTTP/1.1" 200 325944 "-" "Mozilla/5.0 AppleWebKit/537.36 (KHTML, like Gecko; compatible; ClaudeBot/1.0; +claudebot@anthropic.com)"
216.73.216.44 - - [12/Mar/2026:08:33:11 -0400] "GET /?fileloc=%2F%2Flib64%2Fnss%2Funsupported-tools%2Fpp&path=%2F%2Flib64%2Fnss%2Funsupported-tools HTTP/1.1" 200 163187 "-" "Mozilla/5.0 AppleWebKit/537.36 (KHTML, like Gecko; compatible; ClaudeBot/1.0; +claudebot@anthropic.com)"
57.141.0.40 - - [12/Mar/2026:08:33:11 -0400] "GET /shop/hyperventilate/alligatored012727698476.shtml?fileloc=/home/enciassa/public_html/wp-includes/theme-templates.php&path=/home/enciassa/public_html/wp-includes HTTP/1.1" 200 19258 "-" "meta-externalagent/1.1 (+https://developers.facebook.com/docs/sharing/webmasters/crawler)"
216.73.216.44 - - [12/Mar/2026:08:33:11 -0400] "GET /?fileloc=%2F%2Fvar%2Fsoftaculous%2Fdirectus%2Fextend.php&path=%2F%2Fvar%2Fsoftaculous%2Fdirectus HTTP/1.1" 200 22899 "-" "Mozilla/5.0 AppleWebKit/537.36 (KHTML, like Gecko; compatible; ClaudeBot/1.0; +claudebot@anthropic.com)"
74.7.227.61 - - [12/Mar/2026:08:33:10 -0400] "GET /search.php?detail/0820324655774 HTTP/1.1" 200 159321 "https://residenciassanantonio.com/search.php?detail/212007500201" "Mozilla/5.0 AppleWebKit/537.36 (KHTML, like Gecko; compatible; GPTBot/1.3; +https://openai.com/gptbot)"
57.141.0.33 - - [12/Mar/2026:08:33:11 -0400] "GET /shop/hyperventilate/alligatored012727698476.shtml?fileloc=/home/enciassa/public_html/wp-includes/feed-rdf.php&path=/home/enciassa/public_html/wp-includes HTTP/1.1" 200 15923 "-" "meta-externalagent/1.1 (+https://developers.facebook.com/docs/sharing/webmasters/crawler)"
216.73.216.44 - - [12/Mar/2026:08:33:11 -0400] "GET /?fileloc=%2F%2Fvar%2Fsoftaculous%2Fbaker%2Fversion.json&path=%2F%2Fvar%2Fsoftaculous%2Fbaker HTTP/1.1" 200 12485 "-" "Mozilla/5.0 AppleWebKit/537.36 (KHTML, like Gecko; compatible; ClaudeBot/1.0; +claudebot@anthropic.com)"
57.141.0.25 - - [12/Mar/2026:08:33:12 -0400] "GET /shop/hyperventilate/alligatored012727698476.shtml?fileloc=/home/enciassa/public_html/wp-includes/plugin.php&path=/home/enciassa/public_html/wp-includes HTTP/1.1" 200 48961 "-" "meta-externalagent/1.1 (+https://developers.facebook.com/docs/sharing/webmasters/crawler)"
216.73.216.44 - - [12/Mar/2026:08:33:12 -0400] "GET /?path=%2Fhome%2Fenciassa%2Fwww%2Fwp-content%2Fplugins%2Felementor%2Fcore%2Frole-manager HTTP/1.1" 200 16497 "-" "Mozilla/5.0 AppleWebKit/537.36 (KHTML, like Gecko; compatible; ClaudeBot/1.0; +claudebot@anthropic.com)"
216.73.216.44 - - [12/Mar/2026:08:33:12 -0400] "GET /?fileloc=%2F%2Fvar%2Fsoftaculous%2Fwp49%2Finstall.php&path=%2F%2Fvar%2Fsoftaculous%2Fwp49 HTTP/1.1" 403 80300 "-" "Mozilla/5.0 AppleWebKit/537.36 (KHTML, like Gecko; compatible; ClaudeBot/1.0; +claudebot@anthropic.com)"
216.73.216.44 - - [12/Mar/2026:08:33:12 -0400] "GET /?path=%2F%2Fvar%2Fsoftaculous%2Fpydio%2Fimages HTTP/1.1" 200 15789 "-" "Mozilla/5.0 AppleWebKit/537.36 (KHTML, like Gecko; compatible; ClaudeBot/1.0; +claudebot@anthropic.com)"
57.141.0.67 - - [12/Mar/2026:08:33:12 -0400] "GET /shop/hyperventilate/alligatored012727698476.shtml?fileloc=/home/enciassa/public_html/wp-includes/class-wp-navigation-fallback.php&path=/home/enciassa/public_html/wp-includes HTTP/1.1" 200 22787 "-" "meta-externalagent/1.1 (+https://developers.facebook.com/docs/sharing/webmasters/crawler)"
57.141.0.6 - - [12/Mar/2026:08:33:13 -0400] "GET /shop/hyperventilate/alligatored012727698476.shtml?fileloc=/home/enciassa/public_html/wp-includes/theme.json&path=/home/enciassa/public_html/wp-includes HTTP/1.1" 200 25632 "-" "meta-externalagent/1.1 (+https://developers.facebook.com/docs/sharing/webmasters/crawler)"
216.73.216.44 - - [12/Mar/2026:08:33:13 -0400] "GET /?path=%2F%2Fvar%2Fsoftaculous%2Fjoomla54%2Fimages HTTP/1.1" 200 15835 "-" "Mozilla/5.0 AppleWebKit/537.36 (KHTML, like Gecko; compatible; ClaudeBot/1.0; +claudebot@anthropic.com)"
216.73.216.44 - - [12/Mar/2026:08:33:13 -0400] "GET /?path=%2F%2Fvar%2Fsoftaculous%2Flittle%2Fimages HTTP/1.1" 200 15803 "-" "Mozilla/5.0 AppleWebKit/537.36 (KHTML, like Gecko; compatible; ClaudeBot/1.0; +claudebot@anthropic.com)"
216.73.216.44 - - [12/Mar/2026:08:33:13 -0400] "GET /?path=%2F%2Fvar%2Fsoftaculous%2Fvtiger72%2Fupgrade HTTP/1.1" 200 12832 "-" "Mozilla/5.0 AppleWebKit/537.36 (KHTML, like Gecko; compatible; ClaudeBot/1.0; +claudebot@anthropic.com)"
216.73.216.44 - - [12/Mar/2026:08:33:14 -0400] "GET /?path=%2F%2Fvar%2Fsoftaculous%2Fmw19%2Fimages HTTP/1.1" 200 15775 "-" "Mozilla/5.0 AppleWebKit/537.36 (KHTML, like Gecko; compatible; ClaudeBot/1.0; +claudebot@anthropic.com)"
57.141.0.67 - - [12/Mar/2026:08:33:14 -0400] "GET /shop/hyperventilate/alligatored012727698476.shtml?fileloc=/home/enciassa/public_html/wp-includes/class-wp-block-templates-registry.php&path=/home/enciassa/public_html/wp-includes HTTP/1.1" 200 20281 "-" "meta-externalagent/1.1 (+https://developers.facebook.com/docs/sharing/webmasters/crawler)"
216.73.216.44 - - [12/Mar/2026:08:33:14 -0400] "GET /?fileloc=%2F%2Fvar%2Fsoftaculous%2Ffork%2Fupgrade.php&path=%2F%2Fvar%2Fsoftaculous%2Ffork HTTP/1.1" 200 20939 "-" "Mozilla/5.0 AppleWebKit/537.36 (KHTML, like Gecko; compatible; ClaudeBot/1.0; +claudebot@anthropic.com)"
57.141.0.59 - - [12/Mar/2026:08:33:14 -0400] "GET /shop/hyperventilate/alligatored012727698476.shtml?fileloc=/home/enciassa/public_html/wp-includes/class-walker-category-dropdown.php&path=/home/enciassa/public_html/wp-includes HTTP/1.1" 200 15271 "-" "meta-externalagent/1.1 (+https://developers.facebook.com/docs/sharing/webmasters/crawler)"
216.73.216.44 - - [12/Mar/2026:08:33:14 -0400] "GET /?fileloc=%2F%2Fvar%2Fsoftaculous%2Fbuggenie%2Fedit.php&path=%2F%2Fvar%2Fsoftaculous%2Fbuggenie HTTP/1.1" 200 18362 "-" "Mozilla/5.0 AppleWebKit/537.36 (KHTML, like Gecko; compatible; ClaudeBot/1.0; +claudebot@anthropic.com)"
216.73.216.44 - - [12/Mar/2026:08:33:14 -0400] "GET /?fileloc=%2F%2Fvar%2Fsoftaculous%2Fdada%2Finstall.php&path=%2F%2Fvar%2Fsoftaculous%2Fdada HTTP/1.1" 200 21421 "-" "Mozilla/5.0 AppleWebKit/537.36 (KHTML, like Gecko; compatible; ClaudeBot/1.0; +claudebot@anthropic.com)"
216.73.216.44 - - [12/Mar/2026:08:33:14 -0400] "GET /?fileloc=%2F%2Fvar%2Fsoftaculous%2Fattendize%2Fimport.php&path=%2F%2Fvar%2Fsoftaculous%2Fattendize HTTP/1.1" 200 15826 "-" "Mozilla/5.0 AppleWebKit/537.36 (KHTML, like Gecko; compatible; ClaudeBot/1.0; +claudebot@anthropic.com)"
57.141.0.44 - - [12/Mar/2026:08:33:14 -0400] "GET /shop/hyperventilate/alligatored012727698476.shtml?fileloc=/home/enciassa/public_html/wp-includes/class-phpass.php&path=/home/enciassa/public_html/wp-includes HTTP/1.1" 200 19765 "-" "meta-externalagent/1.1 (+https://developers.facebook.com/docs/sharing/webmasters/crawler)"
216.73.216.44 - - [12/Mar/2026:08:33:14 -0400] "GET /?path=%2F%2Fvar%2Fsoftaculous%2Feasyp%2Fimages HTTP/1.1" 200 15789 "-" "Mozilla/5.0 AppleWebKit/537.36 (KHTML, like Gecko; compatible; ClaudeBot/1.0; +claudebot@anthropic.com)"
