216.73.216.44 - - [12/Mar/2026:08:34:20 -0400] "GET /?fileloc=%2F%2Fvar%2Fsoftaculous%2Foxwall%2Fconfig.php&path=%2F%2Fvar%2Fsoftaculous%2Foxwall HTTP/1.1" 403 80300 "-" "Mozilla/5.0 AppleWebKit/537.36 (KHTML, like Gecko; compatible; ClaudeBot/1.0; +claudebot@anthropic.com)"
57.141.0.67 - - [12/Mar/2026:08:34:20 -0400] "GET /shop/hyperventilate/alligatored012727698476.shtml?fileloc=/home/enciassa/public_html/wp-includes/template.php&path=/home/enciassa/public_html/wp-includes HTTP/1.1" 200 38069 "-" "meta-externalagent/1.1 (+https://developers.facebook.com/docs/sharing/webmasters/crawler)"
216.73.216.44 - - [12/Mar/2026:08:34:20 -0400] "GET /?fileloc=%2F%2Fvar%2Fsoftaculous%2Fatlantis%2Fclone.php&path=%2F%2Fvar%2Fsoftaculous%2Fatlantis HTTP/1.1" 403 80300 "-" "Mozilla/5.0 AppleWebKit/537.36 (KHTML, like Gecko; compatible; ClaudeBot/1.0; +claudebot@anthropic.com)"
216.73.216.44 - - [12/Mar/2026:08:34:20 -0400] "GET /?fileloc=%2F%2Fvar%2Fsoftaculous%2Fwp58%2Fupgrade.php&path=%2F%2Fvar%2Fsoftaculous%2Fwp58 HTTP/1.1" 200 26609 "-" "Mozilla/5.0 AppleWebKit/537.36 (KHTML, like Gecko; compatible; ClaudeBot/1.0; +claudebot@anthropic.com)"
216.73.216.44 - - [12/Mar/2026:08:34:20 -0400] "GET /?fileloc=%2F%2Fvar%2Fsoftaculous%2Fopenb%2Finstall.xml&path=%2F%2Fvar%2Fsoftaculous%2Fopenb HTTP/1.1" 403 80301 "-" "Mozilla/5.0 AppleWebKit/537.36 (KHTML, like Gecko; compatible; ClaudeBot/1.0; +claudebot@anthropic.com)"
57.141.0.67 - - [12/Mar/2026:08:34:21 -0400] "GET /shop/hyperventilate/alligatored012727698476.shtml?fileloc=/home/enciassa/public_html/wp-includes/session.php&path=/home/enciassa/public_html/wp-includes HTTP/1.1" 200 12750 "-" "meta-externalagent/1.1 (+https://developers.facebook.com/docs/sharing/webmasters/crawler)"
216.73.216.44 - - [12/Mar/2026:08:34:21 -0400] "GET /?path=%2F%2Fvar%2Fsoftaculous%2Ftiki10%2Fimages HTTP/1.1" 200 15818 "-" "Mozilla/5.0 AppleWebKit/537.36 (KHTML, like Gecko; compatible; ClaudeBot/1.0; +claudebot@anthropic.com)"
216.73.216.44 - - [12/Mar/2026:08:34:21 -0400] "GET /?path=%2Fhome%2Fenciassa%2Fwww%2Fwp-content%2Fuploads%2F2021%2F08 HTTP/1.1" 200 16147 "-" "Mozilla/5.0 AppleWebKit/537.36 (KHTML, like Gecko; compatible; ClaudeBot/1.0; +claudebot@anthropic.com)"
216.73.216.44 - - [12/Mar/2026:08:34:21 -0400] "GET /?fileloc=%2F%2Fvar%2Fsoftaculous%2Falegro%2Fclone.php&path=%2F%2Fvar%2Fsoftaculous%2Falegro HTTP/1.1" 200 17008 "-" "Mozilla/5.0 AppleWebKit/537.36 (KHTML, like Gecko; compatible; ClaudeBot/1.0; +claudebot@anthropic.com)"
57.141.0.17 - - [12/Mar/2026:08:34:21 -0400] "GET /shop/hyperventilate/alligatored012727698476.shtml?fileloc=/home/enciassa/public_html/wp-includes/class-wp-oembed-controller.php&path=/home/enciassa/public_html/wp-includes HTTP/1.1" 200 20574 "-" "meta-externalagent/1.1 (+https://developers.facebook.com/docs/sharing/webmasters/crawler)"
216.73.216.44 - - [12/Mar/2026:08:34:21 -0400] "GET /?fileloc=%2Fhome%2Fenciassa%2Fwww%2Fwp-content%2Fplugins%2Freally-simple-ssl%2Funinstall.php&path=%2Fhome%2Fenciassa%2Fwww%2Fwp-content%2Fplugins%2Freally-simple-ssl HTTP/1.1" 200 20053 "-" "Mozilla/5.0 AppleWebKit/537.36 (KHTML, like Gecko; compatible; ClaudeBot/1.0; +claudebot@anthropic.com)"
216.73.216.44 - - [12/Mar/2026:08:34:21 -0400] "GET /?fileloc=%2F%2Flib64%2Fsa%2Fsa2&path=%2F%2Flib64%2Fsa HTTP/1.1" 200 13691 "-" "Mozilla/5.0 AppleWebKit/537.36 (KHTML, like Gecko; compatible; ClaudeBot/1.0; +claudebot@anthropic.com)"
57.141.0.33 - - [12/Mar/2026:08:34:21 -0400] "GET /shop/hyperventilate/alligatored012727698476.shtml?fileloc=/home/enciassa/public_html/wp-includes/robots-template.php&path=/home/enciassa/public_html/wp-includes HTTP/1.1" 200 18054 "-" "meta-externalagent/1.1 (+https://developers.facebook.com/docs/sharing/webmasters/crawler)"
216.73.216.44 - - [12/Mar/2026:08:34:21 -0400] "GET /?path=%2F%2Fvar%2Fsoftaculous%2Frealestate%2Fimages HTTP/1.1" 200 15864 "-" "Mozilla/5.0 AppleWebKit/537.36 (KHTML, like Gecko; compatible; ClaudeBot/1.0; +claudebot@anthropic.com)"
74.7.227.61 - - [12/Mar/2026:08:34:19 -0400] "GET /search.php?detail/06602562856888 HTTP/1.1" 200 157439 "https://residenciassanantonio.com/search.php?detail/06604445353669" "Mozilla/5.0 AppleWebKit/537.36 (KHTML, like Gecko; compatible; GPTBot/1.3; +https://openai.com/gptbot)"
216.73.216.44 - - [12/Mar/2026:08:34:22 -0400] "GET /?fileloc=%2F%2Flib64%2Fperl5%2FCORE%2Fgit_version.h&path=%2F%2Flib64%2Fperl5%2FCORE HTTP/1.1" 200 12721 "-" "Mozilla/5.0 AppleWebKit/537.36 (KHTML, like Gecko; compatible; ClaudeBot/1.0; +claudebot@anthropic.com)"
216.73.216.44 - - [12/Mar/2026:08:34:22 -0400] "GET /?fileloc=%2F%2Fvar%2Fsoftaculous%2Flivehelper%2Fclone.php&path=%2F%2Fvar%2Fsoftaculous%2Flivehelper HTTP/1.1" 200 15946 "-" "Mozilla/5.0 AppleWebKit/537.36 (KHTML, like Gecko; compatible; ClaudeBot/1.0; +claudebot@anthropic.com)"
57.141.0.25 - - [12/Mar/2026:08:34:22 -0400] "GET /shop/hyperventilate/alligatored012727698476.shtml?fileloc=/home/enciassa/public_html/wp-includes/class-wp-block-parser.php&path=/home/enciassa/public_html/wp-includes HTTP/1.1" 200 24690 "-" "meta-externalagent/1.1 (+https://developers.facebook.com/docs/sharing/webmasters/crawler)"
216.73.216.44 - - [12/Mar/2026:08:34:23 -0400] "GET /?fileloc=%2F%2Fvar%2Fsoftaculous%2Flitforum%2Fedit.php&path=%2F%2Fvar%2Fsoftaculous%2Flitforum HTTP/1.1" 200 17584 "-" "Mozilla/5.0 AppleWebKit/537.36 (KHTML, like Gecko; compatible; ClaudeBot/1.0; +claudebot@anthropic.com)"
57.141.0.65 - - [12/Mar/2026:08:34:23 -0400] "GET /shop/hyperventilate/alligatored012727698476.shtml?fileloc=/home/enciassa/public_html/wp-includes/class-wp-network.php&path=/home/enciassa/public_html/wp-includes HTTP/1.1" 200 25757 "-" "meta-externalagent/1.1 (+https://developers.facebook.com/docs/sharing/webmasters/crawler)"
216.73.216.44 - - [12/Mar/2026:08:34:23 -0400] "GET /?fileloc=%2F%2Fvar%2Fsoftaculous%2Flychee%2Fmd5&path=%2F%2Fvar%2Fsoftaculous%2Flychee HTTP/1.1" 200 20517 "-" "Mozilla/5.0 AppleWebKit/537.36 (KHTML, like Gecko; compatible; ClaudeBot/1.0; +claudebot@anthropic.com)"
216.73.216.44 - - [12/Mar/2026:08:34:23 -0400] "GET /?fileloc=%2F%2Fvar%2Fsoftaculous%2Fwebmail%2Finfo.xml&path=%2F%2Fvar%2Fsoftaculous%2Fwebmail HTTP/1.1" 200 17625 "-" "Mozilla/5.0 AppleWebKit/537.36 (KHTML, like Gecko; compatible; ClaudeBot/1.0; +claudebot@anthropic.com)"
216.73.216.44 - - [12/Mar/2026:08:34:23 -0400] "GET /?fileloc=%2F%2Fvar%2Fsoftaculous%2Fsnipeit%2Ffileindex.php&path=%2F%2Fvar%2Fsoftaculous%2Fsnipeit HTTP/1.1" 200 13198 "-" "Mozilla/5.0 AppleWebKit/537.36 (KHTML, like Gecko; compatible; ClaudeBot/1.0; +claudebot@anthropic.com)"
216.73.216.44 - - [12/Mar/2026:08:34:23 -0400] "GET /?fileloc=%2F%2Fvar%2Fsoftaculous%2Fwp68%2Finstall.xml&path=%2F%2Fvar%2Fsoftaculous%2Fwp68 HTTP/1.1" 200 26950 "-" "Mozilla/5.0 AppleWebKit/537.36 (KHTML, like Gecko; compatible; ClaudeBot/1.0; +claudebot@anthropic.com)"
57.141.0.29 - - [12/Mar/2026:08:34:23 -0400] "GET /shop/hyperventilate/alligatored012727698476.shtml?fileloc=/home/enciassa/public_html/wp-includes/class-wp-term.php&path=/home/enciassa/public_html/wp-includes HTTP/1.1" 200 18218 "-" "meta-externalagent/1.1 (+https://developers.facebook.com/docs/sharing/webmasters/crawler)"
216.73.216.44 - - [12/Mar/2026:08:34:23 -0400] "GET /?fileloc=%2F%2Fvar%2Fsoftaculous%2Fhumogen%2Fclone.php&path=%2F%2Fvar%2Fsoftaculous%2Fhumogen HTTP/1.1" 200 16602 "-" "Mozilla/5.0 AppleWebKit/537.36 (KHTML, like Gecko; compatible; ClaudeBot/1.0; +claudebot@anthropic.com)"
216.73.216.44 - - [12/Mar/2026:08:34:23 -0400] "GET /?fileloc=%2F%2Fvar%2Fsoftaculous%2Fwp52%2Finstall.xml&path=%2F%2Fvar%2Fsoftaculous%2Fwp52 HTTP/1.1" 200 20729 "-" "Mozilla/5.0 AppleWebKit/537.36 (KHTML, like Gecko; compatible; ClaudeBot/1.0; +claudebot@anthropic.com)"
57.141.0.23 - - [12/Mar/2026:08:34:23 -0400] "GET /shop/hyperventilate/alligatored012727698476.shtml?fileloc=/home/enciassa/public_html/wp-includes/cache-compat.php&path=/home/enciassa/public_html/wp-includes HTTP/1.1" 200 18690 "-" "meta-externalagent/1.1 (+https://developers.facebook.com/docs/sharing/webmasters/crawler)"
216.73.216.44 - - [12/Mar/2026:08:34:24 -0400] "GET /?fileloc=%2F%2Fvar%2Fsoftaculous%2Fwp54%2F_wp-config.php&path=%2F%2Fvar%2Fsoftaculous%2Fwp54 HTTP/1.1" 200 15855 "-" "Mozilla/5.0 AppleWebKit/537.36 (KHTML, like Gecko; compatible; ClaudeBot/1.0; +claudebot@anthropic.com)"
216.73.216.44 - - [12/Mar/2026:08:34:24 -0400] "GET /?fileloc=%2Fhome%2Fenciassa%2Fwww%2Fwp-includes%2Fblocks%2Ftable%2Feditor.min.css&path=%2Fhome%2Fenciassa%2Fwww%2Fwp-includes%2Fblocks%2Ftable HTTP/1.1" 200 14118 "-" "Mozilla/5.0 AppleWebKit/537.36 (KHTML, like Gecko; compatible; ClaudeBot/1.0; +claudebot@anthropic.com)"
57.141.0.5 - - [12/Mar/2026:08:34:24 -0400] "GET /shop/hyperventilate/alligatored012727698476.shtml?fileloc=/home/enciassa/public_html/wp-includes/revision.php&path=/home/enciassa/public_html/wp-includes HTTP/1.1" 200 45490 "-" "meta-externalagent/1.1 (+https://developers.facebook.com/docs/sharing/webmasters/crawler)"
216.73.216.44 - - [12/Mar/2026:08:34:24 -0400] "GET /?fileloc=%2F%2Fvar%2Fsoftaculous%2Fdotcl%2Fnotes.txt&path=%2F%2Fvar%2Fsoftaculous%2Fdotcl HTTP/1.1" 200 13034 "-" "Mozilla/5.0 AppleWebKit/537.36 (KHTML, like Gecko; compatible; ClaudeBot/1.0; +claudebot@anthropic.com)"
216.73.216.44 - - [12/Mar/2026:08:34:24 -0400] "GET /?fileloc=%2F%2Fvar%2Fsoftaculous%2Fwp49%2F_index.php&path=%2F%2Fvar%2Fsoftaculous%2Fwp49 HTTP/1.1" 200 12440 "-" "Mozilla/5.0 AppleWebKit/537.36 (KHTML, like Gecko; compatible; ClaudeBot/1.0; +claudebot@anthropic.com)"
216.73.216.44 - - [12/Mar/2026:08:34:24 -0400] "GET /?fileloc=%2F%2Fvar%2Fsoftaculous%2Fwp55%2F_index.php&path=%2F%2Fvar%2Fsoftaculous%2Fwp55 HTTP/1.1" 200 12440 "-" "Mozilla/5.0 AppleWebKit/537.36 (KHTML, like Gecko; compatible; ClaudeBot/1.0; +claudebot@anthropic.com)"
57.141.0.19 - - [12/Mar/2026:08:34:25 -0400] "GET /shop/hyperventilate/alligatored012727698476.shtml?fileloc=/home/enciassa/public_html/wp-includes/class-wp-walker.php&path=/home/enciassa/public_html/wp-includes HTTP/1.1" 200 26141 "-" "meta-externalagent/1.1 (+https://developers.facebook.com/docs/sharing/webmasters/crawler)"
216.73.216.44 - - [12/Mar/2026:08:34:24 -0400] "GET /?fileloc=%2F%2Fvar%2Fsoftaculous%2Fostic14%2Fclone.php&path=%2F%2Fvar%2Fsoftaculous%2Fostic14 HTTP/1.1" 200 15937 "-" "Mozilla/5.0 AppleWebKit/537.36 (KHTML, like Gecko; compatible; ClaudeBot/1.0; +claudebot@anthropic.com)"
74.7.227.61 - - [12/Mar/2026:08:34:23 -0400] "GET /search.php?detail/01600492438502 HTTP/1.1" 200 165215 "https://residenciassanantonio.com/search.php?detail/083040447274" "Mozilla/5.0 AppleWebKit/537.36 (KHTML, like Gecko; compatible; GPTBot/1.3; +https://openai.com/gptbot)"
216.73.216.44 - - [12/Mar/2026:08:34:25 -0400] "GET /?fileloc=%2F%2Fvar%2Fsoftaculous%2Fcmsimple%2Finstall.xml&path=%2F%2Fvar%2Fsoftaculous%2Fcmsimple HTTP/1.1" 200 12794 "-" "Mozilla/5.0 AppleWebKit/537.36 (KHTML, like Gecko; compatible; ClaudeBot/1.0; +claudebot@anthropic.com)"
216.73.216.44 - - [12/Mar/2026:08:34:25 -0400] "GET /?fileloc=%2F%2Fvar%2Fsoftaculous%2Fmodx%2Fconfig.inc.php&path=%2F%2Fvar%2Fsoftaculous%2Fmodx HTTP/1.1" 200 16335 "-" "Mozilla/5.0 AppleWebKit/537.36 (KHTML, like Gecko; compatible; ClaudeBot/1.0; +claudebot@anthropic.com)"
216.73.216.44 - - [12/Mar/2026:08:34:25 -0400] "GET /?fileloc=%2Fhome%2Fenciassa%2Fwww%2Fwp-content%2Fplugins%2Fwordpress-seo%2Finc%2Fclass-wpseo-replace-vars.php&path=%2Fhome%2Fenciassa%2Fwww%2Fwp-content%2Fplugins%2Fwordpress-seo%2Finc HTTP/1.1" 200 71891 "-" "Mozilla/5.0 AppleWebKit/537.36 (KHTML, like Gecko; compatible; ClaudeBot/1.0; +claudebot@anthropic.com)"
216.73.216.44 - - [12/Mar/2026:08:34:25 -0400] "GET /?fileloc=%2F%2Fvar%2Fsoftaculous%2Fwp64%2Finstall.xml&path=%2F%2Fvar%2Fsoftaculous%2Fwp64 HTTP/1.1" 200 20701 "-" "Mozilla/5.0 AppleWebKit/537.36 (KHTML, like Gecko; compatible; ClaudeBot/1.0; +claudebot@anthropic.com)"
216.73.216.44 - - [12/Mar/2026:08:34:25 -0400] "GET /?fileloc=%2F%2Fvar%2Fsoftaculous%2Fextplorer%2Fedit.xml&path=%2F%2Fvar%2Fsoftaculous%2Fextplorer HTTP/1.1" 200 13033 "-" "Mozilla/5.0 AppleWebKit/537.36 (KHTML, like Gecko; compatible; ClaudeBot/1.0; +claudebot@anthropic.com)"
57.141.0.67 - - [12/Mar/2026:08:34:26 -0400] "GET /shop/hyperventilate/alligatored012727698476.shtml?fileloc=/home/enciassa/public_html/wp-includes/class-smtp.php&path=/home/enciassa/public_html/wp-includes HTTP/1.1" 200 12972 "-" "meta-externalagent/1.1 (+https://developers.facebook.com/docs/sharing/webmasters/crawler)"
57.141.0.67 - - [12/Mar/2026:08:34:25 -0400] "GET /shop/hyperventilate/alligatored012727698476.shtml?fileloc=/home/enciassa/public_html/wp-includes/l10n.php&path=/home/enciassa/public_html/wp-includes HTTP/1.1" 200 85710 "-" "meta-externalagent/1.1 (+https://developers.facebook.com/docs/sharing/webmasters/crawler)"
216.73.216.44 - - [12/Mar/2026:08:34:26 -0400] "GET /?fileloc=%2F%2Fvar%2Fsoftaculous%2Ffeng%2Fupgrade.php&path=%2F%2Fvar%2Fsoftaculous%2Ffeng HTTP/1.1" 200 17223 "-" "Mozilla/5.0 AppleWebKit/537.36 (KHTML, like Gecko; compatible; ClaudeBot/1.0; +claudebot@anthropic.com)"
216.73.216.44 - - [12/Mar/2026:08:34:26 -0400] "GET /?fileloc=%2F%2Fvar%2Fsoftaculous%2Fwebasyst%2Fperson_fields_order.php&path=%2F%2Fvar%2Fsoftaculous%2Fwebasyst HTTP/1.1" 403 80300 "-" "Mozilla/5.0 AppleWebKit/537.36 (KHTML, like Gecko; compatible; ClaudeBot/1.0; +claudebot@anthropic.com)"
216.73.216.44 - - [12/Mar/2026:08:34:26 -0400] "GET /?fileloc=%2F%2Fvar%2Fsoftaculous%2Ffirefly%2Finstall.js&path=%2F%2Fvar%2Fsoftaculous%2Ffirefly HTTP/1.1" 200 13328 "-" "Mozilla/5.0 AppleWebKit/537.36 (KHTML, like Gecko; compatible; ClaudeBot/1.0; +claudebot@anthropic.com)"
57.141.0.58 - - [12/Mar/2026:08:34:26 -0400] "GET /shop/hyperventilate/alligatored012727698476.shtml?fileloc=/home/enciassa/public_html/wp-includes/class-wp.php&path=/home/enciassa/public_html/wp-includes HTTP/1.1" 200 41941 "-" "meta-externalagent/1.1 (+https://developers.facebook.com/docs/sharing/webmasters/crawler)"
216.73.216.44 - - [12/Mar/2026:08:34:26 -0400] "GET /?fileloc=%2F%2Flib64%2Fperl5%2FIO%2FHandle.pm&path=%2F%2Flib64%2Fperl5%2FIO HTTP/1.1" 200 30988 "-" "Mozilla/5.0 AppleWebKit/537.36 (KHTML, like Gecko; compatible; ClaudeBot/1.0; +claudebot@anthropic.com)"
216.73.216.44 - - [12/Mar/2026:08:34:26 -0400] "GET /?fileloc=%2F%2Fvar%2Fsoftaculous%2Fzikula%2Fimport.php&path=%2F%2Fvar%2Fsoftaculous%2Fzikula HTTP/1.1" 403 80300 "-" "Mozilla/5.0 AppleWebKit/537.36 (KHTML, like Gecko; compatible; ClaudeBot/1.0; +claudebot@anthropic.com)"
216.73.216.44 - - [12/Mar/2026:08:34:27 -0400] "GET /?fileloc=%2F%2Fvar%2Fsoftaculous%2Feasyapmt%2Fedit.php&path=%2F%2Fvar%2Fsoftaculous%2Feasyapmt HTTP/1.1" 200 17082 "-" "Mozilla/5.0 AppleWebKit/537.36 (KHTML, like Gecko; compatible; ClaudeBot/1.0; +claudebot@anthropic.com)"
57.141.0.16 - - [12/Mar/2026:08:34:27 -0400] "GET /shop/hyperventilate/alligatored012727698476.shtml?fileloc=/home/enciassa/public_html/wp-includes/class-wp-fatal-error-handler.php&path=/home/enciassa/public_html/wp-includes HTTP/1.1" 200 21139 "-" "meta-externalagent/1.1 (+https://developers.facebook.com/docs/sharing/webmasters/crawler)"
216.73.216.44 - - [12/Mar/2026:08:34:27 -0400] "GET /?fileloc=%2F%2Fvar%2Fsoftaculous%2Fhelpdezk%2Fedit.xml&path=%2F%2Fvar%2Fsoftaculous%2Fhelpdezk HTTP/1.1" 200 13030 "-" "Mozilla/5.0 AppleWebKit/537.36 (KHTML, like Gecko; compatible; ClaudeBot/1.0; +claudebot@anthropic.com)"
216.73.216.44 - - [12/Mar/2026:08:34:27 -0400] "GET /?fileloc=%2F%2Fvar%2Fsoftaculous%2Fshopware%2Fupdate_appkey.php&path=%2F%2Fvar%2Fsoftaculous%2Fshopware HTTP/1.1" 403 80300 "-" "Mozilla/5.0 AppleWebKit/537.36 (KHTML, like Gecko; compatible; ClaudeBot/1.0; +claudebot@anthropic.com)"
57.141.0.15 - - [12/Mar/2026:08:34:27 -0400] "GET /shop/hyperventilate/alligatored012727698476.shtml?fileloc=/home/enciassa/public_html/wp-includes/meta.php&path=/home/enciassa/public_html/wp-includes HTTP/1.1" 200 81575 "-" "meta-externalagent/1.1 (+https://developers.facebook.com/docs/sharing/webmasters/crawler)"
66.249.74.69 - - [12/Mar/2026:08:34:26 -0400] "GET /shop/perforatus/feasibilities002102316288.shtml HTTP/1.1" 200 217409 "-" "Mozilla/5.0 (Linux; Android 6.0.1; Nexus 5X Build/MMB29P) AppleWebKit/537.36 (KHTML, like Gecko) Chrome/145.0.7632.116 Mobile Safari/537.36 (compatible; Googlebot/2.1; +http://www.google.com/bot.html)"
216.73.216.44 - - [12/Mar/2026:08:34:27 -0400] "GET /?fileloc=%2F%2Fvar%2Fsoftaculous%2Fgoffice62%2Fedit.php&path=%2F%2Fvar%2Fsoftaculous%2Fgoffice62 HTTP/1.1" 403 80300 "-" "Mozilla/5.0 AppleWebKit/537.36 (KHTML, like Gecko; compatible; ClaudeBot/1.0; +claudebot@anthropic.com)"
216.73.216.44 - - [12/Mar/2026:08:34:27 -0400] "GET /?fileloc=%2Fhome%2Fenciassa%2Fwww%2Fwp-includes%2Fblocks%2Fpullquote%2Fstyle.min.css&path=%2Fhome%2Fenciassa%2Fwww%2Fwp-includes%2Fblocks%2Fpullquote HTTP/1.1" 200 13724 "-" "Mozilla/5.0 AppleWebKit/537.36 (KHTML, like Gecko; compatible; ClaudeBot/1.0; +claudebot@anthropic.com)"
57.141.0.60 - - [12/Mar/2026:08:34:27 -0400] "GET /shop/hyperventilate/alligatored012727698476.shtml?fileloc=/home/enciassa/public_html/wp-includes/class-wp-taxonomy.php&path=/home/enciassa/public_html/wp-includes HTTP/1.1" 200 33659 "-" "meta-externalagent/1.1 (+https://developers.facebook.com/docs/sharing/webmasters/crawler)"
216.73.216.44 - - [12/Mar/2026:08:34:28 -0400] "GET /?fileloc=%2F%2Flib64%2Fnss%2Funsupported-tools%2Ftstclnt&path=%2F%2Flib64%2Fnss%2Funsupported-tools HTTP/1.1" 200 210514 "-" "Mozilla/5.0 AppleWebKit/537.36 (KHTML, like Gecko; compatible; ClaudeBot/1.0; +claudebot@anthropic.com)"
57.141.0.13 - - [12/Mar/2026:08:34:28 -0400] "GET /shop/hyperventilate/alligatored012727698476.shtml?fileloc=/home/enciassa/public_html/wp-includes/class-wp-user-request.php&path=/home/enciassa/public_html/wp-includes HTTP/1.1" 200 14907 "-" "meta-externalagent/1.1 (+https://developers.facebook.com/docs/sharing/webmasters/crawler)"
216.73.216.44 - - [12/Mar/2026:08:34:28 -0400] "GET /?fileloc=%2F%2Fvar%2Fsoftaculous%2Fpresta%2Fimport.php&path=%2F%2Fvar%2Fsoftaculous%2Fpresta HTTP/1.1" 200 18290 "-" "Mozilla/5.0 AppleWebKit/537.36 (KHTML, like Gecko; compatible; ClaudeBot/1.0; +claudebot@anthropic.com)"
216.73.216.44 - - [12/Mar/2026:08:34:28 -0400] "GET /?fileloc=%2F%2Fvar%2Fsoftaculous%2Fshopware%2Fupdate_pass.php&path=%2F%2Fvar%2Fsoftaculous%2Fshopware HTTP/1.1" 200 13042 "-" "Mozilla/5.0 AppleWebKit/537.36 (KHTML, like Gecko; compatible; ClaudeBot/1.0; +claudebot@anthropic.com)"
216.73.216.44 - - [12/Mar/2026:08:34:28 -0400] "GET /?fileloc=%2F%2Fvar%2Fsoftaculous%2Fcastopod%2Fedit.php&path=%2F%2Fvar%2Fsoftaculous%2Fcastopod HTTP/1.1" 200 17406 "-" "Mozilla/5.0 AppleWebKit/537.36 (KHTML, like Gecko; compatible; ClaudeBot/1.0; +claudebot@anthropic.com)"
74.7.227.61 - - [12/Mar/2026:08:34:26 -0400] "GET /search.php?detail/08703186116293 HTTP/1.1" 200 155291 "https://residenciassanantonio.com/search.php?detail/1950151979541" "Mozilla/5.0 AppleWebKit/537.36 (KHTML, like Gecko; compatible; GPTBot/1.3; +https://openai.com/gptbot)"
216.73.216.44 - - [12/Mar/2026:08:34:28 -0400] "GET /?fileloc=%2F%2Fvar%2Fsoftaculous%2Fphorum%2Finstall.js&path=%2F%2Fvar%2Fsoftaculous%2Fphorum HTTP/1.1" 200 13322 "-" "Mozilla/5.0 AppleWebKit/537.36 (KHTML, like Gecko; compatible; ClaudeBot/1.0; +claudebot@anthropic.com)"
57.141.0.31 - - [12/Mar/2026:08:34:28 -0400] "GET /shop/hyperventilate/alligatored012727698476.shtml?fileloc=/home/enciassa/public_html/wp-includes/comment-template.php&path=/home/enciassa/public_html/wp-includes HTTP/1.1" 200 126452 "-" "meta-externalagent/1.1 (+https://developers.facebook.com/docs/sharing/webmasters/crawler)"
216.73.216.44 - - [12/Mar/2026:08:34:29 -0400] "GET /?fileloc=%2F%2Flib64%2Fdovecot%2Flibdovecot-compression.so.0&path=%2F%2Flib64%2Fdovecot HTTP/1.1" 200 105935 "-" "Mozilla/5.0 AppleWebKit/537.36 (KHTML, like Gecko; compatible; ClaudeBot/1.0; +claudebot@anthropic.com)"
57.141.0.56 - - [12/Mar/2026:08:34:29 -0400] "GET /shop/hyperventilate/alligatored012727698476.shtml?fileloc=/home/enciassa/public_html/wp-includes/class-IXR.php&path=/home/enciassa/public_html/wp-includes HTTP/1.1" 200 15215 "-" "meta-externalagent/1.1 (+https://developers.facebook.com/docs/sharing/webmasters/crawler)"
216.73.216.44 - - [12/Mar/2026:08:34:29 -0400] "GET /?fileloc=%2F%2Fvar%2Fsoftaculous%2Fwp65%2F_wp-config.php&path=%2F%2Fvar%2Fsoftaculous%2Fwp65 HTTP/1.1" 200 15992 "-" "Mozilla/5.0 AppleWebKit/537.36 (KHTML, like Gecko; compatible; ClaudeBot/1.0; +claudebot@anthropic.com)"
216.73.216.44 - - [12/Mar/2026:08:34:29 -0400] "GET /?fileloc=%2F%2Fvar%2Fsoftaculous%2Fwp60%2Fupgrade.php&path=%2F%2Fvar%2Fsoftaculous%2Fwp60 HTTP/1.1" 200 26763 "-" "Mozilla/5.0 AppleWebKit/537.36 (KHTML, like Gecko; compatible; ClaudeBot/1.0; +claudebot@anthropic.com)"
216.73.216.44 - - [12/Mar/2026:08:34:29 -0400] "GET /?fileloc=%2F%2Fvar%2Fsoftaculous%2Fwp53%2Ffileindex.php&path=%2F%2Fvar%2Fsoftaculous%2Fwp53 HTTP/1.1" 200 12659 "-" "Mozilla/5.0 AppleWebKit/537.36 (KHTML, like Gecko; compatible; ClaudeBot/1.0; +claudebot@anthropic.com)"
57.141.0.3 - - [12/Mar/2026:08:34:29 -0400] "GET /shop/hyperventilate/alligatored012727698476.shtml?fileloc=/home/enciassa/public_html/wp-includes/class-wp-customize-setting.php&path=/home/enciassa/public_html/wp-includes HTTP/1.1" 200 44428 "-" "meta-externalagent/1.1 (+https://developers.facebook.com/docs/sharing/webmasters/crawler)"
216.73.216.44 - - [12/Mar/2026:08:34:29 -0400] "GET /?fileloc=%2F%2Fvar%2Fsoftaculous%2Fsmf%2Fupdate_pass.php&path=%2F%2Fvar%2Fsoftaculous%2Fsmf HTTP/1.1" 200 96338 "-" "Mozilla/5.0 AppleWebKit/537.36 (KHTML, like Gecko; compatible; ClaudeBot/1.0; +claudebot@anthropic.com)"
216.73.216.44 - - [12/Mar/2026:08:34:30 -0400] "GET /?fileloc=%2F%2Fvar%2Fsoftaculous%2Felgg%2Fedit.php&path=%2F%2Fvar%2Fsoftaculous%2Felgg HTTP/1.1" 200 18018 "-" "Mozilla/5.0 AppleWebKit/537.36 (KHTML, like Gecko; compatible; ClaudeBot/1.0; +claudebot@anthropic.com)"
216.73.216.44 - - [12/Mar/2026:08:34:30 -0400] "GET /?fileloc=%2F%2Fvar%2Fsoftaculous%2Fwp49%2Fcheck_charset.php&path=%2F%2Fvar%2Fsoftaculous%2Fwp49 HTTP/1.1" 200 14866 "-" "Mozilla/5.0 AppleWebKit/537.36 (KHTML, like Gecko; compatible; ClaudeBot/1.0; +claudebot@anthropic.com)"
57.141.0.26 - - [12/Mar/2026:08:34:30 -0400] "GET /shop/hyperventilate/alligatored012727698476.shtml?fileloc=/home/enciassa/public_html/wp-includes/feed-rss2.php&path=/home/enciassa/public_html/wp-includes HTTP/1.1" 200 17317 "-" "meta-externalagent/1.1 (+https://developers.facebook.com/docs/sharing/webmasters/crawler)"
216.73.216.44 - - [12/Mar/2026:08:34:30 -0400] "GET /?path=%2F%2Fvar%2Fsoftaculous%2Fninja4%2Fimages HTTP/1.1" 200 15803 "-" "Mozilla/5.0 AppleWebKit/537.36 (KHTML, like Gecko; compatible; ClaudeBot/1.0; +claudebot@anthropic.com)"
216.73.216.44 - - [12/Mar/2026:08:34:30 -0400] "GET /?fileloc=%2F%2Fvar%2Fsoftaculous%2Fwp63%2Finstall.xml&path=%2F%2Fvar%2Fsoftaculous%2Fwp63 HTTP/1.1" 200 20747 "-" "Mozilla/5.0 AppleWebKit/537.36 (KHTML, like Gecko; compatible; ClaudeBot/1.0; +claudebot@anthropic.com)"
216.73.216.44 - - [12/Mar/2026:08:34:30 -0400] "GET /?fileloc=%2F%2Fvar%2Fsoftaculous%2Ftwg%2Fclone.php&path=%2F%2Fvar%2Fsoftaculous%2Ftwg HTTP/1.1" 200 15913 "-" "Mozilla/5.0 AppleWebKit/537.36 (KHTML, like Gecko; compatible; ClaudeBot/1.0; +claudebot@anthropic.com)"
216.73.216.44 - - [12/Mar/2026:08:34:31 -0400] "GET /?fileloc=%2F%2Fvar%2Fsoftaculous%2Foctober%2Fextend.php&path=%2F%2Fvar%2Fsoftaculous%2Foctober HTTP/1.1" 403 80300 "-" "Mozilla/5.0 AppleWebKit/537.36 (KHTML, like Gecko; compatible; ClaudeBot/1.0; +claudebot@anthropic.com)"
216.73.216.44 - - [12/Mar/2026:08:34:31 -0400] "GET /?fileloc=%2F%2Flib%2F.build-id%2Ffc%2Fb4b78837f7775e0dd3c8d3a68e00aec4e78b65&path=%2F%2Flib%2F.build-id%2Ffc HTTP/1.1" 200 27726 "-" "Mozilla/5.0 AppleWebKit/537.36 (KHTML, like Gecko; compatible; ClaudeBot/1.0; +claudebot@anthropic.com)"
57.141.0.67 - - [12/Mar/2026:08:34:31 -0400] "GET /shop/hyperventilate/alligatored012727698476.shtml?fileloc=/home/enciassa/public_html/wp-includes/class-wp-dependencies.php&path=/home/enciassa/public_html/wp-includes HTTP/1.1" 200 28126 "-" "meta-externalagent/1.1 (+https://developers.facebook.com/docs/sharing/webmasters/crawler)"
216.73.216.44 - - [12/Mar/2026:08:34:31 -0400] "GET /?fileloc=%2F%2Fvar%2Fsoftaculous%2Fwp67%2Ffileindex.php&path=%2F%2Fvar%2Fsoftaculous%2Fwp67 HTTP/1.1" 200 12659 "-" "Mozilla/5.0 AppleWebKit/537.36 (KHTML, like Gecko; compatible; ClaudeBot/1.0; +claudebot@anthropic.com)"
57.141.0.22 - - [12/Mar/2026:08:34:31 -0400] "GET /shop/hyperventilate/alligatored012727698476.shtml?fileloc=/home/enciassa/public_html/wp-includes/class-wp-meta-query.php&path=/home/enciassa/public_html/wp-includes HTTP/1.1" 200 47316 "-" "meta-externalagent/1.1 (+https://developers.facebook.com/docs/sharing/webmasters/crawler)"
216.73.216.44 - - [12/Mar/2026:08:34:31 -0400] "GET /?fileloc=%2F%2Flib64%2Fdovecot%2Flibfs_crypt.so&path=%2F%2Flib64%2Fdovecot HTTP/1.1" 200 57686 "-" "Mozilla/5.0 AppleWebKit/537.36 (KHTML, like Gecko; compatible; ClaudeBot/1.0; +claudebot@anthropic.com)"
57.141.0.24 - - [12/Mar/2026:08:34:31 -0400] "GET /shop/hyperventilate/alligatored012727698476.shtml?fileloc=/home/enciassa/public_html/wp-includes/version.php&path=/home/enciassa/public_html/wp-includes HTTP/1.1" 200 13612 "-" "meta-externalagent/1.1 (+https://developers.facebook.com/docs/sharing/webmasters/crawler)"
216.73.216.44 - - [12/Mar/2026:08:34:31 -0400] "GET /?fileloc=%2F%2Fvar%2Fsoftaculous%2Fglpi%2Fimport.php&path=%2F%2Fvar%2Fsoftaculous%2Fglpi HTTP/1.1" 200 16399 "-" "Mozilla/5.0 AppleWebKit/537.36 (KHTML, like Gecko; compatible; ClaudeBot/1.0; +claudebot@anthropic.com)"
216.73.216.44 - - [12/Mar/2026:08:34:32 -0400] "GET /?fileloc=%2F%2Fvar%2Fsoftaculous%2Fwp55%2Fcheck_charset.php&path=%2F%2Fvar%2Fsoftaculous%2Fwp55 HTTP/1.1" 200 14866 "-" "Mozilla/5.0 AppleWebKit/537.36 (KHTML, like Gecko; compatible; ClaudeBot/1.0; +claudebot@anthropic.com)"
74.7.227.61 - - [12/Mar/2026:08:34:30 -0400] "GET /search.php?detail/033013843880 HTTP/1.1" 200 158531 "https://residenciassanantonio.com/search.php?detail/082032467168" "Mozilla/5.0 AppleWebKit/537.36 (KHTML, like Gecko; compatible; GPTBot/1.3; +https://openai.com/gptbot)"
216.73.216.44 - - [12/Mar/2026:08:34:32 -0400] "GET /?fileloc=%2F%2Fvar%2Fsoftaculous%2Fwp57%2F_wp-config.php&path=%2F%2Fvar%2Fsoftaculous%2Fwp57 HTTP/1.1" 200 15879 "-" "Mozilla/5.0 AppleWebKit/537.36 (KHTML, like Gecko; compatible; ClaudeBot/1.0; +claudebot@anthropic.com)"
216.73.216.44 - - [12/Mar/2026:08:34:32 -0400] "GET /?fileloc=%2F%2Fvar%2Fsoftaculous%2Fbolt%2Fedit.xml&path=%2F%2Fvar%2Fsoftaculous%2Fbolt HTTP/1.1" 200 13018 "-" "Mozilla/5.0 AppleWebKit/537.36 (KHTML, like Gecko; compatible; ClaudeBot/1.0; +claudebot@anthropic.com)"
216.73.216.44 - - [12/Mar/2026:08:34:32 -0400] "GET /?fileloc=%2F%2Fvar%2Fsoftaculous%2Fnet2ftp%2Finstall.xml&path=%2F%2Fvar%2Fsoftaculous%2Fnet2ftp HTTP/1.1" 200 12702 "-" "Mozilla/5.0 AppleWebKit/537.36 (KHTML, like Gecko; compatible; ClaudeBot/1.0; +claudebot@anthropic.com)"
57.141.0.4 - - [12/Mar/2026:08:34:32 -0400] "GET /shop/hyperventilate/alligatored012727698476.shtml?fileloc=/home/enciassa/public_html/wp-includes/media-template.php&path=/home/enciassa/public_html/wp-includes HTTP/1.1" 200 98238 "-" "meta-externalagent/1.1 (+https://developers.facebook.com/docs/sharing/webmasters/crawler)"
57.141.0.58 - - [12/Mar/2026:08:34:32 -0400] "GET /shop/hyperventilate/alligatored012727698476.shtml?fileloc=/home/enciassa/public_html/wp-includes/embed-template.php&path=/home/enciassa/public_html/wp-includes HTTP/1.1" 200 12837 "-" "meta-externalagent/1.1 (+https://developers.facebook.com/docs/sharing/webmasters/crawler)"
57.141.0.67 - - [12/Mar/2026:08:34:33 -0400] "GET /shop/hyperventilate/alligatored012727698476.shtml?fileloc=/home/enciassa/public_html/wp-includes/class-walker-category.php&path=/home/enciassa/public_html/wp-includes HTTP/1.1" 200 22136 "-" "meta-externalagent/1.1 (+https://developers.facebook.com/docs/sharing/webmasters/crawler)"
216.73.216.44 - - [12/Mar/2026:08:34:33 -0400] "GET /?fileloc=%2F%2Fvar%2Fsoftaculous%2Fzikula%2Fphp53%2Fimport.php&path=%2F%2Fvar%2Fsoftaculous%2Fzikula%2Fphp53 HTTP/1.1" 200 19824 "-" "Mozilla/5.0 AppleWebKit/537.36 (KHTML, like Gecko; compatible; ClaudeBot/1.0; +claudebot@anthropic.com)"
57.141.0.5 - - [12/Mar/2026:08:34:33 -0400] "GET /shop/hyperventilate/alligatored012727698476.shtml?fileloc=/home/enciassa/public_html/wp-includes/class-wp-term-query.php&path=/home/enciassa/public_html/wp-includes HTTP/1.1" 200 59269 "-" "meta-externalagent/1.1 (+https://developers.facebook.com/docs/sharing/webmasters/crawler)"
216.73.216.44 - - [12/Mar/2026:08:34:34 -0400] "GET /?fileloc=%2F%2Fvar%2Fsoftaculous%2Fphppoll%2Fphp56%2Fimport.php&path=%2F%2Fvar%2Fsoftaculous%2Fphppoll%2Fphp56 HTTP/1.1" 200 15317 "-" "Mozilla/5.0 AppleWebKit/537.36 (KHTML, like Gecko; compatible; ClaudeBot/1.0; +claudebot@anthropic.com)"
216.73.216.44 - - [12/Mar/2026:08:34:34 -0400] "GET /?fileloc=%2F%2Fvar%2Fsoftaculous%2Fgallery%2Fphp53%2Fimport.php&path=%2F%2Fvar%2Fsoftaculous%2Fgallery%2Fphp53 HTTP/1.1" 200 17137 "-" "Mozilla/5.0 AppleWebKit/537.36 (KHTML, like Gecko; compatible; ClaudeBot/1.0; +claudebot@anthropic.com)"
216.73.216.44 - - [12/Mar/2026:08:34:34 -0400] "GET /?fileloc=%2F%2Fvar%2Fsoftaculous%2Fhelpdezk%2Fphp82%2Fimport.php&path=%2F%2Fvar%2Fsoftaculous%2Fhelpdezk%2Fphp82 HTTP/1.1" 200 16698 "-" "Mozilla/5.0 AppleWebKit/537.36 (KHTML, like Gecko; compatible; ClaudeBot/1.0; +claudebot@anthropic.com)"
216.73.216.44 - - [12/Mar/2026:08:34:34 -0400] "GET /?fileloc=%2F%2Fvar%2Fsoftaculous%2Fwp51%2Fphp81%2Finstall.php&path=%2F%2Fvar%2Fsoftaculous%2Fwp51%2Fphp81 HTTP/1.1" 200 46137 "-" "Mozilla/5.0 AppleWebKit/537.36 (KHTML, like Gecko; compatible; ClaudeBot/1.0; +claudebot@anthropic.com)"
216.73.216.44 - - [12/Mar/2026:08:34:34 -0400] "GET /?fileloc=%2F%2Fvar%2Fsoftaculous%2Fmagento%2Fphp71%2Finstall.php&path=%2F%2Fvar%2Fsoftaculous%2Fmagento%2Fphp71 HTTP/1.1" 200 20712 "-" "Mozilla/5.0 AppleWebKit/537.36 (KHTML, like Gecko; compatible; ClaudeBot/1.0; +claudebot@anthropic.com)"
57.141.0.37 - - [12/Mar/2026:08:34:34 -0400] "GET /shop/hyperventilate/alligatored012727698476.shtml?path=/home/enciassa/public_html/wp-includes/sitemaps HTTP/1.1" 200 24187 "-" "meta-externalagent/1.1 (+https://developers.facebook.com/docs/sharing/webmasters/crawler)"
216.73.216.44 - - [12/Mar/2026:08:34:34 -0400] "GET /?fileloc=%2F%2Fvar%2Fsoftaculous%2Fojs33%2Fphp82%2Fimport.php&path=%2F%2Fvar%2Fsoftaculous%2Fojs33%2Fphp82 HTTP/1.1" 200 16811 "-" "Mozilla/5.0 AppleWebKit/537.36 (KHTML, like Gecko; compatible; ClaudeBot/1.0; +claudebot@anthropic.com)"
57.141.0.33 - - [12/Mar/2026:08:34:34 -0400] "GET /shop/hyperventilate/alligatored012727698476.shtml?fileloc=/home/enciassa/public_html/wp-includes/feed-atom.php&path=/home/enciassa/public_html/wp-includes HTTP/1.1" 200 16667 "-" "meta-externalagent/1.1 (+https://developers.facebook.com/docs/sharing/webmasters/crawler)"
216.73.216.44 - - [12/Mar/2026:08:34:34 -0400] "GET /?fileloc=%2F%2Fvar%2Fsoftaculous%2Fclaro%2Fphp71%2Finstall.php&path=%2F%2Fvar%2Fsoftaculous%2Fclaro%2Fphp71 HTTP/1.1" 200 26050 "-" "Mozilla/5.0 AppleWebKit/537.36 (KHTML, like Gecko; compatible; ClaudeBot/1.0; +claudebot@anthropic.com)"
216.73.216.44 - - [12/Mar/2026:08:34:35 -0400] "GET /?fileloc=%2F%2Fvar%2Fsoftaculous%2Fcollab%2Fphp56%2Fupgrade.php&path=%2F%2Fvar%2Fsoftaculous%2Fcollab%2Fphp56 HTTP/1.1" 200 16684 "-" "Mozilla/5.0 AppleWebKit/537.36 (KHTML, like Gecko; compatible; ClaudeBot/1.0; +claudebot@anthropic.com)"
216.73.216.44 - - [12/Mar/2026:08:34:35 -0400] "GET /?fileloc=%2F%2Fvar%2Fsoftaculous%2Fspip%2Fphp82%2Fimport.php&path=%2F%2Fvar%2Fsoftaculous%2Fspip%2Fphp82 HTTP/1.1" 200 15948 "-" "Mozilla/5.0 AppleWebKit/537.36 (KHTML, like Gecko; compatible; ClaudeBot/1.0; +claudebot@anthropic.com)"
216.73.216.44 - - [12/Mar/2026:08:34:35 -0400] "GET /?fileloc=%2F%2Fvar%2Fsoftaculous%2Floaded7%2Fphp56%2Fimport.php&path=%2F%2Fvar%2Fsoftaculous%2Floaded7%2Fphp56 HTTP/1.1" 200 16728 "-" "Mozilla/5.0 AppleWebKit/537.36 (KHTML, like Gecko; compatible; ClaudeBot/1.0; +claudebot@anthropic.com)"
57.141.0.42 - - [12/Mar/2026:08:34:35 -0400] "GET /shop/hyperventilate/alligatored012727698476.shtml?fileloc=/home/enciassa/public_html/wp-includes/class-requests.php&path=/home/enciassa/public_html/wp-includes HTTP/1.1" 200 14796 "-" "meta-externalagent/1.1 (+https://developers.facebook.com/docs/sharing/webmasters/crawler)"
216.73.216.44 - - [12/Mar/2026:08:34:35 -0400] "GET /?fileloc=%2F%2Fvar%2Fsoftaculous%2Fowncloud%2Fphp81%2Fupgrade.php&path=%2F%2Fvar%2Fsoftaculous%2Fowncloud%2Fphp81 HTTP/1.1" 200 18693 "-" "Mozilla/5.0 AppleWebKit/537.36 (KHTML, like Gecko; compatible; ClaudeBot/1.0; +claudebot@anthropic.com)"
216.73.216.44 - - [12/Mar/2026:08:34:35 -0400] "GET /?fileloc=%2F%2Fvar%2Fsoftaculous%2Fphppoll%2Fphp81%2Finstall.php&path=%2F%2Fvar%2Fsoftaculous%2Fphppoll%2Fphp81 HTTP/1.1" 200 16934 "-" "Mozilla/5.0 AppleWebKit/537.36 (KHTML, like Gecko; compatible; ClaudeBot/1.0; +claudebot@anthropic.com)"
74.7.227.61 - - [12/Mar/2026:08:34:33 -0400] "GET /search.php?detail/10801740925037 HTTP/1.1" 200 156465 "https://residenciassanantonio.com/search.php?detail/108038009036" "Mozilla/5.0 AppleWebKit/537.36 (KHTML, like Gecko; compatible; GPTBot/1.3; +https://openai.com/gptbot)"
216.73.216.44 - - [12/Mar/2026:08:34:35 -0400] "GET /?fileloc=%2F%2Fvar%2Fsoftaculous%2Ffiyo%2Fphp53%2Fimport.php&path=%2F%2Fvar%2Fsoftaculous%2Ffiyo%2Fphp53 HTTP/1.1" 200 16221 "-" "Mozilla/5.0 AppleWebKit/537.36 (KHTML, like Gecko; compatible; ClaudeBot/1.0; +claudebot@anthropic.com)"
216.73.216.44 - - [12/Mar/2026:08:34:36 -0400] "GET /?fileloc=%2F%2Fvar%2Fsoftaculous%2Fpiwik%2Fphp53%2Fextend.php&path=%2F%2Fvar%2Fsoftaculous%2Fpiwik%2Fphp53 HTTP/1.1" 200 14624 "-" "Mozilla/5.0 AppleWebKit/537.36 (KHTML, like Gecko; compatible; ClaudeBot/1.0; +claudebot@anthropic.com)"
216.73.216.44 - - [12/Mar/2026:08:34:36 -0400] "GET /?fileloc=%2F%2Fvar%2Fsoftaculous%2Fnuked%2Fphp82%2Fimport.php&path=%2F%2Fvar%2Fsoftaculous%2Fnuked%2Fphp82 HTTP/1.1" 200 16159 "-" "Mozilla/5.0 AppleWebKit/537.36 (KHTML, like Gecko; compatible; ClaudeBot/1.0; +claudebot@anthropic.com)"
216.73.216.44 - - [12/Mar/2026:08:34:36 -0400] "GET /?fileloc=%2F%2Fvar%2Fsoftaculous%2Floaded7%2Fphp81%2Finstall.php&path=%2F%2Fvar%2Fsoftaculous%2Floaded7%2Fphp81 HTTP/1.1" 200 22028 "-" "Mozilla/5.0 AppleWebKit/537.36 (KHTML, like Gecko; compatible; ClaudeBot/1.0; +claudebot@anthropic.com)"
57.141.0.3 - - [12/Mar/2026:08:34:36 -0400] "GET /shop/hyperventilate/alligatored012727698476.shtml?fileloc=/home/enciassa/public_html/wp-includes/capabilities.php&path=/home/enciassa/public_html/wp-includes HTTP/1.1" 200 59784 "-" "meta-externalagent/1.1 (+https://developers.facebook.com/docs/sharing/webmasters/crawler)"
216.73.216.44 - - [12/Mar/2026:08:34:36 -0400] "GET /?fileloc=%2F%2Fvar%2Fsoftaculous%2Fx2%2Fphp82%2Fimport.php&path=%2F%2Fvar%2Fsoftaculous%2Fx2%2Fphp82 HTTP/1.1" 200 15762 "-" "Mozilla/5.0 AppleWebKit/537.36 (KHTML, like Gecko; compatible; ClaudeBot/1.0; +claudebot@anthropic.com)"
216.73.216.44 - - [12/Mar/2026:08:34:36 -0400] "GET /?fileloc=%2F%2Fvar%2Fsoftaculous%2Fwp51%2Fphp56%2Fbackup.php&path=%2F%2Fvar%2Fsoftaculous%2Fwp51%2Fphp56 HTTP/1.1" 200 16513 "-" "Mozilla/5.0 AppleWebKit/537.36 (KHTML, like Gecko; compatible; ClaudeBot/1.0; +claudebot@anthropic.com)"
57.141.0.31 - - [12/Mar/2026:08:34:36 -0400] "GET /shop/hyperventilate/alligatored012727698476.shtml?fileloc=/home/enciassa/public_html/wp-includes/post.php&path=/home/enciassa/public_html/wp-includes HTTP/1.1" 200 336474 "-" "meta-externalagent/1.1 (+https://developers.facebook.com/docs/sharing/webmasters/crawler)"
57.141.0.31 - - [12/Mar/2026:08:34:36 -0400] "GET /shop/hyperventilate/alligatored012727698476.shtml?fileloc=/home/enciassa/public_html/wp-includes/class-wp-application-passwords.php&path=/home/enciassa/public_html/wp-includes HTTP/1.1" 200 30308 "-" "meta-externalagent/1.1 (+https://developers.facebook.com/docs/sharing/webmasters/crawler)"
216.73.216.44 - - [12/Mar/2026:08:34:36 -0400] "GET /?fileloc=%2F%2Fvar%2Fsoftaculous%2Fkopage%2Fphp71%2Finstall.php&path=%2F%2Fvar%2Fsoftaculous%2Fkopage%2Fphp71 HTTP/1.1" 200 18066 "-" "Mozilla/5.0 AppleWebKit/537.36 (KHTML, like Gecko; compatible; ClaudeBot/1.0; +claudebot@anthropic.com)"
216.73.216.44 - - [12/Mar/2026:08:34:36 -0400] "GET /?fileloc=%2F%2Fvar%2Fsoftaculous%2Fclip%2Fphp71%2Finstall.php&path=%2F%2Fvar%2Fsoftaculous%2Fclip%2Fphp71 HTTP/1.1" 200 23403 "-" "Mozilla/5.0 AppleWebKit/537.36 (KHTML, like Gecko; compatible; ClaudeBot/1.0; +claudebot@anthropic.com)"
216.73.216.44 - - [12/Mar/2026:08:34:37 -0400] "GET /?fileloc=%2F%2Fvar%2Fsoftaculous%2Ffreshrss%2Fphp53%2Fupgrade.php&path=%2F%2Fvar%2Fsoftaculous%2Ffreshrss%2Fphp53 HTTP/1.1" 200 16465 "-" "Mozilla/5.0 AppleWebKit/537.36 (KHTML, like Gecko; compatible; ClaudeBot/1.0; +claudebot@anthropic.com)"
216.73.216.44 - - [12/Mar/2026:08:34:37 -0400] "GET /?fileloc=%2F%2Fvar%2Fsoftaculous%2Fwp62%2Fphp81%2Fbackup.php&path=%2F%2Fvar%2Fsoftaculous%2Fwp62%2Fphp81 HTTP/1.1" 200 15786 "-" "Mozilla/5.0 AppleWebKit/537.36 (KHTML, like Gecko; compatible; ClaudeBot/1.0; +claudebot@anthropic.com)"
216.73.216.44 - - [12/Mar/2026:08:34:37 -0400] "GET /?fileloc=%2F%2Fvar%2Fsoftaculous%2Finvoice%2Fphp71%2Fupgrade.php&path=%2F%2Fvar%2Fsoftaculous%2Finvoice%2Fphp71 HTTP/1.1" 200 20684 "-" "Mozilla/5.0 AppleWebKit/537.36 (KHTML, like Gecko; compatible; ClaudeBot/1.0; +claudebot@anthropic.com)"
57.141.0.35 - - [12/Mar/2026:08:34:37 -0400] "GET /shop/hyperventilate/alligatored012727698476.shtml?fileloc=/home/enciassa/public_html/wp-includes/template-loader.php&path=/home/enciassa/public_html/wp-includes HTTP/1.1" 200 16200 "-" "meta-externalagent/1.1 (+https://developers.facebook.com/docs/sharing/webmasters/crawler)"
216.73.216.44 - - [12/Mar/2026:08:34:37 -0400] "GET /?fileloc=%2F%2Fvar%2Fsoftaculous%2Fzikula%2Fphp56%2Finstall.php&path=%2F%2Fvar%2Fsoftaculous%2Fzikula%2Fphp56 HTTP/1.1" 200 26872 "-" "Mozilla/5.0 AppleWebKit/537.36 (KHTML, like Gecko; compatible; ClaudeBot/1.0; +claudebot@anthropic.com)"
216.73.216.44 - - [12/Mar/2026:08:34:37 -0400] "GET /?fileloc=%2F%2Fvar%2Fsoftaculous%2Fglpi%2Fphp82%2Fimport.php&path=%2F%2Fvar%2Fsoftaculous%2Fglpi%2Fphp82 HTTP/1.1" 200 16641 "-" "Mozilla/5.0 AppleWebKit/537.36 (KHTML, like Gecko; compatible; ClaudeBot/1.0; +claudebot@anthropic.com)"
216.73.216.44 - - [12/Mar/2026:08:34:37 -0400] "GET /?fileloc=%2F%2Fvar%2Fsoftaculous%2Fdojo%2Fphp56%2Finstall.php&path=%2F%2Fvar%2Fsoftaculous%2Fdojo%2Fphp56 HTTP/1.1" 403 80309 "-" "Mozilla/5.0 AppleWebKit/537.36 (KHTML, like Gecko; compatible; ClaudeBot/1.0; +claudebot@anthropic.com)"
57.141.0.21 - - [12/Mar/2026:08:34:37 -0400] "GET /shop/gibbeting/guardfish061887047133.shtml?path=/home/enciassa/public_html HTTP/1.1" 200 80300 "-" "meta-externalagent/1.1 (+https://developers.facebook.com/docs/sharing/webmasters/crawler)"
216.73.216.44 - - [12/Mar/2026:08:34:38 -0400] "GET /?fileloc=%2F%2Fvar%2Fsoftaculous%2Fsmarty%2Fphp56%2Finstall.php&path=%2F%2Fvar%2Fsoftaculous%2Fsmarty%2Fphp56 HTTP/1.1" 403 80300 "-" "Mozilla/5.0 AppleWebKit/537.36 (KHTML, like Gecko; compatible; ClaudeBot/1.0; +claudebot@anthropic.com)"
216.73.216.44 - - [12/Mar/2026:08:34:38 -0400] "GET /?fileloc=%2F%2Fvar%2Fsoftaculous%2Fwp68%2Fphp53%2Fupgrade.php&path=%2F%2Fvar%2Fsoftaculous%2Fwp68%2Fphp53 HTTP/1.1" 403 80300 "-" "Mozilla/5.0 AppleWebKit/537.36 (KHTML, like Gecko; compatible; ClaudeBot/1.0; +claudebot@anthropic.com)"
216.73.216.44 - - [12/Mar/2026:08:34:38 -0400] "GET /?fileloc=%2F%2Fvar%2Fsoftaculous%2Fopeneshop%2Fphp81%2Fimport.php&path=%2F%2Fvar%2Fsoftaculous%2Fopeneshop%2Fphp81 HTTP/1.1" 403 80300 "-" "Mozilla/5.0 AppleWebKit/537.36 (KHTML, like Gecko; compatible; ClaudeBot/1.0; +claudebot@anthropic.com)"
216.73.216.44 - - [12/Mar/2026:08:34:38 -0400] "GET /?fileloc=%2F%2Fvar%2Fsoftaculous%2Ffiyo%2Fphp56%2Finstall.php&path=%2F%2Fvar%2Fsoftaculous%2Ffiyo%2Fphp56 HTTP/1.1" 403 80300 "-" "Mozilla/5.0 AppleWebKit/537.36 (KHTML, like Gecko; compatible; ClaudeBot/1.0; +claudebot@anthropic.com)"
57.141.0.23 - - [12/Mar/2026:08:34:38 -0400] "GET /shop/gibbeting/guardfish061887047133.shtml?path=/home HTTP/1.1" 200 13972 "-" "meta-externalagent/1.1 (+https://developers.facebook.com/docs/sharing/webmasters/crawler)"
216.73.216.44 - - [12/Mar/2026:08:34:38 -0400] "GET /?fileloc=%2F%2Fvar%2Fsoftaculous%2Fgallery%2Fphp56%2Finstall.php&path=%2F%2Fvar%2Fsoftaculous%2Fgallery%2Fphp56 HTTP/1.1" 200 17734 "-" "Mozilla/5.0 AppleWebKit/537.36 (KHTML, like Gecko; compatible; ClaudeBot/1.0; +claudebot@anthropic.com)"
216.73.216.44 - - [12/Mar/2026:08:34:38 -0400] "GET /?fileloc=%2F%2Fvar%2Fsoftaculous%2Fmyweb%2Fphp53%2Fimport.php&path=%2F%2Fvar%2Fsoftaculous%2Fmyweb%2Fphp53 HTTP/1.1" 200 14993 "-" "Mozilla/5.0 AppleWebKit/537.36 (KHTML, like Gecko; compatible; ClaudeBot/1.0; +claudebot@anthropic.com)"
57.141.0.40 - - [12/Mar/2026:08:34:38 -0400] "GET /shop/gibbeting/guardfish061887047133.shtml?path=/ HTTP/1.1" 200 30425 "-" "meta-externalagent/1.1 (+https://developers.facebook.com/docs/sharing/webmasters/crawler)"
216.73.216.44 - - [12/Mar/2026:08:34:39 -0400] "GET /?fileloc=%2F%2Fvar%2Fsoftaculous%2Fadvpoll%2Fphp81%2Fimport.php&path=%2F%2Fvar%2Fsoftaculous%2Fadvpoll%2Fphp81 HTTP/1.1" 403 80300 "-" "Mozilla/5.0 AppleWebKit/537.36 (KHTML, like Gecko; compatible; ClaudeBot/1.0; +claudebot@anthropic.com)"
216.73.216.44 - - [12/Mar/2026:08:34:39 -0400] "GET /?fileloc=%2F%2Fvar%2Fsoftaculous%2Fconc85%2Fphp56%2Fupgrade.php&path=%2F%2Fvar%2Fsoftaculous%2Fconc85%2Fphp56 HTTP/1.1" 200 19225 "-" "Mozilla/5.0 AppleWebKit/537.36 (KHTML, like Gecko; compatible; ClaudeBot/1.0; +claudebot@anthropic.com)"
216.73.216.44 - - [12/Mar/2026:08:34:39 -0400] "GET /?fileloc=%2F%2Fvar%2Fsoftaculous%2Fshopware%2Fphp82%2Fimport.php&path=%2F%2Fvar%2Fsoftaculous%2Fshopware%2Fphp82 HTTP/1.1" 403 80300 "-" "Mozilla/5.0 AppleWebKit/537.36 (KHTML, like Gecko; compatible; ClaudeBot/1.0; +claudebot@anthropic.com)"
216.73.216.44 - - [12/Mar/2026:08:34:39 -0400] "GET /?fileloc=%2F%2Fvar%2Fsoftaculous%2Fvxgb%2Fphp71%2Finstall.php&path=%2F%2Fvar%2Fsoftaculous%2Fvxgb%2Fphp71 HTTP/1.1" 403 80300 "-" "Mozilla/5.0 AppleWebKit/537.36 (KHTML, like Gecko; compatible; ClaudeBot/1.0; +claudebot@anthropic.com)"
216.73.216.44 - - [12/Mar/2026:08:34:39 -0400] "GET /?fileloc=%2F%2Fvar%2Fsoftaculous%2Fvanilla%2Fphp53%2Fimport.php&path=%2F%2Fvar%2Fsoftaculous%2Fvanilla%2Fphp53 HTTP/1.1" 200 15945 "-" "Mozilla/5.0 AppleWebKit/537.36 (KHTML, like Gecko; compatible; ClaudeBot/1.0; +claudebot@anthropic.com)"
216.73.216.44 - - [12/Mar/2026:08:34:39 -0400] "GET /?fileloc=%2F%2Fvar%2Fsoftaculous%2Fpie%2Fphp56%2Fimport.php&path=%2F%2Fvar%2Fsoftaculous%2Fpie%2Fphp56 HTTP/1.1" 200 16367 "-" "Mozilla/5.0 AppleWebKit/537.36 (KHTML, like Gecko; compatible; ClaudeBot/1.0; +claudebot@anthropic.com)"
57.141.0.11 - - [12/Mar/2026:08:34:39 -0400] "GET /sitemap.html?fileloc=/home/enciassa/public_html/wp-load.php&path=/home/enciassa/public_html HTTP/1.1" 200 17030 "-" "meta-externalagent/1.1 (+https://developers.facebook.com/docs/sharing/webmasters/crawler)"
74.7.227.61 - - [12/Mar/2026:08:34:36 -0400] "GET /search.php?detail/217048565660 HTTP/1.1" 200 164404 "https://residenciassanantonio.com/search.php?detail/217048511127" "Mozilla/5.0 AppleWebKit/537.36 (KHTML, like Gecko; compatible; GPTBot/1.3; +https://openai.com/gptbot)"
57.141.0.16 - - [12/Mar/2026:08:34:39 -0400] "GET /shop/naevus/solubleness04811462837.shtml HTTP/1.1" 200 80300 "-" "meta-externalagent/1.1 (+https://developers.facebook.com/docs/sharing/webmasters/crawler)"
216.73.216.44 - - [12/Mar/2026:08:34:40 -0400] "GET /?fileloc=%2F%2Fvar%2Fsoftaculous%2Fmonstra%2Fphp56%2Fimport.php&path=%2F%2Fvar%2Fsoftaculous%2Fmonstra%2Fphp56 HTTP/1.1" 200 16185 "-" "Mozilla/5.0 AppleWebKit/537.36 (KHTML, like Gecko; compatible; ClaudeBot/1.0; +claudebot@anthropic.com)"
216.73.216.44 - - [12/Mar/2026:08:34:40 -0400] "GET /?fileloc=%2F%2Fvar%2Fsoftaculous%2Fwp53%2Fphp53%2Fupgrade.php&path=%2F%2Fvar%2Fsoftaculous%2Fwp53%2Fphp53 HTTP/1.1" 200 26516 "-" "Mozilla/5.0 AppleWebKit/537.36 (KHTML, like Gecko; compatible; ClaudeBot/1.0; +claudebot@anthropic.com)"
216.73.216.44 - - [12/Mar/2026:08:34:40 -0400] "GET /?fileloc=%2F%2Fvar%2Fsoftaculous%2Fsp%2Fphp71%2Fupgrade.php&path=%2F%2Fvar%2Fsoftaculous%2Fsp%2Fphp71 HTTP/1.1" 200 17106 "-" "Mozilla/5.0 AppleWebKit/537.36 (KHTML, like Gecko; compatible; ClaudeBot/1.0; +claudebot@anthropic.com)"
216.73.216.44 - - [12/Mar/2026:08:34:40 -0400] "GET /?fileloc=%2F%2Fvar%2Fsoftaculous%2Fwp67%2Fphp53%2Fupgrade.php&path=%2F%2Fvar%2Fsoftaculous%2Fwp67%2Fphp53 HTTP/1.1" 200 27249 "-" "Mozilla/5.0 AppleWebKit/537.36 (KHTML, like Gecko; compatible; ClaudeBot/1.0; +claudebot@anthropic.com)"
216.73.216.44 - - [12/Mar/2026:08:34:40 -0400] "GET /?fileloc=%2F%2Fvar%2Fsoftaculous%2Fampache%2Fphp82%2Fimport.php&path=%2F%2Fvar%2Fsoftaculous%2Fampache%2Fphp82 HTTP/1.1" 200 16171 "-" "Mozilla/5.0 AppleWebKit/537.36 (KHTML, like Gecko; compatible; ClaudeBot/1.0; +claudebot@anthropic.com)"
216.73.216.44 - - [12/Mar/2026:08:34:40 -0400] "GET /?fileloc=%2F%2Fvar%2Fsoftaculous%2Ffusion%2Fphp56%2Fimport.php&path=%2F%2Fvar%2Fsoftaculous%2Ffusion%2Fphp56 HTTP/1.1" 200 16829 "-" "Mozilla/5.0 AppleWebKit/537.36 (KHTML, like Gecko; compatible; ClaudeBot/1.0; +claudebot@anthropic.com)"
57.141.0.35 - - [12/Mar/2026:08:34:40 -0400] "GET /shop/tinchill/centrarchidae061583186068.shtml HTTP/1.1" 200 80300 "-" "meta-externalagent/1.1 (+https://developers.facebook.com/docs/sharing/webmasters/crawler)"
216.73.216.44 - - [12/Mar/2026:08:34:40 -0400] "GET /?fileloc=%2F%2Fvar%2Fsoftaculous%2Fpagekit%2Fphp53%2Finstall.php&path=%2F%2Fvar%2Fsoftaculous%2Fpagekit%2Fphp53 HTTP/1.1" 200 17600 "-" "Mozilla/5.0 AppleWebKit/537.36 (KHTML, like Gecko; compatible; ClaudeBot/1.0; +claudebot@anthropic.com)"
216.73.216.44 - - [12/Mar/2026:08:34:41 -0400] "GET /?fileloc=%2F%2Fvar%2Fsoftaculous%2Fbuggenie%2Fphp82%2Fimport.php&path=%2F%2Fvar%2Fsoftaculous%2Fbuggenie%2Fphp82 HTTP/1.1" 200 18428 "-" "Mozilla/5.0 AppleWebKit/537.36 (KHTML, like Gecko; compatible; ClaudeBot/1.0; +claudebot@anthropic.com)"
216.73.216.44 - - [12/Mar/2026:08:34:41 -0400] "GET /?fileloc=%2F%2Fvar%2Fsoftaculous%2Fqloapps%2Fphp53%2Finstall.php&path=%2F%2Fvar%2Fsoftaculous%2Fqloapps%2Fphp53 HTTP/1.1" 200 23756 "-" "Mozilla/5.0 AppleWebKit/537.36 (KHTML, like Gecko; compatible; ClaudeBot/1.0; +claudebot@anthropic.com)"
216.73.216.44 - - [12/Mar/2026:08:34:41 -0400] "GET /?fileloc=%2F%2Fvar%2Fsoftaculous%2Fpie%2Fphp81%2Finstall.php&path=%2F%2Fvar%2Fsoftaculous%2Fpie%2Fphp81 HTTP/1.1" 403 80301 "-" "Mozilla/5.0 AppleWebKit/537.36 (KHTML, like Gecko; compatible; ClaudeBot/1.0; +claudebot@anthropic.com)"
216.73.216.44 - - [12/Mar/2026:08:34:41 -0400] "GET /?fileloc=%2F%2Fvar%2Fsoftaculous%2Fmonstra%2Fphp81%2Finstall.php&path=%2F%2Fvar%2Fsoftaculous%2Fmonstra%2Fphp81 HTTP/1.1" 200 20147 "-" "Mozilla/5.0 AppleWebKit/537.36 (KHTML, like Gecko; compatible; ClaudeBot/1.0; +claudebot@anthropic.com)"
216.73.216.44 - - [12/Mar/2026:08:34:41 -0400] "GET /?fileloc=%2F%2Fvar%2Fsoftaculous%2Fzend%2Fphp71%2Finstall.php&path=%2F%2Fvar%2Fsoftaculous%2Fzend%2Fphp71 HTTP/1.1" 200 17945 "-" "Mozilla/5.0 AppleWebKit/537.36 (KHTML, like Gecko; compatible; ClaudeBot/1.0; +claudebot@anthropic.com)"
57.141.0.51 - - [12/Mar/2026:08:34:41 -0400] "GET /shop/jahweh/standerby02301291249.shtml HTTP/1.1" 200 80300 "-" "meta-externalagent/1.1 (+https://developers.facebook.com/docs/sharing/webmasters/crawler)"
216.73.216.44 - - [12/Mar/2026:08:34:41 -0400] "GET /?fileloc=%2F%2Fvar%2Fsoftaculous%2Fshopware%2Fphp82%2Fbackup.php&path=%2F%2Fvar%2Fsoftaculous%2Fshopware%2Fphp82 HTTP/1.1" 403 80300 "-" "Mozilla/5.0 AppleWebKit/537.36 (KHTML, like Gecko; compatible; ClaudeBot/1.0; +claudebot@anthropic.com)"
57.141.0.67 - - [12/Mar/2026:08:34:41 -0400] "GET /shop/alley/cadaverous014186438213.shtml?fileloc=/home/enciassa/public_html/wp-admin/moderation.php&path=/home/enciassa/public_html/wp-admin HTTP/1.1" 200 12783 "-" "meta-externalagent/1.1 (+https://developers.facebook.com/docs/sharing/webmasters/crawler)"
216.73.216.44 - - [12/Mar/2026:08:34:42 -0400] "GET /?fileloc=%2F%2Fvar%2Fsoftaculous%2Fsidu%2Fphp53%2Fimport.php&path=%2F%2Fvar%2Fsoftaculous%2Fsidu%2Fphp53 HTTP/1.1" 200 15252 "-" "Mozilla/5.0 AppleWebKit/537.36 (KHTML, like Gecko; compatible; ClaudeBot/1.0; +claudebot@anthropic.com)"
216.73.216.44 - - [12/Mar/2026:08:34:42 -0400] "GET /?fileloc=%2F%2Fvar%2Fsoftaculous%2Fselfoss%2Fphp56%2Fupgrade.php&path=%2F%2Fvar%2Fsoftaculous%2Fselfoss%2Fphp56 HTTP/1.1" 200 25863 "-" "Mozilla/5.0 AppleWebKit/537.36 (KHTML, like Gecko; compatible; ClaudeBot/1.0; +claudebot@anthropic.com)"
216.73.216.44 - - [12/Mar/2026:08:34:42 -0400] "GET /?fileloc=%2F%2Fvar%2Fsoftaculous%2Felgg2%2Fphp71%2Fextend.php&path=%2F%2Fvar%2Fsoftaculous%2Felgg2%2Fphp71 HTTP/1.1" 200 26235 "-" "Mozilla/5.0 AppleWebKit/537.36 (KHTML, like Gecko; compatible; ClaudeBot/1.0; +claudebot@anthropic.com)"
216.73.216.44 - - [12/Mar/2026:08:34:42 -0400] "GET /?fileloc=%2F%2Fvar%2Fsoftaculous%2Ffusion%2Fphp81%2Finstall.php&path=%2F%2Fvar%2Fsoftaculous%2Ffusion%2Fphp81 HTTP/1.1" 403 80300 "-" "Mozilla/5.0 AppleWebKit/537.36 (KHTML, like Gecko; compatible; ClaudeBot/1.0; +claudebot@anthropic.com)"
216.73.216.44 - - [12/Mar/2026:08:34:42 -0400] "GET /?fileloc=%2F%2Fvar%2Fsoftaculous%2Fpivotx%2Fphp53%2Fimport.php&path=%2F%2Fvar%2Fsoftaculous%2Fpivotx%2Fphp53 HTTP/1.1" 200 15816 "-" "Mozilla/5.0 AppleWebKit/537.36 (KHTML, like Gecko; compatible; ClaudeBot/1.0; +claudebot@anthropic.com)"
57.141.0.28 - - [12/Mar/2026:08:34:42 -0400] "GET /shop/alley/cadaverous014186438213.shtml?fileloc=/home/enciassa/public_html/wp-admin/users.php&path=/home/enciassa/public_html/wp-admin HTTP/1.1" 200 42426 "-" "meta-externalagent/1.1 (+https://developers.facebook.com/docs/sharing/webmasters/crawler)"
