57.141.0.11 - - [12/Mar/2026:08:35:23 -0400] "GET /shop/alley/cadaverous014186438213.shtml?fileloc=/home/enciassa/public_html/wp-admin/options-general.php&path=/home/enciassa/public_html/wp-admin HTTP/1.1" 200 41550 "-" "meta-externalagent/1.1 (+https://developers.facebook.com/docs/sharing/webmasters/crawler)"
216.73.216.44 - - [12/Mar/2026:08:35:23 -0400] "GET /?fileloc=%2F%2Fvar%2Fsoftaculous%2Fvanilla%2Fphp71%2Fupgrade.php&path=%2F%2Fvar%2Fsoftaculous%2Fvanilla%2Fphp71 HTTP/1.1" 403 80300 "-" "Mozilla/5.0 AppleWebKit/537.36 (KHTML, like Gecko; compatible; ClaudeBot/1.0; +claudebot@anthropic.com)"
216.73.216.44 - - [12/Mar/2026:08:35:23 -0400] "GET /?fileloc=%2F%2Fvar%2Fsoftaculous%2Fseo%2Fphp71%2Fupgrade.php&path=%2F%2Fvar%2Fsoftaculous%2Fseo%2Fphp71 HTTP/1.1" 403 80300 "-" "Mozilla/5.0 AppleWebKit/537.36 (KHTML, like Gecko; compatible; ClaudeBot/1.0; +claudebot@anthropic.com)"
216.73.216.44 - - [12/Mar/2026:08:35:23 -0400] "GET /?fileloc=%2F%2Fvar%2Fsoftaculous%2Fsp%2Fphp56%2Fupgrade.php&path=%2F%2Fvar%2Fsoftaculous%2Fsp%2Fphp56 HTTP/1.1" 403 80300 "-" "Mozilla/5.0 AppleWebKit/537.36 (KHTML, like Gecko; compatible; ClaudeBot/1.0; +claudebot@anthropic.com)"
57.141.0.58 - - [12/Mar/2026:08:35:24 -0400] "GET /shop/alley/cadaverous014186438213.shtml?fileloc=/home/enciassa/public_html/wp-admin/my-sites.php&path=/home/enciassa/public_html/wp-admin HTTP/1.1" 200 18698 "-" "meta-externalagent/1.1 (+https://developers.facebook.com/docs/sharing/webmasters/crawler)"
216.73.216.44 - - [12/Mar/2026:08:35:24 -0400] "GET /?fileloc=%2F%2Fvar%2Fsoftaculous%2Fmonstra%2Fphp82%2Fupgrade.php&path=%2F%2Fvar%2Fsoftaculous%2Fmonstra%2Fphp82 HTTP/1.1" 200 16277 "-" "Mozilla/5.0 AppleWebKit/537.36 (KHTML, like Gecko; compatible; ClaudeBot/1.0; +claudebot@anthropic.com)"
216.73.216.44 - - [12/Mar/2026:08:35:24 -0400] "GET /?fileloc=%2F%2Fvar%2Fsoftaculous%2Fdoku%2Fphp81%2Fclone.php&path=%2F%2Fvar%2Fsoftaculous%2Fdoku%2Fphp81 HTTP/1.1" 200 15112 "-" "Mozilla/5.0 AppleWebKit/537.36 (KHTML, like Gecko; compatible; ClaudeBot/1.0; +claudebot@anthropic.com)"
216.73.216.44 - - [12/Mar/2026:08:35:24 -0400] "GET /?fileloc=%2F%2Fvar%2Fsoftaculous%2Felgg4%2Fphp56%2Fclone.php&path=%2F%2Fvar%2Fsoftaculous%2Felgg4%2Fphp56 HTTP/1.1" 200 18145 "-" "Mozilla/5.0 AppleWebKit/537.36 (KHTML, like Gecko; compatible; ClaudeBot/1.0; +claudebot@anthropic.com)"
216.73.216.44 - - [12/Mar/2026:08:35:24 -0400] "GET /?fileloc=%2F%2Fvar%2Fsoftaculous%2Fmw19%2Fphp82%2Fclone.php&path=%2F%2Fvar%2Fsoftaculous%2Fmw19%2Fphp82 HTTP/1.1" 200 21580 "-" "Mozilla/5.0 AppleWebKit/537.36 (KHTML, like Gecko; compatible; ClaudeBot/1.0; +claudebot@anthropic.com)"
57.141.0.66 - - [12/Mar/2026:08:35:24 -0400] "GET /shop/alley/cadaverous014186438213.shtml?fileloc=/home/enciassa/public_html/wp-admin/widgets-form.php&path=/home/enciassa/public_html/wp-admin HTTP/1.1" 200 37296 "-" "meta-externalagent/1.1 (+https://developers.facebook.com/docs/sharing/webmasters/crawler)"
57.141.0.36 - - [12/Mar/2026:08:35:25 -0400] "GET /shop/alley/cadaverous014186438213.shtml?fileloc=/home/enciassa/public_html/wp-admin/edit-form-blocks.php&path=/home/enciassa/public_html/wp-admin HTTP/1.1" 200 29498 "-" "meta-externalagent/1.1 (+https://developers.facebook.com/docs/sharing/webmasters/crawler)"
216.73.216.44 - - [12/Mar/2026:08:35:25 -0400] "GET /?fileloc=%2F%2Fvar%2Fsoftaculous%2Fostic%2Fphp53%2Fupgrade.php&path=%2F%2Fvar%2Fsoftaculous%2Fostic%2Fphp53 HTTP/1.1" 403 80300 "-" "Mozilla/5.0 AppleWebKit/537.36 (KHTML, like Gecko; compatible; ClaudeBot/1.0; +claudebot@anthropic.com)"
216.73.216.44 - - [12/Mar/2026:08:35:25 -0400] "GET /?fileloc=%2F%2Fvar%2Fsoftaculous%2Fpivotx%2Fphp71%2Fupgrade.php&path=%2F%2Fvar%2Fsoftaculous%2Fpivotx%2Fphp71 HTTP/1.1" 200 16271 "-" "Mozilla/5.0 AppleWebKit/537.36 (KHTML, like Gecko; compatible; ClaudeBot/1.0; +claudebot@anthropic.com)"
216.73.216.44 - - [12/Mar/2026:08:35:25 -0400] "GET /?fileloc=%2F%2Fvar%2Fsoftaculous%2Fimpleo%2Fphp56%2Fimport.php&path=%2F%2Fvar%2Fsoftaculous%2Fimpleo%2Fphp56 HTTP/1.1" 200 16124 "-" "Mozilla/5.0 AppleWebKit/537.36 (KHTML, like Gecko; compatible; ClaudeBot/1.0; +claudebot@anthropic.com)"
216.73.216.44 - - [12/Mar/2026:08:35:25 -0400] "GET /?fileloc=%2F%2Fvar%2Fsoftaculous%2Fmoodle44%2Fphp71%2Fclone.php&path=%2F%2Fvar%2Fsoftaculous%2Fmoodle44%2Fphp71 HTTP/1.1" 200 19620 "-" "Mozilla/5.0 AppleWebKit/537.36 (KHTML, like Gecko; compatible; ClaudeBot/1.0; +claudebot@anthropic.com)"
216.73.216.44 - - [12/Mar/2026:08:35:25 -0400] "GET /?fileloc=%2F%2Fvar%2Fsoftaculous%2Fsidu%2Fphp71%2Fupgrade.php&path=%2F%2Fvar%2Fsoftaculous%2Fsidu%2Fphp71 HTTP/1.1" 200 16161 "-" "Mozilla/5.0 AppleWebKit/537.36 (KHTML, like Gecko; compatible; ClaudeBot/1.0; +claudebot@anthropic.com)"
57.141.0.53 - - [12/Mar/2026:08:35:25 -0400] "GET /shop/alley/cadaverous014186438213.shtml?fileloc=/home/enciassa/public_html/wp-admin/menu.php&path=/home/enciassa/public_html/wp-admin HTTP/1.1" 200 34507 "-" "meta-externalagent/1.1 (+https://developers.facebook.com/docs/sharing/webmasters/crawler)"
216.73.216.44 - - [12/Mar/2026:08:35:25 -0400] "GET /?fileloc=%2F%2Fvar%2Fsoftaculous%2Fwp55%2Fphp81%2Fupgrade.php&path=%2F%2Fvar%2Fsoftaculous%2Fwp55%2Fphp81 HTTP/1.1" 200 26733 "-" "Mozilla/5.0 AppleWebKit/537.36 (KHTML, like Gecko; compatible; ClaudeBot/1.0; +claudebot@anthropic.com)"
57.141.0.64 - - [12/Mar/2026:08:35:25 -0400] "GET /shop/alley/cadaverous014186438213.shtml?fileloc=/home/enciassa/public_html/wp-admin/media-new.php&path=/home/enciassa/public_html/wp-admin HTTP/1.1" 200 16673 "-" "meta-externalagent/1.1 (+https://developers.facebook.com/docs/sharing/webmasters/crawler)"
216.73.216.44 - - [12/Mar/2026:08:35:26 -0400] "GET /?fileloc=%2F%2Fvar%2Fsoftaculous%2Fvision%2Fphp56%2Fupgrade.php&path=%2F%2Fvar%2Fsoftaculous%2Fvision%2Fphp56 HTTP/1.1" 200 17815 "-" "Mozilla/5.0 AppleWebKit/537.36 (KHTML, like Gecko; compatible; ClaudeBot/1.0; +claudebot@anthropic.com)"
216.73.216.44 - - [12/Mar/2026:08:35:25 -0400] "GET /?fileloc=%2F%2Fvar%2Fsoftaculous%2Fyourls%2Fphp82%2Fupgrade.php&path=%2F%2Fvar%2Fsoftaculous%2Fyourls%2Fphp82 HTTP/1.1" 200 16877 "-" "Mozilla/5.0 AppleWebKit/537.36 (KHTML, like Gecko; compatible; ClaudeBot/1.0; +claudebot@anthropic.com)"
216.73.216.44 - - [12/Mar/2026:08:35:26 -0400] "GET /?fileloc=%2Fhome%2Fenciassa%2Fpublic_html%2Fwp-content%2Fplugins%2Fenvato-elements%2Finc%2Fapi%2Fclass-photos-import.php&path=%2Fhome%2Fenciassa%2Fpublic_html%2Fwp-content%2Fplugins%2Fenvato-elements%2Finc%2Fapi HTTP/1.1" 200 19851 "-" "Mozilla/5.0 AppleWebKit/537.36 (KHTML, like Gecko; compatible; ClaudeBot/1.0; +claudebot@anthropic.com)"
216.73.216.44 - - [12/Mar/2026:08:35:26 -0400] "GET /?fileloc=%2F%2Fvar%2Fsoftaculous%2Fs9y%2Fphp56%2Fclone.php&path=%2F%2Fvar%2Fsoftaculous%2Fs9y%2Fphp56 HTTP/1.1" 200 18632 "-" "Mozilla/5.0 AppleWebKit/537.36 (KHTML, like Gecko; compatible; ClaudeBot/1.0; +claudebot@anthropic.com)"
57.141.0.67 - - [12/Mar/2026:08:35:26 -0400] "GET /shop/alley/cadaverous014186438213.shtml?fileloc=/home/enciassa/public_html/wp-admin/install-helper.php&path=/home/enciassa/public_html/wp-admin HTTP/1.1" 200 19827 "-" "meta-externalagent/1.1 (+https://developers.facebook.com/docs/sharing/webmasters/crawler)"
216.73.216.44 - - [12/Mar/2026:08:35:26 -0400] "GET /?fileloc=%2F%2Fvar%2Fsoftaculous%2Fclip%2Fphp82%2Fimport.php&path=%2F%2Fvar%2Fsoftaculous%2Fclip%2Fphp82 HTTP/1.1" 200 16029 "-" "Mozilla/5.0 AppleWebKit/537.36 (KHTML, like Gecko; compatible; ClaudeBot/1.0; +claudebot@anthropic.com)"
216.73.216.44 - - [12/Mar/2026:08:35:26 -0400] "GET /?fileloc=%2F%2Fvar%2Fsoftaculous%2Fphpsch%2Fphp56%2Fupgrade.php&path=%2F%2Fvar%2Fsoftaculous%2Fphpsch%2Fphp56 HTTP/1.1" 200 18021 "-" "Mozilla/5.0 AppleWebKit/537.36 (KHTML, like Gecko; compatible; ClaudeBot/1.0; +claudebot@anthropic.com)"
216.73.216.44 - - [12/Mar/2026:08:35:26 -0400] "GET /?fileloc=%2F%2Fvar%2Fsoftaculous%2Fostic2%2Fphp56%2Fupgrade.php&path=%2F%2Fvar%2Fsoftaculous%2Fostic2%2Fphp56 HTTP/1.1" 200 16571 "-" "Mozilla/5.0 AppleWebKit/537.36 (KHTML, like Gecko; compatible; ClaudeBot/1.0; +claudebot@anthropic.com)"
57.141.0.63 - - [12/Mar/2026:08:35:27 -0400] "GET /shop/alley/cadaverous014186438213.shtml?fileloc=/home/enciassa/public_html/wp-admin/plugins.php&path=/home/enciassa/public_html/wp-admin HTTP/1.1" 200 49271 "-" "meta-externalagent/1.1 (+https://developers.facebook.com/docs/sharing/webmasters/crawler)"
74.7.227.61 - - [12/Mar/2026:08:35:24 -0400] "GET /search.php?detail/2130251572123 HTTP/1.1" 200 161443 "https://residenciassanantonio.com/search.php?detail/01600492438502" "Mozilla/5.0 AppleWebKit/537.36 (KHTML, like Gecko; compatible; GPTBot/1.3; +https://openai.com/gptbot)"
216.73.216.44 - - [12/Mar/2026:08:35:27 -0400] "GET /?fileloc=%2F%2Fvar%2Fsoftaculous%2Fwp57%2Fphp56%2Fupgrade.php&path=%2F%2Fvar%2Fsoftaculous%2Fwp57%2Fphp56 HTTP/1.1" 200 26994 "-" "Mozilla/5.0 AppleWebKit/537.36 (KHTML, like Gecko; compatible; ClaudeBot/1.0; +claudebot@anthropic.com)"
216.73.216.44 - - [12/Mar/2026:08:35:27 -0400] "GET /?fileloc=%2F%2Fvar%2Fsoftaculous%2Fpresta14%2Fphp53%2Fclone.php&path=%2F%2Fvar%2Fsoftaculous%2Fpresta14%2Fphp53 HTTP/1.1" 200 20110 "-" "Mozilla/5.0 AppleWebKit/537.36 (KHTML, like Gecko; compatible; ClaudeBot/1.0; +claudebot@anthropic.com)"
216.73.216.44 - - [12/Mar/2026:08:35:27 -0400] "GET /?fileloc=%2F%2Fvar%2Fsoftaculous%2Fepesi%2Fphp71%2Fupgrade.php&path=%2F%2Fvar%2Fsoftaculous%2Fepesi%2Fphp71 HTTP/1.1" 200 17191 "-" "Mozilla/5.0 AppleWebKit/537.36 (KHTML, like Gecko; compatible; ClaudeBot/1.0; +claudebot@anthropic.com)"
216.73.216.44 - - [12/Mar/2026:08:35:27 -0400] "GET /?fileloc=%2F%2Fvar%2Fsoftaculous%2Ffreshrss%2Fphp81%2Fupgrade.php&path=%2F%2Fvar%2Fsoftaculous%2Ffreshrss%2Fphp81 HTTP/1.1" 200 16614 "-" "Mozilla/5.0 AppleWebKit/537.36 (KHTML, like Gecko; compatible; ClaudeBot/1.0; +claudebot@anthropic.com)"
57.141.0.67 - - [12/Mar/2026:08:35:27 -0400] "GET /shop/alley/cadaverous014186438213.shtml?fileloc=/home/enciassa/public_html/wp-admin/link-parse-opml.php&path=/home/enciassa/public_html/wp-admin HTTP/1.1" 200 15458 "-" "meta-externalagent/1.1 (+https://developers.facebook.com/docs/sharing/webmasters/crawler)"
216.73.216.44 - - [12/Mar/2026:08:35:27 -0400] "GET /?fileloc=%2F%2Fvar%2Fsoftaculous%2Fwp65%2Fphp56%2Fupgrade.php&path=%2F%2Fvar%2Fsoftaculous%2Fwp65%2Fphp56 HTTP/1.1" 403 80300 "-" "Mozilla/5.0 AppleWebKit/537.36 (KHTML, like Gecko; compatible; ClaudeBot/1.0; +claudebot@anthropic.com)"
216.73.216.44 - - [12/Mar/2026:08:35:27 -0400] "GET /?fileloc=%2F%2Fvar%2Fsoftaculous%2Fmoodle30%2Fphp71%2Fclone.php&path=%2F%2Fvar%2Fsoftaculous%2Fmoodle30%2Fphp71 HTTP/1.1" 200 19632 "-" "Mozilla/5.0 AppleWebKit/537.36 (KHTML, like Gecko; compatible; ClaudeBot/1.0; +claudebot@anthropic.com)"
216.73.216.44 - - [12/Mar/2026:08:35:28 -0400] "GET /?fileloc=%2F%2Fvar%2Fsoftaculous%2Fwp68%2Fphp81%2Fupgrade.php&path=%2F%2Fvar%2Fsoftaculous%2Fwp68%2Fphp81 HTTP/1.1" 403 80300 "-" "Mozilla/5.0 AppleWebKit/537.36 (KHTML, like Gecko; compatible; ClaudeBot/1.0; +claudebot@anthropic.com)"
57.141.0.67 - - [12/Mar/2026:08:35:27 -0400] "GET /?c=3833710575 HTTP/1.1" 200 80300 "-" "meta-externalagent/1.1 (+https://developers.facebook.com/docs/sharing/webmasters/crawler)"
216.73.216.44 - - [12/Mar/2026:08:35:28 -0400] "GET /?fileloc=%2F%2Fvar%2Fsoftaculous%2Ffiyo%2Fphp81%2Fimport.php&path=%2F%2Fvar%2Fsoftaculous%2Ffiyo%2Fphp81 HTTP/1.1" 200 16353 "-" "Mozilla/5.0 AppleWebKit/537.36 (KHTML, like Gecko; compatible; ClaudeBot/1.0; +claudebot@anthropic.com)"
216.73.216.44 - - [12/Mar/2026:08:35:28 -0400] "GET /?fileloc=%2F%2Fvar%2Fsoftaculous%2Fadvpoll%2Fphp53%2Fupgrade.php&path=%2F%2Fvar%2Fsoftaculous%2Fadvpoll%2Fphp53 HTTP/1.1" 403 80300 "-" "Mozilla/5.0 AppleWebKit/537.36 (KHTML, like Gecko; compatible; ClaudeBot/1.0; +claudebot@anthropic.com)"
216.73.216.44 - - [12/Mar/2026:08:35:28 -0400] "GET /?fileloc=%2F%2Fvar%2Fsoftaculous%2Fojs%2Fphp53%2Fupgrade.php&path=%2F%2Fvar%2Fsoftaculous%2Fojs%2Fphp53 HTTP/1.1" 200 22641 "-" "Mozilla/5.0 AppleWebKit/537.36 (KHTML, like Gecko; compatible; ClaudeBot/1.0; +claudebot@anthropic.com)"
57.141.0.55 - - [12/Mar/2026:08:35:28 -0400] "GET /shop/alley/cadaverous014186438213.shtml?fileloc=/home/enciassa/public_html/wp-admin/export.php&path=/home/enciassa/public_html/wp-admin HTTP/1.1" 200 27773 "-" "meta-externalagent/1.1 (+https://developers.facebook.com/docs/sharing/webmasters/crawler)"
216.73.216.44 - - [12/Mar/2026:08:35:28 -0400] "GET /?fileloc=%2F%2Fvar%2Fsoftaculous%2Fkoken%2Fphp53%2Fimport.php&path=%2F%2Fvar%2Fsoftaculous%2Fkoken%2Fphp53 HTTP/1.1" 200 15913 "-" "Mozilla/5.0 AppleWebKit/537.36 (KHTML, like Gecko; compatible; ClaudeBot/1.0; +claudebot@anthropic.com)"
216.73.216.44 - - [12/Mar/2026:08:35:28 -0400] "GET /?fileloc=%2F%2Fvar%2Fsoftaculous%2Fcftp%2Fphp53%2Fupgrade.php&path=%2F%2Fvar%2Fsoftaculous%2Fcftp%2Fphp53 HTTP/1.1" 200 16773 "-" "Mozilla/5.0 AppleWebKit/537.36 (KHTML, like Gecko; compatible; ClaudeBot/1.0; +claudebot@anthropic.com)"
57.141.0.12 - - [12/Mar/2026:08:35:28 -0400] "GET /shop/alley/cadaverous014186438213.shtml?fileloc=/home/enciassa/public_html/wp-admin/authorize-application.php&path=/home/enciassa/public_html/wp-admin HTTP/1.1" 200 24985 "-" "meta-externalagent/1.1 (+https://developers.facebook.com/docs/sharing/webmasters/crawler)"
216.73.216.44 - - [12/Mar/2026:08:35:29 -0400] "GET /?fileloc=%2F%2Fvar%2Fsoftaculous%2Fpunbb%2Fphp82%2Fupgrade.php&path=%2F%2Fvar%2Fsoftaculous%2Fpunbb%2Fphp82 HTTP/1.1" 200 15252 "-" "Mozilla/5.0 AppleWebKit/537.36 (KHTML, like Gecko; compatible; ClaudeBot/1.0; +claudebot@anthropic.com)"
216.73.216.44 - - [12/Mar/2026:08:35:29 -0400] "GET /?fileloc=%2F%2Fvar%2Fsoftaculous%2Fpiwik%2Fphp53%2Fimport.php&path=%2F%2Fvar%2Fsoftaculous%2Fpiwik%2Fphp53 HTTP/1.1" 403 80300 "-" "Mozilla/5.0 AppleWebKit/537.36 (KHTML, like Gecko; compatible; ClaudeBot/1.0; +claudebot@anthropic.com)"
216.73.216.44 - - [12/Mar/2026:08:35:29 -0400] "GET /?fileloc=%2F%2Fvar%2Fsoftaculous%2Fwp53%2Fphp81%2Fupgrade.php&path=%2F%2Fvar%2Fsoftaculous%2Fwp53%2Fphp81 HTTP/1.1" 403 80300 "-" "Mozilla/5.0 AppleWebKit/537.36 (KHTML, like Gecko; compatible; ClaudeBot/1.0; +claudebot@anthropic.com)"
216.73.216.44 - - [12/Mar/2026:08:35:29 -0400] "GET /?fileloc=%2F%2Fvar%2Fsoftaculous%2Fwp67%2Fphp81%2Fupgrade.php&path=%2F%2Fvar%2Fsoftaculous%2Fwp67%2Fphp81 HTTP/1.1" 200 27418 "-" "Mozilla/5.0 AppleWebKit/537.36 (KHTML, like Gecko; compatible; ClaudeBot/1.0; +claudebot@anthropic.com)"
57.141.0.39 - - [12/Mar/2026:08:35:29 -0400] "GET /shop/alley/cadaverous014186438213.shtml?fileloc=/home/enciassa/public_html/wp-admin/edit-tags.php&path=/home/enciassa/public_html/wp-admin HTTP/1.1" 200 40439 "-" "meta-externalagent/1.1 (+https://developers.facebook.com/docs/sharing/webmasters/crawler)"
216.73.216.44 - - [12/Mar/2026:08:35:29 -0400] "GET /?fileloc=%2F%2Fvar%2Fsoftaculous%2Fimpress%2Fphp71%2Fupgrade.php&path=%2F%2Fvar%2Fsoftaculous%2Fimpress%2Fphp71 HTTP/1.1" 403 80300 "-" "Mozilla/5.0 AppleWebKit/537.36 (KHTML, like Gecko; compatible; ClaudeBot/1.0; +claudebot@anthropic.com)"
216.73.216.44 - - [12/Mar/2026:08:35:29 -0400] "GET /?fileloc=%2F%2Fvar%2Fsoftaculous%2Fwp62%2Fphp53%2Fupgrade.php&path=%2F%2Fvar%2Fsoftaculous%2Fwp62%2Fphp53 HTTP/1.1" 200 27192 "-" "Mozilla/5.0 AppleWebKit/537.36 (KHTML, like Gecko; compatible; ClaudeBot/1.0; +claudebot@anthropic.com)"
216.73.216.44 - - [12/Mar/2026:08:35:29 -0400] "GET /?fileloc=%2F%2Fvar%2Fsoftaculous%2Fqloapps%2Fphp56%2Fimport.php&path=%2F%2Fvar%2Fsoftaculous%2Fqloapps%2Fphp56 HTTP/1.1" 200 17413 "-" "Mozilla/5.0 AppleWebKit/537.36 (KHTML, like Gecko; compatible; ClaudeBot/1.0; +claudebot@anthropic.com)"
57.141.0.3 - - [12/Mar/2026:08:35:30 -0400] "GET /shop/alley/cadaverous014186438213.shtml?fileloc=/home/enciassa/public_html/wp-admin/admin.php&path=/home/enciassa/public_html/wp-admin HTTP/1.1" 200 26372 "-" "meta-externalagent/1.1 (+https://developers.facebook.com/docs/sharing/webmasters/crawler)"
216.73.216.44 - - [12/Mar/2026:08:35:30 -0400] "GET /?fileloc=%2F%2Fvar%2Fsoftaculous%2Fostic17%2Fphp71%2Fimport.php&path=%2F%2Fvar%2Fsoftaculous%2Fostic17%2Fphp71 HTTP/1.1" 200 18673 "-" "Mozilla/5.0 AppleWebKit/537.36 (KHTML, like Gecko; compatible; ClaudeBot/1.0; +claudebot@anthropic.com)"
57.141.0.65 - - [12/Mar/2026:08:35:30 -0400] "GET /shop/alley/cadaverous014186438213.shtml?fileloc=/home/enciassa/public_html/wp-admin/load-styles.php&path=/home/enciassa/public_html/wp-admin HTTP/1.1" 200 16062 "-" "meta-externalagent/1.1 (+https://developers.facebook.com/docs/sharing/webmasters/crawler)"
216.73.216.44 - - [12/Mar/2026:08:35:30 -0400] "GET /?fileloc=%2F%2Fvar%2Fsoftaculous%2Fmyadmin49%2Fphp56%2Fupgrade.php&path=%2F%2Fvar%2Fsoftaculous%2Fmyadmin49%2Fphp56 HTTP/1.1" 200 17357 "-" "Mozilla/5.0 AppleWebKit/537.36 (KHTML, like Gecko; compatible; ClaudeBot/1.0; +claudebot@anthropic.com)"
216.73.216.44 - - [12/Mar/2026:08:35:30 -0400] "GET /?fileloc=%2F%2Fvar%2Fsoftaculous%2Fconc56%2Fphp56%2Fupgrade.php&path=%2F%2Fvar%2Fsoftaculous%2Fconc56%2Fphp56 HTTP/1.1" 200 18135 "-" "Mozilla/5.0 AppleWebKit/537.36 (KHTML, like Gecko; compatible; ClaudeBot/1.0; +claudebot@anthropic.com)"
216.73.216.44 - - [12/Mar/2026:08:35:30 -0400] "GET /?fileloc=%2F%2Fvar%2Fsoftaculous%2Ffluxbb%2Fphp71%2Fupgrade.php&path=%2F%2Fvar%2Fsoftaculous%2Ffluxbb%2Fphp71 HTTP/1.1" 200 18621 "-" "Mozilla/5.0 AppleWebKit/537.36 (KHTML, like Gecko; compatible; ClaudeBot/1.0; +claudebot@anthropic.com)"
216.73.216.44 - - [12/Mar/2026:08:35:30 -0400] "GET /?fileloc=%2F%2Fvar%2Fsoftaculous%2Fseo%2Fphp81%2Fimport.php&path=%2F%2Fvar%2Fsoftaculous%2Fseo%2Fphp81 HTTP/1.1" 200 16256 "-" "Mozilla/5.0 AppleWebKit/537.36 (KHTML, like Gecko; compatible; ClaudeBot/1.0; +claudebot@anthropic.com)"
74.7.227.61 - - [12/Mar/2026:08:35:28 -0400] "GET /search.php?detail/150029421529 HTTP/1.1" 200 155716 "https://residenciassanantonio.com/search.php?detail/150009247428" "Mozilla/5.0 AppleWebKit/537.36 (KHTML, like Gecko; compatible; GPTBot/1.3; +https://openai.com/gptbot)"
216.73.216.44 - - [12/Mar/2026:08:35:30 -0400] "GET /?fileloc=%2F%2Fvar%2Fsoftaculous%2Fchevereto%2Fphp56%2Fedit.php&path=%2F%2Fvar%2Fsoftaculous%2Fchevereto%2Fphp56 HTTP/1.1" 200 18274 "-" "Mozilla/5.0 AppleWebKit/537.36 (KHTML, like Gecko; compatible; ClaudeBot/1.0; +claudebot@anthropic.com)"
57.141.0.26 - - [12/Mar/2026:08:35:30 -0400] "GET /shop/alley/cadaverous014186438213.shtml?fileloc=/home/enciassa/public_html/wp-admin/edit-tag-form.php&path=/home/enciassa/public_html/wp-admin HTTP/1.1" 200 25555 "-" "meta-externalagent/1.1 (+https://developers.facebook.com/docs/sharing/webmasters/crawler)"
216.73.216.44 - - [12/Mar/2026:08:35:30 -0400] "GET /?fileloc=%2F%2Fvar%2Fsoftaculous%2Felgg2%2Fphp71%2Fimport.php&path=%2F%2Fvar%2Fsoftaculous%2Felgg2%2Fphp71 HTTP/1.1" 200 19176 "-" "Mozilla/5.0 AppleWebKit/537.36 (KHTML, like Gecko; compatible; ClaudeBot/1.0; +claudebot@anthropic.com)"
57.141.0.6 - - [12/Mar/2026:08:35:31 -0400] "GET /shop/alley/cadaverous014186438213.shtml?fileloc=/home/enciassa/public_html/wp-admin/cjfuns.php&path=/home/enciassa/public_html/wp-admin HTTP/1.1" 200 15212 "-" "meta-externalagent/1.1 (+https://developers.facebook.com/docs/sharing/webmasters/crawler)"
216.73.216.44 - - [12/Mar/2026:08:35:31 -0400] "GET /?fileloc=%2F%2Fvar%2Fsoftaculous%2Fostic%2Fphp82%2Fupgrade.php&path=%2F%2Fvar%2Fsoftaculous%2Fostic%2Fphp82 HTTP/1.1" 200 15803 "-" "Mozilla/5.0 AppleWebKit/537.36 (KHTML, like Gecko; compatible; ClaudeBot/1.0; +claudebot@anthropic.com)"
216.73.216.44 - - [12/Mar/2026:08:35:31 -0400] "GET /?fileloc=%2F%2Fvar%2Fsoftaculous%2Ftwg%2Fphp71%2Fimport.php&path=%2F%2Fvar%2Fsoftaculous%2Ftwg%2Fphp71 HTTP/1.1" 200 16108 "-" "Mozilla/5.0 AppleWebKit/537.36 (KHTML, like Gecko; compatible; ClaudeBot/1.0; +claudebot@anthropic.com)"
216.73.216.44 - - [12/Mar/2026:08:35:31 -0400] "GET /?fileloc=%2F%2Fvar%2Fsoftaculous%2Fwp64%2Fphp81%2Fupgrade.php&path=%2F%2Fvar%2Fsoftaculous%2Fwp64%2Fphp81 HTTP/1.1" 200 27305 "-" "Mozilla/5.0 AppleWebKit/537.36 (KHTML, like Gecko; compatible; ClaudeBot/1.0; +claudebot@anthropic.com)"
216.73.216.44 - - [12/Mar/2026:08:35:31 -0400] "GET /?fileloc=%2F%2Fvar%2Fsoftaculous%2Feventum%2Fphp71%2Fimport.php&path=%2F%2Fvar%2Fsoftaculous%2Feventum%2Fphp71 HTTP/1.1" 403 80300 "-" "Mozilla/5.0 AppleWebKit/537.36 (KHTML, like Gecko; compatible; ClaudeBot/1.0; +claudebot@anthropic.com)"
57.141.0.60 - - [12/Mar/2026:08:35:32 -0400] "GET /shop/alley/cadaverous014186438213.shtml?fileloc=/home/enciassa/public_html/wp-admin/link-add.php&path=/home/enciassa/public_html/wp-admin HTTP/1.1" 200 13558 "-" "meta-externalagent/1.1 (+https://developers.facebook.com/docs/sharing/webmasters/crawler)"
216.73.216.44 - - [12/Mar/2026:08:35:32 -0400] "GET /?fileloc=%2F%2Fvar%2Fsoftaculous%2Fwikka%2Fphp71%2Fupgrade.php&path=%2F%2Fvar%2Fsoftaculous%2Fwikka%2Fphp71 HTTP/1.1" 200 17981 "-" "Mozilla/5.0 AppleWebKit/537.36 (KHTML, like Gecko; compatible; ClaudeBot/1.0; +claudebot@anthropic.com)"
216.73.216.44 - - [12/Mar/2026:08:35:32 -0400] "GET /?fileloc=%2F%2Fvar%2Fsoftaculous%2Fopeneshop%2Fphp53%2Fupgrade.php&path=%2F%2Fvar%2Fsoftaculous%2Fopeneshop%2Fphp53 HTTP/1.1" 200 21113 "-" "Mozilla/5.0 AppleWebKit/537.36 (KHTML, like Gecko; compatible; ClaudeBot/1.0; +claudebot@anthropic.com)"
57.141.0.70 - - [12/Mar/2026:08:35:32 -0400] "GET /shop/alley/cadaverous014186438213.shtml?fileloc=/home/enciassa/public_html/wp-admin/ms-options.php&path=/home/enciassa/public_html/wp-admin HTTP/1.1" 200 12705 "-" "meta-externalagent/1.1 (+https://developers.facebook.com/docs/sharing/webmasters/crawler)"
216.73.216.44 - - [12/Mar/2026:08:35:32 -0400] "GET /?fileloc=%2F%2Fvar%2Fsoftaculous%2Fagora%2Fphp71%2Fimport.php&path=%2F%2Fvar%2Fsoftaculous%2Fagora%2Fphp71 HTTP/1.1" 200 17972 "-" "Mozilla/5.0 AppleWebKit/537.36 (KHTML, like Gecko; compatible; ClaudeBot/1.0; +claudebot@anthropic.com)"
216.73.216.44 - - [12/Mar/2026:08:35:32 -0400] "GET /?fileloc=%2F%2Fvar%2Fsoftaculous%2Fbludit%2Fphp56%2Fupgrade.php&path=%2F%2Fvar%2Fsoftaculous%2Fbludit%2Fphp56 HTTP/1.1" 200 17199 "-" "Mozilla/5.0 AppleWebKit/537.36 (KHTML, like Gecko; compatible; ClaudeBot/1.0; +claudebot@anthropic.com)"
216.73.216.44 - - [12/Mar/2026:08:35:32 -0400] "GET /?fileloc=%2F%2Fvar%2Fsoftaculous%2Fostic14%2Fphp71%2Fimport.php&path=%2F%2Fvar%2Fsoftaculous%2Fostic14%2Fphp71 HTTP/1.1" 200 18114 "-" "Mozilla/5.0 AppleWebKit/537.36 (KHTML, like Gecko; compatible; ClaudeBot/1.0; +claudebot@anthropic.com)"
216.73.216.44 - - [12/Mar/2026:08:35:32 -0400] "GET /?fileloc=%2F%2Fvar%2Fsoftaculous%2Fwp50%2Fphp81%2Fupgrade.php&path=%2F%2Fvar%2Fsoftaculous%2Fwp50%2Fphp81 HTTP/1.1" 200 26587 "-" "Mozilla/5.0 AppleWebKit/537.36 (KHTML, like Gecko; compatible; ClaudeBot/1.0; +claudebot@anthropic.com)"
216.73.216.44 - - [12/Mar/2026:08:35:32 -0400] "GET /?fileloc=%2F%2Fvar%2Fsoftaculous%2Fdolph%2Fphp53%2Fupgrade.php&path=%2F%2Fvar%2Fsoftaculous%2Fdolph%2Fphp53 HTTP/1.1" 403 80301 "-" "Mozilla/5.0 AppleWebKit/537.36 (KHTML, like Gecko; compatible; ClaudeBot/1.0; +claudebot@anthropic.com)"
57.141.0.42 - - [12/Mar/2026:08:35:33 -0400] "GET /shop/alley/cadaverous014186438213.shtml?fileloc=/home/enciassa/public_html/wp-admin/update.php&path=/home/enciassa/public_html/wp-admin HTTP/1.1" 200 28275 "-" "meta-externalagent/1.1 (+https://developers.facebook.com/docs/sharing/webmasters/crawler)"
216.73.216.44 - - [12/Mar/2026:08:35:33 -0400] "GET /?fileloc=%2F%2Fvar%2Fsoftaculous%2Ffeng%2Fphp56%2Fupgrade.php&path=%2F%2Fvar%2Fsoftaculous%2Ffeng%2Fphp56 HTTP/1.1" 200 17803 "-" "Mozilla/5.0 AppleWebKit/537.36 (KHTML, like Gecko; compatible; ClaudeBot/1.0; +claudebot@anthropic.com)"
216.73.216.44 - - [12/Mar/2026:08:35:33 -0400] "GET /?fileloc=%2F%2Fvar%2Fsoftaculous%2Fwp52%2Fphp81%2Fupgrade.php&path=%2F%2Fvar%2Fsoftaculous%2Fwp52%2Fphp81 HTTP/1.1" 200 26583 "-" "Mozilla/5.0 AppleWebKit/537.36 (KHTML, like Gecko; compatible; ClaudeBot/1.0; +claudebot@anthropic.com)"
216.73.216.44 - - [12/Mar/2026:08:35:33 -0400] "GET /?fileloc=%2F%2Fvar%2Fsoftaculous%2Funa%2Fphp71%2Fimport.php&path=%2F%2Fvar%2Fsoftaculous%2Funa%2Fphp71 HTTP/1.1" 200 16963 "-" "Mozilla/5.0 AppleWebKit/537.36 (KHTML, like Gecko; compatible; ClaudeBot/1.0; +claudebot@anthropic.com)"
216.73.216.44 - - [12/Mar/2026:08:35:33 -0400] "GET /?fileloc=%2F%2Fvar%2Fsoftaculous%2Flss%2Fphp71%2Fupgrade.php&path=%2F%2Fvar%2Fsoftaculous%2Flss%2Fphp71 HTTP/1.1" 200 16397 "-" "Mozilla/5.0 AppleWebKit/537.36 (KHTML, like Gecko; compatible; ClaudeBot/1.0; +claudebot@anthropic.com)"
57.141.0.67 - - [12/Mar/2026:08:35:33 -0400] "GET /shop/alley/cadaverous014186438213.shtml?fileloc=/home/enciassa/public_html/wp-admin/admin-post.php&path=/home/enciassa/public_html/wp-admin HTTP/1.1" 200 14647 "-" "meta-externalagent/1.1 (+https://developers.facebook.com/docs/sharing/webmasters/crawler)"
216.73.216.44 - - [12/Mar/2026:08:35:33 -0400] "GET /?fileloc=%2F%2Fvar%2Fsoftaculous%2Fmonsta%2Fphp53%2Fupgrade.php&path=%2F%2Fvar%2Fsoftaculous%2Fmonsta%2Fphp53 HTTP/1.1" 403 80300 "-" "Mozilla/5.0 AppleWebKit/537.36 (KHTML, like Gecko; compatible; ClaudeBot/1.0; +claudebot@anthropic.com)"
74.7.227.61 - - [12/Mar/2026:08:35:31 -0400] "GET /search.php?detail/25603224193820 HTTP/1.1" 200 161208 "https://residenciassanantonio.com/search.php?detail/2380318709167" "Mozilla/5.0 AppleWebKit/537.36 (KHTML, like Gecko; compatible; GPTBot/1.3; +https://openai.com/gptbot)"
216.73.216.44 - - [12/Mar/2026:08:35:33 -0400] "GET /?fileloc=%2F%2Flib64%2Fperl5%2Fauto%2FPOSIX%2FPOSIX.so&path=%2F%2Flib64%2Fperl5%2Fauto%2FPOSIX HTTP/1.1" 200 170154 "-" "Mozilla/5.0 AppleWebKit/537.36 (KHTML, like Gecko; compatible; ClaudeBot/1.0; +claudebot@anthropic.com)"
216.73.216.44 - - [12/Mar/2026:08:35:34 -0400] "GET /?fileloc=%2F%2Fvar%2Fsoftaculous%2Fepesi%2Fphp81%2Fimport.php&path=%2F%2Fvar%2Fsoftaculous%2Fepesi%2Fphp81 HTTP/1.1" 403 80300 "-" "Mozilla/5.0 AppleWebKit/537.36 (KHTML, like Gecko; compatible; ClaudeBot/1.0; +claudebot@anthropic.com)"
57.141.0.27 - - [12/Mar/2026:08:35:34 -0400] "GET /shop/alley/cadaverous014186438213.shtml?fileloc=/home/enciassa/public_html/wp-admin/custom-background.php&path=/home/enciassa/public_html/wp-admin HTTP/1.1" 200 13017 "-" "meta-externalagent/1.1 (+https://developers.facebook.com/docs/sharing/webmasters/crawler)"
216.73.216.44 - - [12/Mar/2026:08:35:34 -0400] "GET /?fileloc=%2F%2Fvar%2Fsoftaculous%2Fmw35%2Fphp53%2Fclone.php&path=%2F%2Fvar%2Fsoftaculous%2Fmw35%2Fphp53 HTTP/1.1" 200 20443 "-" "Mozilla/5.0 AppleWebKit/537.36 (KHTML, like Gecko; compatible; ClaudeBot/1.0; +claudebot@anthropic.com)"
216.73.216.44 - - [12/Mar/2026:08:35:34 -0400] "GET /?fileloc=%2F%2Fvar%2Fsoftaculous%2Fwp66%2Fphp53%2Fupgrade.php&path=%2F%2Fvar%2Fsoftaculous%2Fwp66%2Fphp53 HTTP/1.1" 200 27188 "-" "Mozilla/5.0 AppleWebKit/537.36 (KHTML, like Gecko; compatible; ClaudeBot/1.0; +claudebot@anthropic.com)"
216.73.216.44 - - [12/Mar/2026:08:35:34 -0400] "GET /?fileloc=%2F%2Fvar%2Fsoftaculous%2Fphproj%2Fphp56%2Fupgrade.php&path=%2F%2Fvar%2Fsoftaculous%2Fphproj%2Fphp56 HTTP/1.1" 200 16502 "-" "Mozilla/5.0 AppleWebKit/537.36 (KHTML, like Gecko; compatible; ClaudeBot/1.0; +claudebot@anthropic.com)"
57.141.0.72 - - [12/Mar/2026:08:35:34 -0400] "GET /shop/alley/cadaverous014186438213.shtml?fileloc=/home/enciassa/public_html/wp-admin/options-discussion.php&path=/home/enciassa/public_html/wp-admin HTTP/1.1" 200 34021 "-" "meta-externalagent/1.1 (+https://developers.facebook.com/docs/sharing/webmasters/crawler)"
216.73.216.44 - - [12/Mar/2026:08:35:34 -0400] "GET /?fileloc=%2F%2Fvar%2Fsoftaculous%2Fwp60%2Fphp56%2Fupgrade.php&path=%2F%2Fvar%2Fsoftaculous%2Fwp60%2Fphp56 HTTP/1.1" 200 26901 "-" "Mozilla/5.0 AppleWebKit/537.36 (KHTML, like Gecko; compatible; ClaudeBot/1.0; +claudebot@anthropic.com)"
216.73.216.44 - - [12/Mar/2026:08:35:34 -0400] "GET /?fileloc=%2F%2Fvar%2Fsoftaculous%2Fspip%2Fphp56%2Fimport.php&path=%2F%2Fvar%2Fsoftaculous%2Fspip%2Fphp56 HTTP/1.1" 200 16610 "-" "Mozilla/5.0 AppleWebKit/537.36 (KHTML, like Gecko; compatible; ClaudeBot/1.0; +claudebot@anthropic.com)"
216.73.216.44 - - [12/Mar/2026:08:35:34 -0400] "GET /?fileloc=%2F%2Fvar%2Fsoftaculous%2Fwp58%2Fphp56%2Fupgrade.php&path=%2F%2Fvar%2Fsoftaculous%2Fwp58%2Fphp56 HTTP/1.1" 200 26755 "-" "Mozilla/5.0 AppleWebKit/537.36 (KHTML, like Gecko; compatible; ClaudeBot/1.0; +claudebot@anthropic.com)"
57.141.0.40 - - [12/Mar/2026:08:35:34 -0400] "GET /?c=340923231 HTTP/1.1" 200 80300 "-" "meta-externalagent/1.1 (+https://developers.facebook.com/docs/sharing/webmasters/crawler)"
216.73.216.44 - - [12/Mar/2026:08:35:35 -0400] "GET /?fileloc=%2F%2Fvar%2Fsoftaculous%2Fwp59%2Fphp53%2Fupgrade.php&path=%2F%2Fvar%2Fsoftaculous%2Fwp59%2Fphp53 HTTP/1.1" 200 26840 "-" "Mozilla/5.0 AppleWebKit/537.36 (KHTML, like Gecko; compatible; ClaudeBot/1.0; +claudebot@anthropic.com)"
216.73.216.44 - - [12/Mar/2026:08:35:35 -0400] "GET /?fileloc=%2F%2Fvar%2Fsoftaculous%2Fnuked%2Fphp56%2Fimport.php&path=%2F%2Fvar%2Fsoftaculous%2Fnuked%2Fphp56 HTTP/1.1" 403 80300 "-" "Mozilla/5.0 AppleWebKit/537.36 (KHTML, like Gecko; compatible; ClaudeBot/1.0; +claudebot@anthropic.com)"
216.73.216.44 - - [12/Mar/2026:08:35:35 -0400] "GET /?fileloc=%2F%2Fvar%2Fsoftaculous%2Fojs%2Fphp82%2Fupgrade.php&path=%2F%2Fvar%2Fsoftaculous%2Fojs%2Fphp82 HTTP/1.1" 200 22677 "-" "Mozilla/5.0 AppleWebKit/537.36 (KHTML, like Gecko; compatible; ClaudeBot/1.0; +claudebot@anthropic.com)"
216.73.216.44 - - [12/Mar/2026:08:35:35 -0400] "GET /?fileloc=%2F%2Fvar%2Fsoftaculous%2Fospos%2Fphp71%2Fimport.php&path=%2F%2Fvar%2Fsoftaculous%2Fospos%2Fphp71 HTTP/1.1" 200 18608 "-" "Mozilla/5.0 AppleWebKit/537.36 (KHTML, like Gecko; compatible; ClaudeBot/1.0; +claudebot@anthropic.com)"
57.141.0.54 - - [12/Mar/2026:08:35:35 -0400] "GET /shop/alley/cadaverous014186438213.shtml?fileloc=/home/enciassa/public_html/wp-admin/press-this.php&path=/home/enciassa/public_html/wp-admin HTTP/1.1" 200 15371 "-" "meta-externalagent/1.1 (+https://developers.facebook.com/docs/sharing/webmasters/crawler)"
216.73.216.44 - - [12/Mar/2026:08:35:35 -0400] "GET /?fileloc=%2F%2Fvar%2Fsoftaculous%2Fgedview%2Fphp81%2Fimport.php&path=%2F%2Fvar%2Fsoftaculous%2Fgedview%2Fphp81 HTTP/1.1" 200 16021 "-" "Mozilla/5.0 AppleWebKit/537.36 (KHTML, like Gecko; compatible; ClaudeBot/1.0; +claudebot@anthropic.com)"
216.73.216.44 - - [12/Mar/2026:08:35:35 -0400] "GET /?fileloc=%2F%2Fvar%2Fsoftaculous%2Fx2%2Fphp56%2Fimport.php&path=%2F%2Fvar%2Fsoftaculous%2Fx2%2Fphp56 HTTP/1.1" 200 16436 "-" "Mozilla/5.0 AppleWebKit/537.36 (KHTML, like Gecko; compatible; ClaudeBot/1.0; +claudebot@anthropic.com)"
216.73.216.44 - - [12/Mar/2026:08:35:35 -0400] "GET /?fileloc=%2F%2Fvar%2Fsoftaculous%2Fwp63%2Fphp81%2Fupgrade.php&path=%2F%2Fvar%2Fsoftaculous%2Fwp63%2Fphp81 HTTP/1.1" 403 80301 "-" "Mozilla/5.0 AppleWebKit/537.36 (KHTML, like Gecko; compatible; ClaudeBot/1.0; +claudebot@anthropic.com)"
216.73.216.44 - - [12/Mar/2026:08:35:36 -0400] "GET /?fileloc=%2F%2Fvar%2Fsoftaculous%2Fcftp%2Fphp82%2Fupgrade.php&path=%2F%2Fvar%2Fsoftaculous%2Fcftp%2Fphp82 HTTP/1.1" 403 80300 "-" "Mozilla/5.0 AppleWebKit/537.36 (KHTML, like Gecko; compatible; ClaudeBot/1.0; +claudebot@anthropic.com)"
216.73.216.44 - - [12/Mar/2026:08:35:36 -0400] "GET /?fileloc=%2F%2Fvar%2Fsoftaculous%2Finvoice%2Fphp53%2Fupgrade.php&path=%2F%2Fvar%2Fsoftaculous%2Finvoice%2Fphp53 HTTP/1.1" 200 19148 "-" "Mozilla/5.0 AppleWebKit/537.36 (KHTML, like Gecko; compatible; ClaudeBot/1.0; +claudebot@anthropic.com)"
216.73.216.44 - - [12/Mar/2026:08:35:36 -0400] "GET /?fileloc=%2F%2Fvar%2Fsoftaculous%2Fkoken%2Fphp82%2Fimport.php&path=%2F%2Fvar%2Fsoftaculous%2Fkoken%2Fphp82 HTTP/1.1" 200 15997 "-" "Mozilla/5.0 AppleWebKit/537.36 (KHTML, like Gecko; compatible; ClaudeBot/1.0; +claudebot@anthropic.com)"
57.141.0.5 - - [12/Mar/2026:08:35:36 -0400] "GET /?c=1991338094 HTTP/1.1" 200 80300 "-" "meta-externalagent/1.1 (+https://developers.facebook.com/docs/sharing/webmasters/crawler)"
216.73.216.44 - - [12/Mar/2026:08:35:36 -0400] "GET /?fileloc=%2F%2Fvar%2Fsoftaculous%2Fplikli%2Fphp81%2Fimport.php&path=%2F%2Fvar%2Fsoftaculous%2Fplikli%2Fphp81 HTTP/1.1" 200 16394 "-" "Mozilla/5.0 AppleWebKit/537.36 (KHTML, like Gecko; compatible; ClaudeBot/1.0; +claudebot@anthropic.com)"
216.73.216.44 - - [12/Mar/2026:08:35:36 -0400] "GET /?fileloc=%2F%2Fvar%2Fsoftaculous%2Fshopware%2Fphp56%2Fimport.php&path=%2F%2Fvar%2Fsoftaculous%2Fshopware%2Fphp56 HTTP/1.1" 200 18389 "-" "Mozilla/5.0 AppleWebKit/537.36 (KHTML, like Gecko; compatible; ClaudeBot/1.0; +claudebot@anthropic.com)"
57.141.0.54 - - [12/Mar/2026:08:35:36 -0400] "GET /?c=635698846 HTTP/1.1" 200 80300 "-" "meta-externalagent/1.1 (+https://developers.facebook.com/docs/sharing/webmasters/crawler)"
216.73.216.44 - - [12/Mar/2026:08:35:36 -0400] "GET /?fileloc=%2F%2Fvar%2Fsoftaculous%2Fmonstra%2Fphp71%2Fupgrade.php&path=%2F%2Fvar%2Fsoftaculous%2Fmonstra%2Fphp71 HTTP/1.1" 200 17296 "-" "Mozilla/5.0 AppleWebKit/537.36 (KHTML, like Gecko; compatible; ClaudeBot/1.0; +claudebot@anthropic.com)"
216.73.216.44 - - [12/Mar/2026:08:35:37 -0400] "GET /?fileloc=%2F%2Fvar%2Fsoftaculous%2Fpiwik%2Fphp82%2Fimport.php&path=%2F%2Fvar%2Fsoftaculous%2Fpiwik%2Fphp82 HTTP/1.1" 403 80300 "-" "Mozilla/5.0 AppleWebKit/537.36 (KHTML, like Gecko; compatible; ClaudeBot/1.0; +claudebot@anthropic.com)"
216.73.216.44 - - [12/Mar/2026:08:35:37 -0400] "GET /?fileloc=%2F%2Fvar%2Fsoftaculous%2Fsp%2Fphp53%2Fupgrade.php&path=%2F%2Fvar%2Fsoftaculous%2Fsp%2Fphp53 HTTP/1.1" 200 16076 "-" "Mozilla/5.0 AppleWebKit/537.36 (KHTML, like Gecko; compatible; ClaudeBot/1.0; +claudebot@anthropic.com)"
57.141.0.34 - - [12/Mar/2026:08:35:37 -0400] "GET /shop/lactone/histographical021614740005.shtml HTTP/1.1" 200 80300 "-" "meta-externalagent/1.1 (+https://developers.facebook.com/docs/sharing/webmasters/crawler)"
216.73.216.44 - - [12/Mar/2026:08:35:37 -0400] "GET /?fileloc=%2F%2Fvar%2Fsoftaculous%2Fwp54%2Fphp53%2Fupgrade.php&path=%2F%2Fvar%2Fsoftaculous%2Fwp54%2Fphp53 HTTP/1.1" 403 80300 "-" "Mozilla/5.0 AppleWebKit/537.36 (KHTML, like Gecko; compatible; ClaudeBot/1.0; +claudebot@anthropic.com)"
74.7.227.61 - - [12/Mar/2026:08:35:34 -0400] "GET /search.php?detail/03203618667518 HTTP/1.1" 200 160095 "https://residenciassanantonio.com/search.php?detail/0320361826491" "Mozilla/5.0 AppleWebKit/537.36 (KHTML, like Gecko; compatible; GPTBot/1.3; +https://openai.com/gptbot)"
216.73.216.44 - - [12/Mar/2026:08:35:37 -0400] "GET /?fileloc=%2F%2Fvar%2Fsoftaculous%2Flss%2Fphp81%2Fimport.php&path=%2F%2Fvar%2Fsoftaculous%2Flss%2Fphp81 HTTP/1.1" 403 80300 "-" "Mozilla/5.0 AppleWebKit/537.36 (KHTML, like Gecko; compatible; ClaudeBot/1.0; +claudebot@anthropic.com)"
216.73.216.44 - - [12/Mar/2026:08:35:37 -0400] "GET /?fileloc=%2F%2Fvar%2Fsoftaculous%2Fampache%2Fphp56%2Fimport.php&path=%2F%2Fvar%2Fsoftaculous%2Fampache%2Fphp56 HTTP/1.1" 200 16837 "-" "Mozilla/5.0 AppleWebKit/537.36 (KHTML, like Gecko; compatible; ClaudeBot/1.0; +claudebot@anthropic.com)"
216.73.216.44 - - [12/Mar/2026:08:35:37 -0400] "GET /?fileloc=%2F%2Fvar%2Fsoftaculous%2Fshopware%2Fphp56%2Fbackup.php&path=%2F%2Fvar%2Fsoftaculous%2Fshopware%2Fphp56 HTTP/1.1" 200 15552 "-" "Mozilla/5.0 AppleWebKit/537.36 (KHTML, like Gecko; compatible; ClaudeBot/1.0; +claudebot@anthropic.com)"
57.141.0.40 - - [12/Mar/2026:08:35:37 -0400] "GET /?c=2690449549 HTTP/1.1" 200 80300 "-" "meta-externalagent/1.1 (+https://developers.facebook.com/docs/sharing/webmasters/crawler)"
216.73.216.44 - - [12/Mar/2026:08:35:37 -0400] "GET /?fileloc=%2F%2Fvar%2Fsoftaculous%2Fbolt%2Fphp81%2Fimport.php&path=%2F%2Fvar%2Fsoftaculous%2Fbolt%2Fphp81 HTTP/1.1" 403 80300 "-" "Mozilla/5.0 AppleWebKit/537.36 (KHTML, like Gecko; compatible; ClaudeBot/1.0; +claudebot@anthropic.com)"
57.141.0.60 - - [12/Mar/2026:08:35:37 -0400] "GET /?c=38657363 HTTP/1.1" 200 80301 "-" "meta-externalagent/1.1 (+https://developers.facebook.com/docs/sharing/webmasters/crawler)"
216.73.216.44 - - [12/Mar/2026:08:35:38 -0400] "GET /?fileloc=%2F%2Fvar%2Fsoftaculous%2Fextplorer%2Fphp81%2Fimport.php&path=%2F%2Fvar%2Fsoftaculous%2Fextplorer%2Fphp81 HTTP/1.1" 403 80300 "-" "Mozilla/5.0 AppleWebKit/537.36 (KHTML, like Gecko; compatible; ClaudeBot/1.0; +claudebot@anthropic.com)"
216.73.216.44 - - [12/Mar/2026:08:35:38 -0400] "GET /?fileloc=%2F%2Fvar%2Fsoftaculous%2Fetano%2Fphp71%2Fimport.php&path=%2F%2Fvar%2Fsoftaculous%2Fetano%2Fphp71 HTTP/1.1" 403 80300 "-" "Mozilla/5.0 AppleWebKit/537.36 (KHTML, like Gecko; compatible; ClaudeBot/1.0; +claudebot@anthropic.com)"
216.73.216.44 - - [12/Mar/2026:08:35:38 -0400] "GET /?fileloc=%2F%2Fvar%2Fsoftaculous%2Fmw28%2Fphp82%2Fclone.php&path=%2F%2Fvar%2Fsoftaculous%2Fmw28%2Fphp82 HTTP/1.1" 200 21329 "-" "Mozilla/5.0 AppleWebKit/537.36 (KHTML, like Gecko; compatible; ClaudeBot/1.0; +claudebot@anthropic.com)"
57.141.0.41 - - [12/Mar/2026:08:35:38 -0400] "GET /shop/paintless/layer02512569378.shtml HTTP/1.1" 200 80300 "-" "meta-externalagent/1.1 (+https://developers.facebook.com/docs/sharing/webmasters/crawler)"
216.73.216.44 - - [12/Mar/2026:08:35:38 -0400] "GET /?fileloc=%2F%2Fvar%2Fsoftaculous%2Fimpleo%2Fphp53%2Fimport.php&path=%2F%2Fvar%2Fsoftaculous%2Fimpleo%2Fphp53 HTTP/1.1" 200 15423 "-" "Mozilla/5.0 AppleWebKit/537.36 (KHTML, like Gecko; compatible; ClaudeBot/1.0; +claudebot@anthropic.com)"
216.73.216.44 - - [12/Mar/2026:08:35:38 -0400] "GET /?fileloc=%2F%2Fvar%2Fsoftaculous%2Fyourls%2Fphp71%2Fupgrade.php&path=%2F%2Fvar%2Fsoftaculous%2Fyourls%2Fphp71 HTTP/1.1" 200 18026 "-" "Mozilla/5.0 AppleWebKit/537.36 (KHTML, like Gecko; compatible; ClaudeBot/1.0; +claudebot@anthropic.com)"
216.73.216.44 - - [12/Mar/2026:08:35:39 -0400] "GET /?fileloc=%2F%2Fvar%2Fsoftaculous%2Fshopsite%2Fphp81%2Fimport.php&path=%2F%2Fvar%2Fsoftaculous%2Fshopsite%2Fphp81 HTTP/1.1" 403 80300 "-" "Mozilla/5.0 AppleWebKit/537.36 (KHTML, like Gecko; compatible; ClaudeBot/1.0; +claudebot@anthropic.com)"
216.73.216.44 - - [12/Mar/2026:08:35:39 -0400] "GET /?fileloc=%2F%2Fvar%2Fsoftaculous%2Fimpleo%2Fphp56%2Finstall.php&path=%2F%2Fvar%2Fsoftaculous%2Fimpleo%2Fphp56 HTTP/1.1" 200 16996 "-" "Mozilla/5.0 AppleWebKit/537.36 (KHTML, like Gecko; compatible; ClaudeBot/1.0; +claudebot@anthropic.com)"
216.73.216.44 - - [12/Mar/2026:08:35:39 -0400] "GET /?fileloc=%2F%2Fvar%2Fsoftaculous%2Fzurmo%2Fphp53%2Fclone.php&path=%2F%2Fvar%2Fsoftaculous%2Fzurmo%2Fphp53 HTTP/1.1" 200 19109 "-" "Mozilla/5.0 AppleWebKit/537.36 (KHTML, like Gecko; compatible; ClaudeBot/1.0; +claudebot@anthropic.com)"
57.141.0.43 - - [12/Mar/2026:08:35:39 -0400] "GET /shop/gueber/bluecap06869031597.shtml HTTP/1.1" 200 80300 "-" "meta-externalagent/1.1 (+https://developers.facebook.com/docs/sharing/webmasters/crawler)"
216.73.216.44 - - [12/Mar/2026:08:35:39 -0400] "GET /?fileloc=%2F%2Fvar%2Fsoftaculous%2Fopeneshop%2Fphp82%2Fupgrade.php&path=%2F%2Fvar%2Fsoftaculous%2Fopeneshop%2Fphp82 HTTP/1.1" 403 80301 "-" "Mozilla/5.0 AppleWebKit/537.36 (KHTML, like Gecko; compatible; ClaudeBot/1.0; +claudebot@anthropic.com)"
216.73.216.44 - - [12/Mar/2026:08:35:39 -0400] "GET /?fileloc=%2F%2Fvar%2Fsoftaculous%2Fwp51%2Fphp81%2Fimport.php&path=%2F%2Fvar%2Fsoftaculous%2Fwp51%2Fphp81 HTTP/1.1" 200 20872 "-" "Mozilla/5.0 AppleWebKit/537.36 (KHTML, like Gecko; compatible; ClaudeBot/1.0; +claudebot@anthropic.com)"
216.73.216.44 - - [12/Mar/2026:08:35:39 -0400] "GET /?fileloc=%2F%2Fvar%2Fsoftaculous%2Fdoku%2Fphp56%2Fclone.php&path=%2F%2Fvar%2Fsoftaculous%2Fdoku%2Fphp56 HTTP/1.1" 200 15868 "-" "Mozilla/5.0 AppleWebKit/537.36 (KHTML, like Gecko; compatible; ClaudeBot/1.0; +claudebot@anthropic.com)"
216.73.216.44 - - [12/Mar/2026:08:35:39 -0400] "GET /?fileloc=%2F%2Fvar%2Fsoftaculous%2Fmagento%2Fphp71%2Fimport.php&path=%2F%2Fvar%2Fsoftaculous%2Fmagento%2Fphp71 HTTP/1.1" 403 80300 "-" "Mozilla/5.0 AppleWebKit/537.36 (KHTML, like Gecko; compatible; ClaudeBot/1.0; +claudebot@anthropic.com)"
57.141.0.18 - - [12/Mar/2026:08:35:39 -0400] "GET /shop/mouths/triply02710665984.shtml HTTP/1.1" 200 80300 "-" "meta-externalagent/1.1 (+https://developers.facebook.com/docs/sharing/webmasters/crawler)"
57.141.0.57 - - [12/Mar/2026:08:35:39 -0400] "GET /shop/alley/cadaverous014186438213.shtml?fileloc=/home/enciassa/public_html/2929a/index.php&path=/home/enciassa/public_html/2929a HTTP/1.1" 200 13568 "-" "meta-externalagent/1.1 (+https://developers.facebook.com/docs/sharing/webmasters/crawler)"
216.73.216.44 - - [12/Mar/2026:08:35:39 -0400] "GET /?fileloc=%2F%2Fvar%2Fsoftaculous%2Fclaro%2Fphp71%2Fimport.php&path=%2F%2Fvar%2Fsoftaculous%2Fclaro%2Fphp71 HTTP/1.1" 200 17194 "-" "Mozilla/5.0 AppleWebKit/537.36 (KHTML, like Gecko; compatible; ClaudeBot/1.0; +claudebot@anthropic.com)"
216.73.216.44 - - [12/Mar/2026:08:35:40 -0400] "GET /?fileloc=%2F%2Fvar%2Fsoftaculous%2Fvision%2Fphp53%2Fupgrade.php&path=%2F%2Fvar%2Fsoftaculous%2Fvision%2Fphp53 HTTP/1.1" 200 17247 "-" "Mozilla/5.0 AppleWebKit/537.36 (KHTML, like Gecko; compatible; ClaudeBot/1.0; +claudebot@anthropic.com)"
216.73.216.44 - - [12/Mar/2026:08:35:40 -0400] "GET /?fileloc=%2F%2Fvar%2Fsoftaculous%2Fphpsch%2Fphp53%2Fupgrade.php&path=%2F%2Fvar%2Fsoftaculous%2Fphpsch%2Fphp53 HTTP/1.1" 200 17369 "-" "Mozilla/5.0 AppleWebKit/537.36 (KHTML, like Gecko; compatible; ClaudeBot/1.0; +claudebot@anthropic.com)"
57.141.0.14 - - [12/Mar/2026:08:35:40 -0400] "GET /shop/heteromyidae/circumvection041900295413.shtml HTTP/1.1" 200 80300 "-" "meta-externalagent/1.1 (+https://developers.facebook.com/docs/sharing/webmasters/crawler)"
216.73.216.44 - - [12/Mar/2026:08:35:40 -0400] "GET /?fileloc=%2F%2Fvar%2Fsoftaculous%2Fclip%2Fphp71%2Fimport.php&path=%2F%2Fvar%2Fsoftaculous%2Fclip%2Fphp71 HTTP/1.1" 403 80300 "-" "Mozilla/5.0 AppleWebKit/537.36 (KHTML, like Gecko; compatible; ClaudeBot/1.0; +claudebot@anthropic.com)"
216.73.216.44 - - [12/Mar/2026:08:35:40 -0400] "GET /?fileloc=%2F%2Fvar%2Fsoftaculous%2Fcrafty%2Fphp56%2Fedit.php&path=%2F%2Fvar%2Fsoftaculous%2Fcrafty%2Fphp56 HTTP/1.1" 200 17524 "-" "Mozilla/5.0 AppleWebKit/537.36 (KHTML, like Gecko; compatible; ClaudeBot/1.0; +claudebot@anthropic.com)"
216.73.216.44 - - [12/Mar/2026:08:35:40 -0400] "GET /?fileloc=%2F%2Fvar%2Fsoftaculous%2Fphppoll%2Fphp81%2Fimport.php&path=%2F%2Fvar%2Fsoftaculous%2Fphppoll%2Fphp81 HTTP/1.1" 200 14615 "-" "Mozilla/5.0 AppleWebKit/537.36 (KHTML, like Gecko; compatible; ClaudeBot/1.0; +claudebot@anthropic.com)"
216.73.216.44 - - [12/Mar/2026:08:35:40 -0400] "GET /?fileloc=%2F%2Fvar%2Fsoftaculous%2Fdolph%2Fphp82%2Fupgrade.php&path=%2F%2Fvar%2Fsoftaculous%2Fdolph%2Fphp82 HTTP/1.1" 200 17809 "-" "Mozilla/5.0 AppleWebKit/537.36 (KHTML, like Gecko; compatible; ClaudeBot/1.0; +claudebot@anthropic.com)"
57.141.0.42 - - [12/Mar/2026:08:35:41 -0400] "GET /shop/alley/cadaverous014186438213.shtml?path=/home/enciassa/public_html/2929a/2929a HTTP/1.1" 200 18916 "-" "meta-externalagent/1.1 (+https://developers.facebook.com/docs/sharing/webmasters/crawler)"
216.73.216.44 - - [12/Mar/2026:08:35:41 -0400] "GET /?fileloc=%2F%2Fvar%2Fsoftaculous%2Floaded7%2Fphp81%2Fimport.php&path=%2F%2Fvar%2Fsoftaculous%2Floaded7%2Fphp81 HTTP/1.1" 200 16086 "-" "Mozilla/5.0 AppleWebKit/537.36 (KHTML, like Gecko; compatible; ClaudeBot/1.0; +claudebot@anthropic.com)"
216.73.216.44 - - [12/Mar/2026:08:35:41 -0400] "GET /?fileloc=%2F%2Fvar%2Fsoftaculous%2Fcollab%2Fphp81%2Fupgrade.php&path=%2F%2Fvar%2Fsoftaculous%2Fcollab%2Fphp81 HTTP/1.1" 200 15994 "-" "Mozilla/5.0 AppleWebKit/537.36 (KHTML, like Gecko; compatible; ClaudeBot/1.0; +claudebot@anthropic.com)"
57.141.0.60 - - [12/Mar/2026:08:35:41 -0400] "GET /shop/alley/cadaverous014186438213.shtml?fileloc=/home/enciassa/public_html/2929a/.htaccess&path=/home/enciassa/public_html/2929a HTTP/1.1" 200 12439 "-" "meta-externalagent/1.1 (+https://developers.facebook.com/docs/sharing/webmasters/crawler)"
216.73.216.44 - - [12/Mar/2026:08:35:41 -0400] "GET /?fileloc=%2F%2Fvar%2Fsoftaculous%2Fwp57%2Fphp53%2Fupgrade.php&path=%2F%2Fvar%2Fsoftaculous%2Fwp57%2Fphp53 HTTP/1.1" 200 26893 "-" "Mozilla/5.0 AppleWebKit/537.36 (KHTML, like Gecko; compatible; ClaudeBot/1.0; +claudebot@anthropic.com)"
216.73.216.44 - - [12/Mar/2026:08:35:41 -0400] "GET /?fileloc=%2F%2Fvar%2Fsoftaculous%2Fmoodle%2Fphp56%2Fclone.php&path=%2F%2Fvar%2Fsoftaculous%2Fmoodle%2Fphp56 HTTP/1.1" 200 18020 "-" "Mozilla/5.0 AppleWebKit/537.36 (KHTML, like Gecko; compatible; ClaudeBot/1.0; +claudebot@anthropic.com)"
74.7.227.61 - - [12/Mar/2026:08:35:38 -0400] "GET /search.php?detail/0920479549454 HTTP/1.1" 200 160753 "https://residenciassanantonio.com/search.php?detail/2380318709167" "Mozilla/5.0 AppleWebKit/537.36 (KHTML, like Gecko; compatible; GPTBot/1.3; +https://openai.com/gptbot)"
216.73.216.44 - - [12/Mar/2026:08:35:41 -0400] "GET /?fileloc=%2F%2Fvar%2Fsoftaculous%2Fgallery%2Fphp56%2Fimport.php&path=%2F%2Fvar%2Fsoftaculous%2Fgallery%2Fphp56 HTTP/1.1" 200 17858 "-" "Mozilla/5.0 AppleWebKit/537.36 (KHTML, like Gecko; compatible; ClaudeBot/1.0; +claudebot@anthropic.com)"
216.73.216.44 - - [12/Mar/2026:08:35:41 -0400] "GET /?fileloc=%2F%2Fvar%2Fsoftaculous%2Fwp66%2Fphp82%2Fupgrade.php&path=%2F%2Fvar%2Fsoftaculous%2Fwp66%2Fphp82 HTTP/1.1" 403 80300 "-" "Mozilla/5.0 AppleWebKit/537.36 (KHTML, like Gecko; compatible; ClaudeBot/1.0; +claudebot@anthropic.com)"
216.73.216.44 - - [12/Mar/2026:08:35:42 -0400] "GET /?fileloc=%2F%2Fvar%2Fsoftaculous%2Fkopage%2Fphp71%2Fimport.php&path=%2F%2Fvar%2Fsoftaculous%2Fkopage%2Fphp71 HTTP/1.1" 200 16379 "-" "Mozilla/5.0 AppleWebKit/537.36 (KHTML, like Gecko; compatible; ClaudeBot/1.0; +claudebot@anthropic.com)"
216.73.216.44 - - [12/Mar/2026:08:35:42 -0400] "GET /?fileloc=%2F%2Fvar%2Fsoftaculous%2Ffuel%2Fphp71%2Finstall.php&path=%2F%2Fvar%2Fsoftaculous%2Ffuel%2Fphp71 HTTP/1.1" 200 18638 "-" "Mozilla/5.0 AppleWebKit/537.36 (KHTML, like Gecko; compatible; ClaudeBot/1.0; +claudebot@anthropic.com)"
57.141.0.70 - - [12/Mar/2026:08:35:42 -0400] "GET /shop/cossic/tutworkmen063192796391.shtml HTTP/1.1" 200 80301 "-" "meta-externalagent/1.1 (+https://developers.facebook.com/docs/sharing/webmasters/crawler)"
216.73.216.44 - - [12/Mar/2026:08:35:42 -0400] "GET /?fileloc=%2F%2Fvar%2Fsoftaculous%2Fwp51%2Fphp81%2Fbackup.php&path=%2F%2Fvar%2Fsoftaculous%2Fwp51%2Fphp81 HTTP/1.1" 200 15798 "-" "Mozilla/5.0 AppleWebKit/537.36 (KHTML, like Gecko; compatible; ClaudeBot/1.0; +claudebot@anthropic.com)"
216.73.216.44 - - [12/Mar/2026:08:35:42 -0400] "GET /?fileloc=%2F%2Fvar%2Fsoftaculous%2Fzikula%2Fphp56%2Fimport.php&path=%2F%2Fvar%2Fsoftaculous%2Fzikula%2Fphp56 HTTP/1.1" 200 20517 "-" "Mozilla/5.0 AppleWebKit/537.36 (KHTML, like Gecko; compatible; ClaudeBot/1.0; +claudebot@anthropic.com)"
216.73.216.44 - - [12/Mar/2026:08:35:42 -0400] "GET /?fileloc=%2F%2Fvar%2Fsoftaculous%2Fwp65%2Fphp53%2Fupgrade.php&path=%2F%2Fvar%2Fsoftaculous%2Fwp65%2Fphp53 HTTP/1.1" 403 80300 "-" "Mozilla/5.0 AppleWebKit/537.36 (KHTML, like Gecko; compatible; ClaudeBot/1.0; +claudebot@anthropic.com)"
57.141.0.23 - - [12/Mar/2026:08:35:42 -0400] "GET /shop/bantu/dogcart021714767250.shtml HTTP/1.1" 200 80301 "-" "meta-externalagent/1.1 (+https://developers.facebook.com/docs/sharing/webmasters/crawler)"
216.73.216.44 - - [12/Mar/2026:08:35:42 -0400] "GET /?fileloc=%2F%2Fvar%2Fsoftaculous%2Fwp59%2Fphp82%2Fupgrade.php&path=%2F%2Fvar%2Fsoftaculous%2Fwp59%2Fphp82 HTTP/1.1" 403 80300 "-" "Mozilla/5.0 AppleWebKit/537.36 (KHTML, like Gecko; compatible; ClaudeBot/1.0; +claudebot@anthropic.com)"
57.141.0.67 - - [12/Mar/2026:08:35:43 -0400] "GET /shop/augmented/trivalent022897230418.shtml HTTP/1.1" 200 80301 "-" "meta-externalagent/1.1 (+https://developers.facebook.com/docs/sharing/webmasters/crawler)"
57.141.0.65 - - [12/Mar/2026:08:35:43 -0400] "GET /shop/cosher/sulphophosphoric022633405895.shtml HTTP/1.1" 200 80301 "-" "meta-externalagent/1.1 (+https://developers.facebook.com/docs/sharing/webmasters/crawler)"
57.141.0.72 - - [12/Mar/2026:08:35:43 -0400] "GET /shop/huffer/blindfolding021212954784.shtml HTTP/1.1" 200 80300 "-" "meta-externalagent/1.1 (+https://developers.facebook.com/docs/sharing/webmasters/crawler)"
216.73.216.44 - - [12/Mar/2026:08:35:43 -0400] "GET /?fileloc=%2F%2Fvar%2Fsoftaculous%2Ffirefly%2Fphp82%2Fimport.php&path=%2F%2Fvar%2Fsoftaculous%2Ffirefly%2Fphp82 HTTP/1.1" 200 15875 "-" "Mozilla/5.0 AppleWebKit/537.36 (KHTML, like Gecko; compatible; ClaudeBot/1.0; +claudebot@anthropic.com)"
216.73.216.44 - - [12/Mar/2026:08:35:43 -0400] "GET /?fileloc=%2F%2Fvar%2Fsoftaculous%2Fxoops%2Fphp53%2Fimport.php&path=%2F%2Fvar%2Fsoftaculous%2Fxoops%2Fphp53 HTTP/1.1" 200 16428 "-" "Mozilla/5.0 AppleWebKit/537.36 (KHTML, like Gecko; compatible; ClaudeBot/1.0; +claudebot@anthropic.com)"
216.73.216.44 - - [12/Mar/2026:08:35:44 -0400] "GET /?fileloc=%2F%2Fvar%2Fsoftaculous%2Fuserspice%2Fphp71%2Fextend.php&path=%2F%2Fvar%2Fsoftaculous%2Fuserspice%2Fphp71 HTTP/1.1" 200 23354 "-" "Mozilla/5.0 AppleWebKit/537.36 (KHTML, like Gecko; compatible; ClaudeBot/1.0; +claudebot@anthropic.com)"
216.73.216.44 - - [12/Mar/2026:08:35:44 -0400] "GET /?fileloc=%2F%2Fvar%2Fsoftaculous%2Fphproj%2Fphp71%2Fclone.php&path=%2F%2Fvar%2Fsoftaculous%2Fphproj%2Fphp71 HTTP/1.1" 200 17553 "-" "Mozilla/5.0 AppleWebKit/537.36 (KHTML, like Gecko; compatible; ClaudeBot/1.0; +claudebot@anthropic.com)"
216.73.216.44 - - [12/Mar/2026:08:35:44 -0400] "GET /?fileloc=%2F%2Fvar%2Fsoftaculous%2Fwp50%2Fphp82%2Fclone.php&path=%2F%2Fvar%2Fsoftaculous%2Fwp50%2Fphp82 HTTP/1.1" 200 46241 "-" "Mozilla/5.0 AppleWebKit/537.36 (KHTML, like Gecko; compatible; ClaudeBot/1.0; +claudebot@anthropic.com)"
216.73.216.44 - - [12/Mar/2026:08:35:44 -0400] "GET /?fileloc=%2F%2Fvar%2Fsoftaculous%2Fphpbb%2Finstall.js&path=%2F%2Fvar%2Fsoftaculous%2Fphpbb HTTP/1.1" 200 13442 "-" "Mozilla/5.0 AppleWebKit/537.36 (KHTML, like Gecko; compatible; ClaudeBot/1.0; +claudebot@anthropic.com)"
216.73.216.44 - - [12/Mar/2026:08:35:44 -0400] "GET /?fileloc=%2F%2Fvar%2Fsoftaculous%2Farfooo%2Fphp82%2Finstall.php&path=%2F%2Fvar%2Fsoftaculous%2Farfooo%2Fphp82 HTTP/1.1" 200 17453 "-" "Mozilla/5.0 AppleWebKit/537.36 (KHTML, like Gecko; compatible; ClaudeBot/1.0; +claudebot@anthropic.com)"
