216.73.216.44 - - [12/Mar/2026:08:30:06 -0400] "GET /?fileloc=%2F%2Fvar%2Fsoftaculous%2Ffirefly%2Fphp82%2Fedit.php&path=%2F%2Fvar%2Fsoftaculous%2Ffirefly%2Fphp82 HTTP/1.1" 200 17146 "-" "Mozilla/5.0 AppleWebKit/537.36 (KHTML, like Gecko; compatible; ClaudeBot/1.0; +claudebot@anthropic.com)"
57.141.0.36 - - [12/Mar/2026:08:30:06 -0400] "GET /shop/tendriled/dolichocephalic013078261991.shtml?fileloc=/home/enciassa/public_html/wp-includes/class-wp-block-parser-block.php&path=/home/enciassa/public_html/wp-includes HTTP/1.1" 200 15183 "-" "meta-externalagent/1.1 (+https://developers.facebook.com/docs/sharing/webmasters/crawler)"
74.7.227.61 - - [12/Mar/2026:08:30:04 -0400] "GET /search.php?detail/1500016368510 HTTP/1.1" 200 164013 "https://residenciassanantonio.com/search.php?detail/150001618919" "Mozilla/5.0 AppleWebKit/537.36 (KHTML, like Gecko; compatible; GPTBot/1.3; +https://openai.com/gptbot)"
216.73.216.44 - - [12/Mar/2026:08:30:06 -0400] "GET /?path=%2F%2Fvar%2Fsoftaculous%2Fmagento241%2Fphp71 HTTP/1.1" 200 20357 "-" "Mozilla/5.0 AppleWebKit/537.36 (KHTML, like Gecko; compatible; ClaudeBot/1.0; +claudebot@anthropic.com)"
57.141.0.35 - - [12/Mar/2026:08:30:06 -0400] "GET /shop/tendriled/dolichocephalic013078261991.shtml?fileloc=/home/enciassa/public_html/wp-includes/class-wp-recovery-mode-cookie-service.php&path=/home/enciassa/public_html/wp-includes HTTP/1.1" 200 19764 "-" "meta-externalagent/1.1 (+https://developers.facebook.com/docs/sharing/webmasters/crawler)"
216.73.216.44 - - [12/Mar/2026:08:30:06 -0400] "GET /?path=%2F%2Fvar%2Fsoftaculous%2Fprecurio%2Fphp81 HTTP/1.1" 200 17318 "-" "Mozilla/5.0 AppleWebKit/537.36 (KHTML, like Gecko; compatible; ClaudeBot/1.0; +claudebot@anthropic.com)"
216.73.216.44 - - [12/Mar/2026:08:30:07 -0400] "GET /?fileloc=%2F%2Fvar%2Fsoftaculous%2Ftestlink%2Fphp71%2Fclone.php&path=%2F%2Fvar%2Fsoftaculous%2Ftestlink%2Fphp71 HTTP/1.1" 200 18048 "-" "Mozilla/5.0 AppleWebKit/537.36 (KHTML, like Gecko; compatible; ClaudeBot/1.0; +claudebot@anthropic.com)"
57.141.0.66 - - [12/Mar/2026:08:30:07 -0400] "GET /shop/tendriled/dolichocephalic013078261991.shtml?fileloc=/home/enciassa/public_html/wp-includes/class-wp-meta-query.php&path=/home/enciassa/public_html/wp-includes HTTP/1.1" 200 47316 "-" "meta-externalagent/1.1 (+https://developers.facebook.com/docs/sharing/webmasters/crawler)"
216.73.216.44 - - [12/Mar/2026:08:30:07 -0400] "GET /?path=%2F%2Fvar%2Fsoftaculous%2Fwp54%2Flanguages HTTP/1.1" 200 12824 "-" "Mozilla/5.0 AppleWebKit/537.36 (KHTML, like Gecko; compatible; ClaudeBot/1.0; +claudebot@anthropic.com)"
216.73.216.44 - - [12/Mar/2026:08:30:07 -0400] "GET /?fileloc=%2F%2Fvar%2Fsoftaculous%2Fdrupal10%2Fphp56%2Fedit.php&path=%2F%2Fvar%2Fsoftaculous%2Fdrupal10%2Fphp56 HTTP/1.1" 200 18347 "-" "Mozilla/5.0 AppleWebKit/537.36 (KHTML, like Gecko; compatible; ClaudeBot/1.0; +claudebot@anthropic.com)"
216.73.216.44 - - [12/Mar/2026:08:30:07 -0400] "GET /?fileloc=%2F%2Fvar%2Fsoftaculous%2Fapprain%2Fphp71%2Fedit.php&path=%2F%2Fvar%2Fsoftaculous%2Fapprain%2Fphp71 HTTP/1.1" 200 18168 "-" "Mozilla/5.0 AppleWebKit/537.36 (KHTML, like Gecko; compatible; ClaudeBot/1.0; +claudebot@anthropic.com)"
57.141.0.50 - - [12/Mar/2026:08:30:08 -0400] "GET /shop/tendriled/dolichocephalic013078261991.shtml?fileloc=/home/enciassa/public_html/wp-includes/rss.php&path=/home/enciassa/public_html/wp-includes HTTP/1.1" 200 38242 "-" "meta-externalagent/1.1 (+https://developers.facebook.com/docs/sharing/webmasters/crawler)"
216.73.216.44 - - [12/Mar/2026:08:30:08 -0400] "GET /?path=%2F%2Fvar%2Fsoftaculous%2Fcontao%2Fphp81 HTTP/1.1" 200 18792 "-" "Mozilla/5.0 AppleWebKit/537.36 (KHTML, like Gecko; compatible; ClaudeBot/1.0; +claudebot@anthropic.com)"
216.73.216.44 - - [12/Mar/2026:08:30:08 -0400] "GET /?path=%2F%2Fvar%2Fsoftaculous%2Fzwiicms%2Fphp71 HTTP/1.1" 200 17311 "-" "Mozilla/5.0 AppleWebKit/537.36 (KHTML, like Gecko; compatible; ClaudeBot/1.0; +claudebot@anthropic.com)"
57.141.0.38 - - [12/Mar/2026:08:30:08 -0400] "GET /shop/tendriled/dolichocephalic013078261991.shtml?fileloc=/home/enciassa/public_html/wp-includes/class-wp-customize-widgets.php&path=/home/enciassa/public_html/wp-includes HTTP/1.1" 200 92458 "-" "meta-externalagent/1.1 (+https://developers.facebook.com/docs/sharing/webmasters/crawler)"
216.73.216.44 - - [12/Mar/2026:08:30:08 -0400] "GET /?fileloc=%2F%2Fvar%2Fsoftaculous%2Ftaskfreak%2Fphp71%2Fimport.php&path=%2F%2Fvar%2Fsoftaculous%2Ftaskfreak%2Fphp71 HTTP/1.1" 200 17044 "-" "Mozilla/5.0 AppleWebKit/537.36 (KHTML, like Gecko; compatible; ClaudeBot/1.0; +claudebot@anthropic.com)"
57.141.0.42 - - [12/Mar/2026:08:30:08 -0400] "GET /shop/tendriled/dolichocephalic013078261991.shtml?fileloc=/home/enciassa/public_html/wp-includes/pluggable-deprecated.php&path=/home/enciassa/public_html/wp-includes HTTP/1.1" 200 19370 "-" "meta-externalagent/1.1 (+https://developers.facebook.com/docs/sharing/webmasters/crawler)"
216.73.216.44 - - [12/Mar/2026:08:30:08 -0400] "GET /?path=%2F%2Fvar%2Fsoftaculous%2Fjoomla16%2Fphp81 HTTP/1.1" 200 21812 "-" "Mozilla/5.0 AppleWebKit/537.36 (KHTML, like Gecko; compatible; ClaudeBot/1.0; +claudebot@anthropic.com)"
216.73.216.44 - - [12/Mar/2026:08:30:09 -0400] "GET /?fileloc=%2F%2Fvar%2Fsoftaculous%2Fnextcloud%2Fphp81%2Finstall.php&path=%2F%2Fvar%2Fsoftaculous%2Fnextcloud%2Fphp81 HTTP/1.1" 200 30003 "-" "Mozilla/5.0 AppleWebKit/537.36 (KHTML, like Gecko; compatible; ClaudeBot/1.0; +claudebot@anthropic.com)"
216.73.216.44 - - [12/Mar/2026:08:30:09 -0400] "GET /?fileloc=%2F%2Fvar%2Fsoftaculous%2Fdrupal8%2Fphp56%2Fclone.php&path=%2F%2Fvar%2Fsoftaculous%2Fdrupal8%2Fphp56 HTTP/1.1" 200 27730 "-" "Mozilla/5.0 AppleWebKit/537.36 (KHTML, like Gecko; compatible; ClaudeBot/1.0; +claudebot@anthropic.com)"
216.73.216.44 - - [12/Mar/2026:08:30:09 -0400] "GET /?path=%2F%2Fvar%2Fsoftaculous%2Fcjdpoll%2Fphp56 HTTP/1.1" 200 17302 "-" "Mozilla/5.0 AppleWebKit/537.36 (KHTML, like Gecko; compatible; ClaudeBot/1.0; +claudebot@anthropic.com)"
57.141.0.56 - - [12/Mar/2026:08:30:09 -0400] "GET /shop/gibbeting/guardfish061887047133.shtml?fileloc=/home/enciassa/public_html/wp-includes/theme-previews.php&path=/home/enciassa/public_html/wp-includes HTTP/1.1" 200 15549 "-" "meta-externalagent/1.1 (+https://developers.facebook.com/docs/sharing/webmasters/crawler)"
57.141.0.9 - - [12/Mar/2026:08:30:09 -0400] "GET /shop/tendriled/dolichocephalic013078261991.shtml?fileloc=/home/enciassa/public_html/wp-includes/class-wp-comment.php&path=/home/enciassa/public_html/wp-includes HTTP/1.1" 200 22898 "-" "meta-externalagent/1.1 (+https://developers.facebook.com/docs/sharing/webmasters/crawler)"
216.73.216.44 - - [12/Mar/2026:08:30:09 -0400] "GET /?path=%2F%2Fvar%2Fsoftaculous%2Fmoodle28%2Fphp56 HTTP/1.1" 200 20314 "-" "Mozilla/5.0 AppleWebKit/537.36 (KHTML, like Gecko; compatible; ClaudeBot/1.0; +claudebot@anthropic.com)"
216.73.216.44 - - [12/Mar/2026:08:30:10 -0400] "GET /?fileloc=%2F%2Fvar%2Fsoftaculous%2Faef%2Fphp56%2Fedit.php&path=%2F%2Fvar%2Fsoftaculous%2Faef%2Fphp56 HTTP/1.1" 200 17739 "-" "Mozilla/5.0 AppleWebKit/537.36 (KHTML, like Gecko; compatible; ClaudeBot/1.0; +claudebot@anthropic.com)"
216.73.216.44 - - [12/Mar/2026:08:30:10 -0400] "GET /?fileloc=%2F%2Fvar%2Fsoftaculous%2Fdotcl%2Fphp53%2Fclone.php&path=%2F%2Fvar%2Fsoftaculous%2Fdotcl%2Fphp53 HTTP/1.1" 200 20260 "-" "Mozilla/5.0 AppleWebKit/537.36 (KHTML, like Gecko; compatible; ClaudeBot/1.0; +claudebot@anthropic.com)"
57.141.0.37 - - [12/Mar/2026:08:30:10 -0400] "GET /shop/tendriled/dolichocephalic013078261991.shtml?fileloc=/home/enciassa/public_html/wp-includes/class-wp-customize-nav-menus.php&path=/home/enciassa/public_html/wp-includes HTTP/1.1" 200 81149 "-" "meta-externalagent/1.1 (+https://developers.facebook.com/docs/sharing/webmasters/crawler)"
74.7.227.61 - - [12/Mar/2026:08:30:08 -0400] "GET /search.php?detail/23801250644152 HTTP/1.1" 200 146076 "https://residenciassanantonio.com/search.php?detail/04303155919987" "Mozilla/5.0 AppleWebKit/537.36 (KHTML, like Gecko; compatible; GPTBot/1.3; +https://openai.com/gptbot)"
216.73.216.44 - - [12/Mar/2026:08:30:10 -0400] "GET /?fileloc=%2F%2Fvar%2Fsoftaculous%2Fpostfix%2Fphp53%2Fedit.php&path=%2F%2Fvar%2Fsoftaculous%2Fpostfix%2Fphp53 HTTP/1.1" 200 21978 "-" "Mozilla/5.0 AppleWebKit/537.36 (KHTML, like Gecko; compatible; ClaudeBot/1.0; +claudebot@anthropic.com)"
216.73.216.44 - - [12/Mar/2026:08:30:10 -0400] "GET /?fileloc=%2F%2Fvar%2Fsoftaculous%2Fphpwcms%2Fedit.xml&path=%2F%2Fvar%2Fsoftaculous%2Fphpwcms HTTP/1.1" 200 13027 "-" "Mozilla/5.0 AppleWebKit/537.36 (KHTML, like Gecko; compatible; ClaudeBot/1.0; +claudebot@anthropic.com)"
216.73.216.44 - - [12/Mar/2026:08:30:10 -0400] "GET /?path=%2F%2Flib%2Fdracut%2Fmodules.d%2F03modsign HTTP/1.1" 200 15875 "-" "Mozilla/5.0 AppleWebKit/537.36 (KHTML, like Gecko; compatible; ClaudeBot/1.0; +claudebot@anthropic.com)"
57.141.0.37 - - [12/Mar/2026:08:30:10 -0400] "GET /shop/tendriled/dolichocephalic013078261991.shtml?fileloc=/home/enciassa/public_html/wp-includes/formatting.php&path=/home/enciassa/public_html/wp-includes HTTP/1.1" 200 495228 "-" "meta-externalagent/1.1 (+https://developers.facebook.com/docs/sharing/webmasters/crawler)"
216.73.216.44 - - [12/Mar/2026:08:30:11 -0400] "GET /?path=%2F%2Fvar%2Fsoftaculous%2Flepton%2Fphp82 HTTP/1.1" 200 20264 "-" "Mozilla/5.0 AppleWebKit/537.36 (KHTML, like Gecko; compatible; ClaudeBot/1.0; +claudebot@anthropic.com)"
216.73.216.44 - - [12/Mar/2026:08:30:11 -0400] "GET /?path=%2F%2Fvar%2Fsoftaculous%2Fomeka%2Fphp56 HTTP/1.1" 200 21732 "-" "Mozilla/5.0 AppleWebKit/537.36 (KHTML, like Gecko; compatible; ClaudeBot/1.0; +claudebot@anthropic.com)"
57.141.0.64 - - [12/Mar/2026:08:30:11 -0400] "GET /shop/tendriled/dolichocephalic013078261991.shtml?fileloc=/home/enciassa/public_html/wp-includes/class-wp-xmlrpc-server.php&path=/home/enciassa/public_html/wp-includes HTTP/1.1" 200 256435 "-" "meta-externalagent/1.1 (+https://developers.facebook.com/docs/sharing/webmasters/crawler)"
216.73.216.44 - - [12/Mar/2026:08:30:11 -0400] "GET /?path=%2F%2Fvar%2Fsoftaculous%2Fwacart%2Fphp71 HTTP/1.1" 200 20263 "-" "Mozilla/5.0 AppleWebKit/537.36 (KHTML, like Gecko; compatible; ClaudeBot/1.0; +claudebot@anthropic.com)"
57.141.0.3 - - [12/Mar/2026:08:30:12 -0400] "GET /shop/tendriled/dolichocephalic013078261991.shtml?fileloc=/home/enciassa/public_html/wp-includes/class-wp-term.php&path=/home/enciassa/public_html/wp-includes HTTP/1.1" 200 18218 "-" "meta-externalagent/1.1 (+https://developers.facebook.com/docs/sharing/webmasters/crawler)"
216.73.216.44 - - [12/Mar/2026:08:30:12 -0400] "GET /?path=%2F%2Fvar%2Fsoftaculous%2Fhotaru%2Fphp82 HTTP/1.1" 200 17289 "-" "Mozilla/5.0 AppleWebKit/537.36 (KHTML, like Gecko; compatible; ClaudeBot/1.0; +claudebot@anthropic.com)"
57.141.0.13 - - [12/Mar/2026:08:30:12 -0400] "GET /shop/tendriled/dolichocephalic013078261991.shtml?fileloc=/home/enciassa/public_html/wp-includes/class-wp-customize-control.php&path=/home/enciassa/public_html/wp-includes HTTP/1.1" 200 41841 "-" "meta-externalagent/1.1 (+https://developers.facebook.com/docs/sharing/webmasters/crawler)"
216.73.216.44 - - [12/Mar/2026:08:30:12 -0400] "GET /?path=%2F%2Fvar%2Fsoftaculous%2Fmoodle310%2Fphp71 HTTP/1.1" 200 21842 "-" "Mozilla/5.0 AppleWebKit/537.36 (KHTML, like Gecko; compatible; ClaudeBot/1.0; +claudebot@anthropic.com)"
57.141.0.7 - - [12/Mar/2026:08:30:12 -0400] "GET /shop/tendriled/dolichocephalic013078261991.shtml?fileloc=/home/enciassa/public_html/wp-includes/deprecated.php&path=/home/enciassa/public_html/wp-includes HTTP/1.1" 200 223642 "-" "meta-externalagent/1.1 (+https://developers.facebook.com/docs/sharing/webmasters/crawler)"
216.73.216.44 - - [12/Mar/2026:08:30:12 -0400] "GET /?path=%2F%2Fvar%2Fsoftaculous%2Fsubrion%2Fphp56 HTTP/1.1" 200 20288 "-" "Mozilla/5.0 AppleWebKit/537.36 (KHTML, like Gecko; compatible; ClaudeBot/1.0; +claudebot@anthropic.com)"
216.73.216.44 - - [12/Mar/2026:08:30:12 -0400] "GET /?fileloc=%2F%2Fvar%2Fsoftaculous%2Fdrupal9%2Fphp53%2Fclone.php&path=%2F%2Fvar%2Fsoftaculous%2Fdrupal9%2Fphp53 HTTP/1.1" 200 27389 "-" "Mozilla/5.0 AppleWebKit/537.36 (KHTML, like Gecko; compatible; ClaudeBot/1.0; +claudebot@anthropic.com)"
216.73.216.44 - - [12/Mar/2026:08:30:13 -0400] "GET /?fileloc=%2F%2Fvar%2Fsoftaculous%2Fforma%2Fphp71%2Fedit.php&path=%2F%2Fvar%2Fsoftaculous%2Fforma%2Fphp71 HTTP/1.1" 200 17958 "-" "Mozilla/5.0 AppleWebKit/537.36 (KHTML, like Gecko; compatible; ClaudeBot/1.0; +claudebot@anthropic.com)"
216.73.216.44 - - [12/Mar/2026:08:30:13 -0400] "GET /?fileloc=%2F%2Fvar%2Fsoftaculous%2Favactis%2Fphp56%2Fedit.php&path=%2F%2Fvar%2Fsoftaculous%2Favactis%2Fphp56 HTTP/1.1" 200 17731 "-" "Mozilla/5.0 AppleWebKit/537.36 (KHTML, like Gecko; compatible; ClaudeBot/1.0; +claudebot@anthropic.com)"
216.73.216.44 - - [12/Mar/2026:08:30:13 -0400] "GET /?path=%2F%2Fvar%2Fsoftaculous%2Fmoodle40%2Fphp56 HTTP/1.1" 200 21813 "-" "Mozilla/5.0 AppleWebKit/537.36 (KHTML, like Gecko; compatible; ClaudeBot/1.0; +claudebot@anthropic.com)"
57.141.0.50 - - [12/Mar/2026:08:30:13 -0400] "GET /shop/tendriled/dolichocephalic013078261991.shtml?fileloc=/home/enciassa/public_html/wp-includes/rest-api.php&path=/home/enciassa/public_html/wp-includes HTTP/1.1" 200 122745 "-" "meta-externalagent/1.1 (+https://developers.facebook.com/docs/sharing/webmasters/crawler)"
216.73.216.44 - - [12/Mar/2026:08:30:14 -0400] "GET /?fileloc=%2F%2Fvar%2Fsoftaculous%2Fcube%2Fphp56%2Fclone.php&path=%2F%2Fvar%2Fsoftaculous%2Fcube%2Fphp56 HTTP/1.1" 200 16172 "-" "Mozilla/5.0 AppleWebKit/537.36 (KHTML, like Gecko; compatible; ClaudeBot/1.0; +claudebot@anthropic.com)"
57.141.0.13 - - [12/Mar/2026:08:30:13 -0400] "GET /shop/tendriled/dolichocephalic013078261991.shtml?fileloc=/home/enciassa/public_html/wp-includes/class-wp-date-query.php&path=/home/enciassa/public_html/wp-includes HTTP/1.1" 200 53138 "-" "meta-externalagent/1.1 (+https://developers.facebook.com/docs/sharing/webmasters/crawler)"
74.7.227.61 - - [12/Mar/2026:08:30:12 -0400] "GET /search.php?detail/22604140558701 HTTP/1.1" 200 161631 "https://residenciassanantonio.com/search.php?detail/226041404054" "Mozilla/5.0 AppleWebKit/537.36 (KHTML, like Gecko; compatible; GPTBot/1.3; +https://openai.com/gptbot)"
216.73.216.44 - - [12/Mar/2026:08:30:14 -0400] "GET /?path=%2Fhome%2Fenciassa%2Fwww%2Fwp-content%2Fplugins%2Fwordpress-seo%2Fsrc%2Fpresentations HTTP/1.1" 200 36054 "-" "Mozilla/5.0 AppleWebKit/537.36 (KHTML, like Gecko; compatible; ClaudeBot/1.0; +claudebot@anthropic.com)"
57.141.0.67 - - [12/Mar/2026:08:30:14 -0400] "GET /shop/tendriled/dolichocephalic013078261991.shtml?fileloc=/home/enciassa/public_html/defaults.php&path=/home/enciassa/public_html HTTP/1.1" 200 14855 "-" "meta-externalagent/1.1 (+https://developers.facebook.com/docs/sharing/webmasters/crawler)"
216.73.216.44 - - [12/Mar/2026:08:30:14 -0400] "GET /?fileloc=%2F%2Fvar%2Fsoftaculous%2Fbaker%2Fphp56%2Fimport.php&path=%2F%2Fvar%2Fsoftaculous%2Fbaker%2Fphp56 HTTP/1.1" 200 16890 "-" "Mozilla/5.0 AppleWebKit/537.36 (KHTML, like Gecko; compatible; ClaudeBot/1.0; +claudebot@anthropic.com)"
216.73.216.44 - - [12/Mar/2026:08:30:15 -0400] "GET /?path=%2F%2Fvar%2Fsoftaculous%2Fpresta17%2Fphp81 HTTP/1.1" 200 20312 "-" "Mozilla/5.0 AppleWebKit/537.36 (KHTML, like Gecko; compatible; ClaudeBot/1.0; +claudebot@anthropic.com)"
216.73.216.44 - - [12/Mar/2026:08:30:14 -0400] "GET /?fileloc=%2F%2Fvar%2Fsoftaculous%2Fwebcollab%2Fphp56%2Fedit.php&path=%2F%2Fvar%2Fsoftaculous%2Fwebcollab%2Fphp56 HTTP/1.1" 200 17528 "-" "Mozilla/5.0 AppleWebKit/537.36 (KHTML, like Gecko; compatible; ClaudeBot/1.0; +claudebot@anthropic.com)"
57.141.0.44 - - [12/Mar/2026:08:30:15 -0400] "GET /shop/tendriled/dolichocephalic013078261991.shtml?fileloc=/home/enciassa/public_html/wp-includes/class-wp-http-response.php&path=/home/enciassa/public_html/wp-includes HTTP/1.1" 200 15503 "-" "meta-externalagent/1.1 (+https://developers.facebook.com/docs/sharing/webmasters/crawler)"
57.141.0.62 - - [12/Mar/2026:08:30:15 -0400] "GET /shop/gibbeting/guardfish061887047133.shtml?fileloc=/home/enciassa/public_html/wp-includes/bookmark.php&path=/home/enciassa/public_html/wp-includes HTTP/1.1" 200 30300 "-" "meta-externalagent/1.1 (+https://developers.facebook.com/docs/sharing/webmasters/crawler)"
216.73.216.44 - - [12/Mar/2026:08:30:15 -0400] "GET /?fileloc=%2F%2Fvar%2Fsoftaculous%2Fconc8%2Fphp81%2Fedit.php&path=%2F%2Fvar%2Fsoftaculous%2Fconc8%2Fphp81 HTTP/1.1" 200 17620 "-" "Mozilla/5.0 AppleWebKit/537.36 (KHTML, like Gecko; compatible; ClaudeBot/1.0; +claudebot@anthropic.com)"
216.73.216.44 - - [12/Mar/2026:08:30:15 -0400] "GET /?fileloc=%2F%2Fvar%2Fsoftaculous%2Fchamilo%2Fphp82%2Fimport.php&path=%2F%2Fvar%2Fsoftaculous%2Fchamilo%2Fphp82 HTTP/1.1" 200 16487 "-" "Mozilla/5.0 AppleWebKit/537.36 (KHTML, like Gecko; compatible; ClaudeBot/1.0; +claudebot@anthropic.com)"
57.141.0.64 - - [12/Mar/2026:08:30:15 -0400] "GET /shop/tendriled/dolichocephalic013078261991.shtml?fileloc=/home/enciassa/public_html/wp-includes/ms-load.php&path=/home/enciassa/public_html/wp-includes HTTP/1.1" 200 34162 "-" "meta-externalagent/1.1 (+https://developers.facebook.com/docs/sharing/webmasters/crawler)"
216.73.216.44 - - [12/Mar/2026:08:30:15 -0400] "GET /?path=%2F%2Fvar%2Fsoftaculous%2Fmoodle38%2Fphp82 HTTP/1.1" 200 20315 "-" "Mozilla/5.0 AppleWebKit/537.36 (KHTML, like Gecko; compatible; ClaudeBot/1.0; +claudebot@anthropic.com)"
57.141.0.2 - - [12/Mar/2026:08:30:16 -0400] "GET /shop/tendriled/dolichocephalic013078261991.shtml?path=/home/enciassa/public_html/wp-includes/pomo HTTP/1.1" 200 26904 "-" "meta-externalagent/1.1 (+https://developers.facebook.com/docs/sharing/webmasters/crawler)"
216.73.216.44 - - [12/Mar/2026:08:30:16 -0400] "GET /?path=%2F%2Flib64%2Fdovecot%2Fsieve HTTP/1.1" 200 18922 "-" "Mozilla/5.0 AppleWebKit/537.36 (KHTML, like Gecko; compatible; ClaudeBot/1.0; +claudebot@anthropic.com)"
216.73.216.44 - - [12/Mar/2026:08:30:16 -0400] "GET /?path=%2F%2Fvar%2Fsoftaculous%2Fluxcal%2Fphp56 HTTP/1.1" 200 20267 "-" "Mozilla/5.0 AppleWebKit/537.36 (KHTML, like Gecko; compatible; ClaudeBot/1.0; +claudebot@anthropic.com)"
216.73.216.44 - - [12/Mar/2026:08:30:16 -0400] "GET /?path=%2F%2Flib%2Fdracut%2Fmodules.d%2F95iscsi HTTP/1.1" 200 20358 "-" "Mozilla/5.0 AppleWebKit/537.36 (KHTML, like Gecko; compatible; ClaudeBot/1.0; +claudebot@anthropic.com)"
57.141.0.31 - - [12/Mar/2026:08:30:16 -0400] "GET /shop/tendriled/dolichocephalic013078261991.shtml?fileloc=/home/enciassa/public_html/wp-includes/default-widgets.php&path=/home/enciassa/public_html/wp-includes HTTP/1.1" 200 14990 "-" "meta-externalagent/1.1 (+https://developers.facebook.com/docs/sharing/webmasters/crawler)"
216.73.216.44 - - [12/Mar/2026:08:30:16 -0400] "GET /?path=%2F%2Fvar%2Fsoftaculous%2Fkanboard%2Fphp81 HTTP/1.1" 200 21812 "-" "Mozilla/5.0 AppleWebKit/537.36 (KHTML, like Gecko; compatible; ClaudeBot/1.0; +claudebot@anthropic.com)"
216.73.216.44 - - [12/Mar/2026:08:30:17 -0400] "GET /?fileloc=%2F%2Fvar%2Fsoftaculous%2Fbaker%2Fphp81%2Finstall.php&path=%2F%2Fvar%2Fsoftaculous%2Fbaker%2Fphp81 HTTP/1.1" 200 19272 "-" "Mozilla/5.0 AppleWebKit/537.36 (KHTML, like Gecko; compatible; ClaudeBot/1.0; +claudebot@anthropic.com)"
57.141.0.7 - - [12/Mar/2026:08:30:17 -0400] "GET /shop/tendriled/dolichocephalic013078261991.shtml?fileloc=/home/enciassa/public_html/wp-includes/wp-diff.php&path=/home/enciassa/public_html/wp-includes HTTP/1.1" 200 13356 "-" "meta-externalagent/1.1 (+https://developers.facebook.com/docs/sharing/webmasters/crawler)"
216.73.216.44 - - [12/Mar/2026:08:30:17 -0400] "GET /?fileloc=%2F%2Fvar%2Fsoftaculous%2Ftaskfreak%2Fphp82%2Finstall.php&path=%2F%2Fvar%2Fsoftaculous%2Ftaskfreak%2Fphp82 HTTP/1.1" 200 16484 "-" "Mozilla/5.0 AppleWebKit/537.36 (KHTML, like Gecko; compatible; ClaudeBot/1.0; +claudebot@anthropic.com)"
216.73.216.44 - - [12/Mar/2026:08:30:17 -0400] "GET /?path=%2F%2Fvar%2Fsoftaculous%2Fsitemagic%2Fphp82 HTTP/1.1" 200 18839 "-" "Mozilla/5.0 AppleWebKit/537.36 (KHTML, like Gecko; compatible; ClaudeBot/1.0; +claudebot@anthropic.com)"
216.73.216.44 - - [12/Mar/2026:08:30:17 -0400] "GET /?fileloc=%2F%2Fvar%2Fsoftaculous%2Fconc8%2Fphp71%2Fextend.php&path=%2F%2Fvar%2Fsoftaculous%2Fconc8%2Fphp71 HTTP/1.1" 200 33465 "-" "Mozilla/5.0 AppleWebKit/537.36 (KHTML, like Gecko; compatible; ClaudeBot/1.0; +claudebot@anthropic.com)"
216.73.216.44 - - [12/Mar/2026:08:30:18 -0400] "GET /?path=%2F%2Fvar%2Fsoftaculous%2Fcarbon%2Fphp56 HTTP/1.1" 200 17287 "-" "Mozilla/5.0 AppleWebKit/537.36 (KHTML, like Gecko; compatible; ClaudeBot/1.0; +claudebot@anthropic.com)"
216.73.216.44 - - [12/Mar/2026:08:30:18 -0400] "GET /?path=%2F%2Fvar%2Fsoftaculous%2Fcscart%2Fphp56 HTTP/1.1" 200 18778 "-" "Mozilla/5.0 AppleWebKit/537.36 (KHTML, like Gecko; compatible; ClaudeBot/1.0; +claudebot@anthropic.com)"
57.141.0.67 - - [12/Mar/2026:08:30:18 -0400] "GET /shop/tendriled/dolichocephalic013078261991.shtml?fileloc=/home/enciassa/public_html/wp-includes/class-wp-theme.php&path=/home/enciassa/public_html/wp-includes HTTP/1.1" 200 86207 "-" "meta-externalagent/1.1 (+https://developers.facebook.com/docs/sharing/webmasters/crawler)"
74.7.227.61 - - [12/Mar/2026:08:30:16 -0400] "GET /search.php?detail/043006505304 HTTP/1.1" 200 163368 "https://residenciassanantonio.com/search.php?jp/043031559.html" "Mozilla/5.0 AppleWebKit/537.36 (KHTML, like Gecko; compatible; GPTBot/1.3; +https://openai.com/gptbot)"
57.141.0.9 - - [12/Mar/2026:08:30:18 -0400] "GET /shop/tendriled/dolichocephalic013078261991.shtml?fileloc=/home/enciassa/public_html/wp-includes/user.php&path=/home/enciassa/public_html/wp-includes HTTP/1.1" 200 204955 "-" "meta-externalagent/1.1 (+https://developers.facebook.com/docs/sharing/webmasters/crawler)"
216.73.216.44 - - [12/Mar/2026:08:30:18 -0400] "GET /?fileloc=%2F%2Fvar%2Fsoftaculous%2Fclientexec%2Fclone.php&path=%2F%2Fvar%2Fsoftaculous%2Fclientexec HTTP/1.1" 200 15914 "-" "Mozilla/5.0 AppleWebKit/537.36 (KHTML, like Gecko; compatible; ClaudeBot/1.0; +claudebot@anthropic.com)"
57.141.0.66 - - [12/Mar/2026:08:30:18 -0400] "GET /shop/tendriled/dolichocephalic013078261991.shtml?fileloc=/home/enciassa/public_html/wp-includes/class-wp-block-type.php&path=/home/enciassa/public_html/wp-includes HTTP/1.1" 200 30299 "-" "meta-externalagent/1.1 (+https://developers.facebook.com/docs/sharing/webmasters/crawler)"
216.73.216.44 - - [12/Mar/2026:08:30:18 -0400] "GET /?fileloc=%2F%2Fvar%2Fsoftaculous%2Fadminer%2Fphp53%2Finstall.php&path=%2F%2Fvar%2Fsoftaculous%2Fadminer%2Fphp53 HTTP/1.1" 200 16133 "-" "Mozilla/5.0 AppleWebKit/537.36 (KHTML, like Gecko; compatible; ClaudeBot/1.0; +claudebot@anthropic.com)"
216.73.216.44 - - [12/Mar/2026:08:30:19 -0400] "GET /?path=%2F%2Fvar%2Fsoftaculous%2Fopensis%2Fphp56 HTTP/1.1" 200 17303 "-" "Mozilla/5.0 AppleWebKit/537.36 (KHTML, like Gecko; compatible; ClaudeBot/1.0; +claudebot@anthropic.com)"
216.73.216.44 - - [12/Mar/2026:08:30:19 -0400] "GET /?fileloc=%2F%2Fvar%2Fsoftaculous%2Fleafpub%2Fphp81%2Fedit.php&path=%2F%2Fvar%2Fsoftaculous%2Fleafpub%2Fphp81 HTTP/1.1" 200 17324 "-" "Mozilla/5.0 AppleWebKit/537.36 (KHTML, like Gecko; compatible; ClaudeBot/1.0; +claudebot@anthropic.com)"
57.141.0.24 - - [12/Mar/2026:08:30:19 -0400] "GET /shop/tendriled/dolichocephalic013078261991.shtml?fileloc=/home/enciassa/public_html/wp-signup.php&path=/home/enciassa/public_html HTTP/1.1" 200 53906 "-" "meta-externalagent/1.1 (+https://developers.facebook.com/docs/sharing/webmasters/crawler)"
57.141.0.1 - - [12/Mar/2026:08:30:19 -0400] "GET /shop/tendriled/dolichocephalic013078261991.shtml?fileloc=/home/enciassa/public_html/wp-includes/class-IXR.php&path=/home/enciassa/public_html/wp-includes HTTP/1.1" 200 15215 "-" "meta-externalagent/1.1 (+https://developers.facebook.com/docs/sharing/webmasters/crawler)"
216.73.216.44 - - [12/Mar/2026:08:30:19 -0400] "GET /?path=%2F%2Fvar%2Fsoftaculous%2Fimpresspage%2Fphp81 HTTP/1.1" 200 20382 "-" "Mozilla/5.0 AppleWebKit/537.36 (KHTML, like Gecko; compatible; ClaudeBot/1.0; +claudebot@anthropic.com)"
216.73.216.44 - - [12/Mar/2026:08:30:19 -0400] "GET /?fileloc=%2F%2Fvar%2Fsoftaculous%2Flychee%2Fphp71%2Fimport.php&path=%2F%2Fvar%2Fsoftaculous%2Flychee%2Fphp71 HTTP/1.1" 200 18219 "-" "Mozilla/5.0 AppleWebKit/537.36 (KHTML, like Gecko; compatible; ClaudeBot/1.0; +claudebot@anthropic.com)"
57.141.0.36 - - [12/Mar/2026:08:30:20 -0400] "GET /shop/tendriled/dolichocephalic013078261991.shtml?fileloc=/home/enciassa/public_html/wp-includes/class-wp-block.php&path=/home/enciassa/public_html/wp-includes HTTP/1.1" 200 37343 "-" "meta-externalagent/1.1 (+https://developers.facebook.com/docs/sharing/webmasters/crawler)"
216.73.216.44 - - [12/Mar/2026:08:30:20 -0400] "GET /?fileloc=%2F%2Fvar%2Fsoftaculous%2Fwintercms%2Fphp56%2Fedit.php&path=%2F%2Fvar%2Fsoftaculous%2Fwintercms%2Fphp56 HTTP/1.1" 200 17877 "-" "Mozilla/5.0 AppleWebKit/537.36 (KHTML, like Gecko; compatible; ClaudeBot/1.0; +claudebot@anthropic.com)"
216.73.216.44 - - [12/Mar/2026:08:30:20 -0400] "GET /?path=%2F%2Fvar%2Fsoftaculous%2Fkimai%2Fphp53 HTTP/1.1" 200 18759 "-" "Mozilla/5.0 AppleWebKit/537.36 (KHTML, like Gecko; compatible; ClaudeBot/1.0; +claudebot@anthropic.com)"
216.73.216.44 - - [12/Mar/2026:08:30:20 -0400] "GET /?path=%2F%2Fvar%2Fsoftaculous%2Fxcloner%2Fphp82 HTTP/1.1" 200 18792 "-" "Mozilla/5.0 AppleWebKit/537.36 (KHTML, like Gecko; compatible; ClaudeBot/1.0; +claudebot@anthropic.com)"
57.141.0.62 - - [12/Mar/2026:08:30:20 -0400] "GET /shop/tendriled/dolichocephalic013078261991.shtml?fileloc=/home/enciassa/public_html/wp-includes/option.php&path=/home/enciassa/public_html/wp-includes HTTP/1.1" 200 123375 "-" "meta-externalagent/1.1 (+https://developers.facebook.com/docs/sharing/webmasters/crawler)"
216.73.216.44 - - [12/Mar/2026:08:30:20 -0400] "GET /?fileloc=%2F%2Fvar%2Fsoftaculous%2Fpmwiki%2Fphp81%2Fextend.php&path=%2F%2Fvar%2Fsoftaculous%2Fpmwiki%2Fphp81 HTTP/1.1" 200 21889 "-" "Mozilla/5.0 AppleWebKit/537.36 (KHTML, like Gecko; compatible; ClaudeBot/1.0; +claudebot@anthropic.com)"
216.73.216.44 - - [12/Mar/2026:08:30:21 -0400] "GET /?path=%2F%2Fvar%2Fsoftaculous%2Fbagisto%2Fphp82 HTTP/1.1" 200 20287 "-" "Mozilla/5.0 AppleWebKit/537.36 (KHTML, like Gecko; compatible; ClaudeBot/1.0; +claudebot@anthropic.com)"
216.73.216.44 - - [12/Mar/2026:08:30:21 -0400] "GET /?fileloc=%2F%2Fvar%2Fsoftaculous%2Fdocumentor%2Fphp53%2Finstall.php&path=%2F%2Fvar%2Fsoftaculous%2Fdocumentor%2Fphp53 HTTP/1.1" 200 15841 "-" "Mozilla/5.0 AppleWebKit/537.36 (KHTML, like Gecko; compatible; ClaudeBot/1.0; +claudebot@anthropic.com)"
57.141.0.67 - - [12/Mar/2026:08:30:21 -0400] "GET /shop/tendriled/dolichocephalic013078261991.shtml?path=/home/enciassa/public_html/wp-includes/ID3 HTTP/1.1" 200 43059 "-" "meta-externalagent/1.1 (+https://developers.facebook.com/docs/sharing/webmasters/crawler)"
57.141.0.58 - - [12/Mar/2026:08:30:21 -0400] "GET /shop/tendriled/dolichocephalic013078261991.shtml?fileloc=/home/enciassa/public_html/wp-includes/template-canvas.php&path=/home/enciassa/public_html/wp-includes HTTP/1.1" 200 13143 "-" "meta-externalagent/1.1 (+https://developers.facebook.com/docs/sharing/webmasters/crawler)"
216.73.216.44 - - [12/Mar/2026:08:30:21 -0400] "GET /?fileloc=%2F%2Fvar%2Fsoftaculous%2Fdrupal%2Fphp53%2Fimport.php&path=%2F%2Fvar%2Fsoftaculous%2Fdrupal%2Fphp53 HTTP/1.1" 200 19163 "-" "Mozilla/5.0 AppleWebKit/537.36 (KHTML, like Gecko; compatible; ClaudeBot/1.0; +claudebot@anthropic.com)"
216.73.216.44 - - [12/Mar/2026:08:30:21 -0400] "GET /?fileloc=%2F%2Fvar%2Fsoftaculous%2Fbackdrop%2Fphp56%2Fclone.php&path=%2F%2Fvar%2Fsoftaculous%2Fbackdrop%2Fphp56 HTTP/1.1" 200 27207 "-" "Mozilla/5.0 AppleWebKit/537.36 (KHTML, like Gecko; compatible; ClaudeBot/1.0; +claudebot@anthropic.com)"
74.7.227.61 - - [12/Mar/2026:08:30:20 -0400] "GET /search.php?detail/248005013048 HTTP/1.1" 200 164057 "https://residenciassanantonio.com/search.php?detail/260045311103" "Mozilla/5.0 AppleWebKit/537.36 (KHTML, like Gecko; compatible; GPTBot/1.3; +https://openai.com/gptbot)"
216.73.216.44 - - [12/Mar/2026:08:30:22 -0400] "GET /?path=%2F%2Fvar%2Fsoftaculous%2Fmyfaq%2Fphp56 HTTP/1.1" 200 20244 "-" "Mozilla/5.0 AppleWebKit/537.36 (KHTML, like Gecko; compatible; ClaudeBot/1.0; +claudebot@anthropic.com)"
57.141.0.25 - - [12/Mar/2026:08:30:22 -0400] "GET /shop/tendriled/dolichocephalic013078261991.shtml?path=/home/enciassa/public_html/wp-includes/block-supports HTTP/1.1" 200 44984 "-" "meta-externalagent/1.1 (+https://developers.facebook.com/docs/sharing/webmasters/crawler)"
216.73.216.44 - - [12/Mar/2026:08:30:22 -0400] "GET /?fileloc=%2F%2Fvar%2Fsoftaculous%2Fflatboard%2Fphp82%2Fextend.php&path=%2F%2Fvar%2Fsoftaculous%2Fflatboard%2Fphp82 HTTP/1.1" 200 23210 "-" "Mozilla/5.0 AppleWebKit/537.36 (KHTML, like Gecko; compatible; ClaudeBot/1.0; +claudebot@anthropic.com)"
216.73.216.44 - - [12/Mar/2026:08:30:22 -0400] "GET /?fileloc=%2F%2Fvar%2Fsoftaculous%2Fleafpub%2Fphp71%2Fextend.php&path=%2F%2Fvar%2Fsoftaculous%2Fleafpub%2Fphp71 HTTP/1.1" 200 24176 "-" "Mozilla/5.0 AppleWebKit/537.36 (KHTML, like Gecko; compatible; ClaudeBot/1.0; +claudebot@anthropic.com)"
57.141.0.40 - - [12/Mar/2026:08:30:22 -0400] "GET /shop/tendriled/dolichocephalic013078261991.shtml?fileloc=/home/enciassa/public_html/wp-includes/class-wp-block-bindings-source.php&path=/home/enciassa/public_html/wp-includes HTTP/1.1" 200 15552 "-" "meta-externalagent/1.1 (+https://developers.facebook.com/docs/sharing/webmasters/crawler)"
216.73.216.44 - - [12/Mar/2026:08:30:22 -0400] "GET /?path=%2F%2Fvar%2Fsoftaculous%2Ftcexam%2Fphp53 HTTP/1.1" 200 21757 "-" "Mozilla/5.0 AppleWebKit/537.36 (KHTML, like Gecko; compatible; ClaudeBot/1.0; +claudebot@anthropic.com)"
216.73.216.44 - - [12/Mar/2026:08:30:23 -0400] "GET /?path=%2F%2Fvar%2Fsoftaculous%2Fowa%2Fphp53 HTTP/1.1" 200 20198 "-" "Mozilla/5.0 AppleWebKit/537.36 (KHTML, like Gecko; compatible; ClaudeBot/1.0; +claudebot@anthropic.com)"
216.73.216.44 - - [12/Mar/2026:08:30:23 -0400] "GET /?path=%2Fhome%2Fenciassa%2Fwww%2Fwp-content%2Fplugins%2Fwordpress-seo%2Fsrc%2Fvalues HTTP/1.1" 200 20672 "-" "Mozilla/5.0 AppleWebKit/537.36 (KHTML, like Gecko; compatible; ClaudeBot/1.0; +claudebot@anthropic.com)"
57.141.0.56 - - [12/Mar/2026:08:30:23 -0400] "GET /shop/tendriled/dolichocephalic013078261991.shtml?fileloc=/home/enciassa/public_html/wp-includes/block-template.php&path=/home/enciassa/public_html/wp-includes HTTP/1.1" 200 28903 "-" "meta-externalagent/1.1 (+https://developers.facebook.com/docs/sharing/webmasters/crawler)"
57.141.0.32 - - [12/Mar/2026:08:30:23 -0400] "GET /shop/tendriled/dolichocephalic013078261991.shtml?fileloc=/home/enciassa/public_html/robots.txt&path=/home/enciassa/public_html HTTP/1.1" 200 12820 "-" "meta-externalagent/1.1 (+https://developers.facebook.com/docs/sharing/webmasters/crawler)"
216.73.216.44 - - [12/Mar/2026:08:30:23 -0400] "GET /?fileloc=%2F%2Fvar%2Fsoftaculous%2Fdrupal6%2Fphp81%2Fedit.php&path=%2F%2Fvar%2Fsoftaculous%2Fdrupal6%2Fphp81 HTTP/1.1" 200 17040 "-" "Mozilla/5.0 AppleWebKit/537.36 (KHTML, like Gecko; compatible; ClaudeBot/1.0; +claudebot@anthropic.com)"
216.73.216.44 - - [12/Mar/2026:08:30:24 -0400] "GET /?path=%2F%2Fvar%2Fsoftaculous%2Fanchor%2Fphp81 HTTP/1.1" 200 18773 "-" "Mozilla/5.0 AppleWebKit/537.36 (KHTML, like Gecko; compatible; ClaudeBot/1.0; +claudebot@anthropic.com)"
216.73.216.44 - - [12/Mar/2026:08:30:24 -0400] "GET /?fileloc=%2F%2Fvar%2Fsoftaculous%2Fadminer%2Fphp81%2Fclone.php&path=%2F%2Fvar%2Fsoftaculous%2Fadminer%2Fphp81 HTTP/1.1" 200 15834 "-" "Mozilla/5.0 AppleWebKit/537.36 (KHTML, like Gecko; compatible; ClaudeBot/1.0; +claudebot@anthropic.com)"
216.73.216.44 - - [12/Mar/2026:08:30:24 -0400] "GET /?fileloc=%2F%2Fvar%2Fsoftaculous%2Fconc8%2Fphp53%2Fclone.php&path=%2F%2Fvar%2Fsoftaculous%2Fconc8%2Fphp53 HTTP/1.1" 200 21468 "-" "Mozilla/5.0 AppleWebKit/537.36 (KHTML, like Gecko; compatible; ClaudeBot/1.0; +claudebot@anthropic.com)"
216.73.216.44 - - [12/Mar/2026:08:30:24 -0400] "GET /?path=%2F%2Fvar%2Fsoftaculous%2Fmw14%2Fphp56 HTTP/1.1" 200 20222 "-" "Mozilla/5.0 AppleWebKit/537.36 (KHTML, like Gecko; compatible; ClaudeBot/1.0; +claudebot@anthropic.com)"
57.141.0.57 - - [12/Mar/2026:08:30:24 -0400] "GET /shop/tendriled/dolichocephalic013078261991.shtml?fileloc=/home/enciassa/public_html/wp-includes/cache-compat.php&path=/home/enciassa/public_html/wp-includes HTTP/1.1" 200 18690 "-" "meta-externalagent/1.1 (+https://developers.facebook.com/docs/sharing/webmasters/crawler)"
216.73.216.44 - - [12/Mar/2026:08:30:24 -0400] "GET /?path=%2F%2Fvar%2Fsoftaculous%2Flivehelper%2Fphp81 HTTP/1.1" 200 20360 "-" "Mozilla/5.0 AppleWebKit/537.36 (KHTML, like Gecko; compatible; ClaudeBot/1.0; +claudebot@anthropic.com)"
216.73.216.44 - - [12/Mar/2026:08:30:24 -0400] "GET /?path=%2F%2Fvar%2Fsoftaculous%2Fdolibarr%2Fphp56 HTTP/1.1" 200 21812 "-" "Mozilla/5.0 AppleWebKit/537.36 (KHTML, like Gecko; compatible; ClaudeBot/1.0; +claudebot@anthropic.com)"
57.141.0.19 - - [12/Mar/2026:08:30:25 -0400] "GET /shop/tendriled/dolichocephalic013078261991.shtml?fileloc=/home/enciassa/public_html/wp-includes/class-wp.php&path=/home/enciassa/public_html/wp-includes HTTP/1.1" 200 41941 "-" "meta-externalagent/1.1 (+https://developers.facebook.com/docs/sharing/webmasters/crawler)"
216.73.216.44 - - [12/Mar/2026:08:30:25 -0400] "GET /?path=%2F%2Fvar%2Fsoftaculous%2Fmoodle39%2Fphp71 HTTP/1.1" 200 21814 "-" "Mozilla/5.0 AppleWebKit/537.36 (KHTML, like Gecko; compatible; ClaudeBot/1.0; +claudebot@anthropic.com)"
57.141.0.67 - - [12/Mar/2026:08:30:25 -0400] "GET /shop/tendriled/dolichocephalic013078261991.shtml?path=/home/enciassa/public_html/wp-includes/certificates HTTP/1.1" 200 17699 "-" "meta-externalagent/1.1 (+https://developers.facebook.com/docs/sharing/webmasters/crawler)"
216.73.216.44 - - [12/Mar/2026:08:30:25 -0400] "GET /?path=%2F%2Fvar%2Fsoftaculous%2Fmautic%2Fphp56 HTTP/1.1" 200 18778 "-" "Mozilla/5.0 AppleWebKit/537.36 (KHTML, like Gecko; compatible; ClaudeBot/1.0; +claudebot@anthropic.com)"
114.119.130.91 - - [12/Mar/2026:08:30:25 -0400] "GET /shop/postgraduate/kenya032151451592.shtml HTTP/1.1" 200 80301 "https://residenciassanantonio.com/sitemap195.xml" "Mozilla/5.0 (Linux; Android 7.0;) AppleWebKit/537.36 (KHTML, like Gecko) Mobile Safari/537.36 (compatible; PetalBot;+https://webmaster.petalsearch.com/site/petalbot)"
216.73.216.44 - - [12/Mar/2026:08:30:25 -0400] "GET /?path=%2F%2Fvar%2Fsoftaculous%2Fpresta178%2Fphp81 HTTP/1.1" 200 18833 "-" "Mozilla/5.0 AppleWebKit/537.36 (KHTML, like Gecko; compatible; ClaudeBot/1.0; +claudebot@anthropic.com)"
57.141.0.62 - - [12/Mar/2026:08:30:25 -0400] "GET /shop/tendriled/dolichocephalic013078261991.shtml?fileloc=/home/enciassa/public_html/wp-includes/class-wp-simplepie-sanitize-kses.php&path=/home/enciassa/public_html/wp-includes HTTP/1.1" 200 14531 "-" "meta-externalagent/1.1 (+https://developers.facebook.com/docs/sharing/webmasters/crawler)"
216.73.216.44 - - [12/Mar/2026:08:30:25 -0400] "GET /?fileloc=%2F%2Fvar%2Fsoftaculous%2Fdhtmlx%2Fphp71%2Finstall.php&path=%2F%2Fvar%2Fsoftaculous%2Fdhtmlx%2Fphp71 HTTP/1.1" 200 17219 "-" "Mozilla/5.0 AppleWebKit/537.36 (KHTML, like Gecko; compatible; ClaudeBot/1.0; +claudebot@anthropic.com)"
216.73.216.44 - - [12/Mar/2026:08:30:25 -0400] "GET /?path=%2F%2Fvar%2Fsoftaculous%2Fsoplanning%2Fphp56 HTTP/1.1" 200 18849 "-" "Mozilla/5.0 AppleWebKit/537.36 (KHTML, like Gecko; compatible; ClaudeBot/1.0; +claudebot@anthropic.com)"
74.7.227.61 - - [12/Mar/2026:08:30:23 -0400] "GET /search.php?detail/1630336349641 HTTP/1.1" 200 177029 "https://residenciassanantonio.com/search.php?detail/150001644607" "Mozilla/5.0 AppleWebKit/537.36 (KHTML, like Gecko; compatible; GPTBot/1.3; +https://openai.com/gptbot)"
57.141.0.37 - - [12/Mar/2026:08:30:26 -0400] "GET /shop/tendriled/dolichocephalic013078261991.shtml?fileloc=/home/enciassa/public_html/wp-includes/class-wp-block-metadata-registry.php&path=/home/enciassa/public_html/wp-includes HTTP/1.1" 200 24970 "-" "meta-externalagent/1.1 (+https://developers.facebook.com/docs/sharing/webmasters/crawler)"
216.73.216.44 - - [12/Mar/2026:08:30:26 -0400] "GET /?path=%2F%2Fvar%2Fsoftaculous%2Ftinyrss%2Fphp71 HTTP/1.1" 200 18793 "-" "Mozilla/5.0 AppleWebKit/537.36 (KHTML, like Gecko; compatible; ClaudeBot/1.0; +claudebot@anthropic.com)"
216.73.216.44 - - [12/Mar/2026:08:30:26 -0400] "GET /?fileloc=%2F%2Fvar%2Fsoftaculous%2Fwebtrees%2Fphp82%2Fextend.php&path=%2F%2Fvar%2Fsoftaculous%2Fwebtrees%2Fphp82 HTTP/1.1" 200 21804 "-" "Mozilla/5.0 AppleWebKit/537.36 (KHTML, like Gecko; compatible; ClaudeBot/1.0; +claudebot@anthropic.com)"
216.73.216.44 - - [12/Mar/2026:08:30:27 -0400] "GET /?fileloc=%2F%2Fvar%2Fsoftaculous%2Fsofawiki%2Fedit.php&path=%2F%2Fvar%2Fsoftaculous%2Fsofawiki HTTP/1.1" 200 16559 "-" "Mozilla/5.0 AppleWebKit/537.36 (KHTML, like Gecko; compatible; ClaudeBot/1.0; +claudebot@anthropic.com)"
216.73.216.44 - - [12/Mar/2026:08:30:26 -0400] "GET /?fileloc=%2F%2Fvar%2Fsoftaculous%2Fomp%2Fphp81%2Fedit.php&path=%2F%2Fvar%2Fsoftaculous%2Fomp%2Fphp81 HTTP/1.1" 200 17207 "-" "Mozilla/5.0 AppleWebKit/537.36 (KHTML, like Gecko; compatible; ClaudeBot/1.0; +claudebot@anthropic.com)"
216.73.216.44 - - [12/Mar/2026:08:30:27 -0400] "GET /?path=%2F%2Fvar%2Fsoftaculous%2Fwp57%2Flanguages HTTP/1.1" 200 12824 "-" "Mozilla/5.0 AppleWebKit/537.36 (KHTML, like Gecko; compatible; ClaudeBot/1.0; +claudebot@anthropic.com)"
57.141.0.24 - - [12/Mar/2026:08:30:27 -0400] "GET /shop/tendriled/dolichocephalic013078261991.shtml?fileloc=/home/enciassa/public_html/wp-includes/comment-template.php&path=/home/enciassa/public_html/wp-includes HTTP/1.1" 200 126452 "-" "meta-externalagent/1.1 (+https://developers.facebook.com/docs/sharing/webmasters/crawler)"
216.73.216.44 - - [12/Mar/2026:08:30:27 -0400] "GET /?path=%2F%2Fvar%2Fsoftaculous%2Fajaxchat%2Fphp81 HTTP/1.1" 200 18812 "-" "Mozilla/5.0 AppleWebKit/537.36 (KHTML, like Gecko; compatible; ClaudeBot/1.0; +claudebot@anthropic.com)"
57.141.0.40 - - [12/Mar/2026:08:30:27 -0400] "GET /shop/tendriled/dolichocephalic013078261991.shtml?path=/home/enciassa/public_html/wp-includes/style-engine HTTP/1.1" 200 21341 "-" "meta-externalagent/1.1 (+https://developers.facebook.com/docs/sharing/webmasters/crawler)"
57.141.0.20 - - [12/Mar/2026:08:30:27 -0400] "GET /shop/tendriled/dolichocephalic013078261991.shtml?fileloc=/home/enciassa/public_html/wp-includes/class-wp-customize-section.php&path=/home/enciassa/public_html/wp-includes HTTP/1.1" 200 24683 "-" "meta-externalagent/1.1 (+https://developers.facebook.com/docs/sharing/webmasters/crawler)"
216.73.216.44 - - [12/Mar/2026:08:30:27 -0400] "GET /?fileloc=%2F%2Fvar%2Fsoftaculous%2Fdrupal89%2Fphp81%2Fedit.php&path=%2F%2Fvar%2Fsoftaculous%2Fdrupal89%2Fphp81 HTTP/1.1" 200 17405 "-" "Mozilla/5.0 AppleWebKit/537.36 (KHTML, like Gecko; compatible; ClaudeBot/1.0; +claudebot@anthropic.com)"
216.73.216.44 - - [12/Mar/2026:08:30:28 -0400] "GET /?path=%2F%2Fvar%2Fsoftaculous%2Ftiki%2Fphp56 HTTP/1.1" 200 21705 "-" "Mozilla/5.0 AppleWebKit/537.36 (KHTML, like Gecko; compatible; ClaudeBot/1.0; +claudebot@anthropic.com)"
216.73.216.44 - - [12/Mar/2026:08:30:28 -0400] "GET /?path=%2F%2Fvar%2Fsoftaculous%2Fqtoa%2Fphp56 HTTP/1.1" 200 20220 "-" "Mozilla/5.0 AppleWebKit/537.36 (KHTML, like Gecko; compatible; ClaudeBot/1.0; +claudebot@anthropic.com)"
57.141.0.39 - - [12/Mar/2026:08:30:28 -0400] "GET /shop/tendriled/dolichocephalic013078261991.shtml?fileloc=/home/enciassa/public_html/wp-includes/vars.php&path=/home/enciassa/public_html/wp-includes HTTP/1.1" 200 20013 "-" "meta-externalagent/1.1 (+https://developers.facebook.com/docs/sharing/webmasters/crawler)"
216.73.216.44 - - [12/Mar/2026:08:30:28 -0400] "GET /?path=%2F%2Fvar%2Fsoftaculous%2Fwhmcs89%2Fphp81 HTTP/1.1" 200 20291 "-" "Mozilla/5.0 AppleWebKit/537.36 (KHTML, like Gecko; compatible; ClaudeBot/1.0; +claudebot@anthropic.com)"
216.73.216.44 - - [12/Mar/2026:08:30:28 -0400] "GET /?fileloc=%2F%2Fvar%2Fsoftaculous%2Fphpwcms%2Fimport.php&path=%2F%2Fvar%2Fsoftaculous%2Fphpwcms HTTP/1.1" 200 16331 "-" "Mozilla/5.0 AppleWebKit/537.36 (KHTML, like Gecko; compatible; ClaudeBot/1.0; +claudebot@anthropic.com)"
216.73.216.44 - - [12/Mar/2026:08:30:28 -0400] "GET /?fileloc=%2F%2Fvar%2Fsoftaculous%2Fdrupal8%2Fphp71%2Finstall.php&path=%2F%2Fvar%2Fsoftaculous%2Fdrupal8%2Fphp71 HTTP/1.1" 200 25871 "-" "Mozilla/5.0 AppleWebKit/537.36 (KHTML, like Gecko; compatible; ClaudeBot/1.0; +claudebot@anthropic.com)"
57.141.0.45 - - [12/Mar/2026:08:30:29 -0400] "GET /shop/tendriled/dolichocephalic013078261991.shtml?fileloc=/home/enciassa/public_html/wp-includes/class-feed.php&path=/home/enciassa/public_html/wp-includes HTTP/1.1" 200 13084 "-" "meta-externalagent/1.1 (+https://developers.facebook.com/docs/sharing/webmasters/crawler)"
216.73.216.44 - - [12/Mar/2026:08:30:29 -0400] "GET /?path=%2F%2Fvar%2Fsoftaculous%2Fmoodle29%2Fphp81 HTTP/1.1" 200 20314 "-" "Mozilla/5.0 AppleWebKit/537.36 (KHTML, like Gecko; compatible; ClaudeBot/1.0; +claudebot@anthropic.com)"
57.141.0.43 - - [12/Mar/2026:08:30:29 -0400] "GET /shop/tendriled/dolichocephalic013078261991.shtml?fileloc=/home/enciassa/public_html/wp-includes/class-wp-locale.php&path=/home/enciassa/public_html/wp-includes HTTP/1.1" 200 31639 "-" "meta-externalagent/1.1 (+https://developers.facebook.com/docs/sharing/webmasters/crawler)"
216.73.216.44 - - [12/Mar/2026:08:30:29 -0400] "GET /?path=%2F%2Fvar%2Fsoftaculous%2Fwp65%2Flanguages HTTP/1.1" 200 12824 "-" "Mozilla/5.0 AppleWebKit/537.36 (KHTML, like Gecko; compatible; ClaudeBot/1.0; +claudebot@anthropic.com)"
216.73.216.44 - - [12/Mar/2026:08:30:29 -0400] "GET /?path=%2F%2Flib%2Fdracut%2Fmodules.d%2F90btrfs HTTP/1.1" 200 20397 "-" "Mozilla/5.0 AppleWebKit/537.36 (KHTML, like Gecko; compatible; ClaudeBot/1.0; +claudebot@anthropic.com)"
57.141.0.28 - - [12/Mar/2026:08:30:29 -0400] "GET /shop/tendriled/dolichocephalic013078261991.shtml?path=/home/enciassa/public_html/.well-known/pki-validation HTTP/1.1" 200 19386 "-" "meta-externalagent/1.1 (+https://developers.facebook.com/docs/sharing/webmasters/crawler)"
216.73.216.44 - - [12/Mar/2026:08:30:30 -0400] "GET /?path=%2F%2Fvar%2Fsoftaculous%2Fmaian%2Fphp56 HTTP/1.1" 200 21730 "-" "Mozilla/5.0 AppleWebKit/537.36 (KHTML, like Gecko; compatible; ClaudeBot/1.0; +claudebot@anthropic.com)"
216.73.216.44 - - [12/Mar/2026:08:30:29 -0400] "GET /?fileloc=%2F%2Fvar%2Fsoftaculous%2Fomp%2Fphp71%2Fextend.php&path=%2F%2Fvar%2Fsoftaculous%2Fomp%2Fphp71 HTTP/1.1" 200 24306 "-" "Mozilla/5.0 AppleWebKit/537.36 (KHTML, like Gecko; compatible; ClaudeBot/1.0; +claudebot@anthropic.com)"
216.73.216.44 - - [12/Mar/2026:08:30:30 -0400] "GET /?fileloc=%2F%2Fvar%2Fsoftaculous%2Fcommentics%2Fphp71%2Fclone.php&path=%2F%2Fvar%2Fsoftaculous%2Fcommentics%2Fphp71 HTTP/1.1" 200 25513 "-" "Mozilla/5.0 AppleWebKit/537.36 (KHTML, like Gecko; compatible; ClaudeBot/1.0; +claudebot@anthropic.com)"
74.7.227.61 - - [12/Mar/2026:08:30:28 -0400] "GET /search.php?detail/150001631577 HTTP/1.1" 200 159166 "https://residenciassanantonio.com/search.php?detail/150001638962" "Mozilla/5.0 AppleWebKit/537.36 (KHTML, like Gecko; compatible; GPTBot/1.3; +https://openai.com/gptbot)"
216.73.216.44 - - [12/Mar/2026:08:30:30 -0400] "GET /?path=%2F%2Fvar%2Fsoftaculous%2Ftine%2Fphp56 HTTP/1.1" 200 18736 "-" "Mozilla/5.0 AppleWebKit/537.36 (KHTML, like Gecko; compatible; ClaudeBot/1.0; +claudebot@anthropic.com)"
57.141.0.41 - - [12/Mar/2026:08:30:30 -0400] "GET /shop/tendriled/dolichocephalic013078261991.shtml?fileloc=/home/enciassa/public_html/wp-includes/locale.php&path=/home/enciassa/public_html/wp-includes HTTP/1.1" 200 12633 "-" "meta-externalagent/1.1 (+https://developers.facebook.com/docs/sharing/webmasters/crawler)"
57.141.0.41 - - [12/Mar/2026:08:30:30 -0400] "GET /shop/tendriled/dolichocephalic013078261991.shtml?fileloc=/home/enciassa/public_html/wp-includes/class-wp-http-cookie.php&path=/home/enciassa/public_html/wp-includes HTTP/1.1" 200 20554 "-" "meta-externalagent/1.1 (+https://developers.facebook.com/docs/sharing/webmasters/crawler)"
216.73.216.44 - - [12/Mar/2026:08:30:30 -0400] "GET /?fileloc=%2F%2Fvar%2Fsoftaculous%2Fatutor%2Fphp71%2Fclone.php&path=%2F%2Fvar%2Fsoftaculous%2Fatutor%2Fphp71 HTTP/1.1" 200 18956 "-" "Mozilla/5.0 AppleWebKit/537.36 (KHTML, like Gecko; compatible; ClaudeBot/1.0; +claudebot@anthropic.com)"
216.73.216.44 - - [12/Mar/2026:08:30:31 -0400] "GET /?path=%2Fhome%2Fenciassa%2Fwww%2Fwp-content%2Fplugins%2Felementor%2Fmodules%2Fwp-cli HTTP/1.1" 200 21283 "-" "Mozilla/5.0 AppleWebKit/537.36 (KHTML, like Gecko; compatible; ClaudeBot/1.0; +claudebot@anthropic.com)"
57.141.0.56 - - [12/Mar/2026:08:30:31 -0400] "GET /shop/hyperventilate/alligatored012727698476.shtml?path=/home/enciassa/public_html/2929a/2929a HTTP/1.1" 200 18916 "-" "meta-externalagent/1.1 (+https://developers.facebook.com/docs/sharing/webmasters/crawler)"
57.141.0.36 - - [12/Mar/2026:08:30:31 -0400] "GET /shop/tendriled/dolichocephalic013078261991.shtml?fileloc=/home/enciassa/public_html/wp-includes/class-walker-category-dropdown.php&path=/home/enciassa/public_html/wp-includes HTTP/1.1" 200 15271 "-" "meta-externalagent/1.1 (+https://developers.facebook.com/docs/sharing/webmasters/crawler)"
216.73.216.44 - - [12/Mar/2026:08:30:31 -0400] "GET /?fileloc=%2F%2Fvar%2Fsoftaculous%2Flychee%2Fphp82%2Finstall.php&path=%2F%2Fvar%2Fsoftaculous%2Flychee%2Fphp82 HTTP/1.1" 200 18713 "-" "Mozilla/5.0 AppleWebKit/537.36 (KHTML, like Gecko; compatible; ClaudeBot/1.0; +claudebot@anthropic.com)"
216.73.216.44 - - [12/Mar/2026:08:30:31 -0400] "GET /?path=%2F%2Fvar%2Fsoftaculous%2F4images%2Fphp71 HTTP/1.1" 200 20291 "-" "Mozilla/5.0 AppleWebKit/537.36 (KHTML, like Gecko; compatible; ClaudeBot/1.0; +claudebot@anthropic.com)"
216.73.216.44 - - [12/Mar/2026:08:30:31 -0400] "GET /?path=%2F%2Fvar%2Fsoftaculous%2Fsmf20%2Fphp81 HTTP/1.1" 200 20245 "-" "Mozilla/5.0 AppleWebKit/537.36 (KHTML, like Gecko; compatible; ClaudeBot/1.0; +claudebot@anthropic.com)"
216.73.216.44 - - [12/Mar/2026:08:30:31 -0400] "GET /?fileloc=%2F%2Fvar%2Fsoftaculous%2Fxoops%2Fphp82%2Fedit.php&path=%2F%2Fvar%2Fsoftaculous%2Fxoops%2Fphp82 HTTP/1.1" 200 17036 "-" "Mozilla/5.0 AppleWebKit/537.36 (KHTML, like Gecko; compatible; ClaudeBot/1.0; +claudebot@anthropic.com)"
216.73.216.44 - - [12/Mar/2026:08:30:32 -0400] "GET /?path=%2F%2Fvar%2Fsoftaculous%2Ftypo%2Fphp71 HTTP/1.1" 200 20220 "-" "Mozilla/5.0 AppleWebKit/537.36 (KHTML, like Gecko; compatible; ClaudeBot/1.0; +claudebot@anthropic.com)"
216.73.216.44 - - [12/Mar/2026:08:30:32 -0400] "GET /?path=%2F%2Fvar%2Fsoftaculous%2Focart23%2Fphp71 HTTP/1.1" 200 18792 "-" "Mozilla/5.0 AppleWebKit/537.36 (KHTML, like Gecko; compatible; ClaudeBot/1.0; +claudebot@anthropic.com)"
57.141.0.60 - - [12/Mar/2026:08:30:32 -0400] "GET /shop/tendriled/dolichocephalic013078261991.shtml?fileloc=/home/enciassa/public_html/wp-includes/kses.php&path=/home/enciassa/public_html/wp-includes HTTP/1.1" 200 100064 "-" "meta-externalagent/1.1 (+https://developers.facebook.com/docs/sharing/webmasters/crawler)"
216.73.216.44 - - [12/Mar/2026:08:30:32 -0400] "GET /?path=%2F%2Fvar%2Fsoftaculous%2Fmagento246%2Fphp71 HTTP/1.1" 200 20356 "-" "Mozilla/5.0 AppleWebKit/537.36 (KHTML, like Gecko; compatible; ClaudeBot/1.0; +claudebot@anthropic.com)"
57.141.0.33 - - [12/Mar/2026:08:30:33 -0400] "GET /shop/tendriled/dolichocephalic013078261991.shtml?fileloc=/home/enciassa/public_html/wp-includes/rss-functions.php&path=/home/enciassa/public_html/wp-includes HTTP/1.1" 200 12763 "-" "meta-externalagent/1.1 (+https://developers.facebook.com/docs/sharing/webmasters/crawler)"
57.141.0.12 - - [12/Mar/2026:08:30:33 -0400] "GET /shop/tendriled/dolichocephalic013078261991.shtml?path=/home/enciassa/public_html/wp-includes/theme-compat HTTP/1.1" 200 30435 "-" "meta-externalagent/1.1 (+https://developers.facebook.com/docs/sharing/webmasters/crawler)"
216.73.216.44 - - [12/Mar/2026:08:30:33 -0400] "GET /?path=%2F%2Fvar%2Fsoftaculous%2Fmoodle41%2Fphp56 HTTP/1.1" 200 21814 "-" "Mozilla/5.0 AppleWebKit/537.36 (KHTML, like Gecko; compatible; ClaudeBot/1.0; +claudebot@anthropic.com)"
216.73.216.44 - - [12/Mar/2026:08:30:33 -0400] "GET /?path=%2F%2Fvar%2Fsoftaculous%2Feasyp%2Fphp81 HTTP/1.1" 200 18755 "-" "Mozilla/5.0 AppleWebKit/537.36 (KHTML, like Gecko; compatible; ClaudeBot/1.0; +claudebot@anthropic.com)"
216.73.216.44 - - [12/Mar/2026:08:30:33 -0400] "GET /?fileloc=%2F%2Fvar%2Fsoftaculous%2Fphpcol%2Ffileindex.php&path=%2F%2Fvar%2Fsoftaculous%2Fphpcol HTTP/1.1" 200 12814 "-" "Mozilla/5.0 AppleWebKit/537.36 (KHTML, like Gecko; compatible; ClaudeBot/1.0; +claudebot@anthropic.com)"
216.73.216.44 - - [12/Mar/2026:08:30:33 -0400] "GET /?fileloc=%2F%2Fvar%2Fsoftaculous%2Fprocwire%2Fphp81%2Fedit.php&path=%2F%2Fvar%2Fsoftaculous%2Fprocwire%2Fphp81 HTTP/1.1" 200 18750 "-" "Mozilla/5.0 AppleWebKit/537.36 (KHTML, like Gecko; compatible; ClaudeBot/1.0; +claudebot@anthropic.com)"
216.73.216.44 - - [12/Mar/2026:08:30:33 -0400] "GET /?path=%2F%2Fvar%2Fsoftaculous%2Filias%2Fphp71 HTTP/1.1" 200 18761 "-" "Mozilla/5.0 AppleWebKit/537.36 (KHTML, like Gecko; compatible; ClaudeBot/1.0; +claudebot@anthropic.com)"
216.73.216.44 - - [12/Mar/2026:08:30:34 -0400] "GET /?fileloc=%2F%2Fvar%2Fsoftaculous%2Fb2e%2Fphp71%2Finstall.php&path=%2F%2Fvar%2Fsoftaculous%2Fb2e%2Fphp71 HTTP/1.1" 200 23181 "-" "Mozilla/5.0 AppleWebKit/537.36 (KHTML, like Gecko; compatible; ClaudeBot/1.0; +claudebot@anthropic.com)"
74.7.227.61 - - [12/Mar/2026:08:30:31 -0400] "GET /search.php?detail/2300170689704 HTTP/1.1" 200 167237 "https://residenciassanantonio.com/search.php?detail/260045326188" "Mozilla/5.0 AppleWebKit/537.36 (KHTML, like Gecko; compatible; GPTBot/1.3; +https://openai.com/gptbot)"
57.141.0.38 - - [12/Mar/2026:08:30:34 -0400] "GET /shop/tendriled/dolichocephalic013078261991.shtml?fileloc=/home/enciassa/public_html/wp-includes/class-wp-plugin-dependencies.php&path=/home/enciassa/public_html/wp-includes HTTP/1.1" 200 39355 "-" "meta-externalagent/1.1 (+https://developers.facebook.com/docs/sharing/webmasters/crawler)"
