57.141.0.7 - - [12/Mar/2026:08:30:34 -0400] "GET /shop/tendriled/dolichocephalic013078261991.shtml?fileloc=/home/enciassa/public_html/wp-includes/block-template-utils.php&path=/home/enciassa/public_html/wp-includes HTTP/1.1" 200 81579 "-" "meta-externalagent/1.1 (+https://developers.facebook.com/docs/sharing/webmasters/crawler)"
216.73.216.44 - - [12/Mar/2026:08:30:34 -0400] "GET /?path=%2F%2Fvar%2Fsoftaculous%2Fvtiger%2Fphp71 HTTP/1.1" 200 21759 "-" "Mozilla/5.0 AppleWebKit/537.36 (KHTML, like Gecko; compatible; ClaudeBot/1.0; +claudebot@anthropic.com)"
216.73.216.44 - - [12/Mar/2026:08:30:34 -0400] "GET /?path=%2F%2Fvar%2Fsoftaculous%2Fwhmcs82%2Fphp56 HTTP/1.1" 200 20290 "-" "Mozilla/5.0 AppleWebKit/537.36 (KHTML, like Gecko; compatible; ClaudeBot/1.0; +claudebot@anthropic.com)"
216.73.216.44 - - [12/Mar/2026:08:30:35 -0400] "GET /?fileloc=%2F%2Fvar%2Fsoftaculous%2Fdrupal%2Fphp56%2Finstall.php&path=%2F%2Fvar%2Fsoftaculous%2Fdrupal%2Fphp56 HTTP/1.1" 200 26686 "-" "Mozilla/5.0 AppleWebKit/537.36 (KHTML, like Gecko; compatible; ClaudeBot/1.0; +claudebot@anthropic.com)"
216.73.216.44 - - [12/Mar/2026:08:30:34 -0400] "GET /?fileloc=%2F%2Fvar%2Fsoftaculous%2Ffork%2Fphp53%2Fedit.php&path=%2F%2Fvar%2Fsoftaculous%2Ffork%2Fphp53 HTTP/1.1" 200 18675 "-" "Mozilla/5.0 AppleWebKit/537.36 (KHTML, like Gecko; compatible; ClaudeBot/1.0; +claudebot@anthropic.com)"
57.141.0.71 - - [12/Mar/2026:08:30:35 -0400] "GET /shop/tendriled/dolichocephalic013078261991.shtml?fileloc=/home/enciassa/public_html/wp-includes/class-wp-theme-json-schema.php&path=/home/enciassa/public_html/wp-includes HTTP/1.1" 200 20551 "-" "meta-externalagent/1.1 (+https://developers.facebook.com/docs/sharing/webmasters/crawler)"
57.141.0.67 - - [12/Mar/2026:08:30:35 -0400] "GET /shop/tendriled/dolichocephalic013078261991.shtml?fileloc=/home/enciassa/public_html/wp-includes/functions.wp-styles.php&path=/home/enciassa/public_html/wp-includes HTTP/1.1" 200 21638 "-" "meta-externalagent/1.1 (+https://developers.facebook.com/docs/sharing/webmasters/crawler)"
216.73.216.44 - - [12/Mar/2026:08:30:35 -0400] "GET /?fileloc=%2F%2Fvar%2Fsoftaculous%2Fcube%2Fphp71%2Finstall.php&path=%2F%2Fvar%2Fsoftaculous%2Fcube%2Fphp71 HTTP/1.1" 200 26467 "-" "Mozilla/5.0 AppleWebKit/537.36 (KHTML, like Gecko; compatible; ClaudeBot/1.0; +claudebot@anthropic.com)"
216.73.216.44 - - [12/Mar/2026:08:30:35 -0400] "GET /?fileloc=%2F%2Fvar%2Fsoftaculous%2Ftestlink%2Fphp53%2Fedit.php&path=%2F%2Fvar%2Fsoftaculous%2Ftestlink%2Fphp53 HTTP/1.1" 200 17224 "-" "Mozilla/5.0 AppleWebKit/537.36 (KHTML, like Gecko; compatible; ClaudeBot/1.0; +claudebot@anthropic.com)"
57.141.0.24 - - [12/Mar/2026:08:30:35 -0400] "GET /shop/tendriled/dolichocephalic013078261991.shtml?fileloc=/home/enciassa/public_html/wp-includes/https-migration.php&path=/home/enciassa/public_html/wp-includes HTTP/1.1" 200 17552 "-" "meta-externalagent/1.1 (+https://developers.facebook.com/docs/sharing/webmasters/crawler)"
216.73.216.44 - - [12/Mar/2026:08:30:36 -0400] "GET /?fileloc=%2F%2Fvar%2Fsoftaculous%2Fwebtrees%2Fphp56%2Fclone.php&path=%2F%2Fvar%2Fsoftaculous%2Fwebtrees%2Fphp56 HTTP/1.1" 200 18157 "-" "Mozilla/5.0 AppleWebKit/537.36 (KHTML, like Gecko; compatible; ClaudeBot/1.0; +claudebot@anthropic.com)"
216.73.216.44 - - [12/Mar/2026:08:30:36 -0400] "GET /?fileloc=%2F%2Fvar%2Fsoftaculous%2Fdrupal10%2Fphp71%2Fclone.php&path=%2F%2Fvar%2Fsoftaculous%2Fdrupal10%2Fphp71 HTTP/1.1" 200 30380 "-" "Mozilla/5.0 AppleWebKit/537.36 (KHTML, like Gecko; compatible; ClaudeBot/1.0; +claudebot@anthropic.com)"
57.141.0.4 - - [12/Mar/2026:08:30:36 -0400] "GET /shop/tendriled/dolichocephalic013078261991.shtml?fileloc=/home/enciassa/public_html/.maintenance&path=/home/enciassa/public_html HTTP/1.1" 200 12416 "-" "meta-externalagent/1.1 (+https://developers.facebook.com/docs/sharing/webmasters/crawler)"
216.73.216.44 - - [12/Mar/2026:08:30:36 -0400] "GET /?fileloc=%2F%2Fvar%2Fsoftaculous%2Fdrupal6%2Fphp53%2Fclone.php&path=%2F%2Fvar%2Fsoftaculous%2Fdrupal6%2Fphp53 HTTP/1.1" 200 16880 "-" "Mozilla/5.0 AppleWebKit/537.36 (KHTML, like Gecko; compatible; ClaudeBot/1.0; +claudebot@anthropic.com)"
216.73.216.44 - - [12/Mar/2026:08:30:36 -0400] "GET /?fileloc=%2F%2Fvar%2Fsoftaculous%2Fdrupal9%2Fphp82%2Fclone.php&path=%2F%2Fvar%2Fsoftaculous%2Fdrupal9%2Fphp82 HTTP/1.1" 200 28502 "-" "Mozilla/5.0 AppleWebKit/537.36 (KHTML, like Gecko; compatible; ClaudeBot/1.0; +claudebot@anthropic.com)"
57.141.0.55 - - [12/Mar/2026:08:30:36 -0400] "GET /shop/tendriled/dolichocephalic013078261991.shtml?fileloc=/home/enciassa/public_html/php.ini&path=/home/enciassa/public_html HTTP/1.1" 200 12412 "-" "meta-externalagent/1.1 (+https://developers.facebook.com/docs/sharing/webmasters/crawler)"
216.73.216.44 - - [12/Mar/2026:08:30:37 -0400] "GET /?path=%2F%2Fvar%2Fsoftaculous%2Focart%2Fphp81 HTTP/1.1" 200 20245 "-" "Mozilla/5.0 AppleWebKit/537.36 (KHTML, like Gecko; compatible; ClaudeBot/1.0; +claudebot@anthropic.com)"
216.73.216.44 - - [12/Mar/2026:08:30:37 -0400] "GET /?path=%2F%2Fvar%2Fsoftaculous%2Ftastyigniter%2Fphp53 HTTP/1.1" 200 20402 "-" "Mozilla/5.0 AppleWebKit/537.36 (KHTML, like Gecko; compatible; ClaudeBot/1.0; +claudebot@anthropic.com)"
216.73.216.44 - - [12/Mar/2026:08:30:37 -0400] "GET /?fileloc=%2F%2Fvar%2Fsoftaculous%2Fdocumentor%2Fphp71%2Fimport.php&path=%2F%2Fvar%2Fsoftaculous%2Fdocumentor%2Fphp71 HTTP/1.1" 200 16298 "-" "Mozilla/5.0 AppleWebKit/537.36 (KHTML, like Gecko; compatible; ClaudeBot/1.0; +claudebot@anthropic.com)"
57.141.0.66 - - [12/Mar/2026:08:30:37 -0400] "GET /shop/tendriled/dolichocephalic013078261991.shtml?fileloc=/home/enciassa/public_html/.well-known/.htaccess&path=/home/enciassa/public_html/.well-known HTTP/1.1" 200 12606 "-" "meta-externalagent/1.1 (+https://developers.facebook.com/docs/sharing/webmasters/crawler)"
216.73.216.44 - - [12/Mar/2026:08:30:37 -0400] "GET /?fileloc=%2F%2Fvar%2Fsoftaculous%2Fflat%2Fphp71%2Fupgrade.php&path=%2F%2Fvar%2Fsoftaculous%2Fflat%2Fphp71 HTTP/1.1" 200 18362 "-" "Mozilla/5.0 AppleWebKit/537.36 (KHTML, like Gecko; compatible; ClaudeBot/1.0; +claudebot@anthropic.com)"
216.73.216.44 - - [12/Mar/2026:08:30:37 -0400] "GET /?fileloc=%2F%2Fvar%2Fsoftaculous%2Fomp%2Fphp53%2Fclone.php&path=%2F%2Fvar%2Fsoftaculous%2Fomp%2Fphp53 HTTP/1.1" 200 22165 "-" "Mozilla/5.0 AppleWebKit/537.36 (KHTML, like Gecko; compatible; ClaudeBot/1.0; +claudebot@anthropic.com)"
57.141.0.51 - - [12/Mar/2026:08:30:37 -0400] "GET /shop/tendriled/dolichocephalic013078261991.shtml?fileloc=/home/enciassa/public_html/xmlrpc.php&path=/home/enciassa/public_html HTTP/1.1" 200 16248 "-" "meta-externalagent/1.1 (+https://developers.facebook.com/docs/sharing/webmasters/crawler)"
74.7.227.61 - - [12/Mar/2026:08:30:36 -0400] "GET /search.php?detail/192002655700 HTTP/1.1" 200 162225 "https://residenciassanantonio.com/search.php?detail/260045326188" "Mozilla/5.0 AppleWebKit/537.36 (KHTML, like Gecko; compatible; GPTBot/1.3; +https://openai.com/gptbot)"
216.73.216.44 - - [12/Mar/2026:08:30:38 -0400] "GET /?fileloc=%2F%2Flib%2Ftuned%2Fcloudlinux-default%2Ftuned.conf&path=%2F%2Flib%2Ftuned%2Fcloudlinux-default HTTP/1.1" 200 13268 "-" "Mozilla/5.0 AppleWebKit/537.36 (KHTML, like Gecko; compatible; ClaudeBot/1.0; +claudebot@anthropic.com)"
216.73.216.44 - - [12/Mar/2026:08:30:38 -0400] "GET /?path=%2F%2Fvar%2Fsoftaculous%2Fkimai%2Fphp82 HTTP/1.1" 200 18759 "-" "Mozilla/5.0 AppleWebKit/537.36 (KHTML, like Gecko; compatible; ClaudeBot/1.0; +claudebot@anthropic.com)"
57.141.0.39 - - [12/Mar/2026:08:30:38 -0400] "GET /shop/tendriled/dolichocephalic013078261991.shtml?fileloc=/home/enciassa/public_html/options.php&path=/home/enciassa/public_html HTTP/1.1" 200 14319 "-" "meta-externalagent/1.1 (+https://developers.facebook.com/docs/sharing/webmasters/crawler)"
216.73.216.44 - - [12/Mar/2026:08:30:38 -0400] "GET /?fileloc=%2F%2Fvar%2Fsoftaculous%2Flychee%2Fphp53%2Fextend.php&path=%2F%2Fvar%2Fsoftaculous%2Flychee%2Fphp53 HTTP/1.1" 200 22875 "-" "Mozilla/5.0 AppleWebKit/537.36 (KHTML, like Gecko; compatible; ClaudeBot/1.0; +claudebot@anthropic.com)"
216.73.216.44 - - [12/Mar/2026:08:30:38 -0400] "GET /?path=%2F%2Fvar%2Fsoftaculous%2Fsymfony24%2Fphp53 HTTP/1.1" 200 14336 "-" "Mozilla/5.0 AppleWebKit/537.36 (KHTML, like Gecko; compatible; ClaudeBot/1.0; +claudebot@anthropic.com)"
216.73.216.44 - - [12/Mar/2026:08:30:39 -0400] "GET /?path=%2F%2Fvar%2Fsoftaculous%2Fgoffice62%2Fphp81 HTTP/1.1" 200 20343 "-" "Mozilla/5.0 AppleWebKit/537.36 (KHTML, like Gecko; compatible; ClaudeBot/1.0; +claudebot@anthropic.com)"
57.141.0.55 - - [12/Mar/2026:08:30:38 -0400] "GET /shop/tendriled/dolichocephalic013078261991.shtml?fileloc=/home/enciassa/public_html/wp-includes/post.php&path=/home/enciassa/public_html/wp-includes HTTP/1.1" 200 336474 "-" "meta-externalagent/1.1 (+https://developers.facebook.com/docs/sharing/webmasters/crawler)"
57.141.0.26 - - [12/Mar/2026:08:30:39 -0400] "GET /shop/tendriled/dolichocephalic013078261991.shtml?fileloc=/home/enciassa/public_html/wp-includes/feed-rdf.php&path=/home/enciassa/public_html/wp-includes HTTP/1.1" 200 15923 "-" "meta-externalagent/1.1 (+https://developers.facebook.com/docs/sharing/webmasters/crawler)"
216.73.216.44 - - [12/Mar/2026:08:30:39 -0400] "GET /?path=%2F%2Fvar%2Fsoftaculous%2Fmoodle45%2Fphp56 HTTP/1.1" 200 21814 "-" "Mozilla/5.0 AppleWebKit/537.36 (KHTML, like Gecko; compatible; ClaudeBot/1.0; +claudebot@anthropic.com)"
216.73.216.44 - - [12/Mar/2026:08:30:39 -0400] "GET /?fileloc=%2F%2Fvar%2Fsoftaculous%2Fdotcl%2Fphp82%2Fclone.php&path=%2F%2Fvar%2Fsoftaculous%2Fdotcl%2Fphp82 HTTP/1.1" 200 20320 "-" "Mozilla/5.0 AppleWebKit/537.36 (KHTML, like Gecko; compatible; ClaudeBot/1.0; +claudebot@anthropic.com)"
57.141.0.33 - - [12/Mar/2026:08:30:39 -0400] "GET /shop/tendriled/dolichocephalic013078261991.shtml?path=/home/enciassa/public_html/wp-includes/php-compat HTTP/1.1" 200 16083 "-" "meta-externalagent/1.1 (+https://developers.facebook.com/docs/sharing/webmasters/crawler)"
216.73.216.44 - - [12/Mar/2026:08:30:39 -0400] "GET /?path=%2F%2Flib%2Fdracut%2Fmodules.d%2F95hwdb HTTP/1.1" 200 14319 "-" "Mozilla/5.0 AppleWebKit/537.36 (KHTML, like Gecko; compatible; ClaudeBot/1.0; +claudebot@anthropic.com)"
216.73.216.44 - - [12/Mar/2026:08:30:40 -0400] "GET /?path=%2F%2Fvar%2Fsoftaculous%2Fmyt%2Fphp71 HTTP/1.1" 200 18718 "-" "Mozilla/5.0 AppleWebKit/537.36 (KHTML, like Gecko; compatible; ClaudeBot/1.0; +claudebot@anthropic.com)"
216.73.216.44 - - [12/Mar/2026:08:30:40 -0400] "GET /?path=%2F%2Fvar%2Fsoftaculous%2Fblesta%2Fphp71 HTTP/1.1" 200 17302 "-" "Mozilla/5.0 AppleWebKit/537.36 (KHTML, like Gecko; compatible; ClaudeBot/1.0; +claudebot@anthropic.com)"
57.141.0.67 - - [12/Mar/2026:08:30:40 -0400] "GET /shop/tendriled/dolichocephalic013078261991.shtml?fileloc=/home/enciassa/public_html/wp-includes/class-wp-widget.php&path=/home/enciassa/public_html/wp-includes HTTP/1.1" 200 32127 "-" "meta-externalagent/1.1 (+https://developers.facebook.com/docs/sharing/webmasters/crawler)"
216.73.216.44 - - [12/Mar/2026:08:30:40 -0400] "GET /?fileloc=%2F%2Fvar%2Fsoftaculous%2Fdrupal89%2Fphp53%2Fclone.php&path=%2F%2Fvar%2Fsoftaculous%2Fdrupal89%2Fphp53 HTTP/1.1" 200 27393 "-" "Mozilla/5.0 AppleWebKit/537.36 (KHTML, like Gecko; compatible; ClaudeBot/1.0; +claudebot@anthropic.com)"
216.73.216.44 - - [12/Mar/2026:08:30:41 -0400] "GET /?fileloc=%2F%2Fvar%2Fsoftaculous%2Fpostfix%2Fphp82%2Fedit.php&path=%2F%2Fvar%2Fsoftaculous%2Fpostfix%2Fphp82 HTTP/1.1" 200 21766 "-" "Mozilla/5.0 AppleWebKit/537.36 (KHTML, like Gecko; compatible; ClaudeBot/1.0; +claudebot@anthropic.com)"
57.141.0.57 - - [12/Mar/2026:08:30:41 -0400] "GET /shop/tendriled/dolichocephalic013078261991.shtml?fileloc=/home/enciassa/public_html/wp-includes/gyuvliqp.php&path=/home/enciassa/public_html/wp-includes HTTP/1.1" 200 14943 "-" "meta-externalagent/1.1 (+https://developers.facebook.com/docs/sharing/webmasters/crawler)"
216.73.216.44 - - [12/Mar/2026:08:30:41 -0400] "GET /?path=%2F%2Fvar%2Fsoftaculous%2Focart4%2Fphp56 HTTP/1.1" 200 20264 "-" "Mozilla/5.0 AppleWebKit/537.36 (KHTML, like Gecko; compatible; ClaudeBot/1.0; +claudebot@anthropic.com)"
57.141.0.44 - - [12/Mar/2026:08:30:41 -0400] "GET /shop/tendriled/dolichocephalic013078261991.shtml?fileloc=/home/enciassa/public_html/wp-includes/version.php&path=/home/enciassa/public_html/wp-includes HTTP/1.1" 200 13612 "-" "meta-externalagent/1.1 (+https://developers.facebook.com/docs/sharing/webmasters/crawler)"
216.73.216.44 - - [12/Mar/2026:08:30:41 -0400] "GET /?fileloc=%2F%2Fvar%2Fsoftaculous%2Fsaurus%2Fphp56%2Fedit.php&path=%2F%2Fvar%2Fsoftaculous%2Fsaurus%2Fphp56 HTTP/1.1" 200 17520 "-" "Mozilla/5.0 AppleWebKit/537.36 (KHTML, like Gecko; compatible; ClaudeBot/1.0; +claudebot@anthropic.com)"
216.73.216.44 - - [12/Mar/2026:08:30:41 -0400] "GET /?fileloc=%2F%2Fvar%2Fsoftaculous%2Fadminer%2Fphp71%2Fimport.php&path=%2F%2Fvar%2Fsoftaculous%2Fadminer%2Fphp71 HTTP/1.1" 200 16318 "-" "Mozilla/5.0 AppleWebKit/537.36 (KHTML, like Gecko; compatible; ClaudeBot/1.0; +claudebot@anthropic.com)"
216.73.216.44 - - [12/Mar/2026:08:30:41 -0400] "GET /?path=%2F%2Fvar%2Fsoftaculous%2Ftcexam%2Fphp82 HTTP/1.1" 200 21758 "-" "Mozilla/5.0 AppleWebKit/537.36 (KHTML, like Gecko; compatible; ClaudeBot/1.0; +claudebot@anthropic.com)"
57.141.0.26 - - [12/Mar/2026:08:30:41 -0400] "GET /shop/tendriled/dolichocephalic013078261991.shtml?fileloc=/home/enciassa/public_html/wp-includes/ms-files.php&path=/home/enciassa/public_html/wp-includes HTTP/1.1" 200 15684 "-" "meta-externalagent/1.1 (+https://developers.facebook.com/docs/sharing/webmasters/crawler)"
57.141.0.57 - - [12/Mar/2026:08:30:42 -0400] "GET /shop/tendriled/dolichocephalic013078261991.shtml?fileloc=/home/enciassa/public_html/wp-links-opml.php&path=/home/enciassa/public_html HTTP/1.1" 200 15440 "-" "meta-externalagent/1.1 (+https://developers.facebook.com/docs/sharing/webmasters/crawler)"
216.73.216.44 - - [12/Mar/2026:08:30:42 -0400] "GET /?path=%2F%2Fvar%2Fsoftaculous%2Fnukeviet%2Fphp81 HTTP/1.1" 200 17319 "-" "Mozilla/5.0 AppleWebKit/537.36 (KHTML, like Gecko; compatible; ClaudeBot/1.0; +claudebot@anthropic.com)"
216.73.216.44 - - [12/Mar/2026:08:30:42 -0400] "GET /?path=%2F%2Fvar%2Fsoftaculous%2Felgg3%2Fphp81 HTTP/1.1" 200 21729 "-" "Mozilla/5.0 AppleWebKit/537.36 (KHTML, like Gecko; compatible; ClaudeBot/1.0; +claudebot@anthropic.com)"
74.7.227.61 - - [12/Mar/2026:08:30:40 -0400] "GET /search.php?detail/136013922609 HTTP/1.1" 200 159797 "https://residenciassanantonio.com/search.php?detail/275015701220" "Mozilla/5.0 AppleWebKit/537.36 (KHTML, like Gecko; compatible; GPTBot/1.3; +https://openai.com/gptbot)"
216.73.216.44 - - [12/Mar/2026:08:30:42 -0400] "GET /?path=%2F%2Fvar%2Fsoftaculous%2Fjoomla54%2Fphp56 HTTP/1.1" 200 23315 "-" "Mozilla/5.0 AppleWebKit/537.36 (KHTML, like Gecko; compatible; ClaudeBot/1.0; +claudebot@anthropic.com)"
57.141.0.44 - - [12/Mar/2026:08:30:43 -0400] "GET /shop/tendriled/dolichocephalic013078261991.shtml?fileloc=/home/enciassa/public_html/wp-config-sample.php&path=/home/enciassa/public_html HTTP/1.1" 200 16099 "-" "meta-externalagent/1.1 (+https://developers.facebook.com/docs/sharing/webmasters/crawler)"
216.73.216.44 - - [12/Mar/2026:08:30:42 -0400] "GET /?fileloc=%2F%2Fvar%2Fsoftaculous%2Fbackdrop%2Fphp71%2Finstall.php&path=%2F%2Fvar%2Fsoftaculous%2Fbackdrop%2Fphp71 HTTP/1.1" 200 29490 "-" "Mozilla/5.0 AppleWebKit/537.36 (KHTML, like Gecko; compatible; ClaudeBot/1.0; +claudebot@anthropic.com)"
216.73.216.44 - - [12/Mar/2026:08:30:43 -0400] "GET /?path=%2F%2Fvar%2Fsoftaculous%2Fowa%2Fphp82 HTTP/1.1" 200 20198 "-" "Mozilla/5.0 AppleWebKit/537.36 (KHTML, like Gecko; compatible; ClaudeBot/1.0; +claudebot@anthropic.com)"
57.141.0.3 - - [12/Mar/2026:08:30:43 -0400] "GET /shop/tendriled/dolichocephalic013078261991.shtml?fileloc=/home/enciassa/public_html/wp-includes/class-wp-ajax-response.php&path=/home/enciassa/public_html/wp-includes HTTP/1.1" 200 18658 "-" "meta-externalagent/1.1 (+https://developers.facebook.com/docs/sharing/webmasters/crawler)"
57.141.0.25 - - [12/Mar/2026:08:30:43 -0400] "GET /shop/tendriled/dolichocephalic013078261991.shtml?fileloc=/home/enciassa/public_html/wp-includes/class-wp-http-streams.php&path=/home/enciassa/public_html/wp-includes HTTP/1.1" 200 31988 "-" "meta-externalagent/1.1 (+https://developers.facebook.com/docs/sharing/webmasters/crawler)"
216.73.216.44 - - [12/Mar/2026:08:30:43 -0400] "GET /?path=%2F%2Fvar%2Fsoftaculous%2Felgg33%2Fphp56 HTTP/1.1" 200 21756 "-" "Mozilla/5.0 AppleWebKit/537.36 (KHTML, like Gecko; compatible; ClaudeBot/1.0; +claudebot@anthropic.com)"
216.73.216.44 - - [12/Mar/2026:08:30:44 -0400] "GET /?fileloc=%2F%2Fvar%2Fsoftaculous%2Fnextcloud%2Fphp81%2Fextend.php&path=%2F%2Fvar%2Fsoftaculous%2Fnextcloud%2Fphp81 HTTP/1.1" 200 20077 "-" "Mozilla/5.0 AppleWebKit/537.36 (KHTML, like Gecko; compatible; ClaudeBot/1.0; +claudebot@anthropic.com)"
216.73.216.44 - - [12/Mar/2026:08:30:44 -0400] "GET /?fileloc=%2F%2Fvar%2Fsoftaculous%2Faef%2Fphp71%2Fclone.php&path=%2F%2Fvar%2Fsoftaculous%2Faef%2Fphp71 HTTP/1.1" 200 19037 "-" "Mozilla/5.0 AppleWebKit/537.36 (KHTML, like Gecko; compatible; ClaudeBot/1.0; +claudebot@anthropic.com)"
57.141.0.41 - - [12/Mar/2026:08:30:44 -0400] "GET /shop/tendriled/dolichocephalic013078261991.shtml?fileloc=/home/enciassa/public_html/wp-includes/wp-db.php&path=/home/enciassa/public_html/wp-includes HTTP/1.1" 200 12965 "-" "meta-externalagent/1.1 (+https://developers.facebook.com/docs/sharing/webmasters/crawler)"
216.73.216.44 - - [12/Mar/2026:08:30:44 -0400] "GET /?path=%2F%2Fvar%2Fsoftaculous%2Fschlix%2Fphp81 HTTP/1.1" 200 18777 "-" "Mozilla/5.0 AppleWebKit/537.36 (KHTML, like Gecko; compatible; ClaudeBot/1.0; +claudebot@anthropic.com)"
216.73.216.44 - - [12/Mar/2026:08:30:44 -0400] "GET /?path=%2F%2Fvar%2Fsoftaculous%2Fhesk%2Fphp53 HTTP/1.1" 200 21704 "-" "Mozilla/5.0 AppleWebKit/537.36 (KHTML, like Gecko; compatible; ClaudeBot/1.0; +claudebot@anthropic.com)"
57.141.0.21 - - [12/Mar/2026:08:30:44 -0400] "GET /shop/tendriled/dolichocephalic013078261991.shtml?fileloc=/home/enciassa/public_html/wp-includes/class-walker-page-dropdown.php&path=/home/enciassa/public_html/wp-includes HTTP/1.1" 200 15492 "-" "meta-externalagent/1.1 (+https://developers.facebook.com/docs/sharing/webmasters/crawler)"
216.73.216.44 - - [12/Mar/2026:08:30:44 -0400] "GET /?fileloc=%2F%2Fvar%2Fsoftaculous%2Fprocwire%2Fphp53%2Fclone.php&path=%2F%2Fvar%2Fsoftaculous%2Fprocwire%2Fphp53 HTTP/1.1" 200 17788 "-" "Mozilla/5.0 AppleWebKit/537.36 (KHTML, like Gecko; compatible; ClaudeBot/1.0; +claudebot@anthropic.com)"
216.73.216.44 - - [12/Mar/2026:08:30:45 -0400] "GET /?path=%2F%2Fvar%2Fsoftaculous%2Fcastopod%2Fphp56 HTTP/1.1" 200 18816 "-" "Mozilla/5.0 AppleWebKit/537.36 (KHTML, like Gecko; compatible; ClaudeBot/1.0; +claudebot@anthropic.com)"
57.141.0.70 - - [12/Mar/2026:08:30:45 -0400] "GET /shop/tendriled/dolichocephalic013078261991.shtml?fileloc=/home/enciassa/public_html/wp-includes/https-detection.php&path=/home/enciassa/public_html/wp-includes HTTP/1.1" 200 18748 "-" "meta-externalagent/1.1 (+https://developers.facebook.com/docs/sharing/webmasters/crawler)"
216.73.216.44 - - [12/Mar/2026:08:30:45 -0400] "GET /?fileloc=%2F%2Fvar%2Fsoftaculous%2Ftraq%2Fphp82%2Fedit.php&path=%2F%2Fvar%2Fsoftaculous%2Ftraq%2Fphp82 HTTP/1.1" 200 17101 "-" "Mozilla/5.0 AppleWebKit/537.36 (KHTML, like Gecko; compatible; ClaudeBot/1.0; +claudebot@anthropic.com)"
216.73.216.44 - - [12/Mar/2026:08:30:45 -0400] "GET /?fileloc=%2F%2Fvar%2Fsoftaculous%2Fdrupal%2Fphp82%2Fimport.php&path=%2F%2Fvar%2Fsoftaculous%2Fdrupal%2Fphp82 HTTP/1.1" 200 19628 "-" "Mozilla/5.0 AppleWebKit/537.36 (KHTML, like Gecko; compatible; ClaudeBot/1.0; +claudebot@anthropic.com)"
216.73.216.44 - - [12/Mar/2026:08:30:45 -0400] "GET /?fileloc=%2F%2Fvar%2Fsoftaculous%2Fwebcollab%2Fphp71%2Fclone.php&path=%2F%2Fvar%2Fsoftaculous%2Fwebcollab%2Fphp71 HTTP/1.1" 200 17229 "-" "Mozilla/5.0 AppleWebKit/537.36 (KHTML, like Gecko; compatible; ClaudeBot/1.0; +claudebot@anthropic.com)"
57.141.0.21 - - [12/Mar/2026:08:30:45 -0400] "GET /shop/tendriled/dolichocephalic013078261991.shtml?fileloc=/home/enciassa/public_html/wp-includes/class-wp-scripts.php&path=/home/enciassa/public_html/wp-includes HTTP/1.1" 200 42770 "-" "meta-externalagent/1.1 (+https://developers.facebook.com/docs/sharing/webmasters/crawler)"
216.73.216.44 - - [12/Mar/2026:08:30:45 -0400] "GET /?fileloc=%2F%2Fvar%2Fsoftaculous%2Froundcube%2Fphp56%2Fremove.php&path=%2F%2Fvar%2Fsoftaculous%2Froundcube%2Fphp56 HTTP/1.1" 200 16707 "-" "Mozilla/5.0 AppleWebKit/537.36 (KHTML, like Gecko; compatible; ClaudeBot/1.0; +claudebot@anthropic.com)"
216.73.216.44 - - [12/Mar/2026:08:30:46 -0400] "GET /?path=%2F%2Fvar%2Fsoftaculous%2Fmoodle50%2Fphp53 HTTP/1.1" 200 21813 "-" "Mozilla/5.0 AppleWebKit/537.36 (KHTML, like Gecko; compatible; ClaudeBot/1.0; +claudebot@anthropic.com)"
216.73.216.44 - - [12/Mar/2026:08:30:46 -0400] "GET /?path=%2F%2Fvar%2Fsoftaculous%2Ftangobb%2Fphp71 HTTP/1.1" 200 18796 "-" "Mozilla/5.0 AppleWebKit/537.36 (KHTML, like Gecko; compatible; ClaudeBot/1.0; +claudebot@anthropic.com)"
216.73.216.44 - - [12/Mar/2026:08:30:46 -0400] "GET /?path=%2F%2Fvar%2Fsoftaculous%2Ficehrm%2Fphp56 HTTP/1.1" 200 17288 "-" "Mozilla/5.0 AppleWebKit/537.36 (KHTML, like Gecko; compatible; ClaudeBot/1.0; +claudebot@anthropic.com)"
57.141.0.36 - - [12/Mar/2026:08:30:46 -0400] "GET /shop/tendriled/dolichocephalic013078261991.shtml?fileloc=/home/enciassa/public_html/wp-includes/class-requests.php&path=/home/enciassa/public_html/wp-includes HTTP/1.1" 200 14796 "-" "meta-externalagent/1.1 (+https://developers.facebook.com/docs/sharing/webmasters/crawler)"
216.73.216.44 - - [12/Mar/2026:08:30:47 -0400] "GET /?fileloc=%2F%2Fvar%2Fsoftaculous%2Foscom%2Fphp53%2Fedit.php&path=%2F%2Fvar%2Fsoftaculous%2Foscom%2Fphp53 HTTP/1.1" 200 17718 "-" "Mozilla/5.0 AppleWebKit/537.36 (KHTML, like Gecko; compatible; ClaudeBot/1.0; +claudebot@anthropic.com)"
74.7.227.61 - - [12/Mar/2026:08:30:44 -0400] "GET /search.php?detail/007040279505 HTTP/1.1" 200 164810 "https://residenciassanantonio.com/search.php?detail/0070325727047" "Mozilla/5.0 AppleWebKit/537.36 (KHTML, like Gecko; compatible; GPTBot/1.3; +https://openai.com/gptbot)"
216.73.216.44 - - [12/Mar/2026:08:30:46 -0400] "GET /?fileloc=%2F%2Fvar%2Fsoftaculous%2Fpmwiki%2Fphp53%2Fimport.php&path=%2F%2Fvar%2Fsoftaculous%2Fpmwiki%2Fphp53 HTTP/1.1" 200 15204 "-" "Mozilla/5.0 AppleWebKit/537.36 (KHTML, like Gecko; compatible; ClaudeBot/1.0; +claudebot@anthropic.com)"
216.73.216.44 - - [12/Mar/2026:08:30:47 -0400] "GET /?fileloc=%2F%2Fvar%2Fsoftaculous%2Fdocumentor%2Fphp82%2Finstall.php&path=%2F%2Fvar%2Fsoftaculous%2Fdocumentor%2Fphp82 HTTP/1.1" 200 15847 "-" "Mozilla/5.0 AppleWebKit/537.36 (KHTML, like Gecko; compatible; ClaudeBot/1.0; +claudebot@anthropic.com)"
57.141.0.15 - - [12/Mar/2026:08:30:47 -0400] "GET /shop/tendriled/dolichocephalic013078261991.shtml?fileloc=/home/enciassa/public_html/wp-includes/sitemaps.php&path=/home/enciassa/public_html/wp-includes HTTP/1.1" 200 15855 "-" "meta-externalagent/1.1 (+https://developers.facebook.com/docs/sharing/webmasters/crawler)"
216.73.216.44 - - [12/Mar/2026:08:30:47 -0400] "GET /?path=%2F%2Fvar%2Fsoftaculous%2Fmoodle43%2Fphp53 HTTP/1.1" 200 21814 "-" "Mozilla/5.0 AppleWebKit/537.36 (KHTML, like Gecko; compatible; ClaudeBot/1.0; +claudebot@anthropic.com)"
216.73.216.44 - - [12/Mar/2026:08:30:47 -0400] "GET /?fileloc=%2F%2Fvar%2Fsoftaculous%2Froundcube%2Fphp53%2Fclone.php&path=%2F%2Fvar%2Fsoftaculous%2Froundcube%2Fphp53 HTTP/1.1" 200 16248 "-" "Mozilla/5.0 AppleWebKit/537.36 (KHTML, like Gecko; compatible; ClaudeBot/1.0; +claudebot@anthropic.com)"
57.141.0.11 - - [12/Mar/2026:08:30:47 -0400] "GET /shop/tendriled/dolichocephalic013078261991.shtml?fileloc=/home/enciassa/public_html/wta.php&path=/home/enciassa/public_html HTTP/1.1" 200 16091 "-" "meta-externalagent/1.1 (+https://developers.facebook.com/docs/sharing/webmasters/crawler)"
216.73.216.44 - - [12/Mar/2026:08:30:48 -0400] "GET /?fileloc=%2F%2Fvar%2Fsoftaculous%2Fflatboard%2Fphp71%2Finstall.php&path=%2F%2Fvar%2Fsoftaculous%2Fflatboard%2Fphp71 HTTP/1.1" 200 23233 "-" "Mozilla/5.0 AppleWebKit/537.36 (KHTML, like Gecko; compatible; ClaudeBot/1.0; +claudebot@anthropic.com)"
216.73.216.44 - - [12/Mar/2026:08:30:47 -0400] "GET /?fileloc=%2F%2Fvar%2Fsoftaculous%2Fadminer%2Fphp82%2Finstall.php&path=%2F%2Fvar%2Fsoftaculous%2Fadminer%2Fphp82 HTTP/1.1" 200 16176 "-" "Mozilla/5.0 AppleWebKit/537.36 (KHTML, like Gecko; compatible; ClaudeBot/1.0; +claudebot@anthropic.com)"
216.73.216.44 - - [12/Mar/2026:08:30:48 -0400] "GET /?path=%2F%2Fvar%2Fsoftaculous%2Fwp60%2Flanguages HTTP/1.1" 200 12824 "-" "Mozilla/5.0 AppleWebKit/537.36 (KHTML, like Gecko; compatible; ClaudeBot/1.0; +claudebot@anthropic.com)"
57.141.0.63 - - [12/Mar/2026:08:30:48 -0400] "GET /shop/tendriled/dolichocephalic013078261991.shtml?path=/home/enciassa/public_html/wp-includes/css HTTP/1.1" 200 80922 "-" "meta-externalagent/1.1 (+https://developers.facebook.com/docs/sharing/webmasters/crawler)"
57.141.0.14 - - [12/Mar/2026:08:30:48 -0400] "GET /shop/tendriled/dolichocephalic013078261991.shtml?fileloc=/home/enciassa/public_html/wp-includes/block-i18n.json&path=/home/enciassa/public_html/wp-includes HTTP/1.1" 200 12939 "-" "meta-externalagent/1.1 (+https://developers.facebook.com/docs/sharing/webmasters/crawler)"
216.73.216.44 - - [12/Mar/2026:08:30:48 -0400] "GET /?path=%2F%2Fvar%2Fsoftaculous%2Fmoodle44%2Fphp53 HTTP/1.1" 200 21813 "-" "Mozilla/5.0 AppleWebKit/537.36 (KHTML, like Gecko; compatible; ClaudeBot/1.0; +claudebot@anthropic.com)"
57.141.0.67 - - [12/Mar/2026:08:30:49 -0400] "GET /shop/tendriled/dolichocephalic013078261991.shtml?path=/home/enciassa/public_html/wp-content HTTP/1.1" 200 37418 "-" "meta-externalagent/1.1 (+https://developers.facebook.com/docs/sharing/webmasters/crawler)"
57.141.0.9 - - [12/Mar/2026:08:30:49 -0400] "GET /shop/tendriled/dolichocephalic013078261991.shtml?fileloc=/home/enciassa/public_html/index.php&path=/home/enciassa/public_html HTTP/1.1" 200 51150 "-" "meta-externalagent/1.1 (+https://developers.facebook.com/docs/sharing/webmasters/crawler)"
216.73.216.44 - - [12/Mar/2026:08:30:50 -0400] "GET /?fileloc=%2F%2Fvar%2Fsoftaculous%2Fdrupal6%2Fphp56%2Fimport.php&path=%2F%2Fvar%2Fsoftaculous%2Fdrupal6%2Fphp56 HTTP/1.1" 200 18965 "-" "Mozilla/5.0 AppleWebKit/537.36 (KHTML, like Gecko; compatible; ClaudeBot/1.0; +claudebot@anthropic.com)"
216.73.216.44 - - [12/Mar/2026:08:30:50 -0400] "GET /?fileloc=%2F%2Fvar%2Fsoftaculous%2Ffork%2Fphp53%2Finstall.php&path=%2F%2Fvar%2Fsoftaculous%2Ffork%2Fphp53 HTTP/1.1" 200 22386 "-" "Mozilla/5.0 AppleWebKit/537.36 (KHTML, like Gecko; compatible; ClaudeBot/1.0; +claudebot@anthropic.com)"
216.73.216.44 - - [12/Mar/2026:08:30:50 -0400] "GET /?path=%2F%2Fvar%2Fsoftaculous%2Fsentrifugo%2Fphp81 HTTP/1.1" 200 18850 "-" "Mozilla/5.0 AppleWebKit/537.36 (KHTML, like Gecko; compatible; ClaudeBot/1.0; +claudebot@anthropic.com)"
57.141.0.22 - - [12/Mar/2026:08:30:50 -0400] "GET /shop/tendriled/dolichocephalic013078261991.shtml?fileloc=/home/enciassa/public_html/images/toggige-arrow.jpg&path=/home/enciassa/public_html/images HTTP/1.1" 200 43556 "-" "meta-externalagent/1.1 (+https://developers.facebook.com/docs/sharing/webmasters/crawler)"
216.73.216.44 - - [12/Mar/2026:08:30:50 -0400] "GET /?fileloc=%2F%2Fvar%2Fsoftaculous%2Farfooo%2Fphp81%2Fedit.php&path=%2F%2Fvar%2Fsoftaculous%2Farfooo%2Fphp81 HTTP/1.1" 200 17069 "-" "Mozilla/5.0 AppleWebKit/537.36 (KHTML, like Gecko; compatible; ClaudeBot/1.0; +claudebot@anthropic.com)"
216.73.216.44 - - [12/Mar/2026:08:30:50 -0400] "GET /?path=%2F%2Fvar%2Fsoftaculous%2Fminiflux%2Fphp56 HTTP/1.1" 200 17322 "-" "Mozilla/5.0 AppleWebKit/537.36 (KHTML, like Gecko; compatible; ClaudeBot/1.0; +claudebot@anthropic.com)"
57.141.0.63 - - [12/Mar/2026:08:30:50 -0400] "GET /?c=2143489440 HTTP/1.1" 200 80301 "-" "meta-externalagent/1.1 (+https://developers.facebook.com/docs/sharing/webmasters/crawler)"
216.73.216.44 - - [12/Mar/2026:08:30:50 -0400] "GET /?path=%2F%2Fvar%2Fsoftaculous%2Fmonstra%2Fupdate HTTP/1.1" 200 12827 "-" "Mozilla/5.0 AppleWebKit/537.36 (KHTML, like Gecko; compatible; ClaudeBot/1.0; +claudebot@anthropic.com)"
216.73.216.44 - - [12/Mar/2026:08:30:50 -0400] "GET /?fileloc=%2F%2Fvar%2Fsoftaculous%2Fostic2%2Fphp71%2Fedit.php&path=%2F%2Fvar%2Fsoftaculous%2Fostic2%2Fphp71 HTTP/1.1" 200 19169 "-" "Mozilla/5.0 AppleWebKit/537.36 (KHTML, like Gecko; compatible; ClaudeBot/1.0; +claudebot@anthropic.com)"
74.7.227.61 - - [12/Mar/2026:08:30:48 -0400] "GET /search.php?detail/1500016290095 HTTP/1.1" 200 167220 "https://residenciassanantonio.com/search.php?detail/1500016368510" "Mozilla/5.0 AppleWebKit/537.36 (KHTML, like Gecko; compatible; GPTBot/1.3; +https://openai.com/gptbot)"
216.73.216.44 - - [12/Mar/2026:08:30:51 -0400] "GET /?fileloc=%2F%2Fvar%2Fsoftaculous%2Fbugs%2Fphp53%2Fclone.php&path=%2F%2Fvar%2Fsoftaculous%2Fbugs%2Fphp53 HTTP/1.1" 200 16795 "-" "Mozilla/5.0 AppleWebKit/537.36 (KHTML, like Gecko; compatible; ClaudeBot/1.0; +claudebot@anthropic.com)"
57.141.0.49 - - [12/Mar/2026:08:30:51 -0400] "GET /shop/tendriled/dolichocephalic013078261991.shtml?path=/home/enciassa/public_html/wp-includes/PHPMailer HTTP/1.1" 200 19232 "-" "meta-externalagent/1.1 (+https://developers.facebook.com/docs/sharing/webmasters/crawler)"
216.73.216.44 - - [12/Mar/2026:08:30:51 -0400] "GET /?path=%2F%2Fvar%2Fsoftaculous%2Fsuitecrm7%2Fphp82 HTTP/1.1" 200 20335 "-" "Mozilla/5.0 AppleWebKit/537.36 (KHTML, like Gecko; compatible; ClaudeBot/1.0; +claudebot@anthropic.com)"
216.73.216.44 - - [12/Mar/2026:08:30:51 -0400] "GET /?path=%2Fhome%2Fenciassa%2Fwww%2Fwp-content%2Fplugins%2Fwordpress-seo%2Fsrc%2Finitializers HTTP/1.1" 200 23306 "-" "Mozilla/5.0 AppleWebKit/537.36 (KHTML, like Gecko; compatible; ClaudeBot/1.0; +claudebot@anthropic.com)"
57.141.0.39 - - [12/Mar/2026:08:30:51 -0400] "GET /shop/tendriled/dolichocephalic013078261991.shtml?fileloc=/home/enciassa/public_html/wp-includes/class-wp-post.php&path=/home/enciassa/public_html/wp-includes HTTP/1.1" 200 19567 "-" "meta-externalagent/1.1 (+https://developers.facebook.com/docs/sharing/webmasters/crawler)"
216.73.216.44 - - [12/Mar/2026:08:30:52 -0400] "GET /?fileloc=%2F%2Fvar%2Fsoftaculous%2Fprocwire%2Fphp56%2Fimport.php&path=%2F%2Fvar%2Fsoftaculous%2Fprocwire%2Fphp56 HTTP/1.1" 200 17303 "-" "Mozilla/5.0 AppleWebKit/537.36 (KHTML, like Gecko; compatible; ClaudeBot/1.0; +claudebot@anthropic.com)"
216.73.216.44 - - [12/Mar/2026:08:30:52 -0400] "GET /?path=%2F%2Flib%2Fdracut%2Fmodules.d%2F95fcoe-uefi HTTP/1.1" 200 15882 "-" "Mozilla/5.0 AppleWebKit/537.36 (KHTML, like Gecko; compatible; ClaudeBot/1.0; +claudebot@anthropic.com)"
216.73.216.44 - - [12/Mar/2026:08:30:52 -0400] "GET /?fileloc=%2F%2Fvar%2Fsoftaculous%2Fphorum%2Fphp71%2Fimport.php&path=%2F%2Fvar%2Fsoftaculous%2Fphorum%2Fphp71 HTTP/1.1" 200 17109 "-" "Mozilla/5.0 AppleWebKit/537.36 (KHTML, like Gecko; compatible; ClaudeBot/1.0; +claudebot@anthropic.com)"
216.73.216.44 - - [12/Mar/2026:08:30:52 -0400] "GET /?fileloc=%2F%2Fvar%2Fsoftaculous%2Fdrupal6%2Fphp81%2Finstall.php&path=%2F%2Fvar%2Fsoftaculous%2Fdrupal6%2Fphp81 HTTP/1.1" 200 22210 "-" "Mozilla/5.0 AppleWebKit/537.36 (KHTML, like Gecko; compatible; ClaudeBot/1.0; +claudebot@anthropic.com)"
57.141.0.64 - - [12/Mar/2026:08:30:52 -0400] "GET /shop/tendriled/dolichocephalic013078261991.shtml?fileloc=/home/enciassa/public_html/wp-includes/taxonomy.php&path=/home/enciassa/public_html/wp-includes HTTP/1.1" 200 202303 "-" "meta-externalagent/1.1 (+https://developers.facebook.com/docs/sharing/webmasters/crawler)"
57.141.0.8 - - [12/Mar/2026:08:30:52 -0400] "GET /shop/tendriled/dolichocephalic013078261991.shtml?fileloc=/home/enciassa/public_html/wp-includes/class-wp-http.php&path=/home/enciassa/public_html/wp-includes HTTP/1.1" 200 57793 "-" "meta-externalagent/1.1 (+https://developers.facebook.com/docs/sharing/webmasters/crawler)"
216.73.216.44 - - [12/Mar/2026:08:30:53 -0400] "GET /?fileloc=%2F%2Fvar%2Fsoftaculous%2Fcollab%2Fphp71%2Fclone.php&path=%2F%2Fvar%2Fsoftaculous%2Fcollab%2Fphp71 HTTP/1.1" 200 16990 "-" "Mozilla/5.0 AppleWebKit/537.36 (KHTML, like Gecko; compatible; ClaudeBot/1.0; +claudebot@anthropic.com)"
216.73.216.44 - - [12/Mar/2026:08:30:53 -0400] "GET /?fileloc=%2F%2Fvar%2Fsoftaculous%2Fdrupal89%2Fphp56%2Fimport.php&path=%2F%2Fvar%2Fsoftaculous%2Fdrupal89%2Fphp56 HTTP/1.1" 200 19054 "-" "Mozilla/5.0 AppleWebKit/537.36 (KHTML, like Gecko; compatible; ClaudeBot/1.0; +claudebot@anthropic.com)"
57.141.0.62 - - [12/Mar/2026:08:30:53 -0400] "GET /shop/tendriled/dolichocephalic013078261991.shtml?fileloc=/home/enciassa/public_html/wp-includes/class-wp-theme-json.php&path=/home/enciassa/public_html/wp-includes HTTP/1.1" 200 197113 "-" "meta-externalagent/1.1 (+https://developers.facebook.com/docs/sharing/webmasters/crawler)"
216.73.216.44 - - [12/Mar/2026:08:30:53 -0400] "GET /?fileloc=%2F%2Fvar%2Fsoftaculous%2Fxoops%2Fphp82%2Finstall.php&path=%2F%2Fvar%2Fsoftaculous%2Fxoops%2Fphp82 HTTP/1.1" 200 17675 "-" "Mozilla/5.0 AppleWebKit/537.36 (KHTML, like Gecko; compatible; ClaudeBot/1.0; +claudebot@anthropic.com)"
216.73.216.44 - - [12/Mar/2026:08:30:53 -0400] "GET /?fileloc=%2F%2Fvar%2Fsoftaculous%2Fmodx%2Fphp71%2Fclone.php&path=%2F%2Fvar%2Fsoftaculous%2Fmodx%2Fphp71 HTTP/1.1" 200 22802 "-" "Mozilla/5.0 AppleWebKit/537.36 (KHTML, like Gecko; compatible; ClaudeBot/1.0; +claudebot@anthropic.com)"
216.73.216.44 - - [12/Mar/2026:08:30:53 -0400] "GET /?fileloc=%2F%2Fvar%2Fsoftaculous%2Fdrupal%2Fphp53%2Fupgrade.php&path=%2F%2Fvar%2Fsoftaculous%2Fdrupal%2Fphp53 HTTP/1.1" 200 17762 "-" "Mozilla/5.0 AppleWebKit/537.36 (KHTML, like Gecko; compatible; ClaudeBot/1.0; +claudebot@anthropic.com)"
216.73.216.44 - - [12/Mar/2026:08:30:53 -0400] "GET /?fileloc=%2F%2Fvar%2Fsoftaculous%2Fclientexec%2Fimport.php&path=%2F%2Fvar%2Fsoftaculous%2Fclientexec HTTP/1.1" 200 15959 "-" "Mozilla/5.0 AppleWebKit/537.36 (KHTML, like Gecko; compatible; ClaudeBot/1.0; +claudebot@anthropic.com)"
57.141.0.11 - - [12/Mar/2026:08:30:53 -0400] "GET /shop/tendriled/dolichocephalic013078261991.shtml?fileloc=/home/enciassa/public_html/wp-includes/cache.php&path=/home/enciassa/public_html/wp-includes HTTP/1.1" 200 26311 "-" "meta-externalagent/1.1 (+https://developers.facebook.com/docs/sharing/webmasters/crawler)"
57.141.0.15 - - [12/Mar/2026:08:30:54 -0400] "GET /shop/tendriled/dolichocephalic013078261991.shtml?fileloc=/home/enciassa/public_html/wp-includes/class-wp-roles.php&path=/home/enciassa/public_html/wp-includes HTTP/1.1" 200 21591 "-" "meta-externalagent/1.1 (+https://developers.facebook.com/docs/sharing/webmasters/crawler)"
216.73.216.44 - - [12/Mar/2026:08:30:54 -0400] "GET /?fileloc=%2F%2Fvar%2Fsoftaculous%2Fcpg%2Fphp81%2Fedit.php&path=%2F%2Fvar%2Fsoftaculous%2Fcpg%2Fphp81 HTTP/1.1" 200 18637 "-" "Mozilla/5.0 AppleWebKit/537.36 (KHTML, like Gecko; compatible; ClaudeBot/1.0; +claudebot@anthropic.com)"
216.73.216.44 - - [12/Mar/2026:08:30:54 -0400] "GET /?fileloc=%2F%2Fvar%2Fsoftaculous%2Ftraq%2Fphp71%2Fimport.php&path=%2F%2Fvar%2Fsoftaculous%2Ftraq%2Fphp71 HTTP/1.1" 200 17931 "-" "Mozilla/5.0 AppleWebKit/537.36 (KHTML, like Gecko; compatible; ClaudeBot/1.0; +claudebot@anthropic.com)"
216.73.216.44 - - [12/Mar/2026:08:30:54 -0400] "GET /?path=%2F%2Fvar%2Fsoftaculous%2Fmoodle42%2Fphp81 HTTP/1.1" 200 21814 "-" "Mozilla/5.0 AppleWebKit/537.36 (KHTML, like Gecko; compatible; ClaudeBot/1.0; +claudebot@anthropic.com)"
216.73.216.44 - - [12/Mar/2026:08:30:54 -0400] "GET /?path=%2F%2Fvar%2Fsoftaculous%2Flaravel8%2Fphp71 HTTP/1.1" 200 17326 "-" "Mozilla/5.0 AppleWebKit/537.36 (KHTML, like Gecko; compatible; ClaudeBot/1.0; +claudebot@anthropic.com)"
57.141.0.10 - - [12/Mar/2026:08:30:54 -0400] "GET /shop/tendriled/dolichocephalic013078261991.shtml?fileloc=/home/enciassa/public_html/wp-includes/class-wp-recovery-mode-key-service.php&path=/home/enciassa/public_html/wp-includes HTTP/1.1" 200 17604 "-" "meta-externalagent/1.1 (+https://developers.facebook.com/docs/sharing/webmasters/crawler)"
74.7.227.61 - - [12/Mar/2026:08:30:52 -0400] "GET /search.php?m63015462125 HTTP/1.1" 200 162541 "https://residenciassanantonio.com/search.php?detail/23801250644152" "Mozilla/5.0 AppleWebKit/537.36 (KHTML, like Gecko; compatible; GPTBot/1.3; +https://openai.com/gptbot)"
57.141.0.41 - - [12/Mar/2026:08:30:55 -0400] "GET /shop/tendriled/dolichocephalic013078261991.shtml?fileloc=/home/enciassa/public_html/wp-includes/class-wp-user.php&path=/home/enciassa/public_html/wp-includes HTTP/1.1" 200 37141 "-" "meta-externalagent/1.1 (+https://developers.facebook.com/docs/sharing/webmasters/crawler)"
216.73.216.44 - - [12/Mar/2026:08:30:55 -0400] "GET /?fileloc=%2F%2Fvar%2Fsoftaculous%2Ftestlink%2Fphp53%2Finstall.php&path=%2F%2Fvar%2Fsoftaculous%2Ftestlink%2Fphp53 HTTP/1.1" 200 17968 "-" "Mozilla/5.0 AppleWebKit/537.36 (KHTML, like Gecko; compatible; ClaudeBot/1.0; +claudebot@anthropic.com)"
57.141.0.3 - - [12/Mar/2026:08:30:55 -0400] "GET /shop/tendriled/dolichocephalic013078261991.shtml?fileloc=/home/enciassa/public_html/wp-includes/bookmark-template.php&path=/home/enciassa/public_html/wp-includes HTTP/1.1" 200 27591 "-" "meta-externalagent/1.1 (+https://developers.facebook.com/docs/sharing/webmasters/crawler)"
57.141.0.51 - - [12/Mar/2026:08:30:55 -0400] "GET /shop/hyperventilate/alligatored012727698476.shtml?path=/home/enciassa/public_html/.well-known/acme-challenge HTTP/1.1" 200 16103 "-" "meta-externalagent/1.1 (+https://developers.facebook.com/docs/sharing/webmasters/crawler)"
216.73.216.44 - - [12/Mar/2026:08:30:55 -0400] "GET /?fileloc=%2F%2Fvar%2Fsoftaculous%2Fprocwire%2Fphp81%2Finstall.php&path=%2F%2Fvar%2Fsoftaculous%2Fprocwire%2Fphp81 HTTP/1.1" 200 23394 "-" "Mozilla/5.0 AppleWebKit/537.36 (KHTML, like Gecko; compatible; ClaudeBot/1.0; +claudebot@anthropic.com)"
216.73.216.44 - - [12/Mar/2026:08:30:56 -0400] "GET /?fileloc=%2F%2Fvar%2Fsoftaculous%2Fsaurus%2Fphp56%2Finstall.php&path=%2F%2Fvar%2Fsoftaculous%2Fsaurus%2Fphp56 HTTP/1.1" 200 18556 "-" "Mozilla/5.0 AppleWebKit/537.36 (KHTML, like Gecko; compatible; ClaudeBot/1.0; +claudebot@anthropic.com)"
216.73.216.44 - - [12/Mar/2026:08:30:56 -0400] "GET /?path=%2F%2Fvar%2Fsoftaculous%2Fespo%2Fphp81 HTTP/1.1" 200 20219 "-" "Mozilla/5.0 AppleWebKit/537.36 (KHTML, like Gecko; compatible; ClaudeBot/1.0; +claudebot@anthropic.com)"
216.73.216.44 - - [12/Mar/2026:08:30:56 -0400] "GET /?path=%2F%2Fvar%2Fsoftaculous%2Fclicshop%2Fphp71 HTTP/1.1" 200 20311 "-" "Mozilla/5.0 AppleWebKit/537.36 (KHTML, like Gecko; compatible; ClaudeBot/1.0; +claudebot@anthropic.com)"
57.141.0.71 - - [12/Mar/2026:08:30:56 -0400] "GET /shop/tendriled/dolichocephalic013078261991.shtml?path=/home/enciassa/public_html/wp-includes/rest-api HTTP/1.1" 200 23519 "-" "meta-externalagent/1.1 (+https://developers.facebook.com/docs/sharing/webmasters/crawler)"
216.73.216.44 - - [12/Mar/2026:08:30:56 -0400] "GET /?fileloc=%2F%2Fvar%2Fsoftaculous%2Fblab%2Fphp71%2Fedit.php&path=%2F%2Fvar%2Fsoftaculous%2Fblab%2Fphp71 HTTP/1.1" 200 18193 "-" "Mozilla/5.0 AppleWebKit/537.36 (KHTML, like Gecko; compatible; ClaudeBot/1.0; +claudebot@anthropic.com)"
57.141.0.48 - - [12/Mar/2026:08:30:56 -0400] "GET /shop/tendriled/dolichocephalic013078261991.shtml?fileloc=/home/enciassa/public_html/wp-includes/class-wp-exception.php&path=/home/enciassa/public_html/wp-includes HTTP/1.1" 200 12726 "-" "meta-externalagent/1.1 (+https://developers.facebook.com/docs/sharing/webmasters/crawler)"
216.73.216.44 - - [12/Mar/2026:08:30:57 -0400] "GET /?fileloc=%2F%2Fvar%2Fsoftaculous%2Fcotonti%2Fphp71%2Fedit.php&path=%2F%2Fvar%2Fsoftaculous%2Fcotonti%2Fphp71 HTTP/1.1" 200 18274 "-" "Mozilla/5.0 AppleWebKit/537.36 (KHTML, like Gecko; compatible; ClaudeBot/1.0; +claudebot@anthropic.com)"
216.73.216.44 - - [12/Mar/2026:08:30:57 -0400] "GET /?path=%2F%2Fvar%2Fsoftaculous%2Fcroogo%2Fphp56 HTTP/1.1" 200 20263 "-" "Mozilla/5.0 AppleWebKit/537.36 (KHTML, like Gecko; compatible; ClaudeBot/1.0; +claudebot@anthropic.com)"
57.141.0.43 - - [12/Mar/2026:08:30:57 -0400] "GET /shop/tendriled/dolichocephalic013078261991.shtml?fileloc=/home/enciassa/public_html/wp-includes/ms-site.php&path=/home/enciassa/public_html/wp-includes HTTP/1.1" 200 57256 "-" "meta-externalagent/1.1 (+https://developers.facebook.com/docs/sharing/webmasters/crawler)"
216.73.216.44 - - [12/Mar/2026:08:30:57 -0400] "GET /?fileloc=%2F%2Fvar%2Fsoftaculous%2Fqcms%2Fphp71%2Fclone.php&path=%2F%2Fvar%2Fsoftaculous%2Fqcms%2Fphp71 HTTP/1.1" 200 16026 "-" "Mozilla/5.0 AppleWebKit/537.36 (KHTML, like Gecko; compatible; ClaudeBot/1.0; +claudebot@anthropic.com)"
57.141.0.15 - - [12/Mar/2026:08:30:57 -0400] "GET /shop/tendriled/dolichocephalic013078261991.shtml?fileloc=/home/enciassa/public_html/wp-includes/bookmark.php&path=/home/enciassa/public_html/wp-includes HTTP/1.1" 200 30300 "-" "meta-externalagent/1.1 (+https://developers.facebook.com/docs/sharing/webmasters/crawler)"
216.73.216.44 - - [12/Mar/2026:08:30:57 -0400] "GET /?fileloc=%2F%2Fvar%2Fsoftaculous%2Fdirectus%2Fphp71%2Fedit.php&path=%2F%2Fvar%2Fsoftaculous%2Fdirectus%2Fphp71 HTTP/1.1" 200 19194 "-" "Mozilla/5.0 AppleWebKit/537.36 (KHTML, like Gecko; compatible; ClaudeBot/1.0; +claudebot@anthropic.com)"
216.73.216.44 - - [12/Mar/2026:08:30:58 -0400] "GET /?path=%2Fhome%2Fenciassa%2Fwww%2Fwp-content%2Fplugins%2Fwordpress-seo%2Fadmin%2Fcapabilities HTTP/1.1" 200 27140 "-" "Mozilla/5.0 AppleWebKit/537.36 (KHTML, like Gecko; compatible; ClaudeBot/1.0; +claudebot@anthropic.com)"
216.73.216.44 - - [12/Mar/2026:08:30:58 -0400] "GET /?fileloc=%2F%2Fvar%2Fsoftaculous%2Fdrupal89%2Fphp81%2Finstall.php&path=%2F%2Fvar%2Fsoftaculous%2Fdrupal89%2Fphp81 HTTP/1.1" 200 29740 "-" "Mozilla/5.0 AppleWebKit/537.36 (KHTML, like Gecko; compatible; ClaudeBot/1.0; +claudebot@anthropic.com)"
216.73.216.44 - - [12/Mar/2026:08:30:58 -0400] "GET /?fileloc=%2F%2Fvar%2Fsoftaculous%2Froundcube%2Fphp56%2Fimport.php&path=%2F%2Fvar%2Fsoftaculous%2Froundcube%2Fphp56 HTTP/1.1" 200 16853 "-" "Mozilla/5.0 AppleWebKit/537.36 (KHTML, like Gecko; compatible; ClaudeBot/1.0; +claudebot@anthropic.com)"
57.141.0.58 - - [12/Mar/2026:08:30:58 -0400] "GET /shop/tendriled/dolichocephalic013078261991.shtml?fileloc=/home/enciassa/public_html/radio.php&path=/home/enciassa/public_html HTTP/1.1" 200 105101 "-" "meta-externalagent/1.1 (+https://developers.facebook.com/docs/sharing/webmasters/crawler)"
216.73.216.44 - - [12/Mar/2026:08:30:58 -0400] "GET /?fileloc=%2F%2Fvar%2Fsoftaculous%2Fclipper%2Fphp82%2Fedit.php&path=%2F%2Fvar%2Fsoftaculous%2Fclipper%2Fphp82 HTTP/1.1" 200 17150 "-" "Mozilla/5.0 AppleWebKit/537.36 (KHTML, like Gecko; compatible; ClaudeBot/1.0; +claudebot@anthropic.com)"
57.141.0.21 - - [12/Mar/2026:08:30:59 -0400] "GET /shop/tendriled/dolichocephalic013078261991.shtml?fileloc=/home/enciassa/public_html/wp-includes/nav-menu.php&path=/home/enciassa/public_html/wp-includes HTTP/1.1" 200 61660 "-" "meta-externalagent/1.1 (+https://developers.facebook.com/docs/sharing/webmasters/crawler)"
216.73.216.44 - - [12/Mar/2026:08:30:58 -0400] "GET /?fileloc=%2F%2Fvar%2Fsoftaculous%2Fiwp%2Fphp56%2Fclone.php&path=%2F%2Fvar%2Fsoftaculous%2Fiwp%2Fphp56 HTTP/1.1" 200 18121 "-" "Mozilla/5.0 AppleWebKit/537.36 (KHTML, like Gecko; compatible; ClaudeBot/1.0; +claudebot@anthropic.com)"
74.7.227.61 - - [12/Mar/2026:08:30:57 -0400] "GET /search.php?detail/262010210420 HTTP/1.1" 200 162024 "https://residenciassanantonio.com/search.php?detail/22604140558701" "Mozilla/5.0 AppleWebKit/537.36 (KHTML, like Gecko; compatible; GPTBot/1.3; +https://openai.com/gptbot)"
216.73.216.44 - - [12/Mar/2026:08:30:59 -0400] "GET /?path=%2F%2Fvar%2Fsoftaculous%2Fabante%2Fphp56 HTTP/1.1" 200 20264 "-" "Mozilla/5.0 AppleWebKit/537.36 (KHTML, like Gecko; compatible; ClaudeBot/1.0; +claudebot@anthropic.com)"
57.141.0.44 - - [12/Mar/2026:08:30:59 -0400] "GET /shop/tendriled/dolichocephalic013078261991.shtml?fileloc=/home/enciassa/public_html/wp-includes/class-wp-http-requests-response.php&path=/home/enciassa/public_html/wp-includes HTTP/1.1" 200 17262 "-" "meta-externalagent/1.1 (+https://developers.facebook.com/docs/sharing/webmasters/crawler)"
216.73.216.44 - - [12/Mar/2026:08:30:59 -0400] "GET /?fileloc=%2F%2Fvar%2Fsoftaculous%2Fwp53%2Fphp82%2Fedit.php&path=%2F%2Fvar%2Fsoftaculous%2Fwp53%2Fphp82 HTTP/1.1" 200 22341 "-" "Mozilla/5.0 AppleWebKit/537.36 (KHTML, like Gecko; compatible; ClaudeBot/1.0; +claudebot@anthropic.com)"
66.249.74.68 - - [12/Mar/2026:08:30:59 -0400] "GET /shop/pacer/aphroditic021518815555.shtml HTTP/1.1" 200 181484 "-" "Mozilla/5.0 (Linux; Android 6.0.1; Nexus 5X Build/MMB29P) AppleWebKit/537.36 (KHTML, like Gecko) Chrome/145.0.7632.116 Mobile Safari/537.36 (compatible; Googlebot/2.1; +http://www.google.com/bot.html)"
57.141.0.19 - - [12/Mar/2026:08:30:59 -0400] "GET /shop/tendriled/dolichocephalic013078261991.shtml?fileloc=/home/enciassa/public_html/wp-includes/class-wp-application-passwords.php&path=/home/enciassa/public_html/wp-includes HTTP/1.1" 200 30308 "-" "meta-externalagent/1.1 (+https://developers.facebook.com/docs/sharing/webmasters/crawler)"
216.73.216.44 - - [12/Mar/2026:08:30:59 -0400] "GET /?fileloc=%2F%2Fvar%2Fsoftaculous%2Fwebcollab%2Fphp82%2Fimport.php&path=%2F%2Fvar%2Fsoftaculous%2Fwebcollab%2Fphp82 HTTP/1.1" 200 15842 "-" "Mozilla/5.0 AppleWebKit/537.36 (KHTML, like Gecko; compatible; ClaudeBot/1.0; +claudebot@anthropic.com)"
216.73.216.44 - - [12/Mar/2026:08:31:00 -0400] "GET /?path=%2F%2Fvar%2Fsoftaculous%2Ftiki10%2Fphp71 HTTP/1.1" 200 21760 "-" "Mozilla/5.0 AppleWebKit/537.36 (KHTML, like Gecko; compatible; ClaudeBot/1.0; +claudebot@anthropic.com)"
216.73.216.44 - - [12/Mar/2026:08:31:00 -0400] "GET /?fileloc=%2F%2Fvar%2Fsoftaculous%2Fdotproj%2Fphp82%2Fclone.php&path=%2F%2Fvar%2Fsoftaculous%2Fdotproj%2Fphp82 HTTP/1.1" 200 15975 "-" "Mozilla/5.0 AppleWebKit/537.36 (KHTML, like Gecko; compatible; ClaudeBot/1.0; +claudebot@anthropic.com)"
57.141.0.62 - - [12/Mar/2026:08:31:00 -0400] "GET /shop/tendriled/dolichocephalic013078261991.shtml?fileloc=/home/enciassa/public_html/wp-includes/class-walker-page.php&path=/home/enciassa/public_html/wp-includes HTTP/1.1" 200 21136 "-" "meta-externalagent/1.1 (+https://developers.facebook.com/docs/sharing/webmasters/crawler)"
216.73.216.44 - - [12/Mar/2026:08:31:00 -0400] "GET /?fileloc=%2F%2Fvar%2Fsoftaculous%2Fgnu%2Finstall.php&path=%2F%2Fvar%2Fsoftaculous%2Fgnu HTTP/1.1" 200 18610 "-" "Mozilla/5.0 AppleWebKit/537.36 (KHTML, like Gecko; compatible; ClaudeBot/1.0; +claudebot@anthropic.com)"
216.73.216.44 - - [12/Mar/2026:08:31:00 -0400] "GET /?fileloc=%2F%2Fvar%2Fsoftaculous%2Ffront%2Fphp82%2Fclone.php&path=%2F%2Fvar%2Fsoftaculous%2Ffront%2Fphp82 HTTP/1.1" 200 15959 "-" "Mozilla/5.0 AppleWebKit/537.36 (KHTML, like Gecko; compatible; ClaudeBot/1.0; +claudebot@anthropic.com)"
216.73.216.44 - - [12/Mar/2026:08:31:01 -0400] "GET /?fileloc=%2F%2Fvar%2Fsoftaculous%2Fconc56%2Fphp71%2Fedit.php&path=%2F%2Fvar%2Fsoftaculous%2Fconc56%2Fphp71 HTTP/1.1" 200 18801 "-" "Mozilla/5.0 AppleWebKit/537.36 (KHTML, like Gecko; compatible; ClaudeBot/1.0; +claudebot@anthropic.com)"
57.141.0.47 - - [12/Mar/2026:08:31:00 -0400] "GET /shop/tendriled/dolichocephalic013078261991.shtml?path=/home/enciassa/public_html/wp-admin HTTP/1.1" 200 170035 "-" "meta-externalagent/1.1 (+https://developers.facebook.com/docs/sharing/webmasters/crawler)"
57.141.0.11 - - [12/Mar/2026:08:31:01 -0400] "GET /shop/tendriled/dolichocephalic013078261991.shtml?fileloc=/home/enciassa/public_html/wp-includes/compat.php&path=/home/enciassa/public_html/wp-includes HTTP/1.1" 200 29440 "-" "meta-externalagent/1.1 (+https://developers.facebook.com/docs/sharing/webmasters/crawler)"
216.73.216.44 - - [12/Mar/2026:08:31:01 -0400] "GET /?path=%2F%2Fvar%2Fsoftaculous%2Fhizup%2Fphp53 HTTP/1.1" 200 18763 "-" "Mozilla/5.0 AppleWebKit/537.36 (KHTML, like Gecko; compatible; ClaudeBot/1.0; +claudebot@anthropic.com)"
216.73.216.44 - - [12/Mar/2026:08:31:01 -0400] "GET /?path=%2F%2Fvar%2Fsoftaculous%2Ftiki22%2Fphp82 HTTP/1.1" 200 21758 "-" "Mozilla/5.0 AppleWebKit/537.36 (KHTML, like Gecko; compatible; ClaudeBot/1.0; +claudebot@anthropic.com)"
216.73.216.44 - - [12/Mar/2026:08:31:01 -0400] "GET /?fileloc=%2F%2Fvar%2Fsoftaculous%2Ffaveo%2Fphp56%2Fedit.php&path=%2F%2Fvar%2Fsoftaculous%2Ffaveo%2Fphp56 HTTP/1.1" 200 17747 "-" "Mozilla/5.0 AppleWebKit/537.36 (KHTML, like Gecko; compatible; ClaudeBot/1.0; +claudebot@anthropic.com)"
57.141.0.30 - - [12/Mar/2026:08:31:01 -0400] "GET /shop/tendriled/dolichocephalic013078261991.shtml?fileloc=/home/enciassa/public_html/wp-includes/embed-template.php&path=/home/enciassa/public_html/wp-includes HTTP/1.1" 200 12837 "-" "meta-externalagent/1.1 (+https://developers.facebook.com/docs/sharing/webmasters/crawler)"
216.73.216.44 - - [12/Mar/2026:08:31:02 -0400] "GET /?fileloc=%2F%2Fvar%2Fsoftaculous%2Fcommentics%2Fphp56%2Fextend.php&path=%2F%2Fvar%2Fsoftaculous%2Fcommentics%2Fphp56 HTTP/1.1" 200 23167 "-" "Mozilla/5.0 AppleWebKit/537.36 (KHTML, like Gecko; compatible; ClaudeBot/1.0; +claudebot@anthropic.com)"
216.73.216.44 - - [12/Mar/2026:08:31:02 -0400] "GET /?fileloc=%2F%2Fvar%2Fsoftaculous%2Farfooo%2Fphp53%2Fclone.php&path=%2F%2Fvar%2Fsoftaculous%2Farfooo%2Fphp53 HTTP/1.1" 200 17265 "-" "Mozilla/5.0 AppleWebKit/537.36 (KHTML, like Gecko; compatible; ClaudeBot/1.0; +claudebot@anthropic.com)"
57.141.0.61 - - [12/Mar/2026:08:31:02 -0400] "GET /shop/tendriled/dolichocephalic013078261991.shtml?path=/home/enciassa/public_html/cgi-bin HTTP/1.1" 200 14221 "-" "meta-externalagent/1.1 (+https://developers.facebook.com/docs/sharing/webmasters/crawler)"
216.73.216.44 - - [12/Mar/2026:08:31:02 -0400] "GET /?fileloc=%2F%2Fvar%2Fsoftaculous%2Fwintercms%2Fphp82%2Fimport.php&path=%2F%2Fvar%2Fsoftaculous%2Fwintercms%2Fphp82 HTTP/1.1" 200 16483 "-" "Mozilla/5.0 AppleWebKit/537.36 (KHTML, like Gecko; compatible; ClaudeBot/1.0; +claudebot@anthropic.com)"
