216.73.216.44 - - [12/Mar/2026:08:35:03 -0400] "GET /?fileloc=%2F%2Fvar%2Fsoftaculous%2Fojs33%2Fphp82%2Fupgrade.php&path=%2F%2Fvar%2Fsoftaculous%2Fojs33%2Fphp82 HTTP/1.1" 200 17655 "-" "Mozilla/5.0 AppleWebKit/537.36 (KHTML, like Gecko; compatible; ClaudeBot/1.0; +claudebot@anthropic.com)"
216.73.216.44 - - [12/Mar/2026:08:35:03 -0400] "GET /?fileloc=%2F%2Fvar%2Fsoftaculous%2Fiwp%2Fclone.php&path=%2F%2Fvar%2Fsoftaculous%2Fiwp HTTP/1.1" 403 80300 "-" "Mozilla/5.0 AppleWebKit/537.36 (KHTML, like Gecko; compatible; ClaudeBot/1.0; +claudebot@anthropic.com)"
216.73.216.44 - - [12/Mar/2026:08:35:03 -0400] "GET /?fileloc=%2F%2Flib64%2Fmysql%2Fplugin%2Flibmemcached.so&path=%2F%2Flib64%2Fmysql%2Fplugin HTTP/1.1" 200 393676 "-" "Mozilla/5.0 AppleWebKit/537.36 (KHTML, like Gecko; compatible; ClaudeBot/1.0; +claudebot@anthropic.com)"
216.73.216.44 - - [12/Mar/2026:08:35:03 -0400] "GET /?fileloc=%2F%2Fvar%2Fsoftaculous%2Fseo%2Fphp53%2Fupgrade.php&path=%2F%2Fvar%2Fsoftaculous%2Fseo%2Fphp53 HTTP/1.1" 200 17636 "-" "Mozilla/5.0 AppleWebKit/537.36 (KHTML, like Gecko; compatible; ClaudeBot/1.0; +claudebot@anthropic.com)"
57.141.0.67 - - [12/Mar/2026:08:35:03 -0400] "GET /shop/alley/cadaverous014186438213.shtml?fileloc=/home/enciassa/public_html/wp-admin/setup-config.php&path=/home/enciassa/public_html/wp-admin HTTP/1.1" 200 35124 "-" "meta-externalagent/1.1 (+https://developers.facebook.com/docs/sharing/webmasters/crawler)"
216.73.216.44 - - [12/Mar/2026:08:35:03 -0400] "GET /?fileloc=%2F%2Fvar%2Fsoftaculous%2Fsaurus%2Finstall.php&path=%2F%2Fvar%2Fsoftaculous%2Fsaurus HTTP/1.1" 200 17760 "-" "Mozilla/5.0 AppleWebKit/537.36 (KHTML, like Gecko; compatible; ClaudeBot/1.0; +claudebot@anthropic.com)"
216.73.216.44 - - [12/Mar/2026:08:35:03 -0400] "GET /?fileloc=%2F%2Fvar%2Fsoftaculous%2Fwolf%2Fclone.php&path=%2F%2Fvar%2Fsoftaculous%2Fwolf HTTP/1.1" 200 16208 "-" "Mozilla/5.0 AppleWebKit/537.36 (KHTML, like Gecko; compatible; ClaudeBot/1.0; +claudebot@anthropic.com)"
57.141.0.11 - - [12/Mar/2026:08:35:04 -0400] "GET /shop/alley/cadaverous014186438213.shtml?fileloc=/home/enciassa/public_html/wp-admin/options.php&path=/home/enciassa/public_html/wp-admin HTTP/1.1" 200 29572 "-" "meta-externalagent/1.1 (+https://developers.facebook.com/docs/sharing/webmasters/crawler)"
216.73.216.44 - - [12/Mar/2026:08:35:04 -0400] "GET /?path=%2F%2Fvar%2Fsoftaculous%2Figalerie%2Fphp53 HTTP/1.1" 200 20323 "-" "Mozilla/5.0 AppleWebKit/537.36 (KHTML, like Gecko; compatible; ClaudeBot/1.0; +claudebot@anthropic.com)"
216.73.216.44 - - [12/Mar/2026:08:35:04 -0400] "GET /?fileloc=%2F%2Fvar%2Fsoftaculous%2Fvanilla%2Fphp53%2Fupgrade.php&path=%2F%2Fvar%2Fsoftaculous%2Fvanilla%2Fphp53 HTTP/1.1" 200 18828 "-" "Mozilla/5.0 AppleWebKit/537.36 (KHTML, like Gecko; compatible; ClaudeBot/1.0; +claudebot@anthropic.com)"
216.73.216.44 - - [12/Mar/2026:08:35:04 -0400] "GET /?path=%2F%2Fvar%2Fsoftaculous%2Fyourls%2Fimages HTTP/1.1" 200 15806 "-" "Mozilla/5.0 AppleWebKit/537.36 (KHTML, like Gecko; compatible; ClaudeBot/1.0; +claudebot@anthropic.com)"
57.141.0.20 - - [12/Mar/2026:08:35:04 -0400] "GET /shop/alley/cadaverous014186438213.shtml?fileloc=/home/enciassa/public_html/wp-admin/async-upload.php&path=/home/enciassa/public_html/wp-admin HTTP/1.1" 200 18660 "-" "meta-externalagent/1.1 (+https://developers.facebook.com/docs/sharing/webmasters/crawler)"
216.73.216.44 - - [12/Mar/2026:08:35:04 -0400] "GET /?fileloc=%2F%2Fvar%2Fsoftaculous%2Fwp%2Fclone.php&path=%2F%2Fvar%2Fsoftaculous%2Fwp HTTP/1.1" 200 44230 "-" "Mozilla/5.0 AppleWebKit/537.36 (KHTML, like Gecko; compatible; ClaudeBot/1.0; +claudebot@anthropic.com)"
216.73.216.44 - - [12/Mar/2026:08:35:04 -0400] "GET /?fileloc=%2F%2Fvar%2Fsoftaculous%2Frainloop%2Finfo.xml&path=%2F%2Fvar%2Fsoftaculous%2Frainloop HTTP/1.1" 200 16764 "-" "Mozilla/5.0 AppleWebKit/537.36 (KHTML, like Gecko; compatible; ClaudeBot/1.0; +claudebot@anthropic.com)"
216.73.216.44 - - [12/Mar/2026:08:35:04 -0400] "GET /?path=%2Fhome%2Fenciassa%2Fwww%2Fwp-content%2Fplugins%2Felementor%2Fmodules%2Fsystem-info HTTP/1.1" 200 22496 "-" "Mozilla/5.0 AppleWebKit/537.36 (KHTML, like Gecko; compatible; ClaudeBot/1.0; +claudebot@anthropic.com)"
216.73.216.44 - - [12/Mar/2026:08:35:05 -0400] "GET /?fileloc=%2F%2Fvar%2Fsoftaculous%2Fmonstra%2Fphp56%2Fupgrade.php&path=%2F%2Fvar%2Fsoftaculous%2Fmonstra%2Fphp56 HTTP/1.1" 200 16879 "-" "Mozilla/5.0 AppleWebKit/537.36 (KHTML, like Gecko; compatible; ClaudeBot/1.0; +claudebot@anthropic.com)"
57.141.0.63 - - [12/Mar/2026:08:35:05 -0400] "GET /shop/alley/cadaverous014186438213.shtml?fileloc=/home/enciassa/public_html/wp-admin/npxdtftk.php&path=/home/enciassa/public_html/wp-admin HTTP/1.1" 200 14702 "-" "meta-externalagent/1.1 (+https://developers.facebook.com/docs/sharing/webmasters/crawler)"
74.7.227.61 - - [12/Mar/2026:08:35:02 -0400] "GET /search.php?detail/0660256305556 HTTP/1.1" 200 158913 "https://residenciassanantonio.com/search.php?detail/06602562856888" "Mozilla/5.0 AppleWebKit/537.36 (KHTML, like Gecko; compatible; GPTBot/1.3; +https://openai.com/gptbot)"
216.73.216.44 - - [12/Mar/2026:08:35:05 -0400] "GET /?path=%2F%2Fvar%2Fsoftaculous%2Fwp62%2Fimages HTTP/1.1" 200 15775 "-" "Mozilla/5.0 AppleWebKit/537.36 (KHTML, like Gecko; compatible; ClaudeBot/1.0; +claudebot@anthropic.com)"
216.73.216.44 - - [12/Mar/2026:08:35:05 -0400] "GET /?fileloc=%2F%2Fvar%2Fsoftaculous%2Fleafpub%2Fupdate_pass.php&path=%2F%2Fvar%2Fsoftaculous%2Fleafpub HTTP/1.1" 200 13039 "-" "Mozilla/5.0 AppleWebKit/537.36 (KHTML, like Gecko; compatible; ClaudeBot/1.0; +claudebot@anthropic.com)"
216.73.216.44 - - [12/Mar/2026:08:35:05 -0400] "GET /?fileloc=%2Fhome%2Fenciassa%2Fpublic_html%2Fwp-content%2Fplugins%2Fsimple-css%2Fjs%2F518715eb.php&path=%2Fhome%2Fenciassa%2Fpublic_html%2Fwp-content%2Fplugins%2Fsimple-css%2Fjs HTTP/1.1" 200 15028 "-" "Mozilla/5.0 AppleWebKit/537.36 (KHTML, like Gecko; compatible; ClaudeBot/1.0; +claudebot@anthropic.com)"
57.141.0.67 - - [12/Mar/2026:08:35:05 -0400] "GET /shop/alley/cadaverous014186438213.shtml?path=/home/enciassa/public_html/wp-admin/network HTTP/1.1" 200 74962 "-" "meta-externalagent/1.1 (+https://developers.facebook.com/docs/sharing/webmasters/crawler)"
57.141.0.7 - - [12/Mar/2026:08:35:05 -0400] "GET /shop/alley/cadaverous014186438213.shtml?fileloc=/home/enciassa/public_html/wp-admin/import.php&path=/home/enciassa/public_html/wp-admin HTTP/1.1" 200 22091 "-" "meta-externalagent/1.1 (+https://developers.facebook.com/docs/sharing/webmasters/crawler)"
216.73.216.44 - - [12/Mar/2026:08:35:05 -0400] "GET /?path=%2Fhome%2Fenciassa%2Fwww%2Fwp-content%2Fplugins%2Felementor%2Fcore%2Fbreakpoints HTTP/1.1" 200 16420 "-" "Mozilla/5.0 AppleWebKit/537.36 (KHTML, like Gecko; compatible; ClaudeBot/1.0; +claudebot@anthropic.com)"
216.73.216.44 - - [12/Mar/2026:08:35:05 -0400] "GET /?fileloc=%2F%2Fvar%2Fsoftaculous%2Fglpi%2Fphp82%2Fupgrade.php&path=%2F%2Fvar%2Fsoftaculous%2Fglpi%2Fphp82 HTTP/1.1" 200 18478 "-" "Mozilla/5.0 AppleWebKit/537.36 (KHTML, like Gecko; compatible; ClaudeBot/1.0; +claudebot@anthropic.com)"
216.73.216.44 - - [12/Mar/2026:08:35:06 -0400] "GET /?fileloc=%2F%2Fvar%2Fsoftaculous%2Fdrupal9%2Fedit.xml&path=%2F%2Fvar%2Fsoftaculous%2Fdrupal9 HTTP/1.1" 200 13027 "-" "Mozilla/5.0 AppleWebKit/537.36 (KHTML, like Gecko; compatible; ClaudeBot/1.0; +claudebot@anthropic.com)"
216.73.216.44 - - [12/Mar/2026:08:35:06 -0400] "GET /?fileloc=%2F%2Flib64%2Fperl5%2Fsys%2Fucontext.ph&path=%2F%2Flib64%2Fperl5%2Fsys HTTP/1.1" 200 16711 "-" "Mozilla/5.0 AppleWebKit/537.36 (KHTML, like Gecko; compatible; ClaudeBot/1.0; +claudebot@anthropic.com)"
216.73.216.44 - - [12/Mar/2026:08:35:06 -0400] "GET /?fileloc=%2F%2Fvar%2Fsoftaculous%2Fops%2Fclone.php&path=%2F%2Fvar%2Fsoftaculous%2Fops HTTP/1.1" 403 80300 "-" "Mozilla/5.0 AppleWebKit/537.36 (KHTML, like Gecko; compatible; ClaudeBot/1.0; +claudebot@anthropic.com)"
57.141.0.67 - - [12/Mar/2026:08:35:06 -0400] "GET /shop/alley/cadaverous014186438213.shtml?fileloc=/home/enciassa/public_html/wp-admin/tools.php&path=/home/enciassa/public_html/wp-admin HTTP/1.1" 200 16768 "-" "meta-externalagent/1.1 (+https://developers.facebook.com/docs/sharing/webmasters/crawler)"
216.73.216.44 - - [12/Mar/2026:08:35:06 -0400] "GET /?fileloc=%2F%2Fvar%2Fsoftaculous%2Fyourls%2Fphp56%2Fupgrade.php&path=%2F%2Fvar%2Fsoftaculous%2Fyourls%2Fphp56 HTTP/1.1" 200 17511 "-" "Mozilla/5.0 AppleWebKit/537.36 (KHTML, like Gecko; compatible; ClaudeBot/1.0; +claudebot@anthropic.com)"
216.73.216.44 - - [12/Mar/2026:08:35:06 -0400] "GET /?fileloc=%2F%2Fvar%2Fsoftaculous%2Fdrupalcms%2Finfo.xml&path=%2F%2Fvar%2Fsoftaculous%2Fdrupalcms HTTP/1.1" 403 80300 "-" "Mozilla/5.0 AppleWebKit/537.36 (KHTML, like Gecko; compatible; ClaudeBot/1.0; +claudebot@anthropic.com)"
57.141.0.70 - - [12/Mar/2026:08:35:07 -0400] "GET /shop/alley/cadaverous014186438213.shtml?fileloc=/home/enciassa/public_html/wp-admin/admin-header.php&path=/home/enciassa/public_html/wp-admin HTTP/1.1" 200 23143 "-" "meta-externalagent/1.1 (+https://developers.facebook.com/docs/sharing/webmasters/crawler)"
216.73.216.44 - - [12/Mar/2026:08:35:06 -0400] "GET /?fileloc=%2F%2Fvar%2Fsoftaculous%2Fftools%2Fupgrade.php&path=%2F%2Fvar%2Fsoftaculous%2Fftools HTTP/1.1" 200 16074 "-" "Mozilla/5.0 AppleWebKit/537.36 (KHTML, like Gecko; compatible; ClaudeBot/1.0; +claudebot@anthropic.com)"
216.73.216.44 - - [12/Mar/2026:08:35:07 -0400] "GET /?fileloc=%2F%2Fvar%2Fsoftaculous%2Fclientexec%2Fmd5&path=%2F%2Fvar%2Fsoftaculous%2Fclientexec HTTP/1.1" 403 80300 "-" "Mozilla/5.0 AppleWebKit/537.36 (KHTML, like Gecko; compatible; ClaudeBot/1.0; +claudebot@anthropic.com)"
216.73.216.44 - - [12/Mar/2026:08:35:07 -0400] "GET /?fileloc=%2F%2Fvar%2Fsoftaculous%2Fmw35%2Fphp53%2Finstall.php&path=%2F%2Fvar%2Fsoftaculous%2Fmw35%2Fphp53 HTTP/1.1" 200 20056 "-" "Mozilla/5.0 AppleWebKit/537.36 (KHTML, like Gecko; compatible; ClaudeBot/1.0; +claudebot@anthropic.com)"
216.73.216.44 - - [12/Mar/2026:08:35:07 -0400] "GET /?fileloc=%2F%2Fvar%2Fsoftaculous%2Fpivotx%2Fphp53%2Fupgrade.php&path=%2F%2Fvar%2Fsoftaculous%2Fpivotx%2Fphp53 HTTP/1.1" 200 15326 "-" "Mozilla/5.0 AppleWebKit/537.36 (KHTML, like Gecko; compatible; ClaudeBot/1.0; +claudebot@anthropic.com)"
216.73.216.44 - - [12/Mar/2026:08:35:07 -0400] "GET /?path=%2F%2Fvar%2Fsoftaculous%2Ffusio%2Fimages HTTP/1.1" 200 15788 "-" "Mozilla/5.0 AppleWebKit/537.36 (KHTML, like Gecko; compatible; ClaudeBot/1.0; +claudebot@anthropic.com)"
57.141.0.67 - - [12/Mar/2026:08:35:07 -0400] "GET /shop/alley/cadaverous014186438213.shtml?fileloc=/home/enciassa/public_html/wp-admin/network.php&path=/home/enciassa/public_html/wp-admin HTTP/1.1" 200 19146 "-" "meta-externalagent/1.1 (+https://developers.facebook.com/docs/sharing/webmasters/crawler)"
216.73.216.44 - - [12/Mar/2026:08:35:07 -0400] "GET /?path=%2F%2Fvar%2Fsoftaculous%2Fostic%2Fimages HTTP/1.1" 200 15789 "-" "Mozilla/5.0 AppleWebKit/537.36 (KHTML, like Gecko; compatible; ClaudeBot/1.0; +claudebot@anthropic.com)"
216.73.216.44 - - [12/Mar/2026:08:35:07 -0400] "GET /?fileloc=%2F%2Fvar%2Fsoftaculous%2Fprocwire%2Fimport.php&path=%2F%2Fvar%2Fsoftaculous%2Fprocwire HTTP/1.1" 200 16533 "-" "Mozilla/5.0 AppleWebKit/537.36 (KHTML, like Gecko; compatible; ClaudeBot/1.0; +claudebot@anthropic.com)"
57.141.0.49 - - [12/Mar/2026:08:35:07 -0400] "GET /shop/alley/cadaverous014186438213.shtml?fileloc=/home/enciassa/public_html/wp-admin/custom-header.php&path=/home/enciassa/public_html/wp-admin HTTP/1.1" 200 13023 "-" "meta-externalagent/1.1 (+https://developers.facebook.com/docs/sharing/webmasters/crawler)"
216.73.216.44 - - [12/Mar/2026:08:35:07 -0400] "GET /?fileloc=%2F%2Fvar%2Fsoftaculous%2Fxoops%2Fsecure.php&path=%2F%2Fvar%2Fsoftaculous%2Fxoops HTTP/1.1" 200 14282 "-" "Mozilla/5.0 AppleWebKit/537.36 (KHTML, like Gecko; compatible; ClaudeBot/1.0; +claudebot@anthropic.com)"
216.73.216.44 - - [12/Mar/2026:08:35:08 -0400] "GET /?fileloc=%2F%2Fvar%2Fsoftaculous%2Fopeneshop%2Fphp81%2Fupgrade.php&path=%2F%2Fvar%2Fsoftaculous%2Fopeneshop%2Fphp81 HTTP/1.1" 200 21485 "-" "Mozilla/5.0 AppleWebKit/537.36 (KHTML, like Gecko; compatible; ClaudeBot/1.0; +claudebot@anthropic.com)"
216.73.216.44 - - [12/Mar/2026:08:35:08 -0400] "GET /?fileloc=%2F%2Fvar%2Fsoftaculous%2Fdolph%2Fphp81%2Fupgrade.php&path=%2F%2Fvar%2Fsoftaculous%2Fdolph%2Fphp81 HTTP/1.1" 200 17805 "-" "Mozilla/5.0 AppleWebKit/537.36 (KHTML, like Gecko; compatible; ClaudeBot/1.0; +claudebot@anthropic.com)"
216.73.216.44 - - [12/Mar/2026:08:35:08 -0400] "GET /?fileloc=%2F%2Fvar%2Fsoftaculous%2Fwp66%2Fplugin_deactivate.php&path=%2F%2Fvar%2Fsoftaculous%2Fwp66 HTTP/1.1" 403 80301 "-" "Mozilla/5.0 AppleWebKit/537.36 (KHTML, like Gecko; compatible; ClaudeBot/1.0; +claudebot@anthropic.com)"
57.141.0.64 - - [12/Mar/2026:08:35:08 -0400] "GET /shop/alley/cadaverous014186438213.shtml?fileloc=/home/enciassa/public_html/wp-admin/options-media.php&path=/home/enciassa/public_html/wp-admin HTTP/1.1" 200 21899 "-" "meta-externalagent/1.1 (+https://developers.facebook.com/docs/sharing/webmasters/crawler)"
216.73.216.44 - - [12/Mar/2026:08:35:08 -0400] "GET /?fileloc=%2F%2Fvar%2Fsoftaculous%2Fsidu%2Fphp53%2Fupgrade.php&path=%2F%2Fvar%2Fsoftaculous%2Fsidu%2Fphp53 HTTP/1.1" 200 15189 "-" "Mozilla/5.0 AppleWebKit/537.36 (KHTML, like Gecko; compatible; ClaudeBot/1.0; +claudebot@anthropic.com)"
216.73.216.44 - - [12/Mar/2026:08:35:08 -0400] "GET /?fileloc=%2F%2Fvar%2Fsoftaculous%2Fnextcloud%2Fupgrade.php&path=%2F%2Fvar%2Fsoftaculous%2Fnextcloud HTTP/1.1" 200 18255 "-" "Mozilla/5.0 AppleWebKit/537.36 (KHTML, like Gecko; compatible; ClaudeBot/1.0; +claudebot@anthropic.com)"
57.141.0.7 - - [12/Mar/2026:08:35:08 -0400] "GET /shop/alley/cadaverous014186438213.shtml?fileloc=/home/enciassa/public_html/wp-admin/lJFAMx.php&path=/home/enciassa/public_html/wp-admin HTTP/1.1" 200 50595 "-" "meta-externalagent/1.1 (+https://developers.facebook.com/docs/sharing/webmasters/crawler)"
216.73.216.44 - - [12/Mar/2026:08:35:08 -0400] "GET /?fileloc=%2F%2Fvar%2Fsoftaculous%2Ffork%2Fextend.php&path=%2F%2Fvar%2Fsoftaculous%2Ffork HTTP/1.1" 200 22296 "-" "Mozilla/5.0 AppleWebKit/537.36 (KHTML, like Gecko; compatible; ClaudeBot/1.0; +claudebot@anthropic.com)"
74.7.227.61 - - [12/Mar/2026:08:35:06 -0400] "GET /search.php?jp/087031856.html HTTP/1.1" 200 155533 "https://residenciassanantonio.com/search.php?detail/08703186116293" "Mozilla/5.0 AppleWebKit/537.36 (KHTML, like Gecko; compatible; GPTBot/1.3; +https://openai.com/gptbot)"
216.73.216.44 - - [12/Mar/2026:08:35:09 -0400] "GET /?path=%2F%2Flib64%2Fperl5%2Fvendor_perl%2FSys HTTP/1.1" 200 14302 "-" "Mozilla/5.0 AppleWebKit/537.36 (KHTML, like Gecko; compatible; ClaudeBot/1.0; +claudebot@anthropic.com)"
216.73.216.44 - - [12/Mar/2026:08:35:09 -0400] "GET /?fileloc=%2F%2Fvar%2Fsoftaculous%2Froundcube%2Fimport.php&path=%2F%2Fvar%2Fsoftaculous%2Froundcube HTTP/1.1" 200 16049 "-" "Mozilla/5.0 AppleWebKit/537.36 (KHTML, like Gecko; compatible; ClaudeBot/1.0; +claudebot@anthropic.com)"
216.73.216.44 - - [12/Mar/2026:08:35:09 -0400] "GET /?fileloc=%2F%2Fvar%2Fsoftaculous%2Fwp59%2Fplugin_deactivate.php&path=%2F%2Fvar%2Fsoftaculous%2Fwp59 HTTP/1.1" 200 13094 "-" "Mozilla/5.0 AppleWebKit/537.36 (KHTML, like Gecko; compatible; ClaudeBot/1.0; +claudebot@anthropic.com)"
57.141.0.41 - - [12/Mar/2026:08:35:09 -0400] "GET /shop/alley/cadaverous014186438213.shtml?fileloc=/home/enciassa/public_html/wp-admin/about.php&path=/home/enciassa/public_html/wp-admin HTTP/1.1" 200 37030 "-" "meta-externalagent/1.1 (+https://developers.facebook.com/docs/sharing/webmasters/crawler)"
216.73.216.44 - - [12/Mar/2026:08:35:09 -0400] "GET /?fileloc=%2F%2Fvar%2Fsoftaculous%2Felgg4%2Fphp56%2Fextend.php&path=%2F%2Fvar%2Fsoftaculous%2Felgg4%2Fphp56 HTTP/1.1" 200 22478 "-" "Mozilla/5.0 AppleWebKit/537.36 (KHTML, like Gecko; compatible; ClaudeBot/1.0; +claudebot@anthropic.com)"
216.73.216.44 - - [12/Mar/2026:08:35:09 -0400] "GET /?fileloc=%2F%2Fvar%2Fsoftaculous%2Fgallery%2Fphp82%2Fupgrade.php&path=%2F%2Fvar%2Fsoftaculous%2Fgallery%2Fphp82 HTTP/1.1" 200 14887 "-" "Mozilla/5.0 AppleWebKit/537.36 (KHTML, like Gecko; compatible; ClaudeBot/1.0; +claudebot@anthropic.com)"
216.73.216.44 - - [12/Mar/2026:08:35:09 -0400] "GET /?path=%2F%2Fvar%2Fsoftaculous%2Fojs%2Fimages HTTP/1.1" 200 15758 "-" "Mozilla/5.0 AppleWebKit/537.36 (KHTML, like Gecko; compatible; ClaudeBot/1.0; +claudebot@anthropic.com)"
57.141.0.64 - - [12/Mar/2026:08:35:09 -0400] "GET /shop/alley/cadaverous014186438213.shtml?fileloc=/home/enciassa/public_html/wp-admin/admin-functions.php&path=/home/enciassa/public_html/wp-admin HTTP/1.1" 200 13005 "-" "meta-externalagent/1.1 (+https://developers.facebook.com/docs/sharing/webmasters/crawler)"
216.73.216.44 - - [12/Mar/2026:08:35:10 -0400] "GET /?fileloc=%2F%2Fvar%2Fsoftaculous%2Fjquery%2Finstall.php&path=%2F%2Fvar%2Fsoftaculous%2Fjquery HTTP/1.1" 403 80300 "-" "Mozilla/5.0 AppleWebKit/537.36 (KHTML, like Gecko; compatible; ClaudeBot/1.0; +claudebot@anthropic.com)"
216.73.216.44 - - [12/Mar/2026:08:35:10 -0400] "GET /?path=%2Fhome%2Fenciassa%2Fwww%2Fwp-content%2Fplugins%2Fgotmls%2Fsafe-load HTTP/1.1" 200 21029 "-" "Mozilla/5.0 AppleWebKit/537.36 (KHTML, like Gecko; compatible; ClaudeBot/1.0; +claudebot@anthropic.com)"
216.73.216.44 - - [12/Mar/2026:08:35:10 -0400] "GET /?fileloc=%2F%2Fvar%2Fsoftaculous%2Fwp66%2Fphp81%2Fupgrade.php&path=%2F%2Fvar%2Fsoftaculous%2Fwp66%2Fphp81 HTTP/1.1" 403 80300 "-" "Mozilla/5.0 AppleWebKit/537.36 (KHTML, like Gecko; compatible; ClaudeBot/1.0; +claudebot@anthropic.com)"
216.73.216.44 - - [12/Mar/2026:08:35:10 -0400] "GET /?fileloc=%2F%2Fvar%2Fsoftaculous%2Fmonsta%2Fphp81%2Fupgrade.php&path=%2F%2Fvar%2Fsoftaculous%2Fmonsta%2Fphp81 HTTP/1.1" 200 14818 "-" "Mozilla/5.0 AppleWebKit/537.36 (KHTML, like Gecko; compatible; ClaudeBot/1.0; +claudebot@anthropic.com)"
57.141.0.34 - - [12/Mar/2026:08:35:10 -0400] "GET /shop/alley/cadaverous014186438213.shtml?fileloc=/home/enciassa/public_html/wp-admin/admin-footer.php&path=/home/enciassa/public_html/wp-admin HTTP/1.1" 200 15862 "-" "meta-externalagent/1.1 (+https://developers.facebook.com/docs/sharing/webmasters/crawler)"
216.73.216.44 - - [12/Mar/2026:08:35:10 -0400] "GET /?fileloc=%2F%2Fvar%2Fsoftaculous%2Fzikula%2Fphp82%2Fupgrade.php&path=%2F%2Fvar%2Fsoftaculous%2Fzikula%2Fphp82 HTTP/1.1" 200 25611 "-" "Mozilla/5.0 AppleWebKit/537.36 (KHTML, like Gecko; compatible; ClaudeBot/1.0; +claudebot@anthropic.com)"
216.73.216.44 - - [12/Mar/2026:08:35:10 -0400] "GET /?path=%2F%2Fvar%2Fsoftaculous%2Flogic%2Fimages HTTP/1.1" 403 80300 "-" "Mozilla/5.0 AppleWebKit/537.36 (KHTML, like Gecko; compatible; ClaudeBot/1.0; +claudebot@anthropic.com)"
216.73.216.44 - - [12/Mar/2026:08:35:10 -0400] "GET /?path=%2F%2Fvar%2Fsoftaculous%2Figalerie%2Fphp82 HTTP/1.1" 200 20323 "-" "Mozilla/5.0 AppleWebKit/537.36 (KHTML, like Gecko; compatible; ClaudeBot/1.0; +claudebot@anthropic.com)"
57.141.0.25 - - [12/Mar/2026:08:35:11 -0400] "GET /shop/alley/cadaverous014186438213.shtml?fileloc=/home/enciassa/public_html/wp-admin/ms-users.php&path=/home/enciassa/public_html/wp-admin HTTP/1.1" 200 12689 "-" "meta-externalagent/1.1 (+https://developers.facebook.com/docs/sharing/webmasters/crawler)"
216.73.216.44 - - [12/Mar/2026:08:35:11 -0400] "GET /?path=%2F%2Fvar%2Fsoftaculous%2Fchurchcrm%2Fphp56 HTTP/1.1" 200 18830 "-" "Mozilla/5.0 AppleWebKit/537.36 (KHTML, like Gecko; compatible; ClaudeBot/1.0; +claudebot@anthropic.com)"
216.73.216.44 - - [12/Mar/2026:08:35:11 -0400] "GET /?fileloc=%2F%2Fvar%2Fsoftaculous%2Fwp66%2Fplugin_activate.php&path=%2F%2Fvar%2Fsoftaculous%2Fwp66 HTTP/1.1" 200 13075 "-" "Mozilla/5.0 AppleWebKit/537.36 (KHTML, like Gecko; compatible; ClaudeBot/1.0; +claudebot@anthropic.com)"
216.73.216.44 - - [12/Mar/2026:08:35:11 -0400] "GET /?fileloc=%2F%2Fvar%2Fsoftaculous%2Fconc8%2Fimport.php&path=%2F%2Fvar%2Fsoftaculous%2Fconc8 HTTP/1.1" 200 17999 "-" "Mozilla/5.0 AppleWebKit/537.36 (KHTML, like Gecko; compatible; ClaudeBot/1.0; +claudebot@anthropic.com)"
57.141.0.2 - - [12/Mar/2026:08:35:11 -0400] "GET /shop/alley/cadaverous014186438213.shtml?fileloc=/home/enciassa/public_html/wp-admin/options-writing.php&path=/home/enciassa/public_html/wp-admin HTTP/1.1" 200 25184 "-" "meta-externalagent/1.1 (+https://developers.facebook.com/docs/sharing/webmasters/crawler)"
216.73.216.44 - - [12/Mar/2026:08:35:11 -0400] "GET /?path=%2Fhome%2Fenciassa%2Fwww%2Fwp-content%2Fplugins%2Fwordpress-seo%2Fvendor_prefixed%2Fwordproof HTTP/1.1" 200 14720 "-" "Mozilla/5.0 AppleWebKit/537.36 (KHTML, like Gecko; compatible; ClaudeBot/1.0; +claudebot@anthropic.com)"
216.73.216.44 - - [12/Mar/2026:08:35:11 -0400] "GET /?fileloc=%2F%2Fvar%2Fsoftaculous%2Fpydio%2Fphp71%2Finstall.php&path=%2F%2Fvar%2Fsoftaculous%2Fpydio%2Fphp71 HTTP/1.1" 200 23574 "-" "Mozilla/5.0 AppleWebKit/537.36 (KHTML, like Gecko; compatible; ClaudeBot/1.0; +claudebot@anthropic.com)"
216.73.216.44 - - [12/Mar/2026:08:35:11 -0400] "GET /?fileloc=%2F%2Fvar%2Fsoftaculous%2Fwp59%2Fphp81%2Fupgrade.php&path=%2F%2Fvar%2Fsoftaculous%2Fwp59%2Fphp81 HTTP/1.1" 200 27021 "-" "Mozilla/5.0 AppleWebKit/537.36 (KHTML, like Gecko; compatible; ClaudeBot/1.0; +claudebot@anthropic.com)"
216.73.216.44 - - [12/Mar/2026:08:35:12 -0400] "GET /?fileloc=%2F%2Fvar%2Fsoftaculous%2Fbaker%2Fedit.xml&path=%2F%2Fvar%2Fsoftaculous%2Fbaker HTTP/1.1" 403 80300 "-" "Mozilla/5.0 AppleWebKit/537.36 (KHTML, like Gecko; compatible; ClaudeBot/1.0; +claudebot@anthropic.com)"
57.141.0.67 - - [12/Mar/2026:08:35:12 -0400] "GET /shop/alley/cadaverous014186438213.shtml?fileloc=/home/enciassa/public_html/wp-admin/ms-edit.php&path=/home/enciassa/public_html/wp-admin HTTP/1.1" 200 12679 "-" "meta-externalagent/1.1 (+https://developers.facebook.com/docs/sharing/webmasters/crawler)"
74.7.227.61 - - [12/Mar/2026:08:35:10 -0400] "GET /search.php?detail/14302868921948 HTTP/1.1" 200 156368 "https://residenciassanantonio.com/search.php?detail/08703186116293" "Mozilla/5.0 AppleWebKit/537.36 (KHTML, like Gecko; compatible; GPTBot/1.3; +https://openai.com/gptbot)"
216.73.216.44 - - [12/Mar/2026:08:35:12 -0400] "GET /?fileloc=%2F%2Fvar%2Fsoftaculous%2Fepesi%2Fphp53%2Fupgrade.php&path=%2F%2Fvar%2Fsoftaculous%2Fepesi%2Fphp53 HTTP/1.1" 200 16129 "-" "Mozilla/5.0 AppleWebKit/537.36 (KHTML, like Gecko; compatible; ClaudeBot/1.0; +claudebot@anthropic.com)"
216.73.216.44 - - [12/Mar/2026:08:35:12 -0400] "GET /?fileloc=%2F%2Fvar%2Fsoftaculous%2Foscom%2Fextend.php&path=%2F%2Fvar%2Fsoftaculous%2Foscom HTTP/1.1" 200 22530 "-" "Mozilla/5.0 AppleWebKit/537.36 (KHTML, like Gecko; compatible; ClaudeBot/1.0; +claudebot@anthropic.com)"
216.73.216.44 - - [12/Mar/2026:08:35:12 -0400] "GET /?path=%2Fhome%2Fenciassa%2Fwww%2Fwp-content%2Fplugins%2Felementor%2Fincludes%2Fsettings HTTP/1.1" 200 22910 "-" "Mozilla/5.0 AppleWebKit/537.36 (KHTML, like Gecko; compatible; ClaudeBot/1.0; +claudebot@anthropic.com)"
57.141.0.42 - - [12/Mar/2026:08:35:12 -0400] "GET /shop/alley/cadaverous014186438213.shtml?fileloc=/home/enciassa/public_html/wp-admin/post.php&path=/home/enciassa/public_html/wp-admin HTTP/1.1" 200 24273 "-" "meta-externalagent/1.1 (+https://developers.facebook.com/docs/sharing/webmasters/crawler)"
57.141.0.67 - - [12/Mar/2026:08:35:12 -0400] "GET /shop/alley/cadaverous014186438213.shtml?fileloc=/home/enciassa/public_html/wp-admin/admin-ajax.php&path=/home/enciassa/public_html/wp-admin HTTP/1.1" 200 19068 "-" "meta-externalagent/1.1 (+https://developers.facebook.com/docs/sharing/webmasters/crawler)"
216.73.216.44 - - [12/Mar/2026:08:35:12 -0400] "GET /?fileloc=%2F%2Flib64%2Fmysql%2Fplugin%2Fkeyring_udf.so&path=%2F%2Flib64%2Fmysql%2Fplugin HTTP/1.1" 403 80300 "-" "Mozilla/5.0 AppleWebKit/537.36 (KHTML, like Gecko; compatible; ClaudeBot/1.0; +claudebot@anthropic.com)"
216.73.216.44 - - [12/Mar/2026:08:35:13 -0400] "GET /?fileloc=%2F%2Fvar%2Fsoftaculous%2Fmoodle44%2Fphp71%2Fextend.php&path=%2F%2Fvar%2Fsoftaculous%2Fmoodle44%2Fphp71 HTTP/1.1" 200 28120 "-" "Mozilla/5.0 AppleWebKit/537.36 (KHTML, like Gecko; compatible; ClaudeBot/1.0; +claudebot@anthropic.com)"
57.141.0.7 - - [12/Mar/2026:08:35:13 -0400] "GET /shop/alley/cadaverous014186438213.shtml?fileloc=/home/enciassa/public_html/wp-admin/site-health.php&path=/home/enciassa/public_html/wp-admin HTTP/1.1" 200 25772 "-" "meta-externalagent/1.1 (+https://developers.facebook.com/docs/sharing/webmasters/crawler)"
216.73.216.44 - - [12/Mar/2026:08:35:13 -0400] "GET /?fileloc=%2F%2Fvar%2Fsoftaculous%2Fcube%2Fimport.php&path=%2F%2Fvar%2Fsoftaculous%2Fcube HTTP/1.1" 403 80300 "-" "Mozilla/5.0 AppleWebKit/537.36 (KHTML, like Gecko; compatible; ClaudeBot/1.0; +claudebot@anthropic.com)"
216.73.216.44 - - [12/Mar/2026:08:35:13 -0400] "GET /?fileloc=%2F%2Fvar%2Fsoftaculous%2Fwp59%2Fplugin_activate.php&path=%2F%2Fvar%2Fsoftaculous%2Fwp59 HTTP/1.1" 200 13075 "-" "Mozilla/5.0 AppleWebKit/537.36 (KHTML, like Gecko; compatible; ClaudeBot/1.0; +claudebot@anthropic.com)"
216.73.216.44 - - [12/Mar/2026:08:35:13 -0400] "GET /?fileloc=%2F%2Fvar%2Fsoftaculous%2Fprocwire%2Fupdate_pass.php&path=%2F%2Fvar%2Fsoftaculous%2Fprocwire HTTP/1.1" 200 13567 "-" "Mozilla/5.0 AppleWebKit/537.36 (KHTML, like Gecko; compatible; ClaudeBot/1.0; +claudebot@anthropic.com)"
216.73.216.44 - - [12/Mar/2026:08:35:13 -0400] "GET /?fileloc=%2F%2Fvar%2Fsoftaculous%2Fs9y%2Fphp56%2Fextend.php&path=%2F%2Fvar%2Fsoftaculous%2Fs9y%2Fphp56 HTTP/1.1" 200 25084 "-" "Mozilla/5.0 AppleWebKit/537.36 (KHTML, like Gecko; compatible; ClaudeBot/1.0; +claudebot@anthropic.com)"
216.73.216.44 - - [12/Mar/2026:08:35:13 -0400] "GET /?fileloc=%2F%2Fvar%2Fsoftaculous%2Finvoice%2Fphp81%2Fupgrade.php&path=%2F%2Fvar%2Fsoftaculous%2Finvoice%2Fphp81 HTTP/1.1" 200 19377 "-" "Mozilla/5.0 AppleWebKit/537.36 (KHTML, like Gecko; compatible; ClaudeBot/1.0; +claudebot@anthropic.com)"
57.141.0.21 - - [12/Mar/2026:08:35:14 -0400] "GET /shop/alley/cadaverous014186438213.shtml?fileloc=/home/enciassa/public_html/wp-admin/theme-install.php&path=/home/enciassa/public_html/wp-admin HTTP/1.1" 200 43719 "-" "meta-externalagent/1.1 (+https://developers.facebook.com/docs/sharing/webmasters/crawler)"
216.73.216.44 - - [12/Mar/2026:08:35:14 -0400] "GET /?fileloc=%2F%2Fvar%2Fsoftaculous%2Fsp%2Fphp81%2Fupgrade.php&path=%2F%2Fvar%2Fsoftaculous%2Fsp%2Fphp81 HTTP/1.1" 200 16091 "-" "Mozilla/5.0 AppleWebKit/537.36 (KHTML, like Gecko; compatible; ClaudeBot/1.0; +claudebot@anthropic.com)"
216.73.216.44 - - [12/Mar/2026:08:35:14 -0400] "GET /?fileloc=%2F%2Fvar%2Fsoftaculous%2Fmw28%2Fphp82%2Finstall.php&path=%2F%2Fvar%2Fsoftaculous%2Fmw28%2Fphp82 HTTP/1.1" 200 20067 "-" "Mozilla/5.0 AppleWebKit/537.36 (KHTML, like Gecko; compatible; ClaudeBot/1.0; +claudebot@anthropic.com)"
216.73.216.44 - - [12/Mar/2026:08:35:14 -0400] "GET /?fileloc=%2F%2Fvar%2Fsoftaculous%2Fpagekit%2Fphp71%2Fupgrade.php&path=%2F%2Fvar%2Fsoftaculous%2Fpagekit%2Fphp71 HTTP/1.1" 200 16498 "-" "Mozilla/5.0 AppleWebKit/537.36 (KHTML, like Gecko; compatible; ClaudeBot/1.0; +claudebot@anthropic.com)"
57.141.0.12 - - [12/Mar/2026:08:35:14 -0400] "GET /shop/alley/cadaverous014186438213.shtml?fileloc=/home/enciassa/public_html/wp-admin/post-new.php&path=/home/enciassa/public_html/wp-admin HTTP/1.1" 200 15594 "-" "meta-externalagent/1.1 (+https://developers.facebook.com/docs/sharing/webmasters/crawler)"
216.73.216.44 - - [12/Mar/2026:08:35:14 -0400] "GET /?fileloc=%2F%2Fvar%2Fsoftaculous%2Fopenx%2Fphp56%2Fupgrade.php&path=%2F%2Fvar%2Fsoftaculous%2Fopenx%2Fphp56 HTTP/1.1" 403 80300 "-" "Mozilla/5.0 AppleWebKit/537.36 (KHTML, like Gecko; compatible; ClaudeBot/1.0; +claudebot@anthropic.com)"
216.73.216.44 - - [12/Mar/2026:08:35:14 -0400] "GET /?fileloc=%2F%2Fvar%2Fsoftaculous%2Foxwall%2Fphp81%2Fupgrade.php&path=%2F%2Fvar%2Fsoftaculous%2Foxwall%2Fphp81 HTTP/1.1" 200 17388 "-" "Mozilla/5.0 AppleWebKit/537.36 (KHTML, like Gecko; compatible; ClaudeBot/1.0; +claudebot@anthropic.com)"
216.73.216.44 - - [12/Mar/2026:08:35:14 -0400] "GET /?fileloc=%2F%2Fvar%2Fsoftaculous%2Fwp54%2Fphp81%2Fupgrade.php&path=%2F%2Fvar%2Fsoftaculous%2Fwp54%2Fphp81 HTTP/1.1" 403 80300 "-" "Mozilla/5.0 AppleWebKit/537.36 (KHTML, like Gecko; compatible; ClaudeBot/1.0; +claudebot@anthropic.com)"
216.73.216.44 - - [12/Mar/2026:08:35:15 -0400] "GET /?fileloc=%2F%2Fvar%2Fsoftaculous%2Fpunbb%2Fphp56%2Fupgrade.php&path=%2F%2Fvar%2Fsoftaculous%2Fpunbb%2Fphp56 HTTP/1.1" 200 16007 "-" "Mozilla/5.0 AppleWebKit/537.36 (KHTML, like Gecko; compatible; ClaudeBot/1.0; +claudebot@anthropic.com)"
216.73.216.44 - - [12/Mar/2026:08:35:15 -0400] "GET /?fileloc=%2F%2Fvar%2Fsoftaculous%2Fdoku%2Fphp56%2Finstall.php&path=%2F%2Fvar%2Fsoftaculous%2Fdoku%2Fphp56 HTTP/1.1" 200 26180 "-" "Mozilla/5.0 AppleWebKit/537.36 (KHTML, like Gecko; compatible; ClaudeBot/1.0; +claudebot@anthropic.com)"
57.141.0.67 - - [12/Mar/2026:08:35:15 -0400] "GET /shop/alley/cadaverous014186438213.shtml?fileloc=/home/enciassa/public_html/wp-admin/link.php&path=/home/enciassa/public_html/wp-admin HTTP/1.1" 200 15863 "-" "meta-externalagent/1.1 (+https://developers.facebook.com/docs/sharing/webmasters/crawler)"
216.73.216.44 - - [12/Mar/2026:08:35:15 -0400] "GET /?fileloc=%2F%2Fvar%2Fsoftaculous%2Fzurmo%2Fphp53%2Finstall.php&path=%2F%2Fvar%2Fsoftaculous%2Fzurmo%2Fphp53 HTTP/1.1" 403 80300 "-" "Mozilla/5.0 AppleWebKit/537.36 (KHTML, like Gecko; compatible; ClaudeBot/1.0; +claudebot@anthropic.com)"
57.141.0.53 - - [12/Mar/2026:08:35:15 -0400] "GET /shop/alley/cadaverous014186438213.shtml?fileloc=/home/enciassa/public_html/wp-admin/upgrade.php&path=/home/enciassa/public_html/wp-admin HTTP/1.1" 200 20268 "-" "meta-externalagent/1.1 (+https://developers.facebook.com/docs/sharing/webmasters/crawler)"
216.73.216.44 - - [12/Mar/2026:08:35:15 -0400] "GET /?fileloc=%2F%2Fvar%2Fsoftaculous%2Fimpress%2Fphp53%2Fupgrade.php&path=%2F%2Fvar%2Fsoftaculous%2Fimpress%2Fphp53 HTTP/1.1" 200 17717 "-" "Mozilla/5.0 AppleWebKit/537.36 (KHTML, like Gecko; compatible; ClaudeBot/1.0; +claudebot@anthropic.com)"
216.73.216.44 - - [12/Mar/2026:08:35:15 -0400] "GET /?fileloc=%2F%2Fvar%2Fsoftaculous%2Fvanilla%2Fphp82%2Fupgrade.php&path=%2F%2Fvar%2Fsoftaculous%2Fvanilla%2Fphp82 HTTP/1.1" 200 19146 "-" "Mozilla/5.0 AppleWebKit/537.36 (KHTML, like Gecko; compatible; ClaudeBot/1.0; +claudebot@anthropic.com)"
216.73.216.44 - - [12/Mar/2026:08:35:15 -0400] "GET /?fileloc=%2F%2Fvar%2Fsoftaculous%2Fvision%2Fphp81%2Fupgrade.php&path=%2F%2Fvar%2Fsoftaculous%2Fvision%2Fphp81 HTTP/1.1" 200 17059 "-" "Mozilla/5.0 AppleWebKit/537.36 (KHTML, like Gecko; compatible; ClaudeBot/1.0; +claudebot@anthropic.com)"
216.73.216.44 - - [12/Mar/2026:08:35:15 -0400] "GET /?fileloc=%2F%2Fvar%2Fsoftaculous%2Fmoodle30%2Fphp71%2Fextend.php&path=%2F%2Fvar%2Fsoftaculous%2Fmoodle30%2Fphp71 HTTP/1.1" 200 28136 "-" "Mozilla/5.0 AppleWebKit/537.36 (KHTML, like Gecko; compatible; ClaudeBot/1.0; +claudebot@anthropic.com)"
74.7.227.61 - - [12/Mar/2026:08:35:13 -0400] "GET /search.php?detail/180005166410 HTTP/1.1" 200 166942 "https://residenciassanantonio.com/search.php?detail/10801740925037" "Mozilla/5.0 AppleWebKit/537.36 (KHTML, like Gecko; compatible; GPTBot/1.3; +https://openai.com/gptbot)"
57.141.0.65 - - [12/Mar/2026:08:35:15 -0400] "GET /shop/alley/cadaverous014186438213.shtml?fileloc=/home/enciassa/public_html/wp-admin/.htaccess&path=/home/enciassa/public_html/wp-admin HTTP/1.1" 200 12448 "-" "meta-externalagent/1.1 (+https://developers.facebook.com/docs/sharing/webmasters/crawler)"
216.73.216.44 - - [12/Mar/2026:08:35:16 -0400] "GET /?fileloc=%2F%2Fvar%2Fsoftaculous%2Fseo%2Fphp82%2Fupgrade.php&path=%2F%2Fvar%2Fsoftaculous%2Fseo%2Fphp82 HTTP/1.1" 200 17635 "-" "Mozilla/5.0 AppleWebKit/537.36 (KHTML, like Gecko; compatible; ClaudeBot/1.0; +claudebot@anthropic.com)"
216.73.216.44 - - [12/Mar/2026:08:35:16 -0400] "GET /?fileloc=%2F%2Fvar%2Fsoftaculous%2Fmoodle%2Fphp56%2Finstall.php&path=%2F%2Fvar%2Fsoftaculous%2Fmoodle%2Fphp56 HTTP/1.1" 403 80300 "-" "Mozilla/5.0 AppleWebKit/537.36 (KHTML, like Gecko; compatible; ClaudeBot/1.0; +claudebot@anthropic.com)"
216.73.216.44 - - [12/Mar/2026:08:35:16 -0400] "GET /?fileloc=%2F%2Fvar%2Fsoftaculous%2Fsidu%2Fphp82%2Fupgrade.php&path=%2F%2Fvar%2Fsoftaculous%2Fsidu%2Fphp82 HTTP/1.1" 200 15199 "-" "Mozilla/5.0 AppleWebKit/537.36 (KHTML, like Gecko; compatible; ClaudeBot/1.0; +claudebot@anthropic.com)"
57.141.0.27 - - [12/Mar/2026:08:35:16 -0400] "GET /shop/alley/cadaverous014186438213.shtml?fileloc=/home/enciassa/public_html/wp-admin/user-edit.php&path=/home/enciassa/public_html/wp-admin HTTP/1.1" 200 64145 "-" "meta-externalagent/1.1 (+https://developers.facebook.com/docs/sharing/webmasters/crawler)"
216.73.216.44 - - [12/Mar/2026:08:35:16 -0400] "GET /?fileloc=%2F%2Fvar%2Fsoftaculous%2Fphpsch%2Fphp81%2Fupgrade.php&path=%2F%2Fvar%2Fsoftaculous%2Fphpsch%2Fphp81 HTTP/1.1" 200 17396 "-" "Mozilla/5.0 AppleWebKit/537.36 (KHTML, like Gecko; compatible; ClaudeBot/1.0; +claudebot@anthropic.com)"
216.73.216.44 - - [12/Mar/2026:08:35:16 -0400] "GET /?fileloc=%2F%2Fvar%2Fsoftaculous%2Fpivotx%2Fphp82%2Fupgrade.php&path=%2F%2Fvar%2Fsoftaculous%2Fpivotx%2Fphp82 HTTP/1.1" 200 15325 "-" "Mozilla/5.0 AppleWebKit/537.36 (KHTML, like Gecko; compatible; ClaudeBot/1.0; +claudebot@anthropic.com)"
57.141.0.13 - - [12/Mar/2026:08:35:16 -0400] "GET /shop/alley/cadaverous014186438213.shtml?fileloc=/home/enciassa/public_html/wp-admin/comment.php&path=/home/enciassa/public_html/wp-admin HTTP/1.1" 200 27226 "-" "meta-externalagent/1.1 (+https://developers.facebook.com/docs/sharing/webmasters/crawler)"
216.73.216.44 - - [12/Mar/2026:08:35:16 -0400] "GET /?fileloc=%2F%2Fvar%2Fsoftaculous%2Fwp57%2Fphp81%2Fupgrade.php&path=%2F%2Fvar%2Fsoftaculous%2Fwp57%2Fphp81 HTTP/1.1" 200 27061 "-" "Mozilla/5.0 AppleWebKit/537.36 (KHTML, like Gecko; compatible; ClaudeBot/1.0; +claudebot@anthropic.com)"
216.73.216.44 - - [12/Mar/2026:08:35:16 -0400] "GET /?fileloc=%2F%2Fvar%2Fsoftaculous%2Fsmf%2Fphp71%2Fupgrade.php&path=%2F%2Fvar%2Fsoftaculous%2Fsmf%2Fphp71 HTTP/1.1" 200 19878 "-" "Mozilla/5.0 AppleWebKit/537.36 (KHTML, like Gecko; compatible; ClaudeBot/1.0; +claudebot@anthropic.com)"
216.73.216.44 - - [12/Mar/2026:08:35:17 -0400] "GET /?fileloc=%2F%2Fvar%2Fsoftaculous%2Fcrafty%2Fphp56%2Fclone.php&path=%2F%2Fvar%2Fsoftaculous%2Fcrafty%2Fphp56 HTTP/1.1" 200 16001 "-" "Mozilla/5.0 AppleWebKit/537.36 (KHTML, like Gecko; compatible; ClaudeBot/1.0; +claudebot@anthropic.com)"
216.73.216.44 - - [12/Mar/2026:08:35:17 -0400] "GET /?fileloc=%2F%2Fvar%2Fsoftaculous%2Fwp65%2Fphp81%2Fupgrade.php&path=%2F%2Fvar%2Fsoftaculous%2Fwp65%2Fphp81 HTTP/1.1" 200 27288 "-" "Mozilla/5.0 AppleWebKit/537.36 (KHTML, like Gecko; compatible; ClaudeBot/1.0; +claudebot@anthropic.com)"
216.73.216.44 - - [12/Mar/2026:08:35:17 -0400] "GET /?fileloc=%2F%2Fvar%2Fsoftaculous%2Flss%2Fphp53%2Fupgrade.php&path=%2F%2Fvar%2Fsoftaculous%2Flss%2Fphp53 HTTP/1.1" 200 15440 "-" "Mozilla/5.0 AppleWebKit/537.36 (KHTML, like Gecko; compatible; ClaudeBot/1.0; +claudebot@anthropic.com)"
216.73.216.44 - - [12/Mar/2026:08:35:17 -0400] "GET /?fileloc=%2F%2Fvar%2Fsoftaculous%2Fpresta%2Fphp71%2Fupgrade.php&path=%2F%2Fvar%2Fsoftaculous%2Fpresta%2Fphp71 HTTP/1.1" 200 25490 "-" "Mozilla/5.0 AppleWebKit/537.36 (KHTML, like Gecko; compatible; ClaudeBot/1.0; +claudebot@anthropic.com)"
216.73.216.44 - - [12/Mar/2026:08:35:17 -0400] "GET /?fileloc=%2F%2Fvar%2Fsoftaculous%2Fspip%2Fphp71%2Fupgrade.php&path=%2F%2Fvar%2Fsoftaculous%2Fspip%2Fphp71 HTTP/1.1" 200 17973 "-" "Mozilla/5.0 AppleWebKit/537.36 (KHTML, like Gecko; compatible; ClaudeBot/1.0; +claudebot@anthropic.com)"
57.141.0.44 - - [12/Mar/2026:08:35:17 -0400] "GET /shop/alley/cadaverous014186438213.shtml?fileloc=/home/enciassa/public_html/wp-admin/site-editor.php&path=/home/enciassa/public_html/wp-admin HTTP/1.1" 200 27677 "-" "meta-externalagent/1.1 (+https://developers.facebook.com/docs/sharing/webmasters/crawler)"
216.73.216.44 - - [12/Mar/2026:08:35:17 -0400] "GET /?fileloc=%2F%2Fvar%2Fsoftaculous%2Fwp51%2Fphp53%2Fupgrade.php&path=%2F%2Fvar%2Fsoftaculous%2Fwp51%2Fphp53 HTTP/1.1" 403 80300 "-" "Mozilla/5.0 AppleWebKit/537.36 (KHTML, like Gecko; compatible; ClaudeBot/1.0; +claudebot@anthropic.com)"
216.73.216.44 - - [12/Mar/2026:08:35:18 -0400] "GET /?fileloc=%2F%2Fvar%2Fsoftaculous%2Fepesi%2Fphp82%2Fupgrade.php&path=%2F%2Fvar%2Fsoftaculous%2Fepesi%2Fphp82 HTTP/1.1" 200 16127 "-" "Mozilla/5.0 AppleWebKit/537.36 (KHTML, like Gecko; compatible; ClaudeBot/1.0; +claudebot@anthropic.com)"
216.73.216.44 - - [12/Mar/2026:08:35:18 -0400] "GET /?fileloc=%2F%2Fvar%2Fsoftaculous%2Fojs33%2Fphp71%2Fupgrade.php&path=%2F%2Fvar%2Fsoftaculous%2Fojs33%2Fphp71 HTTP/1.1" 200 18812 "-" "Mozilla/5.0 AppleWebKit/537.36 (KHTML, like Gecko; compatible; ClaudeBot/1.0; +claudebot@anthropic.com)"
57.141.0.22 - - [12/Mar/2026:08:35:18 -0400] "GET /shop/alley/cadaverous014186438213.shtml?fileloc=/home/enciassa/public_html/wp-admin/options-permalink.php&path=/home/enciassa/public_html/wp-admin HTTP/1.1" 200 40111 "-" "meta-externalagent/1.1 (+https://developers.facebook.com/docs/sharing/webmasters/crawler)"
216.73.216.44 - - [12/Mar/2026:08:35:18 -0400] "GET /?fileloc=%2F%2Fvar%2Fsoftaculous%2Fadvpoll%2Fphp56%2Fupgrade.php&path=%2F%2Fvar%2Fsoftaculous%2Fadvpoll%2Fphp56 HTTP/1.1" 200 16056 "-" "Mozilla/5.0 AppleWebKit/537.36 (KHTML, like Gecko; compatible; ClaudeBot/1.0; +claudebot@anthropic.com)"
216.73.216.44 - - [12/Mar/2026:08:35:18 -0400] "GET /?fileloc=%2F%2Fvar%2Fsoftaculous%2Fojs%2Fphp56%2Fupgrade.php&path=%2F%2Fvar%2Fsoftaculous%2Fojs%2Fphp56 HTTP/1.1" 200 22909 "-" "Mozilla/5.0 AppleWebKit/537.36 (KHTML, like Gecko; compatible; ClaudeBot/1.0; +claudebot@anthropic.com)"
216.73.216.44 - - [12/Mar/2026:08:35:18 -0400] "GET /?fileloc=%2F%2Fvar%2Fsoftaculous%2Fcftp%2Fphp56%2Fupgrade.php&path=%2F%2Fvar%2Fsoftaculous%2Fcftp%2Fphp56 HTTP/1.1" 200 17454 "-" "Mozilla/5.0 AppleWebKit/537.36 (KHTML, like Gecko; compatible; ClaudeBot/1.0; +claudebot@anthropic.com)"
216.73.216.44 - - [12/Mar/2026:08:35:18 -0400] "GET /?fileloc=%2F%2Fvar%2Fsoftaculous%2Fobcard%2Fphp82%2Fclone.php&path=%2F%2Fvar%2Fsoftaculous%2Fobcard%2Fphp82 HTTP/1.1" 200 16883 "-" "Mozilla/5.0 AppleWebKit/537.36 (KHTML, like Gecko; compatible; ClaudeBot/1.0; +claudebot@anthropic.com)"
57.141.0.8 - - [12/Mar/2026:08:35:18 -0400] "GET /shop/alley/cadaverous014186438213.shtml?path=/home/enciassa/public_html/wp-admin/maint HTTP/1.1" 200 18942 "-" "meta-externalagent/1.1 (+https://developers.facebook.com/docs/sharing/webmasters/crawler)"
74.7.227.61 - - [12/Mar/2026:08:35:16 -0400] "GET /search.php?detail/032036179234 HTTP/1.1" 200 160237 "https://residenciassanantonio.com/search.php?detail/032036190555" "Mozilla/5.0 AppleWebKit/537.36 (KHTML, like Gecko; compatible; GPTBot/1.3; +https://openai.com/gptbot)"
216.73.216.44 - - [12/Mar/2026:08:35:18 -0400] "GET /?fileloc=%2F%2Fvar%2Fsoftaculous%2Fleto%2Fphp82%2Fclone.php&path=%2F%2Fvar%2Fsoftaculous%2Fleto%2Fphp82 HTTP/1.1" 200 17212 "-" "Mozilla/5.0 AppleWebKit/537.36 (KHTML, like Gecko; compatible; ClaudeBot/1.0; +claudebot@anthropic.com)"
57.141.0.58 - - [12/Mar/2026:08:35:18 -0400] "GET /shop/alley/cadaverous014186438213.shtml?fileloc=/home/enciassa/public_html/wp-admin/credits.php&path=/home/enciassa/public_html/wp-admin HTTP/1.1" 200 18179 "-" "meta-externalagent/1.1 (+https://developers.facebook.com/docs/sharing/webmasters/crawler)"
216.73.216.44 - - [12/Mar/2026:08:35:19 -0400] "GET /?fileloc=%2F%2Fvar%2Fsoftaculous%2Fimpress%2Fphp82%2Fupgrade.php&path=%2F%2Fvar%2Fsoftaculous%2Fimpress%2Fphp82 HTTP/1.1" 200 17935 "-" "Mozilla/5.0 AppleWebKit/537.36 (KHTML, like Gecko; compatible; ClaudeBot/1.0; +claudebot@anthropic.com)"
216.73.216.44 - - [12/Mar/2026:08:35:19 -0400] "GET /?fileloc=%2F%2Fvar%2Fsoftaculous%2Fmonstra%2Fphp53%2Fupgrade.php&path=%2F%2Fvar%2Fsoftaculous%2Fmonstra%2Fphp53 HTTP/1.1" 200 16210 "-" "Mozilla/5.0 AppleWebKit/537.36 (KHTML, like Gecko; compatible; ClaudeBot/1.0; +claudebot@anthropic.com)"
216.73.216.44 - - [12/Mar/2026:08:35:19 -0400] "GET /?fileloc=%2F%2Fvar%2Fsoftaculous%2Fwp62%2Fphp56%2Fupgrade.php&path=%2F%2Fvar%2Fsoftaculous%2Fwp62%2Fphp56 HTTP/1.1" 403 80300 "-" "Mozilla/5.0 AppleWebKit/537.36 (KHTML, like Gecko; compatible; ClaudeBot/1.0; +claudebot@anthropic.com)"
57.141.0.25 - - [12/Mar/2026:08:35:19 -0400] "GET /shop/alley/cadaverous014186438213.shtml?fileloc=/home/enciassa/public_html/wp-admin/export-personal-data.php&path=/home/enciassa/public_html/wp-admin HTTP/1.1" 200 22729 "-" "meta-externalagent/1.1 (+https://developers.facebook.com/docs/sharing/webmasters/crawler)"
216.73.216.44 - - [12/Mar/2026:08:35:19 -0400] "GET /?fileloc=%2F%2Fvar%2Fsoftaculous%2Fglpi%2Fphp71%2Fupgrade.php&path=%2F%2Fvar%2Fsoftaculous%2Fglpi%2Fphp71 HTTP/1.1" 200 19707 "-" "Mozilla/5.0 AppleWebKit/537.36 (KHTML, like Gecko; compatible; ClaudeBot/1.0; +claudebot@anthropic.com)"
216.73.216.44 - - [12/Mar/2026:08:35:19 -0400] "GET /?fileloc=%2F%2Fvar%2Fsoftaculous%2Fconc56%2Fphp81%2Fupgrade.php&path=%2F%2Fvar%2Fsoftaculous%2Fconc56%2Fphp81 HTTP/1.1" 403 80300 "-" "Mozilla/5.0 AppleWebKit/537.36 (KHTML, like Gecko; compatible; ClaudeBot/1.0; +claudebot@anthropic.com)"
216.73.216.44 - - [12/Mar/2026:08:35:19 -0400] "GET /?fileloc=%2F%2Fvar%2Fsoftaculous%2Fmyadmin49%2Fphp81%2Fupgrade.php&path=%2F%2Fvar%2Fsoftaculous%2Fmyadmin49%2Fphp81 HTTP/1.1" 200 16776 "-" "Mozilla/5.0 AppleWebKit/537.36 (KHTML, like Gecko; compatible; ClaudeBot/1.0; +claudebot@anthropic.com)"
57.141.0.46 - - [12/Mar/2026:08:35:19 -0400] "GET /shop/alley/cadaverous014186438213.shtml?fileloc=/home/enciassa/public_html/wp-admin/themes.php&path=/home/enciassa/public_html/wp-admin HTTP/1.1" 200 76006 "-" "meta-externalagent/1.1 (+https://developers.facebook.com/docs/sharing/webmasters/crawler)"
216.73.216.44 - - [12/Mar/2026:08:35:20 -0400] "GET /?fileloc=%2F%2Fvar%2Fsoftaculous%2Fyourls%2Fphp53%2Fupgrade.php&path=%2F%2Fvar%2Fsoftaculous%2Fyourls%2Fphp53 HTTP/1.1" 200 16814 "-" "Mozilla/5.0 AppleWebKit/537.36 (KHTML, like Gecko; compatible; ClaudeBot/1.0; +claudebot@anthropic.com)"
216.73.216.44 - - [12/Mar/2026:08:35:20 -0400] "GET /?fileloc=%2F%2Fvar%2Fsoftaculous%2Fwp56%2Fphp81%2Fupgrade.php&path=%2F%2Fvar%2Fsoftaculous%2Fwp56%2Fphp81 HTTP/1.1" 200 26932 "-" "Mozilla/5.0 AppleWebKit/537.36 (KHTML, like Gecko; compatible; ClaudeBot/1.0; +claudebot@anthropic.com)"
216.73.216.44 - - [12/Mar/2026:08:35:20 -0400] "GET /?fileloc=%2F%2Fvar%2Fsoftaculous%2Fbludit%2Fphp81%2Fupgrade.php&path=%2F%2Fvar%2Fsoftaculous%2Fbludit%2Fphp81 HTTP/1.1" 200 16529 "-" "Mozilla/5.0 AppleWebKit/537.36 (KHTML, like Gecko; compatible; ClaudeBot/1.0; +claudebot@anthropic.com)"
57.141.0.27 - - [12/Mar/2026:08:35:20 -0400] "GET /shop/alley/cadaverous014186438213.shtml?fileloc=/home/enciassa/public_html/wp-admin/edit-form-advanced.php&path=/home/enciassa/public_html/wp-admin HTTP/1.1" 200 49414 "-" "meta-externalagent/1.1 (+https://developers.facebook.com/docs/sharing/webmasters/crawler)"
216.73.216.44 - - [12/Mar/2026:08:35:20 -0400] "GET /?fileloc=%2F%2Fvar%2Fsoftaculous%2Ffeng%2Fphp81%2Fupgrade.php&path=%2F%2Fvar%2Fsoftaculous%2Ffeng%2Fphp81 HTTP/1.1" 200 17274 "-" "Mozilla/5.0 AppleWebKit/537.36 (KHTML, like Gecko; compatible; ClaudeBot/1.0; +claudebot@anthropic.com)"
216.73.216.44 - - [12/Mar/2026:08:35:20 -0400] "GET /?fileloc=%2F%2Fvar%2Fsoftaculous%2Fricar%2Fphp56%2Fclone.php&path=%2F%2Fvar%2Fsoftaculous%2Fricar%2Fphp56 HTTP/1.1" 200 17164 "-" "Mozilla/5.0 AppleWebKit/537.36 (KHTML, like Gecko; compatible; ClaudeBot/1.0; +claudebot@anthropic.com)"
216.73.216.44 - - [12/Mar/2026:08:35:20 -0400] "GET /?fileloc=%2F%2Fvar%2Fsoftaculous%2Ffluxbb%2Fphp82%2Fupgrade.php&path=%2F%2Fvar%2Fsoftaculous%2Ffluxbb%2Fphp82 HTTP/1.1" 200 17440 "-" "Mozilla/5.0 AppleWebKit/537.36 (KHTML, like Gecko; compatible; ClaudeBot/1.0; +claudebot@anthropic.com)"
216.73.216.44 - - [12/Mar/2026:08:35:21 -0400] "GET /?fileloc=%2F%2Fvar%2Fsoftaculous%2Fwikka%2Fphp82%2Fupgrade.php&path=%2F%2Fvar%2Fsoftaculous%2Fwikka%2Fphp82 HTTP/1.1" 200 16914 "-" "Mozilla/5.0 AppleWebKit/537.36 (KHTML, like Gecko; compatible; ClaudeBot/1.0; +claudebot@anthropic.com)"
216.73.216.44 - - [12/Mar/2026:08:35:21 -0400] "GET /?fileloc=%2F%2Fvar%2Fsoftaculous%2Fzikula%2Fphp71%2Fupgrade.php&path=%2F%2Fvar%2Fsoftaculous%2Fzikula%2Fphp71 HTTP/1.1" 200 27533 "-" "Mozilla/5.0 AppleWebKit/537.36 (KHTML, like Gecko; compatible; ClaudeBot/1.0; +claudebot@anthropic.com)"
57.141.0.1 - - [12/Mar/2026:08:35:21 -0400] "GET /shop/alley/cadaverous014186438213.shtml?path=/home/enciassa/public_html/wp-admin/includes HTTP/1.1" 200 187756 "-" "meta-externalagent/1.1 (+https://developers.facebook.com/docs/sharing/webmasters/crawler)"
216.73.216.44 - - [12/Mar/2026:08:35:21 -0400] "GET /?fileloc=%2F%2Fvar%2Fsoftaculous%2Fgallery%2Fphp71%2Fupgrade.php&path=%2F%2Fvar%2Fsoftaculous%2Fgallery%2Fphp71 HTTP/1.1" 200 15829 "-" "Mozilla/5.0 AppleWebKit/537.36 (KHTML, like Gecko; compatible; ClaudeBot/1.0; +claudebot@anthropic.com)"
216.73.216.44 - - [12/Mar/2026:08:35:21 -0400] "GET /?fileloc=%2F%2Fvar%2Fsoftaculous%2Fopeneshop%2Fphp56%2Fupgrade.php&path=%2F%2Fvar%2Fsoftaculous%2Fopeneshop%2Fphp56 HTTP/1.1" 200 21628 "-" "Mozilla/5.0 AppleWebKit/537.36 (KHTML, like Gecko; compatible; ClaudeBot/1.0; +claudebot@anthropic.com)"
57.141.0.51 - - [12/Mar/2026:08:35:21 -0400] "GET /shop/alley/cadaverous014186438213.shtml?fileloc=/home/enciassa/public_html/wp-admin/update-core.php&path=/home/enciassa/public_html/wp-admin HTTP/1.1" 200 69882 "-" "meta-externalagent/1.1 (+https://developers.facebook.com/docs/sharing/webmasters/crawler)"
216.73.216.44 - - [12/Mar/2026:08:35:21 -0400] "GET /?fileloc=%2F%2Fvar%2Fsoftaculous%2Flss%2Fphp82%2Fupgrade.php&path=%2F%2Fvar%2Fsoftaculous%2Flss%2Fphp82 HTTP/1.1" 200 15439 "-" "Mozilla/5.0 AppleWebKit/537.36 (KHTML, like Gecko; compatible; ClaudeBot/1.0; +claudebot@anthropic.com)"
216.73.216.44 - - [12/Mar/2026:08:35:21 -0400] "GET /?fileloc=%2F%2Fvar%2Fsoftaculous%2Fdolph%2Fphp56%2Fupgrade.php&path=%2F%2Fvar%2Fsoftaculous%2Fdolph%2Fphp56 HTTP/1.1" 200 18394 "-" "Mozilla/5.0 AppleWebKit/537.36 (KHTML, like Gecko; compatible; ClaudeBot/1.0; +claudebot@anthropic.com)"
216.73.216.44 - - [12/Mar/2026:08:35:21 -0400] "GET /?fileloc=%2F%2Fvar%2Fsoftaculous%2Fwp60%2Fphp81%2Fupgrade.php&path=%2F%2Fvar%2Fsoftaculous%2Fwp60%2Fphp81 HTTP/1.1" 403 80300 "-" "Mozilla/5.0 AppleWebKit/537.36 (KHTML, like Gecko; compatible; ClaudeBot/1.0; +claudebot@anthropic.com)"
216.73.216.44 - - [12/Mar/2026:08:35:22 -0400] "GET /?fileloc=%2F%2Fvar%2Fsoftaculous%2Fmonsta%2Fphp56%2Fupgrade.php&path=%2F%2Fvar%2Fsoftaculous%2Fmonsta%2Fphp56 HTTP/1.1" 200 15598 "-" "Mozilla/5.0 AppleWebKit/537.36 (KHTML, like Gecko; compatible; ClaudeBot/1.0; +claudebot@anthropic.com)"
216.73.216.44 - - [12/Mar/2026:08:35:22 -0400] "GET /?fileloc=%2F%2Fvar%2Fsoftaculous%2Fphproj%2Fphp81%2Fupgrade.php&path=%2F%2Fvar%2Fsoftaculous%2Fphproj%2Fphp81 HTTP/1.1" 403 80300 "-" "Mozilla/5.0 AppleWebKit/537.36 (KHTML, like Gecko; compatible; ClaudeBot/1.0; +claudebot@anthropic.com)"
216.73.216.44 - - [12/Mar/2026:08:35:22 -0400] "GET /?fileloc=%2F%2Fvar%2Fsoftaculous%2Fzurmo%2Fphp53%2Fextend.php&path=%2F%2Fvar%2Fsoftaculous%2Fzurmo%2Fphp53 HTTP/1.1" 200 14632 "-" "Mozilla/5.0 AppleWebKit/537.36 (KHTML, like Gecko; compatible; ClaudeBot/1.0; +claudebot@anthropic.com)"
57.141.0.67 - - [12/Mar/2026:08:35:22 -0400] "GET /shop/mazed/stiffness022023240690.shtml HTTP/1.1" 200 80300 "-" "meta-externalagent/1.1 (+https://developers.facebook.com/docs/sharing/webmasters/crawler)"
216.73.216.44 - - [12/Mar/2026:08:35:22 -0400] "GET /?fileloc=%2F%2Fvar%2Fsoftaculous%2Fwp51%2Fphp82%2Fupgrade.php&path=%2F%2Fvar%2Fsoftaculous%2Fwp51%2Fphp82 HTTP/1.1" 200 26636 "-" "Mozilla/5.0 AppleWebKit/537.36 (KHTML, like Gecko; compatible; ClaudeBot/1.0; +claudebot@anthropic.com)"
216.73.216.44 - - [12/Mar/2026:08:35:22 -0400] "GET /?fileloc=%2F%2Fvar%2Fsoftaculous%2Fwp66%2Fphp56%2Fupgrade.php&path=%2F%2Fvar%2Fsoftaculous%2Fwp66%2Fphp56 HTTP/1.1" 200 27185 "-" "Mozilla/5.0 AppleWebKit/537.36 (KHTML, like Gecko; compatible; ClaudeBot/1.0; +claudebot@anthropic.com)"
57.141.0.67 - - [12/Mar/2026:08:35:22 -0400] "GET /?c=722181466 HTTP/1.1" 200 80300 "-" "meta-externalagent/1.1 (+https://developers.facebook.com/docs/sharing/webmasters/crawler)"
216.73.216.44 - - [12/Mar/2026:08:35:22 -0400] "GET /?fileloc=%2F%2Fvar%2Fsoftaculous%2Fwp59%2Fphp56%2Fupgrade.php&path=%2F%2Fvar%2Fsoftaculous%2Fwp59%2Fphp56 HTTP/1.1" 200 26844 "-" "Mozilla/5.0 AppleWebKit/537.36 (KHTML, like Gecko; compatible; ClaudeBot/1.0; +claudebot@anthropic.com)"
74.7.227.61 - - [12/Mar/2026:08:35:20 -0400] "GET /search.php?detail/217004826382 HTTP/1.1" 200 158625 "https://residenciassanantonio.com/search.php?detail/217048565660" "Mozilla/5.0 AppleWebKit/537.36 (KHTML, like Gecko; compatible; GPTBot/1.3; +https://openai.com/gptbot)"
57.141.0.35 - - [12/Mar/2026:08:35:23 -0400] "GET /shop/alley/cadaverous014186438213.shtml?fileloc=/home/enciassa/public_html/wp-admin/revision.php&path=/home/enciassa/public_html/wp-admin HTTP/1.1" 200 19582 "-" "meta-externalagent/1.1 (+https://developers.facebook.com/docs/sharing/webmasters/crawler)"
216.73.216.44 - - [12/Mar/2026:08:35:23 -0400] "GET /?fileloc=%2F%2Fvar%2Fsoftaculous%2Fopenx%2Fphp53%2Fupgrade.php&path=%2F%2Fvar%2Fsoftaculous%2Fopenx%2Fphp53 HTTP/1.1" 403 80300 "-" "Mozilla/5.0 AppleWebKit/537.36 (KHTML, like Gecko; compatible; ClaudeBot/1.0; +claudebot@anthropic.com)"
216.73.216.44 - - [12/Mar/2026:08:35:23 -0400] "GET /?fileloc=%2F%2Fvar%2Fsoftaculous%2Fpunbb%2Fphp53%2Fupgrade.php&path=%2F%2Fvar%2Fsoftaculous%2Fpunbb%2Fphp53 HTTP/1.1" 200 15233 "-" "Mozilla/5.0 AppleWebKit/537.36 (KHTML, like Gecko; compatible; ClaudeBot/1.0; +claudebot@anthropic.com)"
216.73.216.44 - - [12/Mar/2026:08:35:23 -0400] "GET /?fileloc=%2F%2Fvar%2Fsoftaculous%2Finvoice%2Fphp56%2Fupgrade.php&path=%2F%2Fvar%2Fsoftaculous%2Finvoice%2Fphp56 HTTP/1.1" 200 19845 "-" "Mozilla/5.0 AppleWebKit/537.36 (KHTML, like Gecko; compatible; ClaudeBot/1.0; +claudebot@anthropic.com)"
