216.73.216.44 - - [12/Mar/2026:08:34:42 -0400] "GET /?fileloc=%2F%2Fvar%2Fsoftaculous%2Fwp66%2Fphp81%2Fimport.php&path=%2F%2Fvar%2Fsoftaculous%2Fwp66%2Fphp81 HTTP/1.1" 200 20892 "-" "Mozilla/5.0 AppleWebKit/537.36 (KHTML, like Gecko; compatible; ClaudeBot/1.0; +claudebot@anthropic.com)"
57.141.0.62 - - [12/Mar/2026:08:34:42 -0400] "GET /shop/alley/cadaverous014186438213.shtml?fileloc=/home/enciassa/public_html/wp-admin/ms-admin.php&path=/home/enciassa/public_html/wp-admin HTTP/1.1" 200 12660 "-" "meta-externalagent/1.1 (+https://developers.facebook.com/docs/sharing/webmasters/crawler)"
57.141.0.25 - - [12/Mar/2026:08:34:42 -0400] "GET /shop/alley/cadaverous014186438213.shtml?fileloc=/home/enciassa/public_html/wp-admin/install.php&path=/home/enciassa/public_html/wp-admin HTTP/1.1" 200 35857 "-" "meta-externalagent/1.1 (+https://developers.facebook.com/docs/sharing/webmasters/crawler)"
216.73.216.44 - - [12/Mar/2026:08:34:42 -0400] "GET /?fileloc=%2F%2Fvar%2Fsoftaculous%2Feventum%2Fphp71%2Fextend.php&path=%2F%2Fvar%2Fsoftaculous%2Feventum%2Fphp71 HTTP/1.1" 200 15459 "-" "Mozilla/5.0 AppleWebKit/537.36 (KHTML, like Gecko; compatible; ClaudeBot/1.0; +claudebot@anthropic.com)"
216.73.216.44 - - [12/Mar/2026:08:34:43 -0400] "GET /?fileloc=%2F%2Fvar%2Fsoftaculous%2Fagora%2Fphp71%2Fextend.php&path=%2F%2Fvar%2Fsoftaculous%2Fagora%2Fphp71 HTTP/1.1" 200 24671 "-" "Mozilla/5.0 AppleWebKit/537.36 (KHTML, like Gecko; compatible; ClaudeBot/1.0; +claudebot@anthropic.com)"
216.73.216.44 - - [12/Mar/2026:08:34:43 -0400] "GET /?fileloc=%2F%2Fvar%2Fsoftaculous%2Fimpleo%2Fphp71%2Fimport.php&path=%2F%2Fvar%2Fsoftaculous%2Fimpleo%2Fphp71 HTTP/1.1" 403 80301 "-" "Mozilla/5.0 AppleWebKit/537.36 (KHTML, like Gecko; compatible; ClaudeBot/1.0; +claudebot@anthropic.com)"
216.73.216.44 - - [12/Mar/2026:08:34:43 -0400] "GET /?fileloc=%2F%2Fvar%2Fsoftaculous%2Fdolph%2Fphp81%2Fimport.php&path=%2F%2Fvar%2Fsoftaculous%2Fdolph%2Fphp81 HTTP/1.1" 200 16151 "-" "Mozilla/5.0 AppleWebKit/537.36 (KHTML, like Gecko; compatible; ClaudeBot/1.0; +claudebot@anthropic.com)"
57.141.0.64 - - [12/Mar/2026:08:34:43 -0400] "GET /shop/alley/cadaverous014186438213.shtml?fileloc=/home/enciassa/public_html/wp-admin/upgrade-functions.php&path=/home/enciassa/public_html/wp-admin HTTP/1.1" 200 12834 "-" "meta-externalagent/1.1 (+https://developers.facebook.com/docs/sharing/webmasters/crawler)"
216.73.216.44 - - [12/Mar/2026:08:34:43 -0400] "GET /?fileloc=%2F%2Fvar%2Fsoftaculous%2Fvty%2Fphp56%2Finstall.php&path=%2F%2Fvar%2Fsoftaculous%2Fvty%2Fphp56 HTTP/1.1" 200 17013 "-" "Mozilla/5.0 AppleWebKit/537.36 (KHTML, like Gecko; compatible; ClaudeBot/1.0; +claudebot@anthropic.com)"
74.7.227.61 - - [12/Mar/2026:08:34:40 -0400] "GET /search.php?detail/2780014215598 HTTP/1.1" 200 157965 "https://residenciassanantonio.com/search.php?detail/278001408882" "Mozilla/5.0 AppleWebKit/537.36 (KHTML, like Gecko; compatible; GPTBot/1.3; +https://openai.com/gptbot)"
216.73.216.44 - - [12/Mar/2026:08:34:43 -0400] "GET /?fileloc=%2F%2Fvar%2Fsoftaculous%2Fwp59%2Fphp81%2Fimport.php&path=%2F%2Fvar%2Fsoftaculous%2Fwp59%2Fphp81 HTTP/1.1" 200 20892 "-" "Mozilla/5.0 AppleWebKit/537.36 (KHTML, like Gecko; compatible; ClaudeBot/1.0; +claudebot@anthropic.com)"
216.73.216.44 - - [12/Mar/2026:08:34:43 -0400] "GET /?fileloc=%2F%2Fvar%2Fsoftaculous%2Fyui%2Fphp56%2Finstall.php&path=%2F%2Fvar%2Fsoftaculous%2Fyui%2Fphp56 HTTP/1.1" 200 16307 "-" "Mozilla/5.0 AppleWebKit/537.36 (KHTML, like Gecko; compatible; ClaudeBot/1.0; +claudebot@anthropic.com)"
216.73.216.44 - - [12/Mar/2026:08:34:44 -0400] "GET /?fileloc=%2F%2Fvar%2Fsoftaculous%2Fmyweb%2Fphp56%2Finstall.php&path=%2F%2Fvar%2Fsoftaculous%2Fmyweb%2Fphp56 HTTP/1.1" 200 16952 "-" "Mozilla/5.0 AppleWebKit/537.36 (KHTML, like Gecko; compatible; ClaudeBot/1.0; +claudebot@anthropic.com)"
57.141.0.43 - - [12/Mar/2026:08:34:44 -0400] "GET /shop/alley/cadaverous014186438213.shtml?fileloc=/home/enciassa/public_html/wp-admin/privacy.php&path=/home/enciassa/public_html/wp-admin HTTP/1.1" 200 15813 "-" "meta-externalagent/1.1 (+https://developers.facebook.com/docs/sharing/webmasters/crawler)"
216.73.216.44 - - [12/Mar/2026:08:34:44 -0400] "GET /?fileloc=%2F%2Fvar%2Fsoftaculous%2Fvanilla%2Fphp56%2Finstall.php&path=%2F%2Fvar%2Fsoftaculous%2Fvanilla%2Fphp56 HTTP/1.1" 200 21215 "-" "Mozilla/5.0 AppleWebKit/537.36 (KHTML, like Gecko; compatible; ClaudeBot/1.0; +claudebot@anthropic.com)"
216.73.216.44 - - [12/Mar/2026:08:34:44 -0400] "GET /?fileloc=%2F%2Fvar%2Fsoftaculous%2Fwp55%2Fphp82%2Fupgrade.php&path=%2F%2Fvar%2Fsoftaculous%2Fwp55%2Fphp82 HTTP/1.1" 200 26778 "-" "Mozilla/5.0 AppleWebKit/537.36 (KHTML, like Gecko; compatible; ClaudeBot/1.0; +claudebot@anthropic.com)"
216.73.216.44 - - [12/Mar/2026:08:34:44 -0400] "GET /?fileloc=%2F%2Fvar%2Fsoftaculous%2Fseo%2Fphp53%2Fimport.php&path=%2F%2Fvar%2Fsoftaculous%2Fseo%2Fphp53 HTTP/1.1" 200 16172 "-" "Mozilla/5.0 AppleWebKit/537.36 (KHTML, like Gecko; compatible; ClaudeBot/1.0; +claudebot@anthropic.com)"
57.141.0.17 - - [12/Mar/2026:08:34:44 -0400] "GET /shop/alley/cadaverous014186438213.shtml?path=/home/enciassa/public_html/wp-admin/css HTTP/1.1" 200 172063 "-" "meta-externalagent/1.1 (+https://developers.facebook.com/docs/sharing/webmasters/crawler)"
216.73.216.44 - - [12/Mar/2026:08:34:44 -0400] "GET /?fileloc=%2F%2Fvar%2Fsoftaculous%2Fyourls%2Fphp56%2Fimport.php&path=%2F%2Fvar%2Fsoftaculous%2Fyourls%2Fphp56 HTTP/1.1" 403 80300 "-" "Mozilla/5.0 AppleWebKit/537.36 (KHTML, like Gecko; compatible; ClaudeBot/1.0; +claudebot@anthropic.com)"
216.73.216.44 - - [12/Mar/2026:08:34:44 -0400] "GET /?fileloc=%2F%2Fvar%2Fsoftaculous%2Fwp57%2Fphp71%2Fupgrade.php&path=%2F%2Fvar%2Fsoftaculous%2Fwp57%2Fphp71 HTTP/1.1" 200 29085 "-" "Mozilla/5.0 AppleWebKit/537.36 (KHTML, like Gecko; compatible; ClaudeBot/1.0; +claudebot@anthropic.com)"
57.141.0.1 - - [12/Mar/2026:08:34:45 -0400] "GET /shop/alley/cadaverous014186438213.shtml?fileloc=/home/enciassa/public_html/wp-admin/options-head.php&path=/home/enciassa/public_html/wp-admin HTTP/1.1" 200 13207 "-" "meta-externalagent/1.1 (+https://developers.facebook.com/docs/sharing/webmasters/crawler)"
216.73.216.44 - - [12/Mar/2026:08:34:45 -0400] "GET /?fileloc=%2F%2Fvar%2Fsoftaculous%2Ffusio%2Fphp56%2Fimport.php&path=%2F%2Fvar%2Fsoftaculous%2Ffusio%2Fphp56 HTTP/1.1" 200 17603 "-" "Mozilla/5.0 AppleWebKit/537.36 (KHTML, like Gecko; compatible; ClaudeBot/1.0; +claudebot@anthropic.com)"
216.73.216.44 - - [12/Mar/2026:08:34:45 -0400] "GET /?fileloc=%2F%2Fvar%2Fsoftaculous%2Fwp64%2Fphp53%2Fupgrade.php&path=%2F%2Fvar%2Fsoftaculous%2Fwp64%2Fphp53 HTTP/1.1" 200 27172 "-" "Mozilla/5.0 AppleWebKit/537.36 (KHTML, like Gecko; compatible; ClaudeBot/1.0; +claudebot@anthropic.com)"
57.141.0.2 - - [12/Mar/2026:08:34:45 -0400] "GET /shop/alley/cadaverous014186438213.shtml?fileloc=/home/enciassa/public_html/wp-admin/freedoms.php&path=/home/enciassa/public_html/wp-admin HTTP/1.1" 200 18572 "-" "meta-externalagent/1.1 (+https://developers.facebook.com/docs/sharing/webmasters/crawler)"
216.73.216.44 - - [12/Mar/2026:08:34:45 -0400] "GET /?fileloc=%2F%2Fvar%2Fsoftaculous%2Fphoenix%2Fphp81%2Fimport.php&path=%2F%2Fvar%2Fsoftaculous%2Fphoenix%2Fphp81 HTTP/1.1" 200 17249 "-" "Mozilla/5.0 AppleWebKit/537.36 (KHTML, like Gecko; compatible; ClaudeBot/1.0; +claudebot@anthropic.com)"
216.73.216.44 - - [12/Mar/2026:08:34:45 -0400] "GET /?fileloc=%2F%2Fvar%2Fsoftaculous%2Fpivotx%2Fphp56%2Finstall.php&path=%2F%2Fvar%2Fsoftaculous%2Fpivotx%2Fphp56 HTTP/1.1" 200 21130 "-" "Mozilla/5.0 AppleWebKit/537.36 (KHTML, like Gecko; compatible; ClaudeBot/1.0; +claudebot@anthropic.com)"
216.73.216.44 - - [12/Mar/2026:08:34:45 -0400] "GET /?fileloc=%2F%2Fvar%2Fsoftaculous%2Fmw35%2Fphp53%2Fedit.php&path=%2F%2Fvar%2Fsoftaculous%2Fmw35%2Fphp53 HTTP/1.1" 403 80300 "-" "Mozilla/5.0 AppleWebKit/537.36 (KHTML, like Gecko; compatible; ClaudeBot/1.0; +claudebot@anthropic.com)"
57.141.0.61 - - [12/Mar/2026:08:34:45 -0400] "GET /shop/alley/cadaverous014186438213.shtml?fileloc=/home/enciassa/public_html/wp-admin/index.php&path=/home/enciassa/public_html/wp-admin HTTP/1.1" 200 22329 "-" "meta-externalagent/1.1 (+https://developers.facebook.com/docs/sharing/webmasters/crawler)"
216.73.216.44 - - [12/Mar/2026:08:34:45 -0400] "GET /?fileloc=%2F%2Fvar%2Fsoftaculous%2Fwp66%2Fphp81%2Fbackup.php&path=%2F%2Fvar%2Fsoftaculous%2Fwp66%2Fphp81 HTTP/1.1" 200 15782 "-" "Mozilla/5.0 AppleWebKit/537.36 (KHTML, like Gecko; compatible; ClaudeBot/1.0; +claudebot@anthropic.com)"
216.73.216.44 - - [12/Mar/2026:08:34:45 -0400] "GET /?fileloc=%2F%2Fvar%2Fsoftaculous%2Fsidu%2Fphp56%2Finstall.php&path=%2F%2Fvar%2Fsoftaculous%2Fsidu%2Fphp56 HTTP/1.1" 200 16583 "-" "Mozilla/5.0 AppleWebKit/537.36 (KHTML, like Gecko; compatible; ClaudeBot/1.0; +claudebot@anthropic.com)"
216.73.216.44 - - [12/Mar/2026:08:34:46 -0400] "GET /?fileloc=%2F%2Fvar%2Fsoftaculous%2Fwp49%2Fphp82%2Fupgrade.php&path=%2F%2Fvar%2Fsoftaculous%2Fwp49%2Fphp82 HTTP/1.1" 200 26227 "-" "Mozilla/5.0 AppleWebKit/537.36 (KHTML, like Gecko; compatible; ClaudeBot/1.0; +claudebot@anthropic.com)"
216.73.216.44 - - [12/Mar/2026:08:34:46 -0400] "GET /?fileloc=%2F%2Fvar%2Fsoftaculous%2Ffusio%2Fphp81%2Finstall.php&path=%2F%2Fvar%2Fsoftaculous%2Ffusio%2Fphp81 HTTP/1.1" 403 80300 "-" "Mozilla/5.0 AppleWebKit/537.36 (KHTML, like Gecko; compatible; ClaudeBot/1.0; +claudebot@anthropic.com)"
57.141.0.49 - - [12/Mar/2026:08:34:46 -0400] "GET /shop/alley/cadaverous014186438213.shtml?fileloc=/home/enciassa/public_html/wp-admin/edit-link-form.php&path=/home/enciassa/public_html/wp-admin HTTP/1.1" 200 21243 "-" "meta-externalagent/1.1 (+https://developers.facebook.com/docs/sharing/webmasters/crawler)"
216.73.216.44 - - [12/Mar/2026:08:34:46 -0400] "GET /?fileloc=%2F%2Fvar%2Fsoftaculous%2Fwp65%2Fphp71%2Fupgrade.php&path=%2F%2Fvar%2Fsoftaculous%2Fwp65%2Fphp71 HTTP/1.1" 200 29312 "-" "Mozilla/5.0 AppleWebKit/537.36 (KHTML, like Gecko; compatible; ClaudeBot/1.0; +claudebot@anthropic.com)"
216.73.216.44 - - [12/Mar/2026:08:34:46 -0400] "GET /?fileloc=%2F%2Fvar%2Fsoftaculous%2Fmantis%2Fphp81%2Fupgrade.php&path=%2F%2Fvar%2Fsoftaculous%2Fmantis%2Fphp81 HTTP/1.1" 200 17461 "-" "Mozilla/5.0 AppleWebKit/537.36 (KHTML, like Gecko; compatible; ClaudeBot/1.0; +claudebot@anthropic.com)"
216.73.216.44 - - [12/Mar/2026:08:34:46 -0400] "GET /?fileloc=%2F%2Fvar%2Fsoftaculous%2Fimpleo%2Fphp82%2Finstall.php&path=%2F%2Fvar%2Fsoftaculous%2Fimpleo%2Fphp82 HTTP/1.1" 200 16245 "-" "Mozilla/5.0 AppleWebKit/537.36 (KHTML, like Gecko; compatible; ClaudeBot/1.0; +claudebot@anthropic.com)"
216.73.216.44 - - [12/Mar/2026:08:34:46 -0400] "GET /?fileloc=%2F%2Fvar%2Fsoftaculous%2Fwp50%2Fphp53%2Fupgrade.php&path=%2F%2Fvar%2Fsoftaculous%2Fwp50%2Fphp53 HTTP/1.1" 200 26394 "-" "Mozilla/5.0 AppleWebKit/537.36 (KHTML, like Gecko; compatible; ClaudeBot/1.0; +claudebot@anthropic.com)"
57.141.0.26 - - [12/Mar/2026:08:34:46 -0400] "GET /shop/odontoplast/unhele021404791116.shtml HTTP/1.1" 200 80300 "-" "meta-externalagent/1.1 (+https://developers.facebook.com/docs/sharing/webmasters/crawler)"
216.73.216.44 - - [12/Mar/2026:08:34:47 -0400] "GET /?fileloc=%2F%2Fvar%2Fsoftaculous%2Ffreshrss%2Fphp82%2Fupgrade.php&path=%2F%2Fvar%2Fsoftaculous%2Ffreshrss%2Fphp82 HTTP/1.1" 200 16638 "-" "Mozilla/5.0 AppleWebKit/537.36 (KHTML, like Gecko; compatible; ClaudeBot/1.0; +claudebot@anthropic.com)"
216.73.216.44 - - [12/Mar/2026:08:34:47 -0400] "GET /?fileloc=%2F%2Fvar%2Fsoftaculous%2Fwp59%2Fphp81%2Fbackup.php&path=%2F%2Fvar%2Fsoftaculous%2Fwp59%2Fphp81 HTTP/1.1" 200 15802 "-" "Mozilla/5.0 AppleWebKit/537.36 (KHTML, like Gecko; compatible; ClaudeBot/1.0; +claudebot@anthropic.com)"
216.73.216.44 - - [12/Mar/2026:08:34:47 -0400] "GET /?fileloc=%2F%2Fvar%2Fsoftaculous%2Fseo%2Fphp56%2Finstall.php&path=%2F%2Fvar%2Fsoftaculous%2Fseo%2Fphp56 HTTP/1.1" 200 17438 "-" "Mozilla/5.0 AppleWebKit/537.36 (KHTML, like Gecko; compatible; ClaudeBot/1.0; +claudebot@anthropic.com)"
114.119.140.85 - - [12/Mar/2026:08:34:47 -0400] "GET /shop/portrait/gaydiang033133994432.shtml HTTP/1.1" 200 80300 "https://residenciassanantonio.com/sitemap195.xml" "Mozilla/5.0 (Linux; Android 7.0;) AppleWebKit/537.36 (KHTML, like Gecko) Mobile Safari/537.36 (compatible; PetalBot;+https://webmaster.petalsearch.com/site/petalbot)"
216.73.216.44 - - [12/Mar/2026:08:34:47 -0400] "GET /?fileloc=%2F%2Fvar%2Fsoftaculous%2Fgallery%2Fphp82%2Fimport.php&path=%2F%2Fvar%2Fsoftaculous%2Fgallery%2Fphp82 HTTP/1.1" 200 17346 "-" "Mozilla/5.0 AppleWebKit/537.36 (KHTML, like Gecko; compatible; ClaudeBot/1.0; +claudebot@anthropic.com)"
57.141.0.39 - - [12/Mar/2026:08:34:47 -0400] "GET /shop/alley/cadaverous014186438213.shtml?fileloc=/home/enciassa/public_html/wp-admin/options-reading.php&path=/home/enciassa/public_html/wp-admin HTTP/1.1" 200 26404 "-" "meta-externalagent/1.1 (+https://developers.facebook.com/docs/sharing/webmasters/crawler)"
216.73.216.44 - - [12/Mar/2026:08:34:47 -0400] "GET /?fileloc=%2F%2Fvar%2Fsoftaculous%2Fwp52%2Fphp53%2Fupgrade.php&path=%2F%2Fvar%2Fsoftaculous%2Fwp52%2Fphp53 HTTP/1.1" 200 26354 "-" "Mozilla/5.0 AppleWebKit/537.36 (KHTML, like Gecko; compatible; ClaudeBot/1.0; +claudebot@anthropic.com)"
74.7.227.61 - - [12/Mar/2026:08:34:44 -0400] "GET /search.php?detail/226047224454 HTTP/1.1" 200 169215 "https://residenciassanantonio.com/search.php?detail/2260472253197" "Mozilla/5.0 AppleWebKit/537.36 (KHTML, like Gecko; compatible; GPTBot/1.3; +https://openai.com/gptbot)"
216.73.216.44 - - [12/Mar/2026:08:34:47 -0400] "GET /?fileloc=%2F%2Fvar%2Fsoftaculous%2Fmonsta%2Fphp81%2Fimport.php&path=%2F%2Fvar%2Fsoftaculous%2Fmonsta%2Fphp81 HTTP/1.1" 200 15575 "-" "Mozilla/5.0 AppleWebKit/537.36 (KHTML, like Gecko; compatible; ClaudeBot/1.0; +claudebot@anthropic.com)"
216.73.216.44 - - [12/Mar/2026:08:34:47 -0400] "GET /?fileloc=%2F%2Fvar%2Fsoftaculous%2Fwp54%2Fphp81%2Fimport.php&path=%2F%2Fvar%2Fsoftaculous%2Fwp54%2Fphp81 HTTP/1.1" 200 20892 "-" "Mozilla/5.0 AppleWebKit/537.36 (KHTML, like Gecko; compatible; ClaudeBot/1.0; +claudebot@anthropic.com)"
57.141.0.13 - - [12/Mar/2026:08:34:47 -0400] "GET /shop/alley/cadaverous014186438213.shtml?fileloc=/home/enciassa/public_html/wp-admin/edit-form-comment.php&path=/home/enciassa/public_html/wp-admin HTTP/1.1" 200 24321 "-" "meta-externalagent/1.1 (+https://developers.facebook.com/docs/sharing/webmasters/crawler)"
216.73.216.44 - - [12/Mar/2026:08:34:48 -0400] "GET /?fileloc=%2F%2Fvar%2Fsoftaculous%2Fwebcal%2Fphp56%2Fupgrade.php&path=%2F%2Fvar%2Fsoftaculous%2Fwebcal%2Fphp56 HTTP/1.1" 200 19197 "-" "Mozilla/5.0 AppleWebKit/537.36 (KHTML, like Gecko; compatible; ClaudeBot/1.0; +claudebot@anthropic.com)"
216.73.216.44 - - [12/Mar/2026:08:34:48 -0400] "GET /?fileloc=%2F%2Fvar%2Fsoftaculous%2Fzikula%2Fphp82%2Fimport.php&path=%2F%2Fvar%2Fsoftaculous%2Fzikula%2Fphp82 HTTP/1.1" 403 80300 "-" "Mozilla/5.0 AppleWebKit/537.36 (KHTML, like Gecko; compatible; ClaudeBot/1.0; +claudebot@anthropic.com)"
57.141.0.41 - - [12/Mar/2026:08:34:48 -0400] "GET /shop/alley/cadaverous014186438213.shtml?fileloc=/home/enciassa/public_html/wp-admin/plugin-editor.php&path=/home/enciassa/public_html/wp-admin HTTP/1.1" 200 30311 "-" "meta-externalagent/1.1 (+https://developers.facebook.com/docs/sharing/webmasters/crawler)"
216.73.216.44 - - [12/Mar/2026:08:34:48 -0400] "GET /?fileloc=%2F%2Fvar%2Fsoftaculous%2Finvoice%2Fphp81%2Fimport.php&path=%2F%2Fvar%2Fsoftaculous%2Finvoice%2Fphp81 HTTP/1.1" 403 80300 "-" "Mozilla/5.0 AppleWebKit/537.36 (KHTML, like Gecko; compatible; ClaudeBot/1.0; +claudebot@anthropic.com)"
216.73.216.44 - - [12/Mar/2026:08:34:48 -0400] "GET /?fileloc=%2F%2Fvar%2Fsoftaculous%2Fprado%2Fphp56%2Finstall.php&path=%2F%2Fvar%2Fsoftaculous%2Fprado%2Fphp56 HTTP/1.1" 200 16283 "-" "Mozilla/5.0 AppleWebKit/537.36 (KHTML, like Gecko; compatible; ClaudeBot/1.0; +claudebot@anthropic.com)"
216.73.216.44 - - [12/Mar/2026:08:34:48 -0400] "GET /?fileloc=%2F%2Fvar%2Fsoftaculous%2Fpunbb%2Fphp56%2Fimport.php&path=%2F%2Fvar%2Fsoftaculous%2Fpunbb%2Fphp56 HTTP/1.1" 200 17790 "-" "Mozilla/5.0 AppleWebKit/537.36 (KHTML, like Gecko; compatible; ClaudeBot/1.0; +claudebot@anthropic.com)"
216.73.216.44 - - [12/Mar/2026:08:34:48 -0400] "GET /?fileloc=%2F%2Fvar%2Fsoftaculous%2Fsmf%2Fphp53%2Finstall.php&path=%2F%2Fvar%2Fsoftaculous%2Fsmf%2Fphp53 HTTP/1.1" 200 20652 "-" "Mozilla/5.0 AppleWebKit/537.36 (KHTML, like Gecko; compatible; ClaudeBot/1.0; +claudebot@anthropic.com)"
57.141.0.24 - - [12/Mar/2026:08:34:48 -0400] "GET /shop/alley/cadaverous014186438213.shtml?fileloc=/home/enciassa/public_html/wp-admin/nav-menus.php&path=/home/enciassa/public_html/wp-admin HTTP/1.1" 200 72570 "-" "meta-externalagent/1.1 (+https://developers.facebook.com/docs/sharing/webmasters/crawler)"
216.73.216.44 - - [12/Mar/2026:08:34:48 -0400] "GET /?fileloc=%2F%2Fvar%2Fsoftaculous%2Fospos%2Fphp71%2Fextend.php&path=%2F%2Fvar%2Fsoftaculous%2Fospos%2Fphp71 HTTP/1.1" 403 80300 "-" "Mozilla/5.0 AppleWebKit/537.36 (KHTML, like Gecko; compatible; ClaudeBot/1.0; +claudebot@anthropic.com)"
216.73.216.44 - - [12/Mar/2026:08:34:49 -0400] "GET /?fileloc=%2F%2Fvar%2Fsoftaculous%2Fplikli%2Fphp81%2Fextend.php&path=%2F%2Fvar%2Fsoftaculous%2Fplikli%2Fphp81 HTTP/1.1" 200 22671 "-" "Mozilla/5.0 AppleWebKit/537.36 (KHTML, like Gecko; compatible; ClaudeBot/1.0; +claudebot@anthropic.com)"
216.73.216.44 - - [12/Mar/2026:08:34:49 -0400] "GET /?fileloc=%2F%2Fvar%2Fsoftaculous%2Fopenx%2Fphp56%2Fimport.php&path=%2F%2Fvar%2Fsoftaculous%2Fopenx%2Fphp56 HTTP/1.1" 200 18247 "-" "Mozilla/5.0 AppleWebKit/537.36 (KHTML, like Gecko; compatible; ClaudeBot/1.0; +claudebot@anthropic.com)"
216.73.216.44 - - [12/Mar/2026:08:34:49 -0400] "GET /?fileloc=%2F%2Fvar%2Fsoftaculous%2Fmyweb%2Fphp82%2Fimport.php&path=%2F%2Fvar%2Fsoftaculous%2Fmyweb%2Fphp82 HTTP/1.1" 200 14951 "-" "Mozilla/5.0 AppleWebKit/537.36 (KHTML, like Gecko; compatible; ClaudeBot/1.0; +claudebot@anthropic.com)"
57.141.0.55 - - [12/Mar/2026:08:34:49 -0400] "GET /shop/alley/cadaverous014186438213.shtml?fileloc=/home/enciassa/public_html/wp-admin/ms-sites.php&path=/home/enciassa/public_html/wp-admin HTTP/1.1" 200 12689 "-" "meta-externalagent/1.1 (+https://developers.facebook.com/docs/sharing/webmasters/crawler)"
216.73.216.44 - - [12/Mar/2026:08:34:49 -0400] "GET /?fileloc=%2F%2Fvar%2Fsoftaculous%2Fepesi%2Fphp53%2Fimport.php&path=%2F%2Fvar%2Fsoftaculous%2Fepesi%2Fphp53 HTTP/1.1" 200 16172 "-" "Mozilla/5.0 AppleWebKit/537.36 (KHTML, like Gecko; compatible; ClaudeBot/1.0; +claudebot@anthropic.com)"
216.73.216.44 - - [12/Mar/2026:08:34:49 -0400] "GET /?fileloc=%2F%2Fvar%2Fsoftaculous%2Fpagekit%2Fphp71%2Fimport.php&path=%2F%2Fvar%2Fsoftaculous%2Fpagekit%2Fphp71 HTTP/1.1" 200 17040 "-" "Mozilla/5.0 AppleWebKit/537.36 (KHTML, like Gecko; compatible; ClaudeBot/1.0; +claudebot@anthropic.com)"
216.73.216.44 - - [12/Mar/2026:08:34:49 -0400] "GET /?fileloc=%2F%2Fvar%2Fsoftaculous%2Fpunbb%2Fphp81%2Finstall.php&path=%2F%2Fvar%2Fsoftaculous%2Fpunbb%2Fphp81 HTTP/1.1" 200 17947 "-" "Mozilla/5.0 AppleWebKit/537.36 (KHTML, like Gecko; compatible; ClaudeBot/1.0; +claudebot@anthropic.com)"
57.141.0.28 - - [12/Mar/2026:08:34:50 -0400] "GET /shop/alley/cadaverous014186438213.shtml?fileloc=/home/enciassa/public_html/wp-admin/plugin-install.php&path=/home/enciassa/public_html/wp-admin HTTP/1.1" 200 20993 "-" "meta-externalagent/1.1 (+https://developers.facebook.com/docs/sharing/webmasters/crawler)"
216.73.216.44 - - [12/Mar/2026:08:34:50 -0400] "GET /?fileloc=%2F%2Fvar%2Fsoftaculous%2Fhubzilla%2Fphp81%2Finstall.php&path=%2F%2Fvar%2Fsoftaculous%2Fhubzilla%2Fphp81 HTTP/1.1" 200 28917 "-" "Mozilla/5.0 AppleWebKit/537.36 (KHTML, like Gecko; compatible; ClaudeBot/1.0; +claudebot@anthropic.com)"
216.73.216.44 - - [12/Mar/2026:08:34:50 -0400] "GET /?fileloc=%2F%2Fvar%2Fsoftaculous%2Fpresta%2Fphp53%2Finstall.php&path=%2F%2Fvar%2Fsoftaculous%2Fpresta%2Fphp53 HTTP/1.1" 200 25320 "-" "Mozilla/5.0 AppleWebKit/537.36 (KHTML, like Gecko; compatible; ClaudeBot/1.0; +claudebot@anthropic.com)"
216.73.216.44 - - [12/Mar/2026:08:34:50 -0400] "GET /?fileloc=%2F%2Fvar%2Fsoftaculous%2Fxms%2Fphp71%2Finstall.php&path=%2F%2Fvar%2Fsoftaculous%2Fxms%2Fphp71 HTTP/1.1" 403 80300 "-" "Mozilla/5.0 AppleWebKit/537.36 (KHTML, like Gecko; compatible; ClaudeBot/1.0; +claudebot@anthropic.com)"
216.73.216.44 - - [12/Mar/2026:08:34:50 -0400] "GET /?fileloc=%2F%2Fvar%2Fsoftaculous%2Fsp%2Fphp81%2Fimport.php&path=%2F%2Fvar%2Fsoftaculous%2Fsp%2Fphp81 HTTP/1.1" 200 15924 "-" "Mozilla/5.0 AppleWebKit/537.36 (KHTML, like Gecko; compatible; ClaudeBot/1.0; +claudebot@anthropic.com)"
216.73.216.44 - - [12/Mar/2026:08:34:50 -0400] "GET /?fileloc=%2F%2Fvar%2Fsoftaculous%2Fopenx%2Fphp81%2Finstall.php&path=%2F%2Fvar%2Fsoftaculous%2Fopenx%2Fphp81 HTTP/1.1" 200 21420 "-" "Mozilla/5.0 AppleWebKit/537.36 (KHTML, like Gecko; compatible; ClaudeBot/1.0; +claudebot@anthropic.com)"
57.141.0.65 - - [12/Mar/2026:08:34:50 -0400] "GET /shop/alley/cadaverous014186438213.shtml?fileloc=/home/enciassa/public_html/wp-admin/media.php&path=/home/enciassa/public_html/wp-admin HTTP/1.1" 200 13414 "-" "meta-externalagent/1.1 (+https://developers.facebook.com/docs/sharing/webmasters/crawler)"
216.73.216.44 - - [12/Mar/2026:08:34:50 -0400] "GET /?fileloc=%2F%2Fvar%2Fsoftaculous%2Fpydio%2Fphp71%2Fedit.php&path=%2F%2Fvar%2Fsoftaculous%2Fpydio%2Fphp71 HTTP/1.1" 403 80300 "-" "Mozilla/5.0 AppleWebKit/537.36 (KHTML, like Gecko; compatible; ClaudeBot/1.0; +claudebot@anthropic.com)"
74.7.227.61 - - [12/Mar/2026:08:34:48 -0400] "GET /search.php?jp/256027578.html HTTP/1.1" 200 155493 "https://residenciassanantonio.com/search.php?detail/256009675387" "Mozilla/5.0 AppleWebKit/537.36 (KHTML, like Gecko; compatible; GPTBot/1.3; +https://openai.com/gptbot)"
57.141.0.55 - - [12/Mar/2026:08:34:51 -0400] "GET /shop/alley/cadaverous014186438213.shtml?fileloc=/home/enciassa/public_html/wp-admin/profile.php&path=/home/enciassa/public_html/wp-admin HTTP/1.1" 200 12756 "-" "meta-externalagent/1.1 (+https://developers.facebook.com/docs/sharing/webmasters/crawler)"
216.73.216.44 - - [12/Mar/2026:08:34:51 -0400] "GET /?fileloc=%2F%2Fvar%2Fsoftaculous%2Fcpg%2Fphp81%2Fupgrade.php&path=%2F%2Fvar%2Fsoftaculous%2Fcpg%2Fphp81 HTTP/1.1" 200 17197 "-" "Mozilla/5.0 AppleWebKit/537.36 (KHTML, like Gecko; compatible; ClaudeBot/1.0; +claudebot@anthropic.com)"
216.73.216.44 - - [12/Mar/2026:08:34:51 -0400] "GET /?fileloc=%2F%2Fvar%2Fsoftaculous%2Fpiwik%2Fphp82%2Fextend.php&path=%2F%2Fvar%2Fsoftaculous%2Fpiwik%2Fphp82 HTTP/1.1" 200 14546 "-" "Mozilla/5.0 AppleWebKit/537.36 (KHTML, like Gecko; compatible; ClaudeBot/1.0; +claudebot@anthropic.com)"
216.73.216.44 - - [12/Mar/2026:08:34:51 -0400] "GET /?fileloc=%2F%2Fvar%2Fsoftaculous%2Ffiyo%2Fphp82%2Fimport.php&path=%2F%2Fvar%2Fsoftaculous%2Ffiyo%2Fphp82 HTTP/1.1" 200 16345 "-" "Mozilla/5.0 AppleWebKit/537.36 (KHTML, like Gecko; compatible; ClaudeBot/1.0; +claudebot@anthropic.com)"
57.141.0.36 - - [12/Mar/2026:08:34:51 -0400] "GET /shop/alley/cadaverous014186438213.shtml?fileloc=/home/enciassa/public_html/wp-admin/customize.php&path=/home/enciassa/public_html/wp-admin HTTP/1.1" 200 26585 "-" "meta-externalagent/1.1 (+https://developers.facebook.com/docs/sharing/webmasters/crawler)"
216.73.216.44 - - [12/Mar/2026:08:34:51 -0400] "GET /?fileloc=%2F%2Fvar%2Fsoftaculous%2Fojs33%2Fphp53%2Finstall.php&path=%2F%2Fvar%2Fsoftaculous%2Fojs33%2Fphp53 HTTP/1.1" 200 17653 "-" "Mozilla/5.0 AppleWebKit/537.36 (KHTML, like Gecko; compatible; ClaudeBot/1.0; +claudebot@anthropic.com)"
216.73.216.44 - - [12/Mar/2026:08:34:51 -0400] "GET /?fileloc=%2F%2Fvar%2Fsoftaculous%2Fshopware%2Fphp56%2Fextend.php&path=%2F%2Fvar%2Fsoftaculous%2Fshopware%2Fphp56 HTTP/1.1" 403 80300 "-" "Mozilla/5.0 AppleWebKit/537.36 (KHTML, like Gecko; compatible; ClaudeBot/1.0; +claudebot@anthropic.com)"
216.73.216.44 - - [12/Mar/2026:08:34:51 -0400] "GET /?fileloc=%2F%2Fvar%2Fsoftaculous%2Fimpress%2Fphp53%2Fimport.php&path=%2F%2Fvar%2Fsoftaculous%2Fimpress%2Fphp53 HTTP/1.1" 200 16545 "-" "Mozilla/5.0 AppleWebKit/537.36 (KHTML, like Gecko; compatible; ClaudeBot/1.0; +claudebot@anthropic.com)"
216.73.216.44 - - [12/Mar/2026:08:34:52 -0400] "GET /?fileloc=%2F%2Fvar%2Fsoftaculous%2Fqloapps%2Fphp71%2Fimport.php&path=%2F%2Fvar%2Fsoftaculous%2Fqloapps%2Fphp71 HTTP/1.1" 403 80300 "-" "Mozilla/5.0 AppleWebKit/537.36 (KHTML, like Gecko; compatible; ClaudeBot/1.0; +claudebot@anthropic.com)"
216.73.216.44 - - [12/Mar/2026:08:34:52 -0400] "GET /?fileloc=%2F%2Fvar%2Fsoftaculous%2Fwp54%2Fphp81%2Fbackup.php&path=%2F%2Fvar%2Fsoftaculous%2Fwp54%2Fphp81 HTTP/1.1" 200 15802 "-" "Mozilla/5.0 AppleWebKit/537.36 (KHTML, like Gecko; compatible; ClaudeBot/1.0; +claudebot@anthropic.com)"
57.141.0.46 - - [12/Mar/2026:08:34:52 -0400] "GET /shop/alley/cadaverous014186438213.shtml?fileloc=/home/enciassa/public_html/wp-admin/user-new.php&path=/home/enciassa/public_html/wp-admin HTTP/1.1" 200 44639 "-" "meta-externalagent/1.1 (+https://developers.facebook.com/docs/sharing/webmasters/crawler)"
216.73.216.44 - - [12/Mar/2026:08:34:52 -0400] "GET /?fileloc=%2F%2Fvar%2Fsoftaculous%2Fhelpdezk%2Fphp53%2Finstall.php&path=%2F%2Fvar%2Fsoftaculous%2Fhelpdezk%2Fphp53 HTTP/1.1" 200 17624 "-" "Mozilla/5.0 AppleWebKit/537.36 (KHTML, like Gecko; compatible; ClaudeBot/1.0; +claudebot@anthropic.com)"
216.73.216.44 - - [12/Mar/2026:08:34:52 -0400] "GET /?fileloc=%2F%2Fvar%2Fsoftaculous%2Fgedview%2Fphp53%2Fimport.php&path=%2F%2Fvar%2Fsoftaculous%2Fgedview%2Fphp53 HTTP/1.1" 200 15921 "-" "Mozilla/5.0 AppleWebKit/537.36 (KHTML, like Gecko; compatible; ClaudeBot/1.0; +claudebot@anthropic.com)"
216.73.216.44 - - [12/Mar/2026:08:34:52 -0400] "GET /?fileloc=%2F%2Fvar%2Fsoftaculous%2Fvanilla%2Fphp82%2Fimport.php&path=%2F%2Fvar%2Fsoftaculous%2Fvanilla%2Fphp82 HTTP/1.1" 200 16029 "-" "Mozilla/5.0 AppleWebKit/537.36 (KHTML, like Gecko; compatible; ClaudeBot/1.0; +claudebot@anthropic.com)"
57.141.0.51 - - [12/Mar/2026:08:34:52 -0400] "GET /shop/alley/cadaverous014186438213.shtml?fileloc=/home/enciassa/public_html/wp-admin/edit.php&path=/home/enciassa/public_html/wp-admin HTTP/1.1" 200 37325 "-" "meta-externalagent/1.1 (+https://developers.facebook.com/docs/sharing/webmasters/crawler)"
216.73.216.44 - - [12/Mar/2026:08:34:52 -0400] "GET /?fileloc=%2F%2Fvar%2Fsoftaculous%2Fpiwik%2Fphp71%2Finstall.php&path=%2F%2Fvar%2Fsoftaculous%2Fpiwik%2Fphp71 HTTP/1.1" 200 35744 "-" "Mozilla/5.0 AppleWebKit/537.36 (KHTML, like Gecko; compatible; ClaudeBot/1.0; +claudebot@anthropic.com)"
216.73.216.44 - - [12/Mar/2026:08:34:52 -0400] "GET /?fileloc=%2F%2Fvar%2Fsoftaculous%2Fphpsch%2Fphp81%2Fimport.php&path=%2F%2Fvar%2Fsoftaculous%2Fphpsch%2Fphp81 HTTP/1.1" 200 16669 "-" "Mozilla/5.0 AppleWebKit/537.36 (KHTML, like Gecko; compatible; ClaudeBot/1.0; +claudebot@anthropic.com)"
216.73.216.44 - - [12/Mar/2026:08:34:53 -0400] "GET /?fileloc=%2F%2Fvar%2Fsoftaculous%2Fwp63%2Fphp53%2Fupgrade.php&path=%2F%2Fvar%2Fsoftaculous%2Fwp63%2Fphp53 HTTP/1.1" 403 80300 "-" "Mozilla/5.0 AppleWebKit/537.36 (KHTML, like Gecko; compatible; ClaudeBot/1.0; +claudebot@anthropic.com)"
216.73.216.44 - - [12/Mar/2026:08:34:53 -0400] "GET /?fileloc=%2F%2Fvar%2Fsoftaculous%2Fspip%2Fphp53%2Finstall.php&path=%2F%2Fvar%2Fsoftaculous%2Fspip%2Fphp53 HTTP/1.1" 200 26605 "-" "Mozilla/5.0 AppleWebKit/537.36 (KHTML, like Gecko; compatible; ClaudeBot/1.0; +claudebot@anthropic.com)"
57.141.0.66 - - [12/Mar/2026:08:34:53 -0400] "GET /shop/alley/cadaverous014186438213.shtml?path=/home/enciassa/public_html/wp-admin/images HTTP/1.1" 200 139662 "-" "meta-externalagent/1.1 (+https://developers.facebook.com/docs/sharing/webmasters/crawler)"
57.141.0.13 - - [12/Mar/2026:08:34:53 -0400] "GET /shop/alley/cadaverous014186438213.shtml?fileloc=/home/enciassa/public_html/wp-admin/ms-delete-site.php&path=/home/enciassa/public_html/wp-admin HTTP/1.1" 200 17557 "-" "meta-externalagent/1.1 (+https://developers.facebook.com/docs/sharing/webmasters/crawler)"
216.73.216.44 - - [12/Mar/2026:08:34:53 -0400] "GET /?fileloc=%2F%2Fvar%2Fsoftaculous%2Fwp53%2Fphp82%2Fupgrade.php&path=%2F%2Fvar%2Fsoftaculous%2Fwp53%2Fphp82 HTTP/1.1" 200 26794 "-" "Mozilla/5.0 AppleWebKit/537.36 (KHTML, like Gecko; compatible; ClaudeBot/1.0; +claudebot@anthropic.com)"
216.73.216.44 - - [12/Mar/2026:08:34:53 -0400] "GET /?fileloc=%2F%2Fvar%2Fsoftaculous%2Fmyadmin49%2Fphp71%2Fupgrade.php&path=%2F%2Fvar%2Fsoftaculous%2Fmyadmin49%2Fphp71 HTTP/1.1" 200 17908 "-" "Mozilla/5.0 AppleWebKit/537.36 (KHTML, like Gecko; compatible; ClaudeBot/1.0; +claudebot@anthropic.com)"
216.73.216.44 - - [12/Mar/2026:08:34:53 -0400] "GET /?fileloc=%2F%2Fvar%2Fsoftaculous%2Fvision%2Fphp81%2Fimport.php&path=%2F%2Fvar%2Fsoftaculous%2Fvision%2Fphp81 HTTP/1.1" 200 15482 "-" "Mozilla/5.0 AppleWebKit/537.36 (KHTML, like Gecko; compatible; ClaudeBot/1.0; +claudebot@anthropic.com)"
216.73.216.44 - - [12/Mar/2026:08:34:53 -0400] "GET /?fileloc=%2F%2Fvar%2Fsoftaculous%2Fmw28%2Fphp82%2Fedit.php&path=%2F%2Fvar%2Fsoftaculous%2Fmw28%2Fphp82 HTTP/1.1" 200 17146 "-" "Mozilla/5.0 AppleWebKit/537.36 (KHTML, like Gecko; compatible; ClaudeBot/1.0; +claudebot@anthropic.com)"
57.141.0.22 - - [12/Mar/2026:08:34:53 -0400] "GET /shop/alley/cadaverous014186438213.shtml?fileloc=/home/enciassa/public_html/wp-admin/options-privacy.php&path=/home/enciassa/public_html/wp-admin HTTP/1.1" 200 25149 "-" "meta-externalagent/1.1 (+https://developers.facebook.com/docs/sharing/webmasters/crawler)"
216.73.216.44 - - [12/Mar/2026:08:34:54 -0400] "GET /?fileloc=%2F%2Fvar%2Fsoftaculous%2Fsidu%2Fphp82%2Fimport.php&path=%2F%2Fvar%2Fsoftaculous%2Fsidu%2Fphp82 HTTP/1.1" 200 15243 "-" "Mozilla/5.0 AppleWebKit/537.36 (KHTML, like Gecko; compatible; ClaudeBot/1.0; +claudebot@anthropic.com)"
74.7.227.61 - - [12/Mar/2026:08:34:52 -0400] "GET /search.php?detail/2380318709167 HTTP/1.1" 200 161128 "https://residenciassanantonio.com/search.php?detail/256009675387" "Mozilla/5.0 AppleWebKit/537.36 (KHTML, like Gecko; compatible; GPTBot/1.3; +https://openai.com/gptbot)"
216.73.216.44 - - [12/Mar/2026:08:34:54 -0400] "GET /?fileloc=%2F%2Fvar%2Fsoftaculous%2Fepesi%2Fphp56%2Finstall.php&path=%2F%2Fvar%2Fsoftaculous%2Fepesi%2Fphp56 HTTP/1.1" 200 18909 "-" "Mozilla/5.0 AppleWebKit/537.36 (KHTML, like Gecko; compatible; ClaudeBot/1.0; +claudebot@anthropic.com)"
216.73.216.44 - - [12/Mar/2026:08:34:54 -0400] "GET /?fileloc=%2F%2Fvar%2Fsoftaculous%2Foxwall%2Fphp81%2Fimport.php&path=%2F%2Fvar%2Fsoftaculous%2Foxwall%2Fphp81 HTTP/1.1" 403 80300 "-" "Mozilla/5.0 AppleWebKit/537.36 (KHTML, like Gecko; compatible; ClaudeBot/1.0; +claudebot@anthropic.com)"
57.141.0.61 - - [12/Mar/2026:08:34:54 -0400] "GET /shop/alley/cadaverous014186438213.shtml?fileloc=/home/enciassa/public_html/wp-admin/privacy-policy-guide.php&path=/home/enciassa/public_html/wp-admin HTTP/1.1" 200 17184 "-" "meta-externalagent/1.1 (+https://developers.facebook.com/docs/sharing/webmasters/crawler)"
216.73.216.44 - - [12/Mar/2026:08:34:54 -0400] "GET /?fileloc=%2F%2Fvar%2Fsoftaculous%2Fkoken%2Fphp71%2Finstall.php&path=%2F%2Fvar%2Fsoftaculous%2Fkoken%2Fphp71 HTTP/1.1" 200 19683 "-" "Mozilla/5.0 AppleWebKit/537.36 (KHTML, like Gecko; compatible; ClaudeBot/1.0; +claudebot@anthropic.com)"
216.73.216.44 - - [12/Mar/2026:08:34:54 -0400] "GET /?fileloc=%2F%2Fvar%2Fsoftaculous%2Fmyadmin%2Fphp81%2Fupgrade.php&path=%2F%2Fvar%2Fsoftaculous%2Fmyadmin%2Fphp81 HTTP/1.1" 403 80300 "-" "Mozilla/5.0 AppleWebKit/537.36 (KHTML, like Gecko; compatible; ClaudeBot/1.0; +claudebot@anthropic.com)"
216.73.216.44 - - [12/Mar/2026:08:34:54 -0400] "GET /?fileloc=%2F%2Fvar%2Fsoftaculous%2Fnuked%2Fphp53%2Finstall.php&path=%2F%2Fvar%2Fsoftaculous%2Fnuked%2Fphp53 HTTP/1.1" 200 20088 "-" "Mozilla/5.0 AppleWebKit/537.36 (KHTML, like Gecko; compatible; ClaudeBot/1.0; +claudebot@anthropic.com)"
57.141.0.67 - - [12/Mar/2026:08:34:54 -0400] "GET /shop/alley/cadaverous014186438213.shtml?fileloc=/home/enciassa/public_html/wp-admin/site-health-info.php&path=/home/enciassa/public_html/wp-admin HTTP/1.1" 200 17740 "-" "meta-externalagent/1.1 (+https://developers.facebook.com/docs/sharing/webmasters/crawler)"
216.73.216.44 - - [12/Mar/2026:08:34:55 -0400] "GET /?fileloc=%2F%2Fvar%2Fsoftaculous%2Fpagekit%2Fphp82%2Finstall.php&path=%2F%2Fvar%2Fsoftaculous%2Fpagekit%2Fphp82 HTTP/1.1" 200 17809 "-" "Mozilla/5.0 AppleWebKit/537.36 (KHTML, like Gecko; compatible; ClaudeBot/1.0; +claudebot@anthropic.com)"
216.73.216.44 - - [12/Mar/2026:08:34:55 -0400] "GET /?fileloc=%2F%2Flib64%2Fdovecot%2Fauth%2Flibdriver_sqlite.so&path=%2F%2Flib64%2Fdovecot%2Fauth HTTP/1.1" 200 60456 "-" "Mozilla/5.0 AppleWebKit/537.36 (KHTML, like Gecko; compatible; ClaudeBot/1.0; +claudebot@anthropic.com)"
216.73.216.44 - - [12/Mar/2026:08:34:55 -0400] "GET /?fileloc=%2F%2Fvar%2Fsoftaculous%2Fpluck%2Fphp81%2Fimport.php&path=%2F%2Fvar%2Fsoftaculous%2Fpluck%2Fphp81 HTTP/1.1" 200 15219 "-" "Mozilla/5.0 AppleWebKit/537.36 (KHTML, like Gecko; compatible; ClaudeBot/1.0; +claudebot@anthropic.com)"
216.73.216.44 - - [12/Mar/2026:08:34:55 -0400] "GET /?fileloc=%2F%2Fvar%2Fsoftaculous%2Fwp57%2Fphp81%2Fimport.php&path=%2F%2Fvar%2Fsoftaculous%2Fwp57%2Fphp81 HTTP/1.1" 200 20823 "-" "Mozilla/5.0 AppleWebKit/537.36 (KHTML, like Gecko; compatible; ClaudeBot/1.0; +claudebot@anthropic.com)"
57.141.0.2 - - [12/Mar/2026:08:34:55 -0400] "GET /shop/alley/cadaverous014186438213.shtml?path=/home/enciassa/public_html/wp-admin/js HTTP/1.1" 200 169696 "-" "meta-externalagent/1.1 (+https://developers.facebook.com/docs/sharing/webmasters/crawler)"
216.73.216.44 - - [12/Mar/2026:08:34:55 -0400] "GET /?fileloc=%2F%2Fvar%2Fsoftaculous%2Fzurmo%2Fphp53%2Fedit.php&path=%2F%2Fvar%2Fsoftaculous%2Fzurmo%2Fphp53 HTTP/1.1" 200 18569 "-" "Mozilla/5.0 AppleWebKit/537.36 (KHTML, like Gecko; compatible; ClaudeBot/1.0; +claudebot@anthropic.com)"
57.141.0.48 - - [12/Mar/2026:08:34:56 -0400] "GET /shop/alley/cadaverous014186438213.shtml?fileloc=/home/enciassa/public_html/wp-admin/link-manager.php&path=/home/enciassa/public_html/wp-admin HTTP/1.1" 200 18056 "-" "meta-externalagent/1.1 (+https://developers.facebook.com/docs/sharing/webmasters/crawler)"
216.73.216.44 - - [12/Mar/2026:08:34:55 -0400] "GET /?fileloc=%2F%2Fvar%2Fsoftaculous%2Fbludit%2Fphp71%2Fupgrade.php&path=%2F%2Fvar%2Fsoftaculous%2Fbludit%2Fphp71 HTTP/1.1" 200 17604 "-" "Mozilla/5.0 AppleWebKit/537.36 (KHTML, like Gecko; compatible; ClaudeBot/1.0; +claudebot@anthropic.com)"
216.73.216.44 - - [12/Mar/2026:08:34:56 -0400] "GET /?fileloc=%2F%2Fvar%2Fsoftaculous%2Fx2%2Fphp53%2Finstall.php&path=%2F%2Fvar%2Fsoftaculous%2Fx2%2Fphp53 HTTP/1.1" 200 18881 "-" "Mozilla/5.0 AppleWebKit/537.36 (KHTML, like Gecko; compatible; ClaudeBot/1.0; +claudebot@anthropic.com)"
216.73.216.44 - - [12/Mar/2026:08:34:56 -0400] "GET /?fileloc=%2F%2Fvar%2Fsoftaculous%2Figniter%2Fphp81%2Fimport.php&path=%2F%2Fvar%2Fsoftaculous%2Figniter%2Fphp81 HTTP/1.1" 200 17646 "-" "Mozilla/5.0 AppleWebKit/537.36 (KHTML, like Gecko; compatible; ClaudeBot/1.0; +claudebot@anthropic.com)"
57.141.0.65 - - [12/Mar/2026:08:34:56 -0400] "GET /shop/alley/cadaverous014186438213.shtml?fileloc=/home/enciassa/public_html/wp-admin/media-upload.php&path=/home/enciassa/public_html/wp-admin HTTP/1.1" 200 16760 "-" "meta-externalagent/1.1 (+https://developers.facebook.com/docs/sharing/webmasters/crawler)"
216.73.216.44 - - [12/Mar/2026:08:34:56 -0400] "GET /?fileloc=%2F%2Fvar%2Fsoftaculous%2Fwp51%2Fphp81%2Fextend.php&path=%2F%2Fvar%2Fsoftaculous%2Fwp51%2Fphp81 HTTP/1.1" 200 101134 "-" "Mozilla/5.0 AppleWebKit/537.36 (KHTML, like Gecko; compatible; ClaudeBot/1.0; +claudebot@anthropic.com)"
216.73.216.44 - - [12/Mar/2026:08:34:56 -0400] "GET /?fileloc=%2F%2Fvar%2Fsoftaculous%2Fwebasyst%2Fphp56%2Fimport.php&path=%2F%2Fvar%2Fsoftaculous%2Fwebasyst%2Fphp56 HTTP/1.1" 200 16472 "-" "Mozilla/5.0 AppleWebKit/537.36 (KHTML, like Gecko; compatible; ClaudeBot/1.0; +claudebot@anthropic.com)"
216.73.216.44 - - [12/Mar/2026:08:34:56 -0400] "GET /?fileloc=%2F%2Fvar%2Fsoftaculous%2Fplikli%2Fphp56%2Finstall.php&path=%2F%2Fvar%2Fsoftaculous%2Fplikli%2Fphp56 HTTP/1.1" 200 19112 "-" "Mozilla/5.0 AppleWebKit/537.36 (KHTML, like Gecko; compatible; ClaudeBot/1.0; +claudebot@anthropic.com)"
216.73.216.44 - - [12/Mar/2026:08:34:56 -0400] "GET /?fileloc=%2F%2Fvar%2Fsoftaculous%2Fqloapps%2Fphp82%2Finstall.php&path=%2F%2Fvar%2Fsoftaculous%2Fqloapps%2Fphp82 HTTP/1.1" 403 80300 "-" "Mozilla/5.0 AppleWebKit/537.36 (KHTML, like Gecko; compatible; ClaudeBot/1.0; +claudebot@anthropic.com)"
216.73.216.44 - - [12/Mar/2026:08:34:56 -0400] "GET /?fileloc=%2F%2Fvar%2Fsoftaculous%2Fpivotx%2Fphp82%2Fimport.php&path=%2F%2Fvar%2Fsoftaculous%2Fpivotx%2Fphp82 HTTP/1.1" 200 15855 "-" "Mozilla/5.0 AppleWebKit/537.36 (KHTML, like Gecko; compatible; ClaudeBot/1.0; +claudebot@anthropic.com)"
216.73.216.44 - - [12/Mar/2026:08:34:57 -0400] "GET /?fileloc=%2F%2Fvar%2Fsoftaculous%2Fgedview%2Fphp56%2Finstall.php&path=%2F%2Fvar%2Fsoftaculous%2Fgedview%2Fphp56 HTTP/1.1" 200 17539 "-" "Mozilla/5.0 AppleWebKit/537.36 (KHTML, like Gecko; compatible; ClaudeBot/1.0; +claudebot@anthropic.com)"
57.141.0.63 - - [12/Mar/2026:08:34:57 -0400] "GET /shop/alley/cadaverous014186438213.shtml?fileloc=/home/enciassa/public_html/wp-admin/load-scripts.php&path=/home/enciassa/public_html/wp-admin HTTP/1.1" 200 14873 "-" "meta-externalagent/1.1 (+https://developers.facebook.com/docs/sharing/webmasters/crawler)"
57.141.0.56 - - [12/Mar/2026:08:34:57 -0400] "GET /shop/alley/cadaverous014186438213.shtml?fileloc=/home/enciassa/public_html/wp-admin/contribute.php&path=/home/enciassa/public_html/wp-admin HTTP/1.1" 200 20209 "-" "meta-externalagent/1.1 (+https://developers.facebook.com/docs/sharing/webmasters/crawler)"
57.141.0.31 - - [12/Mar/2026:08:34:57 -0400] "GET /shop/alley/cadaverous014186438213.shtml?fileloc=/home/enciassa/public_html/wp-admin/widgets-form-blocks.php&path=/home/enciassa/public_html/wp-admin HTTP/1.1" 200 18247 "-" "meta-externalagent/1.1 (+https://developers.facebook.com/docs/sharing/webmasters/crawler)"
74.7.227.61 - - [12/Mar/2026:08:34:55 -0400] "GET /search.php?detail/0320361826491 HTTP/1.1" 200 159728 "https://residenciassanantonio.com/search.php?detail/032036190555" "Mozilla/5.0 AppleWebKit/537.36 (KHTML, like Gecko; compatible; GPTBot/1.3; +https://openai.com/gptbot)"
216.73.216.44 - - [12/Mar/2026:08:34:58 -0400] "GET /?fileloc=%2F%2Flib64%2Fperl5%2Fbits%2Ftypesizes.ph&path=%2F%2Flib64%2Fperl5%2Fbits HTTP/1.1" 200 17453 "-" "Mozilla/5.0 AppleWebKit/537.36 (KHTML, like Gecko; compatible; ClaudeBot/1.0; +claudebot@anthropic.com)"
216.73.216.44 - - [12/Mar/2026:08:34:58 -0400] "GET /?fileloc=%2F%2Fvar%2Fsoftaculous%2Ffluxbb%2Fphp56%2Fupgrade.php&path=%2F%2Fvar%2Fsoftaculous%2Ffluxbb%2Fphp56 HTTP/1.1" 200 18034 "-" "Mozilla/5.0 AppleWebKit/537.36 (KHTML, like Gecko; compatible; ClaudeBot/1.0; +claudebot@anthropic.com)"
57.141.0.39 - - [12/Mar/2026:08:34:58 -0400] "GET /shop/alley/cadaverous014186438213.shtml?fileloc=/home/enciassa/public_html/wp-admin/menu-header.php&path=/home/enciassa/public_html/wp-admin HTTP/1.1" 200 24669 "-" "meta-externalagent/1.1 (+https://developers.facebook.com/docs/sharing/webmasters/crawler)"
216.73.216.44 - - [12/Mar/2026:08:34:58 -0400] "GET /?path=%2F%2Fvar%2Fsoftaculous%2Fplikli%2Fimages HTTP/1.1" 200 15806 "-" "Mozilla/5.0 AppleWebKit/537.36 (KHTML, like Gecko; compatible; ClaudeBot/1.0; +claudebot@anthropic.com)"
216.73.216.44 - - [12/Mar/2026:08:34:58 -0400] "GET /?fileloc=%2F%2Fvar%2Fsoftaculous%2Fmoodle30%2Fphp71%2Finstall.php&path=%2F%2Fvar%2Fsoftaculous%2Fmoodle30%2Fphp71 HTTP/1.1" 200 26422 "-" "Mozilla/5.0 AppleWebKit/537.36 (KHTML, like Gecko; compatible; ClaudeBot/1.0; +claudebot@anthropic.com)"
216.73.216.44 - - [12/Mar/2026:08:34:58 -0400] "GET /?path=%2F%2Fvar%2Fsoftaculous%2Fopenx%2Fimages HTTP/1.1" 200 15789 "-" "Mozilla/5.0 AppleWebKit/537.36 (KHTML, like Gecko; compatible; ClaudeBot/1.0; +claudebot@anthropic.com)"
216.73.216.44 - - [12/Mar/2026:08:34:58 -0400] "GET /?fileloc=%2F%2Fvar%2Fsoftaculous%2Fwikka%2Fphp56%2Fupgrade.php&path=%2F%2Fvar%2Fsoftaculous%2Fwikka%2Fphp56 HTTP/1.1" 200 17458 "-" "Mozilla/5.0 AppleWebKit/537.36 (KHTML, like Gecko; compatible; ClaudeBot/1.0; +claudebot@anthropic.com)"
216.73.216.44 - - [12/Mar/2026:08:34:59 -0400] "GET /?fileloc=%2F%2Fvar%2Fsoftaculous%2Fsmf%2Fphp82%2Fupgrade.php&path=%2F%2Fvar%2Fsoftaculous%2Fsmf%2Fphp82 HTTP/1.1" 200 18632 "-" "Mozilla/5.0 AppleWebKit/537.36 (KHTML, like Gecko; compatible; ClaudeBot/1.0; +claudebot@anthropic.com)"
57.141.0.13 - - [12/Mar/2026:08:34:59 -0400] "GET /shop/alley/cadaverous014186438213.shtml?fileloc=/home/enciassa/public_html/wp-admin/term.php&path=/home/enciassa/public_html/wp-admin HTTP/1.1" 200 15111 "-" "meta-externalagent/1.1 (+https://developers.facebook.com/docs/sharing/webmasters/crawler)"
216.73.216.44 - - [12/Mar/2026:08:34:59 -0400] "GET /?path=%2Fhome%2Fenciassa%2Fwww%2Fwp-content%2Fplugins%2Felementor%2Fcore%2Feditor HTTP/1.1" 200 25673 "-" "Mozilla/5.0 AppleWebKit/537.36 (KHTML, like Gecko; compatible; ClaudeBot/1.0; +claudebot@anthropic.com)"
216.73.216.44 - - [12/Mar/2026:08:34:59 -0400] "GET /?fileloc=%2F%2Fvar%2Fsoftaculous%2Ffcms%2Fclone.php&path=%2F%2Fvar%2Fsoftaculous%2Ffcms HTTP/1.1" 200 16937 "-" "Mozilla/5.0 AppleWebKit/537.36 (KHTML, like Gecko; compatible; ClaudeBot/1.0; +claudebot@anthropic.com)"
216.73.216.44 - - [12/Mar/2026:08:34:59 -0400] "GET /?path=%2Fhome%2Fenciassa%2Fwww%2Fwp-content%2Fplugins%2Freally-simple-ssl%2Fsettings HTTP/1.1" 200 22416 "-" "Mozilla/5.0 AppleWebKit/537.36 (KHTML, like Gecko; compatible; ClaudeBot/1.0; +claudebot@anthropic.com)"
57.141.0.16 - - [12/Mar/2026:08:34:59 -0400] "GET /shop/alley/cadaverous014186438213.shtml?fileloc=/home/enciassa/public_html/wp-admin/theme-editor.php&path=/home/enciassa/public_html/wp-admin HTTP/1.1" 200 33252 "-" "meta-externalagent/1.1 (+https://developers.facebook.com/docs/sharing/webmasters/crawler)"
216.73.216.44 - - [12/Mar/2026:08:34:59 -0400] "GET /?fileloc=%2F%2Fvar%2Fsoftaculous%2Fqcms%2Fedit.php&path=%2F%2Fvar%2Fsoftaculous%2Fqcms HTTP/1.1" 200 16393 "-" "Mozilla/5.0 AppleWebKit/537.36 (KHTML, like Gecko; compatible; ClaudeBot/1.0; +claudebot@anthropic.com)"
216.73.216.44 - - [12/Mar/2026:08:34:59 -0400] "GET /?fileloc=%2F%2Fvar%2Fsoftaculous%2Frainloop%2Fnotes.txt&path=%2F%2Fvar%2Fsoftaculous%2Frainloop HTTP/1.1" 200 13141 "-" "Mozilla/5.0 AppleWebKit/537.36 (KHTML, like Gecko; compatible; ClaudeBot/1.0; +claudebot@anthropic.com)"
216.73.216.44 - - [12/Mar/2026:08:34:59 -0400] "GET /?fileloc=%2Fhome%2Fenciassa%2Fwww%2Fwp-content%2Fplugins%2Fwordpress-seo%2Fadmin%2Fclass-customizer.php&path=%2Fhome%2Fenciassa%2Fwww%2Fwp-content%2Fplugins%2Fwordpress-seo%2Fadmin HTTP/1.1" 200 19863 "-" "Mozilla/5.0 AppleWebKit/537.36 (KHTML, like Gecko; compatible; ClaudeBot/1.0; +claudebot@anthropic.com)"
57.141.0.18 - - [12/Mar/2026:08:34:59 -0400] "GET /shop/alley/cadaverous014186438213.shtml?fileloc=/home/enciassa/public_html/wp-admin/widgets.php&path=/home/enciassa/public_html/wp-admin HTTP/1.1" 200 13761 "-" "meta-externalagent/1.1 (+https://developers.facebook.com/docs/sharing/webmasters/crawler)"
216.73.216.44 - - [12/Mar/2026:08:35:00 -0400] "GET /?path=%2F%2Fvar%2Fsoftaculous%2Fphppoll%2Fimages HTTP/1.1" 200 15820 "-" "Mozilla/5.0 AppleWebKit/537.36 (KHTML, like Gecko; compatible; ClaudeBot/1.0; +claudebot@anthropic.com)"
57.141.0.21 - - [12/Mar/2026:08:35:00 -0400] "GET /shop/alley/cadaverous014186438213.shtml?path=/home/enciassa/public_html/wp-admin/user HTTP/1.1" 200 29848 "-" "meta-externalagent/1.1 (+https://developers.facebook.com/docs/sharing/webmasters/crawler)"
216.73.216.44 - - [12/Mar/2026:08:35:00 -0400] "GET /?fileloc=%2F%2Fvar%2Fsoftaculous%2Fconc85%2Fedit.php&path=%2F%2Fvar%2Fsoftaculous%2Fconc85 HTTP/1.1" 200 17878 "-" "Mozilla/5.0 AppleWebKit/537.36 (KHTML, like Gecko; compatible; ClaudeBot/1.0; +claudebot@anthropic.com)"
216.73.216.44 - - [12/Mar/2026:08:35:00 -0400] "GET /?fileloc=%2F%2Fvar%2Fsoftaculous%2Fwintercms%2Finstall.php&path=%2F%2Fvar%2Fsoftaculous%2Fwintercms HTTP/1.1" 200 18551 "-" "Mozilla/5.0 AppleWebKit/537.36 (KHTML, like Gecko; compatible; ClaudeBot/1.0; +claudebot@anthropic.com)"
216.73.216.44 - - [12/Mar/2026:08:35:00 -0400] "GET /?path=%2Fhome%2Fenciassa%2Fpublic_html%2Fwp-content%2Fplugins%2Fgp-premium%2Fpage-header%2Ffunctions%2Fjs HTTP/1.1" 200 26850 "-" "Mozilla/5.0 AppleWebKit/537.36 (KHTML, like Gecko; compatible; ClaudeBot/1.0; +claudebot@anthropic.com)"
216.73.216.44 - - [12/Mar/2026:08:35:00 -0400] "GET /?path=%2F%2Fvar%2Fsoftaculous%2Fextplorer%2Fimages HTTP/1.1" 200 15850 "-" "Mozilla/5.0 AppleWebKit/537.36 (KHTML, like Gecko; compatible; ClaudeBot/1.0; +claudebot@anthropic.com)"
216.73.216.44 - - [12/Mar/2026:08:35:00 -0400] "GET /?fileloc=%2F%2Fvar%2Fsoftaculous%2Fojs%2Fphp81%2Fupgrade.php&path=%2F%2Fvar%2Fsoftaculous%2Fojs%2Fphp81 HTTP/1.1" 200 22571 "-" "Mozilla/5.0 AppleWebKit/537.36 (KHTML, like Gecko; compatible; ClaudeBot/1.0; +claudebot@anthropic.com)"
57.141.0.4 - - [12/Mar/2026:08:35:00 -0400] "GET /shop/alley/cadaverous014186438213.shtml?fileloc=/home/enciassa/public_html/wp-admin/upload.php&path=/home/enciassa/public_html/wp-admin HTTP/1.1" 200 31765 "-" "meta-externalagent/1.1 (+https://developers.facebook.com/docs/sharing/webmasters/crawler)"
216.73.216.44 - - [12/Mar/2026:08:35:01 -0400] "GET /?fileloc=%2Fhome%2Fenciassa%2Fwww%2Fwp-content%2Fplugins%2Fwordpress-seo%2Fadmin%2Fclass-yoast-network-admin.php&path=%2Fhome%2Fenciassa%2Fwww%2Fwp-content%2Fplugins%2Fwordpress-seo%2Fadmin HTTP/1.1" 200 24002 "-" "Mozilla/5.0 AppleWebKit/537.36 (KHTML, like Gecko; compatible; ClaudeBot/1.0; +claudebot@anthropic.com)"
216.73.216.44 - - [12/Mar/2026:08:35:01 -0400] "GET /?fileloc=%2F%2Fvar%2Fsoftaculous%2Fselfoss%2Fedit.php&path=%2F%2Fvar%2Fsoftaculous%2Fselfoss HTTP/1.1" 200 16252 "-" "Mozilla/5.0 AppleWebKit/537.36 (KHTML, like Gecko; compatible; ClaudeBot/1.0; +claudebot@anthropic.com)"
216.73.216.44 - - [12/Mar/2026:08:35:01 -0400] "GET /?path=%2F%2Fvar%2Fsoftaculous%2Fwebasyst%2Fimages HTTP/1.1" 200 15833 "-" "Mozilla/5.0 AppleWebKit/537.36 (KHTML, like Gecko; compatible; ClaudeBot/1.0; +claudebot@anthropic.com)"
74.7.227.61 - - [12/Mar/2026:08:34:59 -0400] "GET /search.php?detail/17501798954538 HTTP/1.1" 200 157720 "https://residenciassanantonio.com/search.php?detail/06602562856888" "Mozilla/5.0 AppleWebKit/537.36 (KHTML, like Gecko; compatible; GPTBot/1.3; +https://openai.com/gptbot)"
216.73.216.44 - - [12/Mar/2026:08:35:01 -0400] "GET /?fileloc=%2F%2Fvar%2Fsoftaculous%2Fadvpoll%2Fphp81%2Fupgrade.php&path=%2F%2Fvar%2Fsoftaculous%2Fadvpoll%2Fphp81 HTTP/1.1" 200 15357 "-" "Mozilla/5.0 AppleWebKit/537.36 (KHTML, like Gecko; compatible; ClaudeBot/1.0; +claudebot@anthropic.com)"
57.141.0.3 - - [12/Mar/2026:08:35:01 -0400] "GET /shop/alley/cadaverous014186438213.shtml?fileloc=/home/enciassa/public_html/wp-admin/ms-upgrade-network.php&path=/home/enciassa/public_html/wp-admin HTTP/1.1" 200 12703 "-" "meta-externalagent/1.1 (+https://developers.facebook.com/docs/sharing/webmasters/crawler)"
216.73.216.44 - - [12/Mar/2026:08:35:01 -0400] "GET /?fileloc=%2F%2Fvar%2Fsoftaculous%2Fleafpub%2Fimport.php&path=%2F%2Fvar%2Fsoftaculous%2Fleafpub HTTP/1.1" 403 80300 "-" "Mozilla/5.0 AppleWebKit/537.36 (KHTML, like Gecko; compatible; ClaudeBot/1.0; +claudebot@anthropic.com)"
57.141.0.48 - - [12/Mar/2026:08:35:01 -0400] "GET /shop/alley/cadaverous014186438213.shtml?fileloc=/home/enciassa/public_html/wp-admin/erase-personal-data.php&path=/home/enciassa/public_html/wp-admin HTTP/1.1" 200 22314 "-" "meta-externalagent/1.1 (+https://developers.facebook.com/docs/sharing/webmasters/crawler)"
216.73.216.44 - - [12/Mar/2026:08:35:02 -0400] "GET /?fileloc=%2F%2Fvar%2Fsoftaculous%2Fspip%2Fphp82%2Fupgrade.php&path=%2F%2Fvar%2Fsoftaculous%2Fspip%2Fphp82 HTTP/1.1" 403 80300 "-" "Mozilla/5.0 AppleWebKit/537.36 (KHTML, like Gecko; compatible; ClaudeBot/1.0; +claudebot@anthropic.com)"
216.73.216.44 - - [12/Mar/2026:08:35:02 -0400] "GET /?fileloc=%2F%2Fvar%2Fsoftaculous%2Fwp51%2Fphp56%2Fupgrade.php&path=%2F%2Fvar%2Fsoftaculous%2Fwp51%2Fphp56 HTTP/1.1" 200 26488 "-" "Mozilla/5.0 AppleWebKit/537.36 (KHTML, like Gecko; compatible; ClaudeBot/1.0; +claudebot@anthropic.com)"
216.73.216.44 - - [12/Mar/2026:08:35:02 -0400] "GET /?fileloc=%2F%2Fvar%2Fsoftaculous%2Fhandesk%2Fphp81%2Fextend.php&path=%2F%2Fvar%2Fsoftaculous%2Fhandesk%2Fphp81 HTTP/1.1" 200 22112 "-" "Mozilla/5.0 AppleWebKit/537.36 (KHTML, like Gecko; compatible; ClaudeBot/1.0; +claudebot@anthropic.com)"
57.141.0.2 - - [12/Mar/2026:08:35:02 -0400] "GET /shop/alley/cadaverous014186438213.shtml?fileloc=/home/enciassa/public_html/wp-admin/edit-comments.php&path=/home/enciassa/public_html/wp-admin HTTP/1.1" 200 30649 "-" "meta-externalagent/1.1 (+https://developers.facebook.com/docs/sharing/webmasters/crawler)"
216.73.216.44 - - [12/Mar/2026:08:35:02 -0400] "GET /?fileloc=%2F%2Fvar%2Fsoftaculous%2Fcube%2Fedit.xml&path=%2F%2Fvar%2Fsoftaculous%2Fcube HTTP/1.1" 403 80300 "-" "Mozilla/5.0 AppleWebKit/537.36 (KHTML, like Gecko; compatible; ClaudeBot/1.0; +claudebot@anthropic.com)"
216.73.216.44 - - [12/Mar/2026:08:35:02 -0400] "GET /?fileloc=%2F%2Fvar%2Fsoftaculous%2Fpresta%2Fphp82%2Fupgrade.php&path=%2F%2Fvar%2Fsoftaculous%2Fpresta%2Fphp82 HTTP/1.1" 403 80301 "-" "Mozilla/5.0 AppleWebKit/537.36 (KHTML, like Gecko; compatible; ClaudeBot/1.0; +claudebot@anthropic.com)"
216.73.216.44 - - [12/Mar/2026:08:35:02 -0400] "GET /?fileloc=%2F%2Fvar%2Fsoftaculous%2Fwp62%2Fphp81%2Fupgrade.php&path=%2F%2Fvar%2Fsoftaculous%2Fwp62%2Fphp81 HTTP/1.1" 200 27329 "-" "Mozilla/5.0 AppleWebKit/537.36 (KHTML, like Gecko; compatible; ClaudeBot/1.0; +claudebot@anthropic.com)"
57.141.0.68 - - [12/Mar/2026:08:35:03 -0400] "GET /shop/alley/cadaverous014186438213.shtml?fileloc=/home/enciassa/public_html/wp-admin/ms-themes.php&path=/home/enciassa/public_html/wp-admin HTTP/1.1" 200 12692 "-" "meta-externalagent/1.1 (+https://developers.facebook.com/docs/sharing/webmasters/crawler)"
