216.73.216.44 - - [12/Mar/2026:08:29:41 -0400] "GET /?fileloc=%2F%2Fvar%2Fsoftaculous%2Fhtmly%2Fphp53%2Fedit.php&path=%2F%2Fvar%2Fsoftaculous%2Fhtmly%2Fphp53 HTTP/1.1" 200 16409 "-" "Mozilla/5.0 AppleWebKit/537.36 (KHTML, like Gecko; compatible; ClaudeBot/1.0; +claudebot@anthropic.com)"
57.141.0.59 - - [12/Mar/2026:08:29:41 -0400] "GET /shop/tendriled/dolichocephalic013078261991.shtml?fileloc=/home/enciassa/public_html/wp-includes/ms-default-filters.php&path=/home/enciassa/public_html/wp-includes HTTP/1.1" 200 20684 "-" "meta-externalagent/1.1 (+https://developers.facebook.com/docs/sharing/webmasters/crawler)"
216.73.216.44 - - [12/Mar/2026:08:29:41 -0400] "GET /?path=%2F%2Flib%2Ftuned%2Fvirtual-guest HTTP/1.1" 200 14231 "-" "Mozilla/5.0 AppleWebKit/537.36 (KHTML, like Gecko; compatible; ClaudeBot/1.0; +claudebot@anthropic.com)"
216.73.216.44 - - [12/Mar/2026:08:29:41 -0400] "GET /?path=%2F%2Fvar%2Fsoftaculous%2Fwonder%2Fphp53 HTTP/1.1" 200 17296 "-" "Mozilla/5.0 AppleWebKit/537.36 (KHTML, like Gecko; compatible; ClaudeBot/1.0; +claudebot@anthropic.com)"
57.141.0.63 - - [12/Mar/2026:08:29:41 -0400] "GET /shop/tendriled/dolichocephalic013078261991.shtml?fileloc=/home/enciassa/public_html/wp-includes/class-wp-http-proxy.php&path=/home/enciassa/public_html/wp-includes HTTP/1.1" 200 18944 "-" "meta-externalagent/1.1 (+https://developers.facebook.com/docs/sharing/webmasters/crawler)"
216.73.216.44 - - [12/Mar/2026:08:29:41 -0400] "GET /?fileloc=%2F%2Fvar%2Fsoftaculous%2Flychee%2Fphp56%2Fextend.php&path=%2F%2Fvar%2Fsoftaculous%2Flychee%2Fphp56 HTTP/1.1" 200 23783 "-" "Mozilla/5.0 AppleWebKit/537.36 (KHTML, like Gecko; compatible; ClaudeBot/1.0; +claudebot@anthropic.com)"
216.73.216.44 - - [12/Mar/2026:08:29:42 -0400] "GET /?path=%2F%2Fvar%2Fsoftaculous%2Fjorani%2Fphp71 HTTP/1.1" 200 18774 "-" "Mozilla/5.0 AppleWebKit/537.36 (KHTML, like Gecko; compatible; ClaudeBot/1.0; +claudebot@anthropic.com)"
57.141.0.20 - - [12/Mar/2026:08:29:42 -0400] "GET /shop/tendriled/dolichocephalic013078261991.shtml?fileloc=/home/enciassa/public_html/wp-includes/class-wp-oembed-controller.php&path=/home/enciassa/public_html/wp-includes HTTP/1.1" 200 20574 "-" "meta-externalagent/1.1 (+https://developers.facebook.com/docs/sharing/webmasters/crawler)"
216.73.216.44 - - [12/Mar/2026:08:29:42 -0400] "GET /?fileloc=%2F%2Fvar%2Fsoftaculous%2Fflatboard%2Fphp71%2Fimport.php&path=%2F%2Fvar%2Fsoftaculous%2Fflatboard%2Fphp71 HTTP/1.1" 200 16274 "-" "Mozilla/5.0 AppleWebKit/537.36 (KHTML, like Gecko; compatible; ClaudeBot/1.0; +claudebot@anthropic.com)"
216.73.216.44 - - [12/Mar/2026:08:29:42 -0400] "GET /?fileloc=%2F%2Fvar%2Fsoftaculous%2Fwolf%2Fphp53%2Fedit.php&path=%2F%2Fvar%2Fsoftaculous%2Fwolf%2Fphp53 HTTP/1.1" 200 17289 "-" "Mozilla/5.0 AppleWebKit/537.36 (KHTML, like Gecko; compatible; ClaudeBot/1.0; +claudebot@anthropic.com)"
57.141.0.59 - - [12/Mar/2026:08:29:42 -0400] "GET /shop/tendriled/dolichocephalic013078261991.shtml?fileloc=/home/enciassa/public_html/wp-includes/class-wp-script-modules.php&path=/home/enciassa/public_html/wp-includes HTTP/1.1" 200 33483 "-" "meta-externalagent/1.1 (+https://developers.facebook.com/docs/sharing/webmasters/crawler)"
216.73.216.44 - - [12/Mar/2026:08:29:42 -0400] "GET /?fileloc=%2F%2Fvar%2Fsoftaculous%2Fbackdrop%2Fphp82%2Finstall.php&path=%2F%2Fvar%2Fsoftaculous%2Fbackdrop%2Fphp82 HTTP/1.1" 200 26871 "-" "Mozilla/5.0 AppleWebKit/537.36 (KHTML, like Gecko; compatible; ClaudeBot/1.0; +claudebot@anthropic.com)"
216.73.216.44 - - [12/Mar/2026:08:29:42 -0400] "GET /?path=%2F%2Fvar%2Fsoftaculous%2Fxmb%2Fphp53 HTTP/1.1" 200 20195 "-" "Mozilla/5.0 AppleWebKit/537.36 (KHTML, like Gecko; compatible; ClaudeBot/1.0; +claudebot@anthropic.com)"
216.73.216.44 - - [12/Mar/2026:08:29:43 -0400] "GET /?fileloc=%2F%2Fvar%2Fsoftaculous%2Fadminer%2Fphp82%2Fimport.php&path=%2F%2Fvar%2Fsoftaculous%2Fadminer%2Fphp82 HTTP/1.1" 200 15304 "-" "Mozilla/5.0 AppleWebKit/537.36 (KHTML, like Gecko; compatible; ClaudeBot/1.0; +claudebot@anthropic.com)"
216.73.216.44 - - [12/Mar/2026:08:29:43 -0400] "GET /?fileloc=%2F%2Fvar%2Fsoftaculous%2Fsaurus%2Fphp53%2Fclone.php&path=%2F%2Fvar%2Fsoftaculous%2Fsaurus%2Fphp53 HTTP/1.1" 200 17399 "-" "Mozilla/5.0 AppleWebKit/537.36 (KHTML, like Gecko; compatible; ClaudeBot/1.0; +claudebot@anthropic.com)"
216.73.216.44 - - [12/Mar/2026:08:29:43 -0400] "GET /?fileloc=%2F%2Fvar%2Fsoftaculous%2Frainloop%2Fedit.php&path=%2F%2Fvar%2Fsoftaculous%2Frainloop HTTP/1.1" 200 16632 "-" "Mozilla/5.0 AppleWebKit/537.36 (KHTML, like Gecko; compatible; ClaudeBot/1.0; +claudebot@anthropic.com)"
57.141.0.67 - - [12/Mar/2026:08:29:43 -0400] "GET /shop/tendriled/dolichocephalic013078261991.shtml?fileloc=/home/enciassa/public_html/wp-includes/theme-i18n.json&path=/home/enciassa/public_html/wp-includes HTTP/1.1" 200 14659 "-" "meta-externalagent/1.1 (+https://developers.facebook.com/docs/sharing/webmasters/crawler)"
66.249.74.69 - - [12/Mar/2026:08:29:43 -0400] "GET /shop/sarcoderm/incorrigibly00855388635.shtml HTTP/1.1" 200 156809 "-" "Mozilla/5.0 (Linux; Android 6.0.1; Nexus 5X Build/MMB29P) AppleWebKit/537.36 (KHTML, like Gecko) Chrome/145.0.7632.116 Mobile Safari/537.36 (compatible; Googlebot/2.1; +http://www.google.com/bot.html)"
57.141.0.33 - - [12/Mar/2026:08:29:43 -0400] "GET /shop/tendriled/dolichocephalic013078261991.shtml?fileloc=/home/enciassa/public_html/wp-includes/class-wp-site.php&path=/home/enciassa/public_html/wp-includes HTTP/1.1" 200 20504 "-" "meta-externalagent/1.1 (+https://developers.facebook.com/docs/sharing/webmasters/crawler)"
216.73.216.44 - - [12/Mar/2026:08:29:43 -0400] "GET /?path=%2F%2Flib%2Ftuned%2Faccelerator-performance HTTP/1.1" 200 14290 "-" "Mozilla/5.0 AppleWebKit/537.36 (KHTML, like Gecko; compatible; ClaudeBot/1.0; +claudebot@anthropic.com)"
74.7.227.61 - - [12/Mar/2026:08:29:41 -0400] "GET /search.php?detail/150001644607 HTTP/1.1" 200 173410 "https://residenciassanantonio.com/search.php?detail/150001619919" "Mozilla/5.0 AppleWebKit/537.36 (KHTML, like Gecko; compatible; GPTBot/1.3; +https://openai.com/gptbot)"
216.73.216.44 - - [12/Mar/2026:08:29:44 -0400] "GET /?fileloc=%2F%2Fvar%2Fsoftaculous%2Fdrupal89%2Fphp56%2Fclone.php&path=%2F%2Fvar%2Fsoftaculous%2Fdrupal89%2Fphp56 HTTP/1.1" 200 27685 "-" "Mozilla/5.0 AppleWebKit/537.36 (KHTML, like Gecko; compatible; ClaudeBot/1.0; +claudebot@anthropic.com)"
57.141.0.59 - - [12/Mar/2026:08:29:44 -0400] "GET /shop/tendriled/dolichocephalic013078261991.shtml?fileloc=/home/enciassa/public_html/wp-includes/block-patterns.php&path=/home/enciassa/public_html/wp-includes HTTP/1.1" 200 27828 "-" "meta-externalagent/1.1 (+https://developers.facebook.com/docs/sharing/webmasters/crawler)"
216.73.216.44 - - [12/Mar/2026:08:29:44 -0400] "GET /?fileloc=%2F%2Fvar%2Fsoftaculous%2Faef%2Fphp82%2Fclone.php&path=%2F%2Fvar%2Fsoftaculous%2Faef%2Fphp82 HTTP/1.1" 200 17868 "-" "Mozilla/5.0 AppleWebKit/537.36 (KHTML, like Gecko; compatible; ClaudeBot/1.0; +claudebot@anthropic.com)"
216.73.216.44 - - [12/Mar/2026:08:29:44 -0400] "GET /?path=%2F%2Fvar%2Fsoftaculous%2Ftastyigniter%2Fphp56 HTTP/1.1" 200 20403 "-" "Mozilla/5.0 AppleWebKit/537.36 (KHTML, like Gecko; compatible; ClaudeBot/1.0; +claudebot@anthropic.com)"
57.141.0.33 - - [12/Mar/2026:08:29:44 -0400] "GET /shop/tendriled/dolichocephalic013078261991.shtml?fileloc=/home/enciassa/public_html/wp-includes/rewrite.php&path=/home/enciassa/public_html/wp-includes HTTP/1.1" 200 33792 "-" "meta-externalagent/1.1 (+https://developers.facebook.com/docs/sharing/webmasters/crawler)"
69.197.179.242 - - [12/Mar/2026:08:28:16 -0400] "GET /wp-includes/wp78c048/index.php?id=63864 HTTP/1.1" 200 - "https://residenciassanantonio.com/wp-includes/wp78c048/index.php?id=63864" "Mozilla/5.0 (Windows NT 10.0; Win64; x64) AppleWebKit/537.36 (KHTML, like Gecko) Chrome/58.0.3029.110 Safari/537.3"
216.73.216.44 - - [12/Mar/2026:08:29:44 -0400] "GET /?fileloc=%2F%2Fvar%2Fsoftaculous%2Fpostfix%2Fphp71%2Fclone.php&path=%2F%2Fvar%2Fsoftaculous%2Fpostfix%2Fphp71 HTTP/1.1" 200 17205 "-" "Mozilla/5.0 AppleWebKit/537.36 (KHTML, like Gecko; compatible; ClaudeBot/1.0; +claudebot@anthropic.com)"
216.73.216.44 - - [12/Mar/2026:08:29:44 -0400] "GET /?path=%2F%2Fvar%2Fsoftaculous%2Fsymfony24%2Fphp56 HTTP/1.1" 200 14337 "-" "Mozilla/5.0 AppleWebKit/537.36 (KHTML, like Gecko; compatible; ClaudeBot/1.0; +claudebot@anthropic.com)"
216.73.216.44 - - [12/Mar/2026:08:29:45 -0400] "GET /?fileloc=%2F%2Fvar%2Fsoftaculous%2Ffirefly%2Fphp53%2Fedit.php&path=%2F%2Fvar%2Fsoftaculous%2Ffirefly%2Fphp53 HTTP/1.1" 200 17293 "-" "Mozilla/5.0 AppleWebKit/537.36 (KHTML, like Gecko; compatible; ClaudeBot/1.0; +claudebot@anthropic.com)"
57.141.0.35 - - [12/Mar/2026:08:29:45 -0400] "GET /shop/tendriled/dolichocephalic013078261991.shtml?fileloc=/home/enciassa/public_html/wp-includes/class-pop3.php&path=/home/enciassa/public_html/wp-includes HTTP/1.1" 200 35804 "-" "meta-externalagent/1.1 (+https://developers.facebook.com/docs/sharing/webmasters/crawler)"
216.73.216.44 - - [12/Mar/2026:08:29:45 -0400] "GET /?fileloc=%2F%2Fvar%2Fsoftaculous%2Fwebid%2Fphp71%2Fedit.php&path=%2F%2Fvar%2Fsoftaculous%2Fwebid%2Fphp71 HTTP/1.1" 200 18663 "-" "Mozilla/5.0 AppleWebKit/537.36 (KHTML, like Gecko; compatible; ClaudeBot/1.0; +claudebot@anthropic.com)"
216.73.216.44 - - [12/Mar/2026:08:29:45 -0400] "GET /?fileloc=%2F%2Fvar%2Fsoftaculous%2Fclientexec%2Fioncube.php&path=%2F%2Fvar%2Fsoftaculous%2Fclientexec HTTP/1.1" 200 12708 "-" "Mozilla/5.0 AppleWebKit/537.36 (KHTML, like Gecko; compatible; ClaudeBot/1.0; +claudebot@anthropic.com)"
216.73.216.44 - - [12/Mar/2026:08:29:46 -0400] "GET /?path=%2F%2Fvar%2Fsoftaculous%2Fkrayin%2Fphp71 HTTP/1.1" 200 18779 "-" "Mozilla/5.0 AppleWebKit/537.36 (KHTML, like Gecko; compatible; ClaudeBot/1.0; +claudebot@anthropic.com)"
57.141.0.13 - - [12/Mar/2026:08:29:46 -0400] "GET /shop/gibbeting/guardfish061887047133.shtml?fileloc=/home/enciassa/public_html/wp-includes/class-wp-block-supports.php&path=/home/enciassa/public_html/wp-includes HTTP/1.1" 200 18380 "-" "meta-externalagent/1.1 (+https://developers.facebook.com/docs/sharing/webmasters/crawler)"
216.73.216.44 - - [12/Mar/2026:08:29:46 -0400] "GET /?fileloc=%2F%2Fvar%2Fsoftaculous%2Fthbees%2Fphp71%2Fedit.php&path=%2F%2Fvar%2Fsoftaculous%2Fthbees%2Fphp71 HTTP/1.1" 200 20612 "-" "Mozilla/5.0 AppleWebKit/537.36 (KHTML, like Gecko; compatible; ClaudeBot/1.0; +claudebot@anthropic.com)"
216.73.216.44 - - [12/Mar/2026:08:29:46 -0400] "GET /?path=%2F%2Fvar%2Fsoftaculous%2Fleto%2Fphp81 HTTP/1.1" 200 18736 "-" "Mozilla/5.0 AppleWebKit/537.36 (KHTML, like Gecko; compatible; ClaudeBot/1.0; +claudebot@anthropic.com)"
216.73.216.44 - - [12/Mar/2026:08:29:46 -0400] "GET /?path=%2F%2Fvar%2Fsoftaculous%2Fmoodle20%2Fphp53 HTTP/1.1" 200 20315 "-" "Mozilla/5.0 AppleWebKit/537.36 (KHTML, like Gecko; compatible; ClaudeBot/1.0; +claudebot@anthropic.com)"
57.141.0.67 - - [12/Mar/2026:08:29:45 -0400] "GET /shop/tendriled/dolichocephalic013078261991.shtml?fileloc=/home/enciassa/public_html/wp-includes/comment.php&path=/home/enciassa/public_html/wp-includes HTTP/1.1" 200 156298 "-" "meta-externalagent/1.1 (+https://developers.facebook.com/docs/sharing/webmasters/crawler)"
216.73.216.44 - - [12/Mar/2026:08:29:46 -0400] "GET /?fileloc=%2F%2Fvar%2Fsoftaculous%2Fconc8%2Fphp71%2Finstall.php&path=%2F%2Fvar%2Fsoftaculous%2Fconc8%2Fphp71 HTTP/1.1" 200 23014 "-" "Mozilla/5.0 AppleWebKit/537.36 (KHTML, like Gecko; compatible; ClaudeBot/1.0; +claudebot@anthropic.com)"
216.73.216.44 - - [12/Mar/2026:08:29:47 -0400] "GET /?fileloc=%2F%2Fvar%2Fsoftaculous%2Fwebcollab%2Fphp82%2Fclone.php&path=%2F%2Fvar%2Fsoftaculous%2Fwebcollab%2Fphp82 HTTP/1.1" 200 16162 "-" "Mozilla/5.0 AppleWebKit/537.36 (KHTML, like Gecko; compatible; ClaudeBot/1.0; +claudebot@anthropic.com)"
57.141.0.14 - - [12/Mar/2026:08:29:46 -0400] "GET /shop/tendriled/dolichocephalic013078261991.shtml?fileloc=/home/enciassa/public_html/wp-includes/functions.php&path=/home/enciassa/public_html/wp-includes HTTP/1.1" 200 328229 "-" "meta-externalagent/1.1 (+https://developers.facebook.com/docs/sharing/webmasters/crawler)"
216.73.216.44 - - [12/Mar/2026:08:29:47 -0400] "GET /?path=%2F%2Fvar%2Fsoftaculous%2Fhesk%2Fphp56 HTTP/1.1" 200 21706 "-" "Mozilla/5.0 AppleWebKit/537.36 (KHTML, like Gecko; compatible; ClaudeBot/1.0; +claudebot@anthropic.com)"
57.141.0.21 - - [12/Mar/2026:08:29:47 -0400] "GET /shop/tendriled/dolichocephalic013078261991.shtml?fileloc=/home/enciassa/public_html/wp-includes/media.php&path=/home/enciassa/public_html/wp-includes HTTP/1.1" 200 260506 "-" "meta-externalagent/1.1 (+https://developers.facebook.com/docs/sharing/webmasters/crawler)"
216.73.216.44 - - [12/Mar/2026:08:29:47 -0400] "GET /?path=%2F%2Fvar%2Fsoftaculous%2Fmagento17%2Fphp53 HTTP/1.1" 200 20336 "-" "Mozilla/5.0 AppleWebKit/537.36 (KHTML, like Gecko; compatible; ClaudeBot/1.0; +claudebot@anthropic.com)"
216.73.216.44 - - [12/Mar/2026:08:29:47 -0400] "GET /?fileloc=%2F%2Fvar%2Fsoftaculous%2Fpmwiki%2Fphp56%2Fimport.php&path=%2F%2Fvar%2Fsoftaculous%2Fpmwiki%2Fphp56 HTTP/1.1" 200 15929 "-" "Mozilla/5.0 AppleWebKit/537.36 (KHTML, like Gecko; compatible; ClaudeBot/1.0; +claudebot@anthropic.com)"
216.73.216.44 - - [12/Mar/2026:08:29:47 -0400] "GET /?fileloc=%2F%2Fvar%2Fsoftaculous%2Fprocwire%2Fphp56%2Fclone.php&path=%2F%2Fvar%2Fsoftaculous%2Fprocwire%2Fphp56 HTTP/1.1" 403 80300 "-" "Mozilla/5.0 AppleWebKit/537.36 (KHTML, like Gecko; compatible; ClaudeBot/1.0; +claudebot@anthropic.com)"
57.141.0.12 - - [12/Mar/2026:08:29:47 -0400] "GET /shop/tendriled/dolichocephalic013078261991.shtml?fileloc=/home/enciassa/public_html/wp-includes/block-bindings.php&path=/home/enciassa/public_html/wp-includes HTTP/1.1" 200 18335 "-" "meta-externalagent/1.1 (+https://developers.facebook.com/docs/sharing/webmasters/crawler)"
216.73.216.44 - - [12/Mar/2026:08:29:48 -0400] "GET /?path=%2F%2Fvar%2Fsoftaculous%2Ftangobb%2Fphp82 HTTP/1.1" 200 18797 "-" "Mozilla/5.0 AppleWebKit/537.36 (KHTML, like Gecko; compatible; ClaudeBot/1.0; +claudebot@anthropic.com)"
216.73.216.44 - - [12/Mar/2026:08:29:48 -0400] "GET /?path=%2F%2Fvar%2Fsoftaculous%2Fobcard%2Fphp81 HTTP/1.1" 200 18773 "-" "Mozilla/5.0 AppleWebKit/537.36 (KHTML, like Gecko; compatible; ClaudeBot/1.0; +claudebot@anthropic.com)"
216.73.216.44 - - [12/Mar/2026:08:29:48 -0400] "GET /?fileloc=%2F%2Fvar%2Fsoftaculous%2Fwebtrees%2Fphp71%2Fimport.php&path=%2F%2Fvar%2Fsoftaculous%2Fwebtrees%2Fphp71 HTTP/1.1" 200 17481 "-" "Mozilla/5.0 AppleWebKit/537.36 (KHTML, like Gecko; compatible; ClaudeBot/1.0; +claudebot@anthropic.com)"
57.141.0.8 - - [12/Mar/2026:08:29:48 -0400] "GET /shop/tendriled/dolichocephalic013078261991.shtml?fileloc=/home/enciassa/public_html/wp-includes/class-wp-block-editor-context.php&path=/home/enciassa/public_html/wp-includes HTTP/1.1" 200 13940 "-" "meta-externalagent/1.1 (+https://developers.facebook.com/docs/sharing/webmasters/crawler)"
216.73.216.44 - - [12/Mar/2026:08:29:48 -0400] "GET /?path=%2F%2Fvar%2Fsoftaculous%2Fmoodle27%2Fphp53 HTTP/1.1" 200 20315 "-" "Mozilla/5.0 AppleWebKit/537.36 (KHTML, like Gecko; compatible; ClaudeBot/1.0; +claudebot@anthropic.com)"
74.7.227.61 - - [12/Mar/2026:08:29:46 -0400] "GET /search.php?detail/150001638962 HTTP/1.1" 200 171096 "https://residenciassanantonio.com/search.php?detail/150001618919" "Mozilla/5.0 AppleWebKit/537.36 (KHTML, like Gecko; compatible; GPTBot/1.3; +https://openai.com/gptbot)"
216.73.216.44 - - [12/Mar/2026:08:29:48 -0400] "GET /?path=%2F%2Flib64%2Fdovecot%2Fdict HTTP/1.1" 200 14244 "-" "Mozilla/5.0 AppleWebKit/537.36 (KHTML, like Gecko; compatible; ClaudeBot/1.0; +claudebot@anthropic.com)"
57.141.0.41 - - [12/Mar/2026:08:29:48 -0400] "GET /shop/tendriled/dolichocephalic013078261991.shtml?fileloc=/home/enciassa/public_html/wp-includes/class-wpdb.php&path=/home/enciassa/public_html/wp-includes HTTP/1.1" 200 141198 "-" "meta-externalagent/1.1 (+https://developers.facebook.com/docs/sharing/webmasters/crawler)"
216.73.216.44 - - [12/Mar/2026:08:29:49 -0400] "GET /?fileloc=%2F%2Fvar%2Fsoftaculous%2Fphorum%2Fphp71%2Fclone.php&path=%2F%2Fvar%2Fsoftaculous%2Fphorum%2Fphp71 HTTP/1.1" 200 18145 "-" "Mozilla/5.0 AppleWebKit/537.36 (KHTML, like Gecko; compatible; ClaudeBot/1.0; +claudebot@anthropic.com)"
216.73.216.44 - - [12/Mar/2026:08:29:49 -0400] "GET /?fileloc=%2F%2Fvar%2Fsoftaculous%2Ftraq%2Fphp71%2Fclone.php&path=%2F%2Fvar%2Fsoftaculous%2Ftraq%2Fphp71 HTTP/1.1" 200 16998 "-" "Mozilla/5.0 AppleWebKit/537.36 (KHTML, like Gecko; compatible; ClaudeBot/1.0; +claudebot@anthropic.com)"
57.141.0.15 - - [12/Mar/2026:08:29:49 -0400] "GET /shop/tendriled/dolichocephalic013078261991.shtml?fileloc=/home/enciassa/public_html/wp-trackback.php&path=/home/enciassa/public_html HTTP/1.1" 200 18379 "-" "meta-externalagent/1.1 (+https://developers.facebook.com/docs/sharing/webmasters/crawler)"
216.73.216.44 - - [12/Mar/2026:08:29:49 -0400] "GET /?fileloc=%2F%2Fvar%2Fsoftaculous%2Foscom%2Fphp56%2Fedit.php&path=%2F%2Fvar%2Fsoftaculous%2Foscom%2Fphp56 HTTP/1.1" 200 18173 "-" "Mozilla/5.0 AppleWebKit/537.36 (KHTML, like Gecko; compatible; ClaudeBot/1.0; +claudebot@anthropic.com)"
216.73.216.44 - - [12/Mar/2026:08:29:49 -0400] "GET /?path=%2F%2Flib64%2Fperl5%2Fauto%2Fattributes HTTP/1.1" 403 80300 "-" "Mozilla/5.0 AppleWebKit/537.36 (KHTML, like Gecko; compatible; ClaudeBot/1.0; +claudebot@anthropic.com)"
216.73.216.44 - - [12/Mar/2026:08:29:49 -0400] "GET /?fileloc=%2F%2Fvar%2Fsoftaculous%2Frainloop%2Fphp81%2Fupgrade.php&path=%2F%2Fvar%2Fsoftaculous%2Frainloop%2Fphp81 HTTP/1.1" 200 16970 "-" "Mozilla/5.0 AppleWebKit/537.36 (KHTML, like Gecko; compatible; ClaudeBot/1.0; +claudebot@anthropic.com)"
216.73.216.44 - - [12/Mar/2026:08:29:49 -0400] "GET /?fileloc=%2F%2Fvar%2Fsoftaculous%2Fpmwiki%2Fphp81%2Finstall.php&path=%2F%2Fvar%2Fsoftaculous%2Fpmwiki%2Fphp81 HTTP/1.1" 200 17420 "-" "Mozilla/5.0 AppleWebKit/537.36 (KHTML, like Gecko; compatible; ClaudeBot/1.0; +claudebot@anthropic.com)"
57.141.0.70 - - [12/Mar/2026:08:29:49 -0400] "GET /shop/tendriled/dolichocephalic013078261991.shtml?fileloc=/home/enciassa/public_html/wp-includes/ms-network.php&path=/home/enciassa/public_html/wp-includes HTTP/1.1" 200 16400 "-" "meta-externalagent/1.1 (+https://developers.facebook.com/docs/sharing/webmasters/crawler)"
216.73.216.44 - - [12/Mar/2026:08:29:50 -0400] "GET /?path=%2F%2Fvar%2Fsoftaculous%2Fmoodle50%2Fphp56 HTTP/1.1" 403 80300 "-" "Mozilla/5.0 AppleWebKit/537.36 (KHTML, like Gecko; compatible; ClaudeBot/1.0; +claudebot@anthropic.com)"
216.73.216.44 - - [12/Mar/2026:08:29:50 -0400] "GET /?path=%2F%2Fvar%2Fsoftaculous%2Fmoodle42%2Fphp71 HTTP/1.1" 200 21815 "-" "Mozilla/5.0 AppleWebKit/537.36 (KHTML, like Gecko; compatible; ClaudeBot/1.0; +claudebot@anthropic.com)"
216.73.216.44 - - [12/Mar/2026:08:29:50 -0400] "GET /?fileloc=%2F%2Fvar%2Fsoftaculous%2Froundcube%2Fphp56%2Fclone.php&path=%2F%2Fvar%2Fsoftaculous%2Froundcube%2Fphp56 HTTP/1.1" 200 16877 "-" "Mozilla/5.0 AppleWebKit/537.36 (KHTML, like Gecko; compatible; ClaudeBot/1.0; +claudebot@anthropic.com)"
57.141.0.24 - - [12/Mar/2026:08:29:50 -0400] "GET /shop/tendriled/dolichocephalic013078261991.shtml?fileloc=/home/enciassa/public_html/wp-includes/class-wp-taxonomy.php&path=/home/enciassa/public_html/wp-includes HTTP/1.1" 200 33659 "-" "meta-externalagent/1.1 (+https://developers.facebook.com/docs/sharing/webmasters/crawler)"
216.73.216.44 - - [12/Mar/2026:08:29:50 -0400] "GET /?path=%2F%2Fvar%2Fimunify360%2Ffiles%2Fsigs HTTP/1.1" 403 80300 "-" "Mozilla/5.0 AppleWebKit/537.36 (KHTML, like Gecko; compatible; ClaudeBot/1.0; +claudebot@anthropic.com)"
216.73.216.44 - - [12/Mar/2026:08:29:50 -0400] "GET /?path=%2F%2Fvar%2Fsoftaculous%2Fmagento24%2Fphp53 HTTP/1.1" 200 20334 "-" "Mozilla/5.0 AppleWebKit/537.36 (KHTML, like Gecko; compatible; ClaudeBot/1.0; +claudebot@anthropic.com)"
216.73.216.44 - - [12/Mar/2026:08:29:50 -0400] "GET /?fileloc=%2F%2Fvar%2Fsoftaculous%2Fflatboard%2Fphp82%2Finstall.php&path=%2F%2Fvar%2Fsoftaculous%2Fflatboard%2Fphp82 HTTP/1.1" 200 21667 "-" "Mozilla/5.0 AppleWebKit/537.36 (KHTML, like Gecko; compatible; ClaudeBot/1.0; +claudebot@anthropic.com)"
57.141.0.7 - - [12/Mar/2026:08:29:50 -0400] "GET /shop/tendriled/dolichocephalic013078261991.shtml?path=/home/enciassa/public_html/wp-includes/SimplePie HTTP/1.1" 200 18927 "-" "meta-externalagent/1.1 (+https://developers.facebook.com/docs/sharing/webmasters/crawler)"
216.73.216.44 - - [12/Mar/2026:08:29:50 -0400] "GET /?path=%2F%2Fvar%2Fsoftaculous%2Flibre%2Fphp53 HTTP/1.1" 403 80300 "-" "Mozilla/5.0 AppleWebKit/537.36 (KHTML, like Gecko; compatible; ClaudeBot/1.0; +claudebot@anthropic.com)"
216.73.216.44 - - [12/Mar/2026:08:29:51 -0400] "GET /?fileloc=%2F%2Fvar%2Fsoftaculous%2Fleafpub%2Fphp71%2Finstall.php&path=%2F%2Fvar%2Fsoftaculous%2Fleafpub%2Fphp71 HTTP/1.1" 200 19711 "-" "Mozilla/5.0 AppleWebKit/537.36 (KHTML, like Gecko; compatible; ClaudeBot/1.0; +claudebot@anthropic.com)"
216.73.216.44 - - [12/Mar/2026:08:29:51 -0400] "GET /?fileloc=%2F%2Fvar%2Fsoftaculous%2Fchamilo%2Fphp53%2Fimport.php&path=%2F%2Fvar%2Fsoftaculous%2Fchamilo%2Fphp53 HTTP/1.1" 200 16274 "-" "Mozilla/5.0 AppleWebKit/537.36 (KHTML, like Gecko; compatible; ClaudeBot/1.0; +claudebot@anthropic.com)"
216.73.216.44 - - [12/Mar/2026:08:29:51 -0400] "GET /?fileloc=%2F%2Fvar%2Fsoftaculous%2Ftaskfreak%2Fphp53%2Finstall.php&path=%2F%2Fvar%2Fsoftaculous%2Ftaskfreak%2Fphp53 HTTP/1.1" 403 80300 "-" "Mozilla/5.0 AppleWebKit/537.36 (KHTML, like Gecko; compatible; ClaudeBot/1.0; +claudebot@anthropic.com)"
216.73.216.44 - - [12/Mar/2026:08:29:51 -0400] "GET /?fileloc=%2F%2Fvar%2Fsoftaculous%2Funb%2Fphp56%2Fimport.php&path=%2F%2Fvar%2Fsoftaculous%2Funb%2Fphp56 HTTP/1.1" 200 16614 "-" "Mozilla/5.0 AppleWebKit/537.36 (KHTML, like Gecko; compatible; ClaudeBot/1.0; +claudebot@anthropic.com)"
57.141.0.67 - - [12/Mar/2026:08:29:51 -0400] "GET /shop/tendriled/dolichocephalic013078261991.shtml?path=/home/enciassa/public_html/wp-includes/html-api HTTP/1.1" 200 39178 "-" "meta-externalagent/1.1 (+https://developers.facebook.com/docs/sharing/webmasters/crawler)"
216.73.216.44 - - [12/Mar/2026:08:29:51 -0400] "GET /?path=%2F%2Fvar%2Fsoftaculous%2Fmoodle43%2Fphp56 HTTP/1.1" 200 21814 "-" "Mozilla/5.0 AppleWebKit/537.36 (KHTML, like Gecko; compatible; ClaudeBot/1.0; +claudebot@anthropic.com)"
57.141.0.51 - - [12/Mar/2026:08:29:51 -0400] "GET /shop/tendriled/dolichocephalic013078261991.shtml?fileloc=/home/enciassa/public_html/wp-includes/class-http.php&path=/home/enciassa/public_html/wp-includes HTTP/1.1" 200 12872 "-" "meta-externalagent/1.1 (+https://developers.facebook.com/docs/sharing/webmasters/crawler)"
74.7.227.61 - - [12/Mar/2026:08:29:50 -0400] "GET /search.php?detail/260045326188 HTTP/1.1" 200 156815 "https://residenciassanantonio.com/search.php?detail/260045311103" "Mozilla/5.0 AppleWebKit/537.36 (KHTML, like Gecko; compatible; GPTBot/1.3; +https://openai.com/gptbot)"
216.73.216.44 - - [12/Mar/2026:08:29:51 -0400] "GET /?path=%2F%2Fvar%2Fsoftaculous%2Flogaholic%2Fphp82 HTTP/1.1" 403 80300 "-" "Mozilla/5.0 AppleWebKit/537.36 (KHTML, like Gecko; compatible; ClaudeBot/1.0; +claudebot@anthropic.com)"
216.73.216.44 - - [12/Mar/2026:08:29:51 -0400] "GET /?path=%2F%2Fvar%2Fsoftaculous%2Fpydio%2Fphp81 HTTP/1.1" 200 17273 "-" "Mozilla/5.0 AppleWebKit/537.36 (KHTML, like Gecko; compatible; ClaudeBot/1.0; +claudebot@anthropic.com)"
216.73.216.44 - - [12/Mar/2026:08:29:52 -0400] "GET /?path=%2F%2Fvar%2Fsoftaculous%2Fomekas%2Fphp81 HTTP/1.1" 200 20263 "-" "Mozilla/5.0 AppleWebKit/537.36 (KHTML, like Gecko; compatible; ClaudeBot/1.0; +claudebot@anthropic.com)"
57.141.0.58 - - [12/Mar/2026:08:29:52 -0400] "GET /shop/tendriled/dolichocephalic013078261991.shtml?fileloc=/home/enciassa/public_html/wp-includes/class-wp-styles.php&path=/home/enciassa/public_html/wp-includes HTTP/1.1" 200 24689 "-" "meta-externalagent/1.1 (+https://developers.facebook.com/docs/sharing/webmasters/crawler)"
216.73.216.44 - - [12/Mar/2026:08:29:52 -0400] "GET /?path=%2F%2Fvar%2Fsoftaculous%2Fwhmcs813%2Fphp71 HTTP/1.1" 200 20314 "-" "Mozilla/5.0 AppleWebKit/537.36 (KHTML, like Gecko; compatible; ClaudeBot/1.0; +claudebot@anthropic.com)"
216.73.216.44 - - [12/Mar/2026:08:29:52 -0400] "GET /?fileloc=%2F%2Fvar%2Fsoftaculous%2Fmantis%2Fphp71%2Fedit.php&path=%2F%2Fvar%2Fsoftaculous%2Fmantis%2Fphp71 HTTP/1.1" 200 19453 "-" "Mozilla/5.0 AppleWebKit/537.36 (KHTML, like Gecko; compatible; ClaudeBot/1.0; +claudebot@anthropic.com)"
57.141.0.62 - - [12/Mar/2026:08:29:52 -0400] "GET /shop/tendriled/dolichocephalic013078261991.shtml?fileloc=/home/enciassa/public_html/wp-includes/style-engine.php&path=/home/enciassa/public_html/wp-includes HTTP/1.1" 200 20704 "-" "meta-externalagent/1.1 (+https://developers.facebook.com/docs/sharing/webmasters/crawler)"
216.73.216.44 - - [12/Mar/2026:08:29:52 -0400] "GET /?fileloc=%2F%2Fvar%2Fsoftaculous%2Funb%2Fphp81%2Finstall.php&path=%2F%2Fvar%2Fsoftaculous%2Funb%2Fphp81 HTTP/1.1" 200 18506 "-" "Mozilla/5.0 AppleWebKit/537.36 (KHTML, like Gecko; compatible; ClaudeBot/1.0; +claudebot@anthropic.com)"
216.73.216.44 - - [12/Mar/2026:08:29:53 -0400] "GET /?path=%2F%2Fvar%2Fsoftaculous%2Fstripe%2Fphp81 HTTP/1.1" 200 18784 "-" "Mozilla/5.0 AppleWebKit/537.36 (KHTML, like Gecko; compatible; ClaudeBot/1.0; +claudebot@anthropic.com)"
216.73.216.44 - - [12/Mar/2026:08:29:53 -0400] "GET /?path=%2F%2Fvar%2Fsoftaculous%2Fespo%2Fphp71 HTTP/1.1" 200 20220 "-" "Mozilla/5.0 AppleWebKit/537.36 (KHTML, like Gecko; compatible; ClaudeBot/1.0; +claudebot@anthropic.com)"
216.73.216.44 - - [12/Mar/2026:08:29:53 -0400] "GET /?path=%2F%2Fvar%2Fsoftaculous%2Fmoodle44%2Fphp56 HTTP/1.1" 200 21810 "-" "Mozilla/5.0 AppleWebKit/537.36 (KHTML, like Gecko; compatible; ClaudeBot/1.0; +claudebot@anthropic.com)"
57.141.0.42 - - [12/Mar/2026:08:29:53 -0400] "GET /shop/tendriled/dolichocephalic013078261991.shtml?fileloc=/home/enciassa/public_html/wp-includes/class-wp-block-list.php&path=/home/enciassa/public_html/wp-includes HTTP/1.1" 200 17293 "-" "meta-externalagent/1.1 (+https://developers.facebook.com/docs/sharing/webmasters/crawler)"
216.73.216.44 - - [12/Mar/2026:08:29:53 -0400] "GET /?fileloc=%2F%2Fvar%2Fsoftaculous%2Fomp%2Fphp71%2Finstall.php&path=%2F%2Fvar%2Fsoftaculous%2Fomp%2Fphp71 HTTP/1.1" 200 22459 "-" "Mozilla/5.0 AppleWebKit/537.36 (KHTML, like Gecko; compatible; ClaudeBot/1.0; +claudebot@anthropic.com)"
216.73.216.44 - - [12/Mar/2026:08:29:53 -0400] "GET /?fileloc=%2F%2Fvar%2Fsoftaculous%2Fwebtrees%2Fphp82%2Finstall.php&path=%2F%2Fvar%2Fsoftaculous%2Fwebtrees%2Fphp82 HTTP/1.1" 200 17092 "-" "Mozilla/5.0 AppleWebKit/537.36 (KHTML, like Gecko; compatible; ClaudeBot/1.0; +claudebot@anthropic.com)"
57.141.0.30 - - [12/Mar/2026:08:29:53 -0400] "GET /shop/tendriled/dolichocephalic013078261991.shtml?fileloc=/home/enciassa/public_html/wp-includes/class-wp-walker.php&path=/home/enciassa/public_html/wp-includes HTTP/1.1" 200 26141 "-" "meta-externalagent/1.1 (+https://developers.facebook.com/docs/sharing/webmasters/crawler)"
57.141.0.29 - - [12/Mar/2026:08:29:54 -0400] "GET /shop/tendriled/dolichocephalic013078261991.shtml?fileloc=/home/enciassa/public_html/wp-includes/revision.php&path=/home/enciassa/public_html/wp-includes HTTP/1.1" 200 45490 "-" "meta-externalagent/1.1 (+https://developers.facebook.com/docs/sharing/webmasters/crawler)"
216.73.216.44 - - [12/Mar/2026:08:29:54 -0400] "GET /?path=%2F%2Fvar%2Fsoftaculous%2Flitforum%2Fphp56 HTTP/1.1" 200 20310 "-" "Mozilla/5.0 AppleWebKit/537.36 (KHTML, like Gecko; compatible; ClaudeBot/1.0; +claudebot@anthropic.com)"
216.73.216.44 - - [12/Mar/2026:08:29:54 -0400] "GET /?path=%2F%2Fvar%2Fsoftaculous%2Fwonder%2Fphp82 HTTP/1.1" 200 17297 "-" "Mozilla/5.0 AppleWebKit/537.36 (KHTML, like Gecko; compatible; ClaudeBot/1.0; +claudebot@anthropic.com)"
216.73.216.44 - - [12/Mar/2026:08:29:54 -0400] "GET /?path=%2F%2Fvar%2Fsoftaculous%2Fvue%2Fphp81 HTTP/1.1" 200 14294 "-" "Mozilla/5.0 AppleWebKit/537.36 (KHTML, like Gecko; compatible; ClaudeBot/1.0; +claudebot@anthropic.com)"
57.141.0.41 - - [12/Mar/2026:08:29:54 -0400] "GET /shop/tendriled/dolichocephalic013078261991.shtml?path=/home/enciassa/public_html/wp-includes/l10n HTTP/1.1" 200 22632 "-" "meta-externalagent/1.1 (+https://developers.facebook.com/docs/sharing/webmasters/crawler)"
216.73.216.44 - - [12/Mar/2026:08:29:55 -0400] "GET /?fileloc=%2F%2Fvar%2Fsoftaculous%2Ftaskfreak%2Fphp81%2Fclone.php&path=%2F%2Fvar%2Fsoftaculous%2Ftaskfreak%2Fphp81 HTTP/1.1" 200 15302 "-" "Mozilla/5.0 AppleWebKit/537.36 (KHTML, like Gecko; compatible; ClaudeBot/1.0; +claudebot@anthropic.com)"
216.73.216.44 - - [12/Mar/2026:08:29:55 -0400] "GET /?fileloc=%2F%2Fvar%2Fsoftaculous%2Fconc%2Fphp71%2Fedit.php&path=%2F%2Fvar%2Fsoftaculous%2Fconc%2Fphp71 HTTP/1.1" 200 18732 "-" "Mozilla/5.0 AppleWebKit/537.36 (KHTML, like Gecko; compatible; ClaudeBot/1.0; +claudebot@anthropic.com)"
216.73.216.44 - - [12/Mar/2026:08:29:55 -0400] "GET /?fileloc=%2F%2Fvar%2Fsoftaculous%2Fbugs%2Fphp71%2Fedit.php&path=%2F%2Fvar%2Fsoftaculous%2Fbugs%2Fphp71 HTTP/1.1" 200 17917 "-" "Mozilla/5.0 AppleWebKit/537.36 (KHTML, like Gecko; compatible; ClaudeBot/1.0; +claudebot@anthropic.com)"
216.73.216.44 - - [12/Mar/2026:08:29:55 -0400] "GET /?path=%2F%2Fvar%2Fsoftaculous%2Fmw19%2Fphp81 HTTP/1.1" 403 80301 "-" "Mozilla/5.0 AppleWebKit/537.36 (KHTML, like Gecko; compatible; ClaudeBot/1.0; +claudebot@anthropic.com)"
74.7.227.61 - - [12/Mar/2026:08:29:53 -0400] "GET /search.php?detail/150001637184 HTTP/1.1" 200 167144 "https://residenciassanantonio.com/search.php?detail/150001618919" "Mozilla/5.0 AppleWebKit/537.36 (KHTML, like Gecko; compatible; GPTBot/1.3; +https://openai.com/gptbot)"
57.141.0.14 - - [12/Mar/2026:08:29:55 -0400] "GET /shop/tendriled/dolichocephalic013078261991.shtml?fileloc=/home/enciassa/public_html/wp-includes/class-wp-dependency.php&path=/home/enciassa/public_html/wp-includes HTTP/1.1" 200 15141 "-" "meta-externalagent/1.1 (+https://developers.facebook.com/docs/sharing/webmasters/crawler)"
216.73.216.44 - - [12/Mar/2026:08:29:55 -0400] "GET /?path=%2F%2Fvar%2Fsoftaculous%2Fxmb%2Fphp82 HTTP/1.1" 200 20195 "-" "Mozilla/5.0 AppleWebKit/537.36 (KHTML, like Gecko; compatible; ClaudeBot/1.0; +claudebot@anthropic.com)"
216.73.216.44 - - [12/Mar/2026:08:29:55 -0400] "GET /?path=%2F%2Fvar%2Fsoftaculous%2Fhotaru%2Fphp53 HTTP/1.1" 200 17289 "-" "Mozilla/5.0 AppleWebKit/537.36 (KHTML, like Gecko; compatible; ClaudeBot/1.0; +claudebot@anthropic.com)"
216.73.216.44 - - [12/Mar/2026:08:29:55 -0400] "GET /?path=%2F%2Flib64%2Fdovecot%2Fold-stats HTTP/1.1" 200 12767 "-" "Mozilla/5.0 AppleWebKit/537.36 (KHTML, like Gecko; compatible; ClaudeBot/1.0; +claudebot@anthropic.com)"
57.141.0.54 - - [12/Mar/2026:08:29:55 -0400] "GET /shop/tendriled/dolichocephalic013078261991.shtml?fileloc=/home/enciassa/public_html/wp-includes/admin-bar.php&path=/home/enciassa/public_html/wp-includes HTTP/1.1" 200 58402 "-" "meta-externalagent/1.1 (+https://developers.facebook.com/docs/sharing/webmasters/crawler)"
216.73.216.44 - - [12/Mar/2026:08:29:56 -0400] "GET /?path=%2F%2Fvar%2Fsoftaculous%2Flepton%2Fphp53 HTTP/1.1" 200 20265 "-" "Mozilla/5.0 AppleWebKit/537.36 (KHTML, like Gecko; compatible; ClaudeBot/1.0; +claudebot@anthropic.com)"
216.73.216.44 - - [12/Mar/2026:08:29:56 -0400] "GET /?fileloc=%2F%2Fvar%2Fsoftaculous%2Fdrupal6%2Fphp71%2Finstall.php&path=%2F%2Fvar%2Fsoftaculous%2Fdrupal6%2Fphp71 HTTP/1.1" 403 80300 "-" "Mozilla/5.0 AppleWebKit/537.36 (KHTML, like Gecko; compatible; ClaudeBot/1.0; +claudebot@anthropic.com)"
216.73.216.44 - - [12/Mar/2026:08:29:56 -0400] "GET /?path=%2F%2Fvar%2Fsoftaculous%2Fwp59%2Flanguages HTTP/1.1" 200 12824 "-" "Mozilla/5.0 AppleWebKit/537.36 (KHTML, like Gecko; compatible; ClaudeBot/1.0; +claudebot@anthropic.com)"
57.141.0.7 - - [12/Mar/2026:08:29:56 -0400] "GET /shop/tendriled/dolichocephalic013078261991.shtml?fileloc=/home/enciassa/public_html/wp-includes/class-wp-tax-query.php&path=/home/enciassa/public_html/wp-includes HTTP/1.1" 200 34642 "-" "meta-externalagent/1.1 (+https://developers.facebook.com/docs/sharing/webmasters/crawler)"
216.73.216.44 - - [12/Mar/2026:08:29:56 -0400] "GET /?fileloc=%2F%2Fvar%2Fsoftaculous%2Fflatboard%2Fphp53%2Fextend.php&path=%2F%2Fvar%2Fsoftaculous%2Fflatboard%2Fphp53 HTTP/1.1" 403 80301 "-" "Mozilla/5.0 AppleWebKit/537.36 (KHTML, like Gecko; compatible; ClaudeBot/1.0; +claudebot@anthropic.com)"
57.141.0.19 - - [12/Mar/2026:08:29:56 -0400] "GET /shop/tendriled/dolichocephalic013078261991.shtml?fileloc=/home/enciassa/public_html/wp-includes/nav-menu-template.php&path=/home/enciassa/public_html/wp-includes HTTP/1.1" 200 41095 "-" "meta-externalagent/1.1 (+https://developers.facebook.com/docs/sharing/webmasters/crawler)"
216.73.216.44 - - [12/Mar/2026:08:29:56 -0400] "GET /?fileloc=%2F%2Fvar%2Fsoftaculous%2Fiwp%2Fphp82%2Fedit.php&path=%2F%2Fvar%2Fsoftaculous%2Fiwp%2Fphp82 HTTP/1.1" 200 17024 "-" "Mozilla/5.0 AppleWebKit/537.36 (KHTML, like Gecko; compatible; ClaudeBot/1.0; +claudebot@anthropic.com)"
216.73.216.44 - - [12/Mar/2026:08:29:56 -0400] "GET /?path=%2F%2Flib%2Fdracut%2Fmodules.d%2F04watchdog-modules HTTP/1.1" 200 14391 "-" "Mozilla/5.0 AppleWebKit/537.36 (KHTML, like Gecko; compatible; ClaudeBot/1.0; +claudebot@anthropic.com)"
216.73.216.44 - - [12/Mar/2026:08:29:57 -0400] "GET /?fileloc=%2F%2Fvar%2Fsoftaculous%2Farfooo%2Fphp71%2Fedit.php&path=%2F%2Fvar%2Fsoftaculous%2Farfooo%2Fphp71 HTTP/1.1" 200 18144 "-" "Mozilla/5.0 AppleWebKit/537.36 (KHTML, like Gecko; compatible; ClaudeBot/1.0; +claudebot@anthropic.com)"
216.73.216.44 - - [12/Mar/2026:08:29:57 -0400] "GET /?path=%2F%2Fvar%2Fsoftaculous%2Fwp66%2Flanguages HTTP/1.1" 200 12824 "-" "Mozilla/5.0 AppleWebKit/537.36 (KHTML, like Gecko; compatible; ClaudeBot/1.0; +claudebot@anthropic.com)"
57.141.0.13 - - [12/Mar/2026:08:29:57 -0400] "GET /shop/tendriled/dolichocephalic013078261991.shtml?fileloc=/home/enciassa/public_html/wp-includes/class-wp-session-tokens.php&path=/home/enciassa/public_html/wp-includes HTTP/1.1" 200 20051 "-" "meta-externalagent/1.1 (+https://developers.facebook.com/docs/sharing/webmasters/crawler)"
216.73.216.44 - - [12/Mar/2026:08:29:57 -0400] "GET /?path=%2F%2Fvar%2Fsoftaculous%2Feventsch%2Fphp81 HTTP/1.1" 200 18816 "-" "Mozilla/5.0 AppleWebKit/537.36 (KHTML, like Gecko; compatible; ClaudeBot/1.0; +claudebot@anthropic.com)"
216.73.216.44 - - [12/Mar/2026:08:29:57 -0400] "GET /?path=%2F%2Fvar%2Fsoftaculous%2Fkirby%2Fphp71 HTTP/1.1" 200 20254 "-" "Mozilla/5.0 AppleWebKit/537.36 (KHTML, like Gecko; compatible; ClaudeBot/1.0; +claudebot@anthropic.com)"
57.141.0.10 - - [12/Mar/2026:08:29:57 -0400] "GET /shop/tendriled/dolichocephalic013078261991.shtml?fileloc=/home/enciassa/public_html/wp-includes/theme-templates.php&path=/home/enciassa/public_html/wp-includes HTTP/1.1" 200 19258 "-" "meta-externalagent/1.1 (+https://developers.facebook.com/docs/sharing/webmasters/crawler)"
216.73.216.44 - - [12/Mar/2026:08:29:57 -0400] "GET /?path=%2F%2Fvar%2Fsoftaculous%2Fmoodle30%2Fphp56 HTTP/1.1" 200 21814 "-" "Mozilla/5.0 AppleWebKit/537.36 (KHTML, like Gecko; compatible; ClaudeBot/1.0; +claudebot@anthropic.com)"
216.73.216.44 - - [12/Mar/2026:08:29:58 -0400] "GET /?path=%2F%2Flib64%2Fperl5%2Fvendor_perl%2FJSON HTTP/1.1" 200 17121 "-" "Mozilla/5.0 AppleWebKit/537.36 (KHTML, like Gecko; compatible; ClaudeBot/1.0; +claudebot@anthropic.com)"
216.73.216.44 - - [12/Mar/2026:08:29:58 -0400] "GET /?fileloc=%2F%2Fvar%2Fsoftaculous%2Fdrupal8%2Fphp82%2Fextend.php&path=%2F%2Fvar%2Fsoftaculous%2Fdrupal8%2Fphp82 HTTP/1.1" 200 29403 "-" "Mozilla/5.0 AppleWebKit/537.36 (KHTML, like Gecko; compatible; ClaudeBot/1.0; +claudebot@anthropic.com)"
216.73.216.44 - - [12/Mar/2026:08:29:58 -0400] "GET /?fileloc=%2F%2Fvar%2Fsoftaculous%2Fdrupal89%2Fphp71%2Finstall.php&path=%2F%2Fvar%2Fsoftaculous%2Fdrupal89%2Fphp71 HTTP/1.1" 200 32473 "-" "Mozilla/5.0 AppleWebKit/537.36 (KHTML, like Gecko; compatible; ClaudeBot/1.0; +claudebot@anthropic.com)"
57.141.0.22 - - [12/Mar/2026:08:29:58 -0400] "GET /shop/tendriled/dolichocephalic013078261991.shtml?fileloc=/home/enciassa/public_html/wp-login.php&path=/home/enciassa/public_html HTTP/1.1" 200 12377 "-" "meta-externalagent/1.1 (+https://developers.facebook.com/docs/sharing/webmasters/crawler)"
216.73.216.44 - - [12/Mar/2026:08:29:58 -0400] "GET /?path=%2F%2Fvar%2Fsoftaculous%2Fmoodle20%2Fphp82 HTTP/1.1" 200 20315 "-" "Mozilla/5.0 AppleWebKit/537.36 (KHTML, like Gecko; compatible; ClaudeBot/1.0; +claudebot@anthropic.com)"
74.7.227.61 - - [12/Mar/2026:08:29:56 -0400] "GET /search.php?detail/275015701220 HTTP/1.1" 200 156292 "https://residenciassanantonio.com/search.php?detail/229042843843" "Mozilla/5.0 AppleWebKit/537.36 (KHTML, like Gecko; compatible; GPTBot/1.3; +https://openai.com/gptbot)"
216.73.216.44 - - [12/Mar/2026:08:29:58 -0400] "GET /?path=%2F%2Fvar%2Fsoftaculous%2Fwhmcs83%2Fphp56 HTTP/1.1" 200 20291 "-" "Mozilla/5.0 AppleWebKit/537.36 (KHTML, like Gecko; compatible; ClaudeBot/1.0; +claudebot@anthropic.com)"
57.141.0.44 - - [12/Mar/2026:08:29:58 -0400] "GET /shop/tendriled/dolichocephalic013078261991.shtml?fileloc=/home/enciassa/public_html/wp-includes/robots-template.php&path=/home/enciassa/public_html/wp-includes HTTP/1.1" 200 18054 "-" "meta-externalagent/1.1 (+https://developers.facebook.com/docs/sharing/webmasters/crawler)"
216.73.216.44 - - [12/Mar/2026:08:29:59 -0400] "GET /?path=%2F%2Fvar%2Fsoftaculous%2Fmagento17%2Fphp82 HTTP/1.1" 403 80300 "-" "Mozilla/5.0 AppleWebKit/537.36 (KHTML, like Gecko; compatible; ClaudeBot/1.0; +claudebot@anthropic.com)"
57.141.0.53 - - [12/Mar/2026:08:29:59 -0400] "GET /shop/tendriled/dolichocephalic013078261991.shtml?path=/home/enciassa/public_html/images/images HTTP/1.1" 200 18951 "-" "meta-externalagent/1.1 (+https://developers.facebook.com/docs/sharing/webmasters/crawler)"
216.73.216.44 - - [12/Mar/2026:08:29:59 -0400] "GET /?fileloc=%2F%2Fvar%2Fsoftaculous%2Fchamilo%2Fphp56%2Finstall.php&path=%2F%2Fvar%2Fsoftaculous%2Fchamilo%2Fphp56 HTTP/1.1" 200 20177 "-" "Mozilla/5.0 AppleWebKit/537.36 (KHTML, like Gecko; compatible; ClaudeBot/1.0; +claudebot@anthropic.com)"
216.73.216.44 - - [12/Mar/2026:08:29:59 -0400] "GET /?fileloc=%2F%2Fvar%2Fsoftaculous%2Fcommentics%2Fphp56%2Fedit.php&path=%2F%2Fvar%2Fsoftaculous%2Fcommentics%2Fphp56 HTTP/1.1" 200 18164 "-" "Mozilla/5.0 AppleWebKit/537.36 (KHTML, like Gecko; compatible; ClaudeBot/1.0; +claudebot@anthropic.com)"
216.73.216.44 - - [12/Mar/2026:08:29:59 -0400] "GET /?path=%2F%2Fvar%2Fsoftaculous%2Fmoodle27%2Fphp82 HTTP/1.1" 200 20315 "-" "Mozilla/5.0 AppleWebKit/537.36 (KHTML, like Gecko; compatible; ClaudeBot/1.0; +claudebot@anthropic.com)"
57.141.0.27 - - [12/Mar/2026:08:29:59 -0400] "GET /shop/tendriled/dolichocephalic013078261991.shtml?path=/home/enciassa/public_html/2929a HTTP/1.1" 200 15697 "-" "meta-externalagent/1.1 (+https://developers.facebook.com/docs/sharing/webmasters/crawler)"
216.73.216.44 - - [12/Mar/2026:08:30:00 -0400] "GET /?fileloc=%2F%2Fvar%2Fsoftaculous%2Fcpg%2Fphp71%2Fedit.php&path=%2F%2Fvar%2Fsoftaculous%2Fcpg%2Fphp71 HTTP/1.1" 200 19891 "-" "Mozilla/5.0 AppleWebKit/537.36 (KHTML, like Gecko; compatible; ClaudeBot/1.0; +claudebot@anthropic.com)"
216.73.216.44 - - [12/Mar/2026:08:29:59 -0400] "GET /?fileloc=%2F%2Fvar%2Fsoftaculous%2Fftools%2Fphp56%2Fimport.php&path=%2F%2Fvar%2Fsoftaculous%2Fftools%2Fphp56 HTTP/1.1" 200 16910 "-" "Mozilla/5.0 AppleWebKit/537.36 (KHTML, like Gecko; compatible; ClaudeBot/1.0; +claudebot@anthropic.com)"
57.141.0.39 - - [12/Mar/2026:08:30:00 -0400] "GET /shop/tendriled/dolichocephalic013078261991.shtml?fileloc=/home/enciassa/public_html/wp-blog-header.php&path=/home/enciassa/public_html HTTP/1.1" 200 12904 "-" "meta-externalagent/1.1 (+https://developers.facebook.com/docs/sharing/webmasters/crawler)"
216.73.216.44 - - [12/Mar/2026:08:30:00 -0400] "GET /?fileloc=%2F%2Fvar%2Fsoftaculous%2Fdrupal9%2Fphp81%2Fedit.php&path=%2F%2Fvar%2Fsoftaculous%2Fdrupal9%2Fphp81 HTTP/1.1" 200 17421 "-" "Mozilla/5.0 AppleWebKit/537.36 (KHTML, like Gecko; compatible; ClaudeBot/1.0; +claudebot@anthropic.com)"
216.73.216.44 - - [12/Mar/2026:08:30:00 -0400] "GET /?path=%2F%2Fvar%2Fsoftaculous%2Fmoodle38%2Fphp53 HTTP/1.1" 200 20313 "-" "Mozilla/5.0 AppleWebKit/537.36 (KHTML, like Gecko; compatible; ClaudeBot/1.0; +claudebot@anthropic.com)"
216.73.216.44 - - [12/Mar/2026:08:30:00 -0400] "GET /?fileloc=%2F%2Fvar%2Fsoftaculous%2Fdotcl%2Fphp81%2Fedit.php&path=%2F%2Fvar%2Fsoftaculous%2Fdotcl%2Fphp81 HTTP/1.1" 200 18455 "-" "Mozilla/5.0 AppleWebKit/537.36 (KHTML, like Gecko; compatible; ClaudeBot/1.0; +claudebot@anthropic.com)"
57.141.0.3 - - [12/Mar/2026:08:30:00 -0400] "GET /shop/tendriled/dolichocephalic013078261991.shtml?fileloc=/home/enciassa/public_html/dtyh.php&path=/home/enciassa/public_html HTTP/1.1" 200 16092 "-" "meta-externalagent/1.1 (+https://developers.facebook.com/docs/sharing/webmasters/crawler)"
216.73.216.44 - - [12/Mar/2026:08:30:01 -0400] "GET /?fileloc=%2F%2Fvar%2Fsoftaculous%2Fprocwire%2Fphp71%2Finstall.php&path=%2F%2Fvar%2Fsoftaculous%2Fprocwire%2Fphp71 HTTP/1.1" 200 25186 "-" "Mozilla/5.0 AppleWebKit/537.36 (KHTML, like Gecko; compatible; ClaudeBot/1.0; +claudebot@anthropic.com)"
216.73.216.44 - - [12/Mar/2026:08:30:01 -0400] "GET /?fileloc=%2F%2Fvar%2Fsoftaculous%2Flychee%2Fphp53%2Finstall.php&path=%2F%2Fvar%2Fsoftaculous%2Flychee%2Fphp53 HTTP/1.1" 200 18418 "-" "Mozilla/5.0 AppleWebKit/537.36 (KHTML, like Gecko; compatible; ClaudeBot/1.0; +claudebot@anthropic.com)"
216.73.216.44 - - [12/Mar/2026:08:30:01 -0400] "GET /?fileloc=%2F%2Fvar%2Fsoftaculous%2Fwebtrees%2Fphp53%2Fextend.php&path=%2F%2Fvar%2Fsoftaculous%2Fwebtrees%2Fphp53 HTTP/1.1" 200 21720 "-" "Mozilla/5.0 AppleWebKit/537.36 (KHTML, like Gecko; compatible; ClaudeBot/1.0; +claudebot@anthropic.com)"
57.141.0.51 - - [12/Mar/2026:08:30:01 -0400] "GET /shop/tendriled/dolichocephalic013078261991.shtml?fileloc=/home/enciassa/public_html/wp-includes/class-wp-fatal-error-handler.php&path=/home/enciassa/public_html/wp-includes HTTP/1.1" 200 21139 "-" "meta-externalagent/1.1 (+https://developers.facebook.com/docs/sharing/webmasters/crawler)"
216.73.216.44 - - [12/Mar/2026:08:30:01 -0400] "GET /?path=%2F%2Fvar%2Fsoftaculous%2Fsitemagic%2Fphp53 HTTP/1.1" 200 18839 "-" "Mozilla/5.0 AppleWebKit/537.36 (KHTML, like Gecko; compatible; ClaudeBot/1.0; +claudebot@anthropic.com)"
216.73.216.44 - - [12/Mar/2026:08:30:01 -0400] "GET /?fileloc=%2F%2Fvar%2Fsoftaculous%2Fsaurus%2Fphp82%2Fclone.php&path=%2F%2Fvar%2Fsoftaculous%2Fsaurus%2Fphp82 HTTP/1.1" 403 80301 "-" "Mozilla/5.0 AppleWebKit/537.36 (KHTML, like Gecko; compatible; ClaudeBot/1.0; +claudebot@anthropic.com)"
216.73.216.44 - - [12/Mar/2026:08:30:01 -0400] "GET /?path=%2F%2Fvar%2Fsoftaculous%2Fpresta14%2Fphp81 HTTP/1.1" 200 20315 "-" "Mozilla/5.0 AppleWebKit/537.36 (KHTML, like Gecko; compatible; ClaudeBot/1.0; +claudebot@anthropic.com)"
57.141.0.28 - - [12/Mar/2026:08:30:02 -0400] "GET /shop/tendriled/dolichocephalic013078261991.shtml?fileloc=/home/enciassa/public_html/wp-includes/class-wp-url-pattern-prefixer.php&path=/home/enciassa/public_html/wp-includes HTTP/1.1" 200 17559 "-" "meta-externalagent/1.1 (+https://developers.facebook.com/docs/sharing/webmasters/crawler)"
74.7.227.61 - - [12/Mar/2026:08:30:00 -0400] "GET /search.php?detail/0070325727047 HTTP/1.1" 200 171611 "https://residenciassanantonio.com/search.php?detail/260045311103" "Mozilla/5.0 AppleWebKit/537.36 (KHTML, like Gecko; compatible; GPTBot/1.3; +https://openai.com/gptbot)"
216.73.216.44 - - [12/Mar/2026:08:30:02 -0400] "GET /?path=%2F%2Fvar%2Fsoftaculous%2Fjoomla310%2Fphp56 HTTP/1.1" 200 23345 "-" "Mozilla/5.0 AppleWebKit/537.36 (KHTML, like Gecko; compatible; ClaudeBot/1.0; +claudebot@anthropic.com)"
216.73.216.44 - - [12/Mar/2026:08:30:02 -0400] "GET /?fileloc=%2F%2Fvar%2Fsoftaculous%2Fftools%2Fphp81%2Finstall.php&path=%2F%2Fvar%2Fsoftaculous%2Fftools%2Fphp81 HTTP/1.1" 200 18320 "-" "Mozilla/5.0 AppleWebKit/537.36 (KHTML, like Gecko; compatible; ClaudeBot/1.0; +claudebot@anthropic.com)"
216.73.216.44 - - [12/Mar/2026:08:30:02 -0400] "GET /?path=%2F%2Fvar%2Fsoftaculous%2Fmagento24%2Fphp82 HTTP/1.1" 200 20329 "-" "Mozilla/5.0 AppleWebKit/537.36 (KHTML, like Gecko; compatible; ClaudeBot/1.0; +claudebot@anthropic.com)"
216.73.216.44 - - [12/Mar/2026:08:30:02 -0400] "GET /?path=%2F%2Fvar%2Fsoftaculous%2Fbagisto%2Fphp53 HTTP/1.1" 200 20286 "-" "Mozilla/5.0 AppleWebKit/537.36 (KHTML, like Gecko; compatible; ClaudeBot/1.0; +claudebot@anthropic.com)"
57.141.0.12 - - [12/Mar/2026:08:30:02 -0400] "GET /shop/tendriled/dolichocephalic013078261991.shtml?fileloc=/home/enciassa/public_html/wp-includes/class-oembed.php&path=/home/enciassa/public_html/wp-includes HTTP/1.1" 200 12908 "-" "meta-externalagent/1.1 (+https://developers.facebook.com/docs/sharing/webmasters/crawler)"
57.141.0.60 - - [12/Mar/2026:08:30:03 -0400] "GET /shop/gibbeting/guardfish061887047133.shtml?fileloc=/home/enciassa/public_html/wp-includes/class-wp-date-query.php&path=/home/enciassa/public_html/wp-includes HTTP/1.1" 200 53138 "-" "meta-externalagent/1.1 (+https://developers.facebook.com/docs/sharing/webmasters/crawler)"
57.141.0.67 - - [12/Mar/2026:08:30:02 -0400] "GET /shop/tendriled/dolichocephalic013078261991.shtml?path=/home/enciassa/public_html/wp-includes/blocks HTTP/1.1" 200 268486 "-" "meta-externalagent/1.1 (+https://developers.facebook.com/docs/sharing/webmasters/crawler)"
216.73.216.44 - - [12/Mar/2026:08:30:03 -0400] "GET /?path=%2F%2Flib%2Fgcc%2Fx86_64-redhat-linux HTTP/1.1" 200 14111 "-" "Mozilla/5.0 AppleWebKit/537.36 (KHTML, like Gecko; compatible; ClaudeBot/1.0; +claudebot@anthropic.com)"
216.73.216.44 - - [12/Mar/2026:08:30:03 -0400] "GET /?fileloc=%2F%2Fvar%2Fsoftaculous%2Fdotcl%2Fphp71%2Fextend.php&path=%2F%2Fvar%2Fsoftaculous%2Fdotcl%2Fphp71 HTTP/1.1" 200 27658 "-" "Mozilla/5.0 AppleWebKit/537.36 (KHTML, like Gecko; compatible; ClaudeBot/1.0; +claudebot@anthropic.com)"
57.141.0.59 - - [12/Mar/2026:08:30:03 -0400] "GET /shop/gibbeting/guardfish061887047133.shtml?fileloc=/home/enciassa/public_html/wp-includes/ms-network.php&path=/home/enciassa/public_html/wp-includes HTTP/1.1" 200 16400 "-" "meta-externalagent/1.1 (+https://developers.facebook.com/docs/sharing/webmasters/crawler)"
216.73.216.44 - - [12/Mar/2026:08:30:04 -0400] "GET /?path=%2F%2Fvar%2Fsoftaculous%2Flibre%2Fphp82 HTTP/1.1" 200 17273 "-" "Mozilla/5.0 AppleWebKit/537.36 (KHTML, like Gecko; compatible; ClaudeBot/1.0; +claudebot@anthropic.com)"
216.73.216.44 - - [12/Mar/2026:08:30:04 -0400] "GET /?path=%2F%2Fvar%2Fsoftaculous%2Fxcloner%2Fphp53 HTTP/1.1" 200 18793 "-" "Mozilla/5.0 AppleWebKit/537.36 (KHTML, like Gecko; compatible; ClaudeBot/1.0; +claudebot@anthropic.com)"
216.73.216.44 - - [12/Mar/2026:08:30:04 -0400] "GET /?fileloc=%2F%2Fvar%2Fsoftaculous%2Fwolf%2Fphp82%2Fedit.php&path=%2F%2Fvar%2Fsoftaculous%2Fwolf%2Fphp82 HTTP/1.1" 200 17125 "-" "Mozilla/5.0 AppleWebKit/537.36 (KHTML, like Gecko; compatible; ClaudeBot/1.0; +claudebot@anthropic.com)"
216.73.216.44 - - [12/Mar/2026:08:30:04 -0400] "GET /?path=%2F%2Fvar%2Fsoftaculous%2Fpurifier%2Fphp56 HTTP/1.1" 200 15828 "-" "Mozilla/5.0 AppleWebKit/537.36 (KHTML, like Gecko; compatible; ClaudeBot/1.0; +claudebot@anthropic.com)"
57.141.0.25 - - [12/Mar/2026:08:30:04 -0400] "GET /shop/tendriled/dolichocephalic013078261991.shtml?fileloc=/home/enciassa/public_html/wp-includes/class-wp-block-templates-registry.php&path=/home/enciassa/public_html/wp-includes HTTP/1.1" 200 20281 "-" "meta-externalagent/1.1 (+https://developers.facebook.com/docs/sharing/webmasters/crawler)"
57.141.0.37 - - [12/Mar/2026:08:30:05 -0400] "GET /shop/tendriled/dolichocephalic013078261991.shtml?fileloc=/home/enciassa/public_html/wp-includes/class-wp-image-editor-gd.php&path=/home/enciassa/public_html/wp-includes HTTP/1.1" 200 34486 "-" "meta-externalagent/1.1 (+https://developers.facebook.com/docs/sharing/webmasters/crawler)"
216.73.216.44 - - [12/Mar/2026:08:30:05 -0400] "GET /?fileloc=%2F%2Fvar%2Fsoftaculous%2Fhtmly%2Fphp82%2Fedit.php&path=%2F%2Fvar%2Fsoftaculous%2Fhtmly%2Fphp82 HTTP/1.1" 200 16262 "-" "Mozilla/5.0 AppleWebKit/537.36 (KHTML, like Gecko; compatible; ClaudeBot/1.0; +claudebot@anthropic.com)"
216.73.216.44 - - [12/Mar/2026:08:30:05 -0400] "GET /?path=%2Fhome%2Fenciassa%2Fwww%2Fwp-content%2Fplugins%2Fwordpress-seo%2Fsrc%2Fcontext HTTP/1.1" 200 16435 "-" "Mozilla/5.0 AppleWebKit/537.36 (KHTML, like Gecko; compatible; ClaudeBot/1.0; +claudebot@anthropic.com)"
216.73.216.44 - - [12/Mar/2026:08:30:05 -0400] "GET /?fileloc=%2F%2Fvar%2Fsoftaculous%2Froundcube%2Fphp71%2Finstall.php&path=%2F%2Fvar%2Fsoftaculous%2Froundcube%2Fphp71 HTTP/1.1" 200 21231 "-" "Mozilla/5.0 AppleWebKit/537.36 (KHTML, like Gecko; compatible; ClaudeBot/1.0; +claudebot@anthropic.com)"
57.141.0.72 - - [12/Mar/2026:08:30:05 -0400] "GET /shop/tendriled/dolichocephalic013078261991.shtml?fileloc=/home/enciassa/public_html/wp-includes/script-loader.php&path=/home/enciassa/public_html/wp-includes HTTP/1.1" 200 174486 "-" "meta-externalagent/1.1 (+https://developers.facebook.com/docs/sharing/webmasters/crawler)"
57.141.0.43 - - [12/Mar/2026:08:30:05 -0400] "GET /shop/tendriled/dolichocephalic013078261991.shtml?fileloc=/home/enciassa/public_html/wp-includes/default-constants.php&path=/home/enciassa/public_html/wp-includes HTTP/1.1" 200 25457 "-" "meta-externalagent/1.1 (+https://developers.facebook.com/docs/sharing/webmasters/crawler)"
216.73.216.44 - - [12/Mar/2026:08:30:05 -0400] "GET /?fileloc=%2F%2Fvar%2Fsoftaculous%2Fnextcloud%2Fphp56%2Fimport.php&path=%2F%2Fvar%2Fsoftaculous%2Fnextcloud%2Fphp56 HTTP/1.1" 200 17080 "-" "Mozilla/5.0 AppleWebKit/537.36 (KHTML, like Gecko; compatible; ClaudeBot/1.0; +claudebot@anthropic.com)"
216.73.216.44 - - [12/Mar/2026:08:30:06 -0400] "GET /?fileloc=%2F%2Fvar%2Fsoftaculous%2Fxoops%2Fphp53%2Fedit.php&path=%2F%2Fvar%2Fsoftaculous%2Fxoops%2Fphp53 HTTP/1.1" 200 17204 "-" "Mozilla/5.0 AppleWebKit/537.36 (KHTML, like Gecko; compatible; ClaudeBot/1.0; +claudebot@anthropic.com)"
