57.141.0.16 - - [12/Mar/2026:08:35:44 -0400] "GET /shop/deranged/necessitated011272590608.shtml HTTP/1.1" 200 80300 "-" "meta-externalagent/1.1 (+https://developers.facebook.com/docs/sharing/webmasters/crawler)"
216.73.216.44 - - [12/Mar/2026:08:35:44 -0400] "GET /?fileloc=%2F%2Fvar%2Fsoftaculous%2Fwp58%2Fphp71%2Fclone.php&path=%2F%2Fvar%2Fsoftaculous%2Fwp58%2Fphp71 HTTP/1.1" 403 80300 "-" "Mozilla/5.0 AppleWebKit/537.36 (KHTML, like Gecko; compatible; ClaudeBot/1.0; +claudebot@anthropic.com)"
216.73.216.44 - - [12/Mar/2026:08:35:44 -0400] "GET /?fileloc=%2F%2Fvar%2Fsoftaculous%2Fapprain%2Fphp71%2Fimport.php&path=%2F%2Fvar%2Fsoftaculous%2Fapprain%2Fphp71 HTTP/1.1" 200 17153 "-" "Mozilla/5.0 AppleWebKit/537.36 (KHTML, like Gecko; compatible; ClaudeBot/1.0; +claudebot@anthropic.com)"
216.73.216.44 - - [12/Mar/2026:08:35:45 -0400] "GET /?path=%2F%2Fvar%2Fsoftaculous%2Farastta%2Fphp82 HTTP/1.1" 200 18792 "-" "Mozilla/5.0 AppleWebKit/537.36 (KHTML, like Gecko; compatible; ClaudeBot/1.0; +claudebot@anthropic.com)"
216.73.216.44 - - [12/Mar/2026:08:35:45 -0400] "GET /?fileloc=%2F%2Fvar%2Fsoftaculous%2Ffaveo%2Fphp71%2Finstall.php&path=%2F%2Fvar%2Fsoftaculous%2Ffaveo%2Fphp71 HTTP/1.1" 200 21726 "-" "Mozilla/5.0 AppleWebKit/537.36 (KHTML, like Gecko; compatible; ClaudeBot/1.0; +claudebot@anthropic.com)"
216.73.216.44 - - [12/Mar/2026:08:35:45 -0400] "GET /?path=%2F%2Fvar%2Fsoftaculous%2Fvtiger72%2Fphp81 HTTP/1.1" 200 20315 "-" "Mozilla/5.0 AppleWebKit/537.36 (KHTML, like Gecko; compatible; ClaudeBot/1.0; +claudebot@anthropic.com)"
57.141.0.56 - - [12/Mar/2026:08:35:45 -0400] "GET /?c=1618674039 HTTP/1.1" 200 80300 "-" "meta-externalagent/1.1 (+https://developers.facebook.com/docs/sharing/webmasters/crawler)"
74.7.227.61 - - [12/Mar/2026:08:35:42 -0400] "GET /search.php?detail/003035116359 HTTP/1.1" 200 155928 "https://residenciassanantonio.com/search.php?detail/0030330459955" "Mozilla/5.0 AppleWebKit/537.36 (KHTML, like Gecko; compatible; GPTBot/1.3; +https://openai.com/gptbot)"
57.141.0.22 - - [12/Mar/2026:08:35:45 -0400] "GET /shop/bisector/minuted053091013326.shtml HTTP/1.1" 200 80300 "-" "meta-externalagent/1.1 (+https://developers.facebook.com/docs/sharing/webmasters/crawler)"
216.73.216.44 - - [12/Mar/2026:08:35:45 -0400] "GET /?fileloc=%2F%2Fvar%2Fsoftaculous%2Fuikit%2Fphp82%2Finstall.php&path=%2F%2Fvar%2Fsoftaculous%2Fuikit%2Fphp82 HTTP/1.1" 200 16796 "-" "Mozilla/5.0 AppleWebKit/537.36 (KHTML, like Gecko; compatible; ClaudeBot/1.0; +claudebot@anthropic.com)"
216.73.216.44 - - [12/Mar/2026:08:35:45 -0400] "GET /?fileloc=%2F%2Fvar%2Fsoftaculous%2Frainloop%2Finstall.php&path=%2F%2Fvar%2Fsoftaculous%2Frainloop HTTP/1.1" 200 21235 "-" "Mozilla/5.0 AppleWebKit/537.36 (KHTML, like Gecko; compatible; ClaudeBot/1.0; +claudebot@anthropic.com)"
216.73.216.44 - - [12/Mar/2026:08:35:45 -0400] "GET /?fileloc=%2F%2Fvar%2Fsoftaculous%2Fdrupal9%2Fphp81%2Fimport.php&path=%2F%2Fvar%2Fsoftaculous%2Fdrupal9%2Fphp81 HTTP/1.1" 200 18611 "-" "Mozilla/5.0 AppleWebKit/537.36 (KHTML, like Gecko; compatible; ClaudeBot/1.0; +claudebot@anthropic.com)"
216.73.216.44 - - [12/Mar/2026:08:35:45 -0400] "GET /?fileloc=%2F%2Fvar%2Fsoftaculous%2Fwebtrees%2Fphp82%2Fupgrade.php&path=%2F%2Fvar%2Fsoftaculous%2Fwebtrees%2Fphp82 HTTP/1.1" 200 22405 "-" "Mozilla/5.0 AppleWebKit/537.36 (KHTML, like Gecko; compatible; ClaudeBot/1.0; +claudebot@anthropic.com)"
216.73.216.44 - - [12/Mar/2026:08:35:46 -0400] "GET /?fileloc=%2F%2Fvar%2Fsoftaculous%2Fmyadmin%2Fphp71%2Fimport.php&path=%2F%2Fvar%2Fsoftaculous%2Fmyadmin%2Fphp71 HTTP/1.1" 200 17246 "-" "Mozilla/5.0 AppleWebKit/537.36 (KHTML, like Gecko; compatible; ClaudeBot/1.0; +claudebot@anthropic.com)"
216.73.216.44 - - [12/Mar/2026:08:35:46 -0400] "GET /?fileloc=%2F%2Fvar%2Fsoftaculous%2Froundcube%2Fphp71%2Fupgrade.php&path=%2F%2Fvar%2Fsoftaculous%2Froundcube%2Fphp71 HTTP/1.1" 200 21320 "-" "Mozilla/5.0 AppleWebKit/537.36 (KHTML, like Gecko; compatible; ClaudeBot/1.0; +claudebot@anthropic.com)"
57.141.0.3 - - [12/Mar/2026:08:35:46 -0400] "GET /shop/xanthoxylene/caprovis022196897035.shtml HTTP/1.1" 200 80300 "-" "meta-externalagent/1.1 (+https://developers.facebook.com/docs/sharing/webmasters/crawler)"
216.73.216.44 - - [12/Mar/2026:08:35:46 -0400] "GET /?fileloc=%2F%2Fvar%2Fsoftaculous%2Fphpjs%2Ffileindex.php&path=%2F%2Fvar%2Fsoftaculous%2Fphpjs HTTP/1.1" 200 12379 "-" "Mozilla/5.0 AppleWebKit/537.36 (KHTML, like Gecko; compatible; ClaudeBot/1.0; +claudebot@anthropic.com)"
57.141.0.7 - - [12/Mar/2026:08:35:46 -0400] "GET /shop/hypogene/harnessed062256384966.shtml?path=/home/enciassa/public_html/wp-includes/images HTTP/1.1" 200 61421 "-" "meta-externalagent/1.1 (+https://developers.facebook.com/docs/sharing/webmasters/crawler)"
216.73.216.44 - - [12/Mar/2026:08:35:46 -0400] "GET /?fileloc=%2F%2Fvar%2Fsoftaculous%2Fftools%2Fphp81%2Fupgrade.php&path=%2F%2Fvar%2Fsoftaculous%2Fftools%2Fphp81 HTTP/1.1" 200 16221 "-" "Mozilla/5.0 AppleWebKit/537.36 (KHTML, like Gecko; compatible; ClaudeBot/1.0; +claudebot@anthropic.com)"
216.73.216.44 - - [12/Mar/2026:08:35:46 -0400] "GET /?fileloc=%2F%2Fvar%2Fsoftaculous%2Fsqlite%2Finstall.js&path=%2F%2Fvar%2Fsoftaculous%2Fsqlite HTTP/1.1" 200 13322 "-" "Mozilla/5.0 AppleWebKit/537.36 (KHTML, like Gecko; compatible; ClaudeBot/1.0; +claudebot@anthropic.com)"
216.73.216.44 - - [12/Mar/2026:08:35:46 -0400] "GET /?fileloc=%2F%2Fvar%2Fsoftaculous%2Ffcms%2Fphp81%2Fclone.php&path=%2F%2Fvar%2Fsoftaculous%2Ffcms%2Fphp81 HTTP/1.1" 200 17005 "-" "Mozilla/5.0 AppleWebKit/537.36 (KHTML, like Gecko; compatible; ClaudeBot/1.0; +claudebot@anthropic.com)"
57.141.0.58 - - [12/Mar/2026:08:35:46 -0400] "GET /shop/hypogene/harnessed062256384966.shtml?path=/home/enciassa/public_html/wp-includes/sitemaps HTTP/1.1" 200 24187 "-" "meta-externalagent/1.1 (+https://developers.facebook.com/docs/sharing/webmasters/crawler)"
216.73.216.44 - - [12/Mar/2026:08:35:46 -0400] "GET /?fileloc=%2F%2Fvar%2Fsoftaculous%2Fcpg%2Fphp82%2Finstall.php&path=%2F%2Fvar%2Fsoftaculous%2Fcpg%2Fphp82 HTTP/1.1" 403 80300 "-" "Mozilla/5.0 AppleWebKit/537.36 (KHTML, like Gecko; compatible; ClaudeBot/1.0; +claudebot@anthropic.com)"
216.73.216.44 - - [12/Mar/2026:08:35:47 -0400] "GET /?fileloc=%2F%2Fvar%2Fsoftaculous%2Fpostfix%2Fphp53%2Fimport.php&path=%2F%2Fvar%2Fsoftaculous%2Fpostfix%2Fphp53 HTTP/1.1" 200 16026 "-" "Mozilla/5.0 AppleWebKit/537.36 (KHTML, like Gecko; compatible; ClaudeBot/1.0; +claudebot@anthropic.com)"
216.73.216.44 - - [12/Mar/2026:08:35:47 -0400] "GET /?fileloc=%2F%2Fvar%2Fsoftaculous%2Flayerbb%2Fphp71%2Fclone.php&path=%2F%2Fvar%2Fsoftaculous%2Flayerbb%2Fphp71 HTTP/1.1" 403 80300 "-" "Mozilla/5.0 AppleWebKit/537.36 (KHTML, like Gecko; compatible; ClaudeBot/1.0; +claudebot@anthropic.com)"
57.141.0.37 - - [12/Mar/2026:08:35:47 -0400] "GET /shop/hypogene/harnessed062256384966.shtml?path=/home/enciassa/public_html/wp-includes/rest-api HTTP/1.1" 200 23519 "-" "meta-externalagent/1.1 (+https://developers.facebook.com/docs/sharing/webmasters/crawler)"
216.73.216.44 - - [12/Mar/2026:08:35:47 -0400] "GET /?fileloc=%2F%2Fvar%2Fsoftaculous%2Fdrupal6%2Fphp71%2Fupgrade.php&path=%2F%2Fvar%2Fsoftaculous%2Fdrupal6%2Fphp71 HTTP/1.1" 200 16846 "-" "Mozilla/5.0 AppleWebKit/537.36 (KHTML, like Gecko; compatible; ClaudeBot/1.0; +claudebot@anthropic.com)"
216.73.216.44 - - [12/Mar/2026:08:35:47 -0400] "GET /?fileloc=%2F%2Fvar%2Fsoftaculous%2Fmodx%2Fphp71%2Fextend.php&path=%2F%2Fvar%2Fsoftaculous%2Fmodx%2Fphp71 HTTP/1.1" 200 27921 "-" "Mozilla/5.0 AppleWebKit/537.36 (KHTML, like Gecko; compatible; ClaudeBot/1.0; +claudebot@anthropic.com)"
216.73.216.44 - - [12/Mar/2026:08:35:47 -0400] "GET /?fileloc=%2F%2Fvar%2Fsoftaculous%2Fforma%2Fphp71%2Fimport.php&path=%2F%2Fvar%2Fsoftaculous%2Fforma%2Fphp71 HTTP/1.1" 403 80300 "-" "Mozilla/5.0 AppleWebKit/537.36 (KHTML, like Gecko; compatible; ClaudeBot/1.0; +claudebot@anthropic.com)"
216.73.216.44 - - [12/Mar/2026:08:35:47 -0400] "GET /?fileloc=%2F%2Fvar%2Fsoftaculous%2Fangular%2Fnotes.txt&path=%2F%2Fvar%2Fsoftaculous%2Fangular HTTP/1.1" 200 12525 "-" "Mozilla/5.0 AppleWebKit/537.36 (KHTML, like Gecko; compatible; ClaudeBot/1.0; +claudebot@anthropic.com)"
57.141.0.66 - - [12/Mar/2026:08:35:48 -0400] "GET /shop/hypogene/harnessed062256384966.shtml?fileloc=/home/enciassa/public_html/wp-includes/class-wp-text-diff-renderer-inline.php&path=/home/enciassa/public_html/wp-includes HTTP/1.1" 200 13518 "-" "meta-externalagent/1.1 (+https://developers.facebook.com/docs/sharing/webmasters/crawler)"
216.73.216.44 - - [12/Mar/2026:08:35:48 -0400] "GET /?fileloc=%2F%2Fvar%2Fsoftaculous%2Fuauctions%2Fphp71%2Finstall.php&path=%2F%2Fvar%2Fsoftaculous%2Fuauctions%2Fphp71 HTTP/1.1" 200 30747 "-" "Mozilla/5.0 AppleWebKit/537.36 (KHTML, like Gecko; compatible; ClaudeBot/1.0; +claudebot@anthropic.com)"
216.73.216.44 - - [12/Mar/2026:08:35:48 -0400] "GET /?path=%2F%2Flib%2Fdracut%2Fmodules.d%2F95resume HTTP/1.1" 200 17335 "-" "Mozilla/5.0 AppleWebKit/537.36 (KHTML, like Gecko; compatible; ClaudeBot/1.0; +claudebot@anthropic.com)"
52.167.144.195 - - [12/Mar/2026:08:35:47 -0400] "GET /index.php?shop/monasteries/concha012768133571.shtml HTTP/1.1" 200 228192 "-" "Mozilla/5.0 AppleWebKit/537.36 (KHTML, like Gecko; compatible; bingbot/2.0; +http://www.bing.com/bingbot.htm) Chrome/116.0.1938.76 Safari/537.36"
216.73.216.44 - - [12/Mar/2026:08:35:48 -0400] "GET /?fileloc=%2F%2Fvar%2Fsoftaculous%2Fcollab%2Fphp53%2Fclone.php&path=%2F%2Fvar%2Fsoftaculous%2Fcollab%2Fphp53 HTTP/1.1" 403 80300 "-" "Mozilla/5.0 AppleWebKit/537.36 (KHTML, like Gecko; compatible; ClaudeBot/1.0; +claudebot@anthropic.com)"
74.7.227.61 - - [12/Mar/2026:08:35:46 -0400] "GET /search.php?detail/0870318518115 HTTP/1.1" 200 155127 "https://residenciassanantonio.com/search.php?jp/087031856.html" "Mozilla/5.0 AppleWebKit/537.36 (KHTML, like Gecko; compatible; GPTBot/1.3; +https://openai.com/gptbot)"
57.141.0.17 - - [12/Mar/2026:08:35:48 -0400] "GET /shop/hypogene/harnessed062256384966.shtml?fileloc=/home/enciassa/public_html/wp-includes/class-walker-page-dropdown.php&path=/home/enciassa/public_html/wp-includes HTTP/1.1" 200 15492 "-" "meta-externalagent/1.1 (+https://developers.facebook.com/docs/sharing/webmasters/crawler)"
216.73.216.44 - - [12/Mar/2026:08:35:48 -0400] "GET /?fileloc=%2F%2Fvar%2Fsoftaculous%2Fdrupal89%2Fphp71%2Fupgrade.php&path=%2F%2Fvar%2Fsoftaculous%2Fdrupal89%2Fphp71 HTTP/1.1" 200 18273 "-" "Mozilla/5.0 AppleWebKit/537.36 (KHTML, like Gecko; compatible; ClaudeBot/1.0; +claudebot@anthropic.com)"
216.73.216.44 - - [12/Mar/2026:08:35:48 -0400] "GET /?path=%2F%2Fvar%2Fsoftaculous%2Fninja%2Fphp56 HTTP/1.1" 200 21731 "-" "Mozilla/5.0 AppleWebKit/537.36 (KHTML, like Gecko; compatible; ClaudeBot/1.0; +claudebot@anthropic.com)"
216.73.216.44 - - [12/Mar/2026:08:35:48 -0400] "GET /?fileloc=%2F%2Fvar%2Fsoftaculous%2Fmodx%2Fphp53%2Fclone.php&path=%2F%2Fvar%2Fsoftaculous%2Fmodx%2Fphp53 HTTP/1.1" 200 20913 "-" "Mozilla/5.0 AppleWebKit/537.36 (KHTML, like Gecko; compatible; ClaudeBot/1.0; +claudebot@anthropic.com)"
57.141.0.38 - - [12/Mar/2026:08:35:49 -0400] "GET /shop/hypogene/harnessed062256384966.shtml?fileloc=/home/enciassa/public_html/wp-includes/fonts.php&path=/home/enciassa/public_html/wp-includes HTTP/1.1" 200 23005 "-" "meta-externalagent/1.1 (+https://developers.facebook.com/docs/sharing/webmasters/crawler)"
216.73.216.44 - - [12/Mar/2026:08:35:49 -0400] "GET /?fileloc=%2F%2Fvar%2Fsoftaculous%2Fdrupal10%2Fphp56%2Fimport.php&path=%2F%2Fvar%2Fsoftaculous%2Fdrupal10%2Fphp56 HTTP/1.1" 403 80300 "-" "Mozilla/5.0 AppleWebKit/537.36 (KHTML, like Gecko; compatible; ClaudeBot/1.0; +claudebot@anthropic.com)"
216.73.216.44 - - [12/Mar/2026:08:35:49 -0400] "GET /?fileloc=%2F%2Fvar%2Fsoftaculous%2Fwp%2Fphp56%2Fextend.php&path=%2F%2Fvar%2Fsoftaculous%2Fwp%2Fphp56 HTTP/1.1" 200 89347 "-" "Mozilla/5.0 AppleWebKit/537.36 (KHTML, like Gecko; compatible; ClaudeBot/1.0; +claudebot@anthropic.com)"
216.73.216.44 - - [12/Mar/2026:08:35:49 -0400] "GET /?fileloc=%2F%2Fvar%2Fsoftaculous%2Fburden%2Fphp71%2Finstall.php&path=%2F%2Fvar%2Fsoftaculous%2Fburden%2Fphp71 HTTP/1.1" 200 18540 "-" "Mozilla/5.0 AppleWebKit/537.36 (KHTML, like Gecko; compatible; ClaudeBot/1.0; +claudebot@anthropic.com)"
216.73.216.44 - - [12/Mar/2026:08:35:49 -0400] "GET /?path=%2F%2Fvar%2Fsoftaculous%2Fbaker%2Fimages HTTP/1.1" 200 15790 "-" "Mozilla/5.0 AppleWebKit/537.36 (KHTML, like Gecko; compatible; ClaudeBot/1.0; +claudebot@anthropic.com)"
216.73.216.44 - - [12/Mar/2026:08:35:49 -0400] "GET /?fileloc=%2F%2Fvar%2Fsoftaculous%2Fomp%2Fphp81%2Fimport.php&path=%2F%2Fvar%2Fsoftaculous%2Fomp%2Fphp81 HTTP/1.1" 200 17026 "-" "Mozilla/5.0 AppleWebKit/537.36 (KHTML, like Gecko; compatible; ClaudeBot/1.0; +claudebot@anthropic.com)"
66.249.74.70 - - [12/Mar/2026:08:35:49 -0400] "GET /?c=3017175054 HTTP/1.1" 200 213318 "-" "Mozilla/5.0 (Linux; Android 6.0.1; Nexus 5X Build/MMB29P) AppleWebKit/537.36 (KHTML, like Gecko) Chrome/145.0.7632.116 Mobile Safari/537.36 (compatible; Googlebot/2.1; +http://www.google.com/bot.html)"
216.73.216.44 - - [12/Mar/2026:08:35:49 -0400] "GET /?fileloc=%2F%2Fvar%2Fsoftaculous%2Fxoops%2Fphp56%2Finstall.php&path=%2F%2Fvar%2Fsoftaculous%2Fxoops%2Fphp56 HTTP/1.1" 200 18212 "-" "Mozilla/5.0 AppleWebKit/537.36 (KHTML, like Gecko; compatible; ClaudeBot/1.0; +claudebot@anthropic.com)"
57.141.0.67 - - [12/Mar/2026:08:35:49 -0400] "GET /shop/hypogene/harnessed062256384966.shtml?fileloc=/home/enciassa/public_html/wp-includes/class-wp-navigation-fallback.php&path=/home/enciassa/public_html/wp-includes HTTP/1.1" 200 22787 "-" "meta-externalagent/1.1 (+https://developers.facebook.com/docs/sharing/webmasters/crawler)"
216.73.216.44 - - [12/Mar/2026:08:35:50 -0400] "GET /?path=%2F%2Fvar%2Fsoftaculous%2Fpodcast%2Fphp53 HTTP/1.1" 200 20299 "-" "Mozilla/5.0 AppleWebKit/537.36 (KHTML, like Gecko; compatible; ClaudeBot/1.0; +claudebot@anthropic.com)"
57.141.0.60 - - [12/Mar/2026:08:35:50 -0400] "GET /shop/hypogene/harnessed062256384966.shtml?fileloc=/home/enciassa/public_html/wp-includes/class-wp-http-proxy.php&path=/home/enciassa/public_html/wp-includes HTTP/1.1" 200 18944 "-" "meta-externalagent/1.1 (+https://developers.facebook.com/docs/sharing/webmasters/crawler)"
216.73.216.44 - - [12/Mar/2026:08:35:50 -0400] "GET /?fileloc=%2F%2Fvar%2Fsoftaculous%2Fwp63%2Fphp82%2Fclone.php&path=%2F%2Fvar%2Fsoftaculous%2Fwp63%2Fphp82 HTTP/1.1" 200 46346 "-" "Mozilla/5.0 AppleWebKit/537.36 (KHTML, like Gecko; compatible; ClaudeBot/1.0; +claudebot@anthropic.com)"
57.141.0.26 - - [12/Mar/2026:08:35:50 -0400] "GET /shop/hypogene/harnessed062256384966.shtml?fileloc=/home/enciassa/public_html/wp-includes/cache.php&path=/home/enciassa/public_html/wp-includes HTTP/1.1" 200 26311 "-" "meta-externalagent/1.1 (+https://developers.facebook.com/docs/sharing/webmasters/crawler)"
216.73.216.44 - - [12/Mar/2026:08:35:50 -0400] "GET /?fileloc=%2F%2Fvar%2Fsoftaculous%2Fapprain%2Fphp82%2Finstall.php&path=%2F%2Fvar%2Fsoftaculous%2Fapprain%2Fphp82 HTTP/1.1" 200 19661 "-" "Mozilla/5.0 AppleWebKit/537.36 (KHTML, like Gecko; compatible; ClaudeBot/1.0; +claudebot@anthropic.com)"
216.73.216.44 - - [12/Mar/2026:08:35:50 -0400] "GET /?fileloc=%2F%2Fvar%2Fsoftaculous%2Fnextcloud%2Fphp81%2Fupgrade.php&path=%2F%2Fvar%2Fsoftaculous%2Fnextcloud%2Fphp81 HTTP/1.1" 200 18409 "-" "Mozilla/5.0 AppleWebKit/537.36 (KHTML, like Gecko; compatible; ClaudeBot/1.0; +claudebot@anthropic.com)"
216.73.216.44 - - [12/Mar/2026:08:35:50 -0400] "GET /?fileloc=%2F%2Fvar%2Fsoftaculous%2Fphpwcms%2Ffileindex.php&path=%2F%2Fvar%2Fsoftaculous%2Fphpwcms HTTP/1.1" 200 12768 "-" "Mozilla/5.0 AppleWebKit/537.36 (KHTML, like Gecko; compatible; ClaudeBot/1.0; +claudebot@anthropic.com)"
216.73.216.44 - - [12/Mar/2026:08:35:50 -0400] "GET /?fileloc=%2F%2Fvar%2Fsoftaculous%2Fqcms%2Fphp53%2Fclone.php&path=%2F%2Fvar%2Fsoftaculous%2Fqcms%2Fphp53 HTTP/1.1" 200 15106 "-" "Mozilla/5.0 AppleWebKit/537.36 (KHTML, like Gecko; compatible; ClaudeBot/1.0; +claudebot@anthropic.com)"
57.141.0.30 - - [12/Mar/2026:08:35:50 -0400] "GET /shop/hypogene/harnessed062256384966.shtml?fileloc=/home/enciassa/public_html/wp-includes/class-wp-application-passwords.php&path=/home/enciassa/public_html/wp-includes HTTP/1.1" 200 30308 "-" "meta-externalagent/1.1 (+https://developers.facebook.com/docs/sharing/webmasters/crawler)"
216.73.216.44 - - [12/Mar/2026:08:35:51 -0400] "GET /?path=%2F%2Fvar%2Fsoftaculous%2Ftiki15%2Fphp82 HTTP/1.1" 200 20267 "-" "Mozilla/5.0 AppleWebKit/537.36 (KHTML, like Gecko; compatible; ClaudeBot/1.0; +claudebot@anthropic.com)"
216.73.216.44 - - [12/Mar/2026:08:35:51 -0400] "GET /?path=%2F%2Fvar%2Fsoftaculous%2Ftiki24%2Fphp53 HTTP/1.1" 200 21760 "-" "Mozilla/5.0 AppleWebKit/537.36 (KHTML, like Gecko; compatible; ClaudeBot/1.0; +claudebot@anthropic.com)"
216.73.216.44 - - [12/Mar/2026:08:35:51 -0400] "GET /?path=%2F%2Fvar%2Fsoftaculous%2Ftypo8%2Fphp81 HTTP/1.1" 403 80300 "-" "Mozilla/5.0 AppleWebKit/537.36 (KHTML, like Gecko; compatible; ClaudeBot/1.0; +claudebot@anthropic.com)"
57.141.0.60 - - [12/Mar/2026:08:35:51 -0400] "GET /shop/hypogene/harnessed062256384966.shtml?fileloc=/home/enciassa/public_html/wp-includes/post-template.php&path=/home/enciassa/public_html/wp-includes HTTP/1.1" 200 89590 "-" "meta-externalagent/1.1 (+https://developers.facebook.com/docs/sharing/webmasters/crawler)"
216.73.216.44 - - [12/Mar/2026:08:35:51 -0400] "GET /?fileloc=%2F%2Fvar%2Fsoftaculous%2Fmyadmin%2Fphp82%2Finstall.php&path=%2F%2Fvar%2Fsoftaculous%2Fmyadmin%2Fphp82 HTTP/1.1" 200 17440 "-" "Mozilla/5.0 AppleWebKit/537.36 (KHTML, like Gecko; compatible; ClaudeBot/1.0; +claudebot@anthropic.com)"
216.73.216.44 - - [12/Mar/2026:08:35:51 -0400] "GET /?path=%2Fhome%2Fenciassa%2Fwww%2Fwp-content%2Fplugins%2Fwordpress-seo%2Fsrc%2Fdeprecated HTTP/1.1" 200 22334 "-" "Mozilla/5.0 AppleWebKit/537.36 (KHTML, like Gecko; compatible; ClaudeBot/1.0; +claudebot@anthropic.com)"
74.7.227.61 - - [12/Mar/2026:08:35:49 -0400] "GET /search.php?detail/143028686325 HTTP/1.1" 200 156278 "https://residenciassanantonio.com/search.php?detail/14302868921948" "Mozilla/5.0 AppleWebKit/537.36 (KHTML, like Gecko; compatible; GPTBot/1.3; +https://openai.com/gptbot)"
57.141.0.61 - - [12/Mar/2026:08:35:52 -0400] "GET /shop/hypogene/harnessed062256384966.shtml?fileloc=/home/enciassa/public_html/wp-includes/class-wp-customize-setting.php&path=/home/enciassa/public_html/wp-includes HTTP/1.1" 200 44428 "-" "meta-externalagent/1.1 (+https://developers.facebook.com/docs/sharing/webmasters/crawler)"
216.73.216.44 - - [12/Mar/2026:08:35:52 -0400] "GET /?path=%2F%2Fvar%2Fsoftaculous%2Fbootstrap%2Fimages HTTP/1.1" 200 15849 "-" "Mozilla/5.0 AppleWebKit/537.36 (KHTML, like Gecko; compatible; ClaudeBot/1.0; +claudebot@anthropic.com)"
216.73.216.44 - - [12/Mar/2026:08:35:52 -0400] "GET /?fileloc=%2F%2Fvar%2Fsoftaculous%2Fleafpub%2Fphp81%2Fimport.php&path=%2F%2Fvar%2Fsoftaculous%2Fleafpub%2Fphp81 HTTP/1.1" 403 80300 "-" "Mozilla/5.0 AppleWebKit/537.36 (KHTML, like Gecko; compatible; ClaudeBot/1.0; +claudebot@anthropic.com)"
216.73.216.44 - - [12/Mar/2026:08:35:52 -0400] "GET /?path=%2F%2Fvar%2Fsoftaculous%2Fblesta4%2Fphp81 HTTP/1.1" 200 20298 "-" "Mozilla/5.0 AppleWebKit/537.36 (KHTML, like Gecko; compatible; ClaudeBot/1.0; +claudebot@anthropic.com)"
57.141.0.61 - - [12/Mar/2026:08:35:52 -0400] "GET /shop/hypogene/harnessed062256384966.shtml?fileloc=/home/enciassa/public_html/wp-includes/bookmark-template.php&path=/home/enciassa/public_html/wp-includes HTTP/1.1" 200 27591 "-" "meta-externalagent/1.1 (+https://developers.facebook.com/docs/sharing/webmasters/crawler)"
216.73.216.44 - - [12/Mar/2026:08:35:52 -0400] "GET /?fileloc=%2F%2Fvar%2Fsoftaculous%2Fops%2Fphp82%2Finstall.php&path=%2F%2Fvar%2Fsoftaculous%2Fops%2Fphp82 HTTP/1.1" 200 20265 "-" "Mozilla/5.0 AppleWebKit/537.36 (KHTML, like Gecko; compatible; ClaudeBot/1.0; +claudebot@anthropic.com)"
216.73.216.44 - - [12/Mar/2026:08:35:52 -0400] "GET /?fileloc=%2F%2Fvar%2Fsoftaculous%2Fowncloud%2Fphp56%2Fclone.php&path=%2F%2Fvar%2Fsoftaculous%2Fowncloud%2Fphp56 HTTP/1.1" 200 18526 "-" "Mozilla/5.0 AppleWebKit/537.36 (KHTML, like Gecko; compatible; ClaudeBot/1.0; +claudebot@anthropic.com)"
216.73.216.44 - - [12/Mar/2026:08:35:52 -0400] "GET /?fileloc=%2F%2Fvar%2Fsoftaculous%2Fwintercms%2Fphp56%2Fimport.php&path=%2F%2Fvar%2Fsoftaculous%2Fwintercms%2Fphp56 HTTP/1.1" 200 17036 "-" "Mozilla/5.0 AppleWebKit/537.36 (KHTML, like Gecko; compatible; ClaudeBot/1.0; +claudebot@anthropic.com)"
57.141.0.23 - - [12/Mar/2026:08:35:52 -0400] "GET /shop/hypogene/harnessed062256384966.shtml?fileloc=/home/enciassa/public_html/wp-includes/registration-functions.php&path=/home/enciassa/public_html/wp-includes HTTP/1.1" 200 12707 "-" "meta-externalagent/1.1 (+https://developers.facebook.com/docs/sharing/webmasters/crawler)"
216.73.216.44 - - [12/Mar/2026:08:35:53 -0400] "GET /?path=%2F%2Fvar%2Fsoftaculous%2Ftypo47%2Fphp81 HTTP/1.1" 200 18781 "-" "Mozilla/5.0 AppleWebKit/537.36 (KHTML, like Gecko; compatible; ClaudeBot/1.0; +claudebot@anthropic.com)"
216.73.216.44 - - [12/Mar/2026:08:35:53 -0400] "GET /?fileloc=%2F%2Fvar%2Fsoftaculous%2Fpostfix%2Fphp56%2Finstall.php&path=%2F%2Fvar%2Fsoftaculous%2Fpostfix%2Fphp56 HTTP/1.1" 200 18305 "-" "Mozilla/5.0 AppleWebKit/537.36 (KHTML, like Gecko; compatible; ClaudeBot/1.0; +claudebot@anthropic.com)"
216.73.216.44 - - [12/Mar/2026:08:35:53 -0400] "GET /?fileloc=%2F%2Fvar%2Fsoftaculous%2Fdotproj%2Fphp56%2Fclone.php&path=%2F%2Fvar%2Fsoftaculous%2Fdotproj%2Fphp56 HTTP/1.1" 200 16658 "-" "Mozilla/5.0 AppleWebKit/537.36 (KHTML, like Gecko; compatible; ClaudeBot/1.0; +claudebot@anthropic.com)"
57.141.0.68 - - [12/Mar/2026:08:35:53 -0400] "GET /shop/hypogene/harnessed062256384966.shtml?fileloc=/home/enciassa/public_html/wp-includes/class-wp-widget.php&path=/home/enciassa/public_html/wp-includes HTTP/1.1" 200 32127 "-" "meta-externalagent/1.1 (+https://developers.facebook.com/docs/sharing/webmasters/crawler)"
216.73.216.44 - - [12/Mar/2026:08:35:53 -0400] "GET /?fileloc=%2F%2Fvar%2Fsoftaculous%2Fadminer%2Fphp53%2Fupgrade.php&path=%2F%2Fvar%2Fsoftaculous%2Fadminer%2Fphp53 HTTP/1.1" 200 15197 "-" "Mozilla/5.0 AppleWebKit/537.36 (KHTML, like Gecko; compatible; ClaudeBot/1.0; +claudebot@anthropic.com)"
216.73.216.44 - - [12/Mar/2026:08:35:53 -0400] "GET /?fileloc=%2F%2Fvar%2Fsoftaculous%2Ffront%2Fphp56%2Fclone.php&path=%2F%2Fvar%2Fsoftaculous%2Ffront%2Fphp56 HTTP/1.1" 200 16638 "-" "Mozilla/5.0 AppleWebKit/537.36 (KHTML, like Gecko; compatible; ClaudeBot/1.0; +claudebot@anthropic.com)"
216.73.216.44 - - [12/Mar/2026:08:35:53 -0400] "GET /?fileloc=%2F%2Fvar%2Fsoftaculous%2Fphpcol%2F.htaccess&path=%2F%2Fvar%2Fsoftaculous%2Fphpcol HTTP/1.1" 403 80300 "-" "Mozilla/5.0 AppleWebKit/537.36 (KHTML, like Gecko; compatible; ClaudeBot/1.0; +claudebot@anthropic.com)"
216.73.216.44 - - [12/Mar/2026:08:35:53 -0400] "GET /?fileloc=%2F%2Fvar%2Fsoftaculous%2Fnibble%2Fphp53%2Finstall.php&path=%2F%2Fvar%2Fsoftaculous%2Fnibble%2Fphp53 HTTP/1.1" 200 17016 "-" "Mozilla/5.0 AppleWebKit/537.36 (KHTML, like Gecko; compatible; ClaudeBot/1.0; +claudebot@anthropic.com)"
216.73.216.44 - - [12/Mar/2026:08:35:54 -0400] "GET /?fileloc=%2F%2Fvar%2Fsoftaculous%2Fbaker%2Fphp81%2Fupgrade.php&path=%2F%2Fvar%2Fsoftaculous%2Fbaker%2Fphp81 HTTP/1.1" 200 30822 "-" "Mozilla/5.0 AppleWebKit/537.36 (KHTML, like Gecko; compatible; ClaudeBot/1.0; +claudebot@anthropic.com)"
57.141.0.22 - - [12/Mar/2026:08:35:54 -0400] "GET /shop/hypogene/harnessed062256384966.shtml?fileloc=/home/enciassa/public_html/wp-includes/feed-atom.php&path=/home/enciassa/public_html/wp-includes HTTP/1.1" 200 16667 "-" "meta-externalagent/1.1 (+https://developers.facebook.com/docs/sharing/webmasters/crawler)"
216.73.216.44 - - [12/Mar/2026:08:35:54 -0400] "GET /?fileloc=%2F%2Fvar%2Fsoftaculous%2Fgnu%2Fimport.php&path=%2F%2Fvar%2Fsoftaculous%2Fgnu HTTP/1.1" 200 16019 "-" "Mozilla/5.0 AppleWebKit/537.36 (KHTML, like Gecko; compatible; ClaudeBot/1.0; +claudebot@anthropic.com)"
216.73.216.44 - - [12/Mar/2026:08:35:54 -0400] "GET /?fileloc=%2F%2Fvar%2Fsoftaculous%2Fcpg%2Fphp53%2Fextend.php&path=%2F%2Fvar%2Fsoftaculous%2Fcpg%2Fphp53 HTTP/1.1" 200 14628 "-" "Mozilla/5.0 AppleWebKit/537.36 (KHTML, like Gecko; compatible; ClaudeBot/1.0; +claudebot@anthropic.com)"
216.73.216.44 - - [12/Mar/2026:08:35:54 -0400] "GET /?fileloc=%2F%2Fvar%2Fsoftaculous%2Fdrupalcms%2Fextend.php&path=%2F%2Fvar%2Fsoftaculous%2Fdrupalcms HTTP/1.1" 200 27895 "-" "Mozilla/5.0 AppleWebKit/537.36 (KHTML, like Gecko; compatible; ClaudeBot/1.0; +claudebot@anthropic.com)"
57.141.0.34 - - [12/Mar/2026:08:35:54 -0400] "GET /shop/hypogene/harnessed062256384966.shtml?fileloc=/home/enciassa/public_html/wp-includes/class-oembed.php&path=/home/enciassa/public_html/wp-includes HTTP/1.1" 200 12908 "-" "meta-externalagent/1.1 (+https://developers.facebook.com/docs/sharing/webmasters/crawler)"
216.73.216.44 - - [12/Mar/2026:08:35:54 -0400] "GET /?fileloc=%2F%2Fvar%2Fsoftaculous%2Fforma%2Fphp82%2Finstall.php&path=%2F%2Fvar%2Fsoftaculous%2Fforma%2Fphp82 HTTP/1.1" 200 21525 "-" "Mozilla/5.0 AppleWebKit/537.36 (KHTML, like Gecko; compatible; ClaudeBot/1.0; +claudebot@anthropic.com)"
216.73.216.44 - - [12/Mar/2026:08:35:54 -0400] "GET /?fileloc=%2F%2Fvar%2Fsoftaculous%2Fwintercms%2Fphp81%2Finstall.php&path=%2F%2Fvar%2Fsoftaculous%2Fwintercms%2Fphp81 HTTP/1.1" 200 18717 "-" "Mozilla/5.0 AppleWebKit/537.36 (KHTML, like Gecko; compatible; ClaudeBot/1.0; +claudebot@anthropic.com)"
216.73.216.44 - - [12/Mar/2026:08:35:54 -0400] "GET /?fileloc=%2F%2Fvar%2Fsoftaculous%2Favactis%2Fphp56%2Fimport.php&path=%2F%2Fvar%2Fsoftaculous%2Favactis%2Fphp56 HTTP/1.1" 200 17777 "-" "Mozilla/5.0 AppleWebKit/537.36 (KHTML, like Gecko; compatible; ClaudeBot/1.0; +claudebot@anthropic.com)"
57.141.0.20 - - [12/Mar/2026:08:35:55 -0400] "GET /shop/hypogene/harnessed062256384966.shtml?fileloc=/home/enciassa/public_html/wp-includes/class-wp-http-response.php&path=/home/enciassa/public_html/wp-includes HTTP/1.1" 200 15503 "-" "meta-externalagent/1.1 (+https://developers.facebook.com/docs/sharing/webmasters/crawler)"
216.73.216.44 - - [12/Mar/2026:08:35:55 -0400] "GET /?fileloc=%2F%2Fvar%2Fsoftaculous%2Fwebcollab%2Fphp56%2Fimport.php&path=%2F%2Fvar%2Fsoftaculous%2Fwebcollab%2Fphp56 HTTP/1.1" 200 16529 "-" "Mozilla/5.0 AppleWebKit/537.36 (KHTML, like Gecko; compatible; ClaudeBot/1.0; +claudebot@anthropic.com)"
216.73.216.44 - - [12/Mar/2026:08:35:55 -0400] "GET /?fileloc=%2F%2Fvar%2Fsoftaculous%2Ftraq%2Fphp56%2Finstall.php&path=%2F%2Fvar%2Fsoftaculous%2Ftraq%2Fphp56 HTTP/1.1" 200 17661 "-" "Mozilla/5.0 AppleWebKit/537.36 (KHTML, like Gecko; compatible; ClaudeBot/1.0; +claudebot@anthropic.com)"
216.73.216.44 - - [12/Mar/2026:08:35:55 -0400] "GET /?path=%2F%2Fvar%2Fsoftaculous%2Frealestate%2Fphp56 HTTP/1.1" 200 18850 "-" "Mozilla/5.0 AppleWebKit/537.36 (KHTML, like Gecko; compatible; ClaudeBot/1.0; +claudebot@anthropic.com)"
57.141.0.51 - - [12/Mar/2026:08:35:55 -0400] "GET /shop/hypogene/harnessed062256384966.shtml?fileloc=/home/enciassa/public_html/wp-includes/block-i18n.json&path=/home/enciassa/public_html/wp-includes HTTP/1.1" 200 12939 "-" "meta-externalagent/1.1 (+https://developers.facebook.com/docs/sharing/webmasters/crawler)"
216.73.216.44 - - [12/Mar/2026:08:35:55 -0400] "GET /?fileloc=%2F%2Fvar%2Fsoftaculous%2Ffork%2Fphp53%2Fimport.php&path=%2F%2Fvar%2Fsoftaculous%2Ffork%2Fphp53 HTTP/1.1" 403 80300 "-" "Mozilla/5.0 AppleWebKit/537.36 (KHTML, like Gecko; compatible; ClaudeBot/1.0; +claudebot@anthropic.com)"
74.7.227.61 - - [12/Mar/2026:08:35:53 -0400] "GET /search.php?detail/1800430267025 HTTP/1.1" 200 161436 "https://residenciassanantonio.com/search.php?detail/180005166410" "Mozilla/5.0 AppleWebKit/537.36 (KHTML, like Gecko; compatible; GPTBot/1.3; +https://openai.com/gptbot)"
216.73.216.44 - - [12/Mar/2026:08:35:55 -0400] "GET /?fileloc=%2F%2Fvar%2Fsoftaculous%2Fmootools%2Fphp71%2Finstall.php&path=%2F%2Fvar%2Fsoftaculous%2Fmootools%2Fphp71 HTTP/1.1" 200 17292 "-" "Mozilla/5.0 AppleWebKit/537.36 (KHTML, like Gecko; compatible; ClaudeBot/1.0; +claudebot@anthropic.com)"
57.141.0.33 - - [12/Mar/2026:08:35:55 -0400] "GET /shop/hypogene/harnessed062256384966.shtml?fileloc=/home/enciassa/public_html/wp-includes/speculative-loading.php&path=/home/enciassa/public_html/wp-includes HTTP/1.1" 200 22177 "-" "meta-externalagent/1.1 (+https://developers.facebook.com/docs/sharing/webmasters/crawler)"
216.73.216.44 - - [12/Mar/2026:08:35:55 -0400] "GET /?fileloc=%2F%2Fvar%2Fsoftaculous%2Fphorum%2Fphp56%2Finstall.php&path=%2F%2Fvar%2Fsoftaculous%2Fphorum%2Fphp56 HTTP/1.1" 200 17555 "-" "Mozilla/5.0 AppleWebKit/537.36 (KHTML, like Gecko; compatible; ClaudeBot/1.0; +claudebot@anthropic.com)"
216.73.216.44 - - [12/Mar/2026:08:35:56 -0400] "GET /?path=%2F%2Fvar%2Fsoftaculous%2Flaravel%2Fphp81 HTTP/1.1" 200 17311 "-" "Mozilla/5.0 AppleWebKit/537.36 (KHTML, like Gecko; compatible; ClaudeBot/1.0; +claudebot@anthropic.com)"
216.73.216.44 - - [12/Mar/2026:08:35:56 -0400] "GET /?fileloc=%2F%2Fvar%2Fsoftaculous%2Fconc8%2Fphp81%2Fimport.php&path=%2F%2Fvar%2Fsoftaculous%2Fconc8%2Fphp81 HTTP/1.1" 403 80300 "-" "Mozilla/5.0 AppleWebKit/537.36 (KHTML, like Gecko; compatible; ClaudeBot/1.0; +claudebot@anthropic.com)"
216.73.216.44 - - [12/Mar/2026:08:35:56 -0400] "GET /?path=%2F%2Fvar%2Fsoftaculous%2Fmagento247%2Fphp56 HTTP/1.1" 200 20357 "-" "Mozilla/5.0 AppleWebKit/537.36 (KHTML, like Gecko; compatible; ClaudeBot/1.0; +claudebot@anthropic.com)"
216.73.216.44 - - [12/Mar/2026:08:35:56 -0400] "GET /?fileloc=%2F%2Fvar%2Fsoftaculous%2Favactis%2Fphp81%2Finstall.php&path=%2F%2Fvar%2Fsoftaculous%2Favactis%2Fphp81 HTTP/1.1" 200 18944 "-" "Mozilla/5.0 AppleWebKit/537.36 (KHTML, like Gecko; compatible; ClaudeBot/1.0; +claudebot@anthropic.com)"
57.141.0.70 - - [12/Mar/2026:08:35:56 -0400] "GET /shop/hypogene/harnessed062256384966.shtml?fileloc=/home/enciassa/public_html/wp-includes/comment-template.php&path=/home/enciassa/public_html/wp-includes HTTP/1.1" 200 126452 "-" "meta-externalagent/1.1 (+https://developers.facebook.com/docs/sharing/webmasters/crawler)"
216.73.216.44 - - [12/Mar/2026:08:35:56 -0400] "GET /?fileloc=%2F%2Fvar%2Fsoftaculous%2Foscom%2Fphp81%2Fextend.php&path=%2F%2Fvar%2Fsoftaculous%2Foscom%2Fphp81 HTTP/1.1" 200 22744 "-" "Mozilla/5.0 AppleWebKit/537.36 (KHTML, like Gecko; compatible; ClaudeBot/1.0; +claudebot@anthropic.com)"
216.73.216.44 - - [12/Mar/2026:08:35:56 -0400] "GET /?fileloc=%2F%2Fvar%2Fsoftaculous%2Fwebcollab%2Fphp81%2Finstall.php&path=%2F%2Fvar%2Fsoftaculous%2Fwebcollab%2Fphp81 HTTP/1.1" 403 80300 "-" "Mozilla/5.0 AppleWebKit/537.36 (KHTML, like Gecko; compatible; ClaudeBot/1.0; +claudebot@anthropic.com)"
216.73.216.44 - - [12/Mar/2026:08:35:56 -0400] "GET /?fileloc=%2F%2Fvar%2Fsoftaculous%2Fhtmly%2Fphp56%2Fextend.php&path=%2F%2Fvar%2Fsoftaculous%2Fhtmly%2Fphp56 HTTP/1.1" 200 23970 "-" "Mozilla/5.0 AppleWebKit/537.36 (KHTML, like Gecko; compatible; ClaudeBot/1.0; +claudebot@anthropic.com)"
216.73.216.44 - - [12/Mar/2026:08:35:57 -0400] "GET /?path=%2F%2Fvar%2Fsoftaculous%2Fmagento242%2Fphp81 HTTP/1.1" 403 80300 "-" "Mozilla/5.0 AppleWebKit/537.36 (KHTML, like Gecko; compatible; ClaudeBot/1.0; +claudebot@anthropic.com)"
57.141.0.9 - - [12/Mar/2026:08:35:56 -0400] "GET /shop/hypogene/harnessed062256384966.shtml?fileloc=/home/enciassa/public_html/wp-includes/post.php&path=/home/enciassa/public_html/wp-includes HTTP/1.1" 200 336474 "-" "meta-externalagent/1.1 (+https://developers.facebook.com/docs/sharing/webmasters/crawler)"
216.73.216.44 - - [12/Mar/2026:08:35:57 -0400] "GET /?fileloc=%2F%2Fvar%2Fsoftaculous%2Fselfoss%2Fphp53%2Fclone.php&path=%2F%2Fvar%2Fsoftaculous%2Fselfoss%2Fphp53 HTTP/1.1" 200 16909 "-" "Mozilla/5.0 AppleWebKit/537.36 (KHTML, like Gecko; compatible; ClaudeBot/1.0; +claudebot@anthropic.com)"
57.141.0.31 - - [12/Mar/2026:08:35:57 -0400] "GET /shop/hypogene/harnessed062256384966.shtml?fileloc=/home/enciassa/public_html/wp-includes/cache-compat.php&path=/home/enciassa/public_html/wp-includes HTTP/1.1" 200 18690 "-" "meta-externalagent/1.1 (+https://developers.facebook.com/docs/sharing/webmasters/crawler)"
216.73.216.44 - - [12/Mar/2026:08:35:57 -0400] "GET /?fileloc=%2F%2Fvar%2Fsoftaculous%2Fwp55%2Fphp71%2Fclone.php&path=%2F%2Fvar%2Fsoftaculous%2Fwp55%2Fphp71 HTTP/1.1" 200 49537 "-" "Mozilla/5.0 AppleWebKit/537.36 (KHTML, like Gecko; compatible; ClaudeBot/1.0; +claudebot@anthropic.com)"
216.73.216.44 - - [12/Mar/2026:08:35:57 -0400] "GET /?fileloc=%2F%2Fvar%2Fsoftaculous%2Fdropzone%2Fphp56%2Finstall.php&path=%2F%2Fvar%2Fsoftaculous%2Fdropzone%2Fphp56 HTTP/1.1" 403 80300 "-" "Mozilla/5.0 AppleWebKit/537.36 (KHTML, like Gecko; compatible; ClaudeBot/1.0; +claudebot@anthropic.com)"
216.73.216.44 - - [12/Mar/2026:08:35:57 -0400] "GET /?path=%2F%2Fvar%2Fsoftaculous%2Flaravel8%2Fphp53 HTTP/1.1" 200 17326 "-" "Mozilla/5.0 AppleWebKit/537.36 (KHTML, like Gecko; compatible; ClaudeBot/1.0; +claudebot@anthropic.com)"
216.73.216.44 - - [12/Mar/2026:08:35:57 -0400] "GET /?fileloc=%2F%2Fvar%2Fsoftaculous%2Fwebid%2Fphp82%2Fextend.php&path=%2F%2Fvar%2Fsoftaculous%2Fwebid%2Fphp82 HTTP/1.1" 403 80300 "-" "Mozilla/5.0 AppleWebKit/537.36 (KHTML, like Gecko; compatible; ClaudeBot/1.0; +claudebot@anthropic.com)"
57.141.0.13 - - [12/Mar/2026:08:35:57 -0400] "GET /shop/hypogene/harnessed062256384966.shtml?fileloc=/home/enciassa/public_html/wp-includes/class-wp-term.php&path=/home/enciassa/public_html/wp-includes HTTP/1.1" 200 18218 "-" "meta-externalagent/1.1 (+https://developers.facebook.com/docs/sharing/webmasters/crawler)"
216.73.216.44 - - [12/Mar/2026:08:35:58 -0400] "GET /?path=%2F%2Fvar%2Fsoftaculous%2Fclicshop%2Fphp53 HTTP/1.1" 200 20310 "-" "Mozilla/5.0 AppleWebKit/537.36 (KHTML, like Gecko; compatible; ClaudeBot/1.0; +claudebot@anthropic.com)"
216.73.216.44 - - [12/Mar/2026:08:35:58 -0400] "GET /?fileloc=%2F%2Fvar%2Fsoftaculous%2Fphpcol%2Fupgrade.xml&path=%2F%2Fvar%2Fsoftaculous%2Fphpcol HTTP/1.1" 200 12826 "-" "Mozilla/5.0 AppleWebKit/537.36 (KHTML, like Gecko; compatible; ClaudeBot/1.0; +claudebot@anthropic.com)"
216.73.216.44 - - [12/Mar/2026:08:35:58 -0400] "GET /?fileloc=%2F%2Fvar%2Fsoftaculous%2Fsaurus%2Fphp56%2Fimport.php&path=%2F%2Fvar%2Fsoftaculous%2Fsaurus%2Fphp56 HTTP/1.1" 403 80300 "-" "Mozilla/5.0 AppleWebKit/537.36 (KHTML, like Gecko; compatible; ClaudeBot/1.0; +claudebot@anthropic.com)"
216.73.216.44 - - [12/Mar/2026:08:35:58 -0400] "GET /?fileloc=%2F%2Fvar%2Fsoftaculous%2Fjquery%2Fphp81%2Finstall.php&path=%2F%2Fvar%2Fsoftaculous%2Fjquery%2Fphp81 HTTP/1.1" 403 80300 "-" "Mozilla/5.0 AppleWebKit/537.36 (KHTML, like Gecko; compatible; ClaudeBot/1.0; +claudebot@anthropic.com)"
216.73.216.44 - - [12/Mar/2026:08:35:58 -0400] "GET /?path=%2F%2Fvar%2Fsoftaculous%2Ftiki10%2Fphp53 HTTP/1.1" 200 21760 "-" "Mozilla/5.0 AppleWebKit/537.36 (KHTML, like Gecko; compatible; ClaudeBot/1.0; +claudebot@anthropic.com)"
57.141.0.34 - - [12/Mar/2026:08:35:58 -0400] "GET /shop/hypogene/harnessed062256384966.shtml?fileloc=/home/enciassa/public_html/wp-includes/class-wp-embed.php&path=/home/enciassa/public_html/wp-includes HTTP/1.1" 200 29687 "-" "meta-externalagent/1.1 (+https://developers.facebook.com/docs/sharing/webmasters/crawler)"
216.73.216.44 - - [12/Mar/2026:08:35:58 -0400] "GET /?fileloc=%2F%2Fvar%2Fsoftaculous%2Ffirefly%2Fphp56%2Fextend.php&path=%2F%2Fvar%2Fsoftaculous%2Ffirefly%2Fphp56 HTTP/1.1" 200 23767 "-" "Mozilla/5.0 AppleWebKit/537.36 (KHTML, like Gecko; compatible; ClaudeBot/1.0; +claudebot@anthropic.com)"
74.7.227.61 - - [12/Mar/2026:08:35:56 -0400] "GET /search.php?detail/285040530008 HTTP/1.1" 200 154241 "https://residenciassanantonio.com/search.php?detail/032036179234" "Mozilla/5.0 AppleWebKit/537.36 (KHTML, like Gecko; compatible; GPTBot/1.3; +https://openai.com/gptbot)"
57.141.0.42 - - [12/Mar/2026:08:35:59 -0400] "GET /shop/hypogene/harnessed062256384966.shtml?fileloc=/home/enciassa/public_html/wp-includes/class-wp-user.php&path=/home/enciassa/public_html/wp-includes HTTP/1.1" 200 37141 "-" "meta-externalagent/1.1 (+https://developers.facebook.com/docs/sharing/webmasters/crawler)"
216.73.216.44 - - [12/Mar/2026:08:35:59 -0400] "GET /?fileloc=%2F%2Fvar%2Fsoftaculous%2Fxoops%2Fphp82%2Fimport.php&path=%2F%2Fvar%2Fsoftaculous%2Fxoops%2Fphp82 HTTP/1.1" 200 16609 "-" "Mozilla/5.0 AppleWebKit/537.36 (KHTML, like Gecko; compatible; ClaudeBot/1.0; +claudebot@anthropic.com)"
216.73.216.44 - - [12/Mar/2026:08:35:59 -0400] "GET /?fileloc=%2F%2Fvar%2Fsoftaculous%2Fdrupal6%2Fphp81%2Fimport.php&path=%2F%2Fvar%2Fsoftaculous%2Fdrupal6%2Fphp81 HTTP/1.1" 403 80301 "-" "Mozilla/5.0 AppleWebKit/537.36 (KHTML, like Gecko; compatible; ClaudeBot/1.0; +claudebot@anthropic.com)"
216.73.216.44 - - [12/Mar/2026:08:35:59 -0400] "GET /?fileloc=%2F%2Fvar%2Fsoftaculous%2Fthbees%2Fphp82%2Fextend.php&path=%2F%2Fvar%2Fsoftaculous%2Fthbees%2Fphp82 HTTP/1.1" 200 14680 "-" "Mozilla/5.0 AppleWebKit/537.36 (KHTML, like Gecko; compatible; ClaudeBot/1.0; +claudebot@anthropic.com)"
57.141.0.42 - - [12/Mar/2026:08:35:59 -0400] "GET /shop/hypogene/harnessed062256384966.shtml?fileloc=/home/enciassa/public_html/wp-includes/spl-autoload-compat.php&path=/home/enciassa/public_html/wp-includes HTTP/1.1" 200 12945 "-" "meta-externalagent/1.1 (+https://developers.facebook.com/docs/sharing/webmasters/crawler)"
216.73.216.44 - - [12/Mar/2026:08:35:59 -0400] "GET /?fileloc=%2F%2Fvar%2Fsoftaculous%2Fsaurus%2Fphp81%2Finstall.php&path=%2F%2Fvar%2Fsoftaculous%2Fsaurus%2Fphp81 HTTP/1.1" 403 80300 "-" "Mozilla/5.0 AppleWebKit/537.36 (KHTML, like Gecko; compatible; ClaudeBot/1.0; +claudebot@anthropic.com)"
216.73.216.44 - - [12/Mar/2026:08:35:59 -0400] "GET /?path=%2F%2Fvar%2Fsoftaculous%2Fsuitecrm7%2Fphp56 HTTP/1.1" 200 20336 "-" "Mozilla/5.0 AppleWebKit/537.36 (KHTML, like Gecko; compatible; ClaudeBot/1.0; +claudebot@anthropic.com)"
216.73.216.44 - - [12/Mar/2026:08:35:59 -0400] "GET /?fileloc=%2F%2Fvar%2Fsoftaculous%2Fcszcms%2Fphp71%2Fextend.php&path=%2F%2Fvar%2Fsoftaculous%2Fcszcms%2Fphp71 HTTP/1.1" 403 80301 "-" "Mozilla/5.0 AppleWebKit/537.36 (KHTML, like Gecko; compatible; ClaudeBot/1.0; +claudebot@anthropic.com)"
57.141.0.53 - - [12/Mar/2026:08:35:59 -0400] "GET /shop/hypogene/harnessed062256384966.shtml?fileloc=/home/enciassa/public_html/wp-includes/error-protection.php&path=/home/enciassa/public_html/wp-includes HTTP/1.1" 200 16968 "-" "meta-externalagent/1.1 (+https://developers.facebook.com/docs/sharing/webmasters/crawler)"
216.73.216.44 - - [12/Mar/2026:08:35:59 -0400] "GET /?fileloc=%2F%2Fvar%2Fsoftaculous%2Fops%2Fphp53%2Fextend.php&path=%2F%2Fvar%2Fsoftaculous%2Fops%2Fphp53 HTTP/1.1" 200 22020 "-" "Mozilla/5.0 AppleWebKit/537.36 (KHTML, like Gecko; compatible; ClaudeBot/1.0; +claudebot@anthropic.com)"
216.73.216.44 - - [12/Mar/2026:08:36:00 -0400] "GET /?fileloc=%2F%2Fvar%2Fsoftaculous%2Fwp49%2Fphp71%2Fclone.php&path=%2F%2Fvar%2Fsoftaculous%2Fwp49%2Fphp71 HTTP/1.1" 403 80300 "-" "Mozilla/5.0 AppleWebKit/537.36 (KHTML, like Gecko; compatible; ClaudeBot/1.0; +claudebot@anthropic.com)"
216.73.216.44 - - [12/Mar/2026:08:36:00 -0400] "GET /?path=%2F%2Fvar%2Fsoftaculous%2Fpodcast%2Fphp82 HTTP/1.1" 200 20299 "-" "Mozilla/5.0 AppleWebKit/537.36 (KHTML, like Gecko; compatible; ClaudeBot/1.0; +claudebot@anthropic.com)"
216.73.216.44 - - [12/Mar/2026:08:36:00 -0400] "GET /?path=%2F%2Fvar%2Fsoftaculous%2Fminiflux%2Fphp81 HTTP/1.1" 200 17326 "-" "Mozilla/5.0 AppleWebKit/537.36 (KHTML, like Gecko; compatible; ClaudeBot/1.0; +claudebot@anthropic.com)"
57.141.0.63 - - [12/Mar/2026:08:36:00 -0400] "GET /shop/hypogene/harnessed062256384966.shtml?fileloc=/home/enciassa/public_html/wp-includes/class-wp-block-parser.php&path=/home/enciassa/public_html/wp-includes HTTP/1.1" 200 24690 "-" "meta-externalagent/1.1 (+https://developers.facebook.com/docs/sharing/webmasters/crawler)"
216.73.216.44 - - [12/Mar/2026:08:36:00 -0400] "GET /?fileloc=%2F%2Fvar%2Fsoftaculous%2Finstantcms%2Fphp71%2Fextend.php&path=%2F%2Fvar%2Fsoftaculous%2Finstantcms%2Fphp71 HTTP/1.1" 200 25388 "-" "Mozilla/5.0 AppleWebKit/537.36 (KHTML, like Gecko; compatible; ClaudeBot/1.0; +claudebot@anthropic.com)"
216.73.216.44 - - [12/Mar/2026:08:36:00 -0400] "GET /?fileloc=%2F%2Fvar%2Fsoftaculous%2Fcube%2Fphp71%2Fupgrade.php&path=%2F%2Fvar%2Fsoftaculous%2Fcube%2Fphp71 HTTP/1.1" 200 28315 "-" "Mozilla/5.0 AppleWebKit/537.36 (KHTML, like Gecko; compatible; ClaudeBot/1.0; +claudebot@anthropic.com)"
216.73.216.44 - - [12/Mar/2026:08:36:00 -0400] "GET /?fileloc=%2F%2Fvar%2Fsoftaculous%2Fprocwire%2Fphp81%2Fimport.php&path=%2F%2Fvar%2Fsoftaculous%2Fprocwire%2Fphp81 HTTP/1.1" 200 16763 "-" "Mozilla/5.0 AppleWebKit/537.36 (KHTML, like Gecko; compatible; ClaudeBot/1.0; +claudebot@anthropic.com)"
57.141.0.35 - - [12/Mar/2026:08:36:00 -0400] "GET /shop/hypogene/harnessed062256384966.shtml?fileloc=/home/enciassa/public_html/wp-includes/class-wp-customize-section.php&path=/home/enciassa/public_html/wp-includes HTTP/1.1" 200 24683 "-" "meta-externalagent/1.1 (+https://developers.facebook.com/docs/sharing/webmasters/crawler)"
216.73.216.44 - - [12/Mar/2026:08:36:01 -0400] "GET /?fileloc=%2F%2Fvar%2Fsoftaculous%2Fiwp%2Fphp81%2Fclone.php&path=%2F%2Fvar%2Fsoftaculous%2Fiwp%2Fphp81 HTTP/1.1" 200 17629 "-" "Mozilla/5.0 AppleWebKit/537.36 (KHTML, like Gecko; compatible; ClaudeBot/1.0; +claudebot@anthropic.com)"
216.73.216.44 - - [12/Mar/2026:08:36:01 -0400] "GET /?path=%2F%2Fvar%2Fsoftaculous%2Fninja4%2Fphp53 HTTP/1.1" 200 23246 "-" "Mozilla/5.0 AppleWebKit/537.36 (KHTML, like Gecko; compatible; ClaudeBot/1.0; +claudebot@anthropic.com)"
216.73.216.44 - - [12/Mar/2026:08:36:01 -0400] "GET /?path=%2F%2Fvar%2Fsoftaculous%2Ftiki24%2Fphp82 HTTP/1.1" 403 80301 "-" "Mozilla/5.0 AppleWebKit/537.36 (KHTML, like Gecko; compatible; ClaudeBot/1.0; +claudebot@anthropic.com)"
216.73.216.44 - - [12/Mar/2026:08:36:01 -0400] "GET /?path=%2F%2Fvar%2Fsoftaculous%2Fabante%2Fphp81 HTTP/1.1" 200 20261 "-" "Mozilla/5.0 AppleWebKit/537.36 (KHTML, like Gecko; compatible; ClaudeBot/1.0; +claudebot@anthropic.com)"
216.73.216.44 - - [12/Mar/2026:08:36:01 -0400] "GET /?path=%2F%2Flib%2Fdracut%2Fmodules.d%2F04watchdog HTTP/1.1" 200 17373 "-" "Mozilla/5.0 AppleWebKit/537.36 (KHTML, like Gecko; compatible; ClaudeBot/1.0; +claudebot@anthropic.com)"
57.141.0.48 - - [12/Mar/2026:08:36:01 -0400] "GET /shop/hypogene/harnessed062256384966.shtml?fileloc=/home/enciassa/public_html/wp-includes/class-wp-http-curl.php&path=/home/enciassa/public_html/wp-includes HTTP/1.1" 200 26396 "-" "meta-externalagent/1.1 (+https://developers.facebook.com/docs/sharing/webmasters/crawler)"
216.73.216.44 - - [12/Mar/2026:08:36:01 -0400] "GET /?path=%2F%2Fvar%2Fsoftaculous%2Ftiki22%2Fphp56 HTTP/1.1" 200 21760 "-" "Mozilla/5.0 AppleWebKit/537.36 (KHTML, like Gecko; compatible; ClaudeBot/1.0; +claudebot@anthropic.com)"
216.73.216.44 - - [12/Mar/2026:08:36:01 -0400] "GET /?fileloc=%2F%2Fvar%2Fsoftaculous%2Fthbees%2Fphp56%2Fclone.php&path=%2F%2Fvar%2Fsoftaculous%2Fthbees%2Fphp56 HTTP/1.1" 200 27118 "-" "Mozilla/5.0 AppleWebKit/537.36 (KHTML, like Gecko; compatible; ClaudeBot/1.0; +claudebot@anthropic.com)"
57.141.0.9 - - [12/Mar/2026:08:36:02 -0400] "GET /shop/hypogene/harnessed062256384966.shtml?fileloc=/home/enciassa/public_html/wp-includes/functions.wp-styles.php&path=/home/enciassa/public_html/wp-includes HTTP/1.1" 200 21638 "-" "meta-externalagent/1.1 (+https://developers.facebook.com/docs/sharing/webmasters/crawler)"
216.73.216.44 - - [12/Mar/2026:08:36:02 -0400] "GET /?path=%2F%2Fvar%2Fsoftaculous%2Fzencart%2Fphp56 HTTP/1.1" 200 21786 "-" "Mozilla/5.0 AppleWebKit/537.36 (KHTML, like Gecko; compatible; ClaudeBot/1.0; +claudebot@anthropic.com)"
216.73.216.44 - - [12/Mar/2026:08:36:02 -0400] "GET /?fileloc=%2F%2Fvar%2Fsoftaculous%2Fdrupal89%2Fphp81%2Fimport.php&path=%2F%2Fvar%2Fsoftaculous%2Fdrupal89%2Fphp81 HTTP/1.1" 200 18550 "-" "Mozilla/5.0 AppleWebKit/537.36 (KHTML, like Gecko; compatible; ClaudeBot/1.0; +claudebot@anthropic.com)"
216.73.216.44 - - [12/Mar/2026:08:36:02 -0400] "GET /?fileloc=%2F%2Fvar%2Fsoftaculous%2Fwebid%2Fphp56%2Fclone.php&path=%2F%2Fvar%2Fsoftaculous%2Fwebid%2Fphp56 HTTP/1.1" 200 17764 "-" "Mozilla/5.0 AppleWebKit/537.36 (KHTML, like Gecko; compatible; ClaudeBot/1.0; +claudebot@anthropic.com)"
216.73.216.44 - - [12/Mar/2026:08:36:02 -0400] "GET /?fileloc=%2F%2Fvar%2Fsoftaculous%2Fpyro%2Fphp71%2Finstall.php&path=%2F%2Fvar%2Fsoftaculous%2Fpyro%2Fphp71 HTTP/1.1" 200 23383 "-" "Mozilla/5.0 AppleWebKit/537.36 (KHTML, like Gecko; compatible; ClaudeBot/1.0; +claudebot@anthropic.com)"
57.141.0.57 - - [12/Mar/2026:08:36:02 -0400] "GET /shop/hypogene/harnessed062256384966.shtml?fileloc=/home/enciassa/public_html/wp-includes/class.wp-scripts.php&path=/home/enciassa/public_html/wp-includes HTTP/1.1" 200 12854 "-" "meta-externalagent/1.1 (+https://developers.facebook.com/docs/sharing/webmasters/crawler)"
216.73.216.44 - - [12/Mar/2026:08:36:02 -0400] "GET /?fileloc=%2Fhome%2Fenciassa%2Fpublic_html%2Fwp-content%2Fplugins%2Fsimple-css%2Fcustomize%2Fcss-control.php&path=%2Fhome%2Fenciassa%2Fpublic_html%2Fwp-content%2Fplugins%2Fsimple-css%2Fcustomize HTTP/1.1" 200 13404 "-" "Mozilla/5.0 AppleWebKit/537.36 (KHTML, like Gecko; compatible; ClaudeBot/1.0; +claudebot@anthropic.com)"
216.73.216.44 - - [12/Mar/2026:08:36:02 -0400] "GET /?path=%2F%2Fvar%2Fsoftaculous%2Fcroogo%2Fphp81 HTTP/1.1" 200 20264 "-" "Mozilla/5.0 AppleWebKit/537.36 (KHTML, like Gecko; compatible; ClaudeBot/1.0; +claudebot@anthropic.com)"
74.7.227.61 - - [12/Mar/2026:08:36:00 -0400] "GET /search.php?detail/032037033499 HTTP/1.1" 200 171186 "https://residenciassanantonio.com/search.php?detail/032036179234" "Mozilla/5.0 AppleWebKit/537.36 (KHTML, like Gecko; compatible; GPTBot/1.3; +https://openai.com/gptbot)"
50.6.224.234 - - [12/Mar/2026:08:36:02 -0400] "GET /wp-login.php HTTP/1.1" 200 80300 "-" "Mozilla/5.0 (Windows NT 10.0; WOW64; Trident/7.0; TAJB; rv:11.0) like Gecko"
57.141.0.7 - - [12/Mar/2026:08:36:03 -0400] "GET /shop/hypogene/harnessed062256384966.shtml?fileloc=/home/enciassa/public_html/wp-includes/class-requests.php&path=/home/enciassa/public_html/wp-includes HTTP/1.1" 200 14796 "-" "meta-externalagent/1.1 (+https://developers.facebook.com/docs/sharing/webmasters/crawler)"
216.73.216.44 - - [12/Mar/2026:08:36:03 -0400] "GET /?fileloc=%2F%2Fvar%2Fsoftaculous%2Ffcms%2Fphp82%2Finstall.php&path=%2F%2Fvar%2Fsoftaculous%2Ffcms%2Fphp82 HTTP/1.1" 403 80300 "-" "Mozilla/5.0 AppleWebKit/537.36 (KHTML, like Gecko; compatible; ClaudeBot/1.0; +claudebot@anthropic.com)"
216.73.216.44 - - [12/Mar/2026:08:36:03 -0400] "GET /?fileloc=%2F%2Fvar%2Fsoftaculous%2Ftestlink%2Fphp53%2Fimport.php&path=%2F%2Fvar%2Fsoftaculous%2Ftestlink%2Fphp53 HTTP/1.1" 200 15970 "-" "Mozilla/5.0 AppleWebKit/537.36 (KHTML, like Gecko; compatible; ClaudeBot/1.0; +claudebot@anthropic.com)"
216.73.216.44 - - [12/Mar/2026:08:36:03 -0400] "GET /?fileloc=%2F%2Fvar%2Fsoftaculous%2Fwebcal%2Fphp53%2Fclone.php&path=%2F%2Fvar%2Fsoftaculous%2Fwebcal%2Fphp53 HTTP/1.1" 200 16127 "-" "Mozilla/5.0 AppleWebKit/537.36 (KHTML, like Gecko; compatible; ClaudeBot/1.0; +claudebot@anthropic.com)"
57.141.0.20 - - [12/Mar/2026:08:36:03 -0400] "GET /shop/hypogene/harnessed062256384966.shtml?fileloc=/home/enciassa/public_html/wp-includes/wp-db.php&path=/home/enciassa/public_html/wp-includes HTTP/1.1" 200 12965 "-" "meta-externalagent/1.1 (+https://developers.facebook.com/docs/sharing/webmasters/crawler)"
216.73.216.44 - - [12/Mar/2026:08:36:03 -0400] "GET /?fileloc=%2F%2Fvar%2Fsoftaculous%2Fiwp%2Fphp53%2Finstall.php&path=%2F%2Fvar%2Fsoftaculous%2Fiwp%2Fphp53 HTTP/1.1" 200 17547 "-" "Mozilla/5.0 AppleWebKit/537.36 (KHTML, like Gecko; compatible; ClaudeBot/1.0; +claudebot@anthropic.com)"
216.73.216.44 - - [12/Mar/2026:08:36:03 -0400] "GET /?fileloc=%2F%2Fvar%2Fsoftaculous%2Fwp%2Fphp81%2Fclone.php&path=%2F%2Fvar%2Fsoftaculous%2Fwp%2Fphp81 HTTP/1.1" 200 45933 "-" "Mozilla/5.0 AppleWebKit/537.36 (KHTML, like Gecko; compatible; ClaudeBot/1.0; +claudebot@anthropic.com)"
50.6.224.234 - - [12/Mar/2026:08:36:03 -0400] "POST /wp-login.php HTTP/1.1" 200 80300 "https://residenciassanantonio.com/wp-login.php" "Mozilla/5.0 (Windows NT 10.0; WOW64; Trident/7.0; TAJB; rv:11.0) like Gecko"
216.73.216.44 - - [12/Mar/2026:08:36:03 -0400] "GET /?fileloc=%2F%2Fvar%2Fsoftaculous%2Froundcube%2Fphp81%2Fimport.php&path=%2F%2Fvar%2Fsoftaculous%2Froundcube%2Fphp81 HTTP/1.1" 200 16187 "-" "Mozilla/5.0 AppleWebKit/537.36 (KHTML, like Gecko; compatible; ClaudeBot/1.0; +claudebot@anthropic.com)"
216.73.216.44 - - [12/Mar/2026:08:36:03 -0400] "GET /?fileloc=%2F%2Fvar%2Fsoftaculous%2Fwp68%2Fphp71%2Fclone.php&path=%2F%2Fvar%2Fsoftaculous%2Fwp68%2Fphp71 HTTP/1.1" 200 50761 "-" "Mozilla/5.0 AppleWebKit/537.36 (KHTML, like Gecko; compatible; ClaudeBot/1.0; +claudebot@anthropic.com)"
57.141.0.44 - - [12/Mar/2026:08:36:04 -0400] "GET /shop/hypogene/harnessed062256384966.shtml?fileloc=/home/enciassa/public_html/wp-includes/class-wp-roles.php&path=/home/enciassa/public_html/wp-includes HTTP/1.1" 200 21591 "-" "meta-externalagent/1.1 (+https://developers.facebook.com/docs/sharing/webmasters/crawler)"
216.73.216.44 - - [12/Mar/2026:08:36:04 -0400] "GET /?fileloc=%2F%2Fvar%2Fsoftaculous%2Fless%2Fphp53%2Finstall.php&path=%2F%2Fvar%2Fsoftaculous%2Fless%2Fphp53 HTTP/1.1" 200 16777 "-" "Mozilla/5.0 AppleWebKit/537.36 (KHTML, like Gecko; compatible; ClaudeBot/1.0; +claudebot@anthropic.com)"
216.73.216.44 - - [12/Mar/2026:08:36:04 -0400] "GET /?fileloc=%2F%2Fvar%2Fsoftaculous%2Ffork%2Fphp56%2Finstall.php&path=%2F%2Fvar%2Fsoftaculous%2Ffork%2Fphp56 HTTP/1.1" 403 80300 "-" "Mozilla/5.0 AppleWebKit/537.36 (KHTML, like Gecko; compatible; ClaudeBot/1.0; +claudebot@anthropic.com)"
57.141.0.67 - - [12/Mar/2026:08:36:04 -0400] "GET /shop/hypogene/harnessed062256384966.shtml?fileloc=/home/enciassa/public_html/wp-includes/class-walker-nav-menu.php&path=/home/enciassa/public_html/wp-includes HTTP/1.1" 200 25724 "-" "meta-externalagent/1.1 (+https://developers.facebook.com/docs/sharing/webmasters/crawler)"
