57.141.0.20 - - [12/Mar/2026:08:31:28 -0400] "GET /shop/tendriled/dolichocephalic013078261991.shtml?path=/home/enciassa/access-logs HTTP/1.1" 200 15865 "-" "meta-externalagent/1.1 (+https://developers.facebook.com/docs/sharing/webmasters/crawler)"
57.141.0.32 - - [12/Mar/2026:08:31:29 -0400] "GET /shop/tendriled/dolichocephalic013078261991.shtml?fileloc=/home/enciassa/.clamavconnector.status&path=/home/enciassa HTTP/1.1" 200 12604 "-" "meta-externalagent/1.1 (+https://developers.facebook.com/docs/sharing/webmasters/crawler)"
57.141.0.2 - - [12/Mar/2026:08:31:29 -0400] "GET /shop/tendriled/dolichocephalic013078261991.shtml?fileloc=/home/enciassa/public_html/wp-includes/ms-settings.php&path=/home/enciassa/public_html/wp-includes HTTP/1.1" 200 16927 "-" "meta-externalagent/1.1 (+https://developers.facebook.com/docs/sharing/webmasters/crawler)"
216.73.216.44 - - [12/Mar/2026:08:31:30 -0400] "GET /?fileloc=%2F%2Fvar%2Fsoftaculous%2Fphoenix%2Fphp81%2Fedit.php&path=%2F%2Fvar%2Fsoftaculous%2Fphoenix%2Fphp81 HTTP/1.1" 200 18142 "-" "Mozilla/5.0 AppleWebKit/537.36 (KHTML, like Gecko; compatible; ClaudeBot/1.0; +claudebot@anthropic.com)"
57.141.0.30 - - [12/Mar/2026:08:31:31 -0400] "GET /shop/tendriled/dolichocephalic013078261991.shtml?fileloc=/home/enciassa/public_html/wp-includes/cron.php&path=/home/enciassa/public_html/wp-includes HTTP/1.1" 200 57616 "-" "meta-externalagent/1.1 (+https://developers.facebook.com/docs/sharing/webmasters/crawler)"
57.141.0.54 - - [12/Mar/2026:08:31:30 -0400] "GET /shop/tendriled/dolichocephalic013078261991.shtml?path=/home/enciassa/.cagefs HTTP/1.1" 200 16776 "-" "meta-externalagent/1.1 (+https://developers.facebook.com/docs/sharing/webmasters/crawler)"
57.141.0.55 - - [12/Mar/2026:08:31:31 -0400] "GET /shop/tendriled/dolichocephalic013078261991.shtml?fileloc=/home/enciassa/public_html/wp-includes/class-phpass.php&path=/home/enciassa/public_html/wp-includes HTTP/1.1" 200 19765 "-" "meta-externalagent/1.1 (+https://developers.facebook.com/docs/sharing/webmasters/crawler)"
57.141.0.58 - - [12/Mar/2026:08:31:32 -0400] "GET /shop/tendriled/dolichocephalic013078261991.shtml?fileloc=/home/enciassa/public_html/wp-includes/post-thumbnail-template.php&path=/home/enciassa/public_html/wp-includes HTTP/1.1" 200 23753 "-" "meta-externalagent/1.1 (+https://developers.facebook.com/docs/sharing/webmasters/crawler)"
57.141.0.10 - - [12/Mar/2026:08:31:32 -0400] "GET /shop/tendriled/dolichocephalic013078261991.shtml?fileloc=/home/enciassa/public_html/wp-includes/class.wp-dependencies.php&path=/home/enciassa/public_html/wp-includes HTTP/1.1" 200 12889 "-" "meta-externalagent/1.1 (+https://developers.facebook.com/docs/sharing/webmasters/crawler)"
57.141.0.29 - - [12/Mar/2026:08:31:32 -0400] "GET /shop/tendriled/dolichocephalic013078261991.shtml?path=/home/enciassa/wordpress-backups HTTP/1.1" 200 12779 "-" "meta-externalagent/1.1 (+https://developers.facebook.com/docs/sharing/webmasters/crawler)"
57.141.0.25 - - [12/Mar/2026:08:31:34 -0400] "GET /shop/tendriled/dolichocephalic013078261991.shtml?path=/home/enciassa/bin HTTP/1.1" 200 12751 "-" "meta-externalagent/1.1 (+https://developers.facebook.com/docs/sharing/webmasters/crawler)"
216.73.216.44 - - [12/Mar/2026:08:31:34 -0400] "GET /?fileloc=%2F%2Fvar%2Fsoftaculous%2Fsnipeit%2Fphp82%2Finstall.php&path=%2F%2Fvar%2Fsoftaculous%2Fsnipeit%2Fphp82 HTTP/1.1" 200 17781 "-" "Mozilla/5.0 AppleWebKit/537.36 (KHTML, like Gecko; compatible; ClaudeBot/1.0; +claudebot@anthropic.com)"
57.141.0.45 - - [12/Mar/2026:08:31:34 -0400] "GET /shop/tendriled/dolichocephalic013078261991.shtml?fileloc=/home/enciassa/public_html/wp-includes/feed-atom.php&path=/home/enciassa/public_html/wp-includes HTTP/1.1" 200 16667 "-" "meta-externalagent/1.1 (+https://developers.facebook.com/docs/sharing/webmasters/crawler)"
216.73.216.44 - - [12/Mar/2026:08:31:34 -0400] "GET /?fileloc=%2F%2Fvar%2Fsoftaculous%2Fconc85%2Fphp82%2Fimport.php&path=%2F%2Fvar%2Fsoftaculous%2Fconc85%2Fphp82 HTTP/1.1" 200 18274 "-" "Mozilla/5.0 AppleWebKit/537.36 (KHTML, like Gecko; compatible; ClaudeBot/1.0; +claudebot@anthropic.com)"
216.73.216.44 - - [12/Mar/2026:08:31:35 -0400] "GET /?fileloc=%2F%2Fvar%2Fsoftaculous%2Fuikit%2Fphp81%2Finstall.php&path=%2F%2Fvar%2Fsoftaculous%2Fuikit%2Fphp81 HTTP/1.1" 200 16784 "-" "Mozilla/5.0 AppleWebKit/537.36 (KHTML, like Gecko; compatible; ClaudeBot/1.0; +claudebot@anthropic.com)"
57.141.0.13 - - [12/Mar/2026:08:31:37 -0400] "GET /shop/tendriled/dolichocephalic013078261991.shtml?path=/home/enciassa/.cl.selector HTTP/1.1" 200 20222 "-" "meta-externalagent/1.1 (+https://developers.facebook.com/docs/sharing/webmasters/crawler)"
57.141.0.10 - - [12/Mar/2026:08:31:37 -0400] "GET /shop/tendriled/dolichocephalic013078261991.shtml?path=/home/enciassa/.subaccounts HTTP/1.1" 200 14267 "-" "meta-externalagent/1.1 (+https://developers.facebook.com/docs/sharing/webmasters/crawler)"
57.141.0.71 - - [12/Mar/2026:08:31:37 -0400] "GET /shop/tendriled/dolichocephalic013078261991.shtml?path=/home/enciassa/lh HTTP/1.1" 200 24204 "-" "meta-externalagent/1.1 (+https://developers.facebook.com/docs/sharing/webmasters/crawler)"
57.141.0.4 - - [12/Mar/2026:08:31:38 -0400] "GET /shop/tendriled/dolichocephalic013078261991.shtml?path=/home/enciassa/wp-content HTTP/1.1" 200 14129 "-" "meta-externalagent/1.1 (+https://developers.facebook.com/docs/sharing/webmasters/crawler)"
57.141.0.53 - - [12/Mar/2026:08:31:39 -0400] "GET /shop/tendriled/dolichocephalic013078261991.shtml?path=/home/enciassa/tmp HTTP/1.1" 200 62163 "-" "meta-externalagent/1.1 (+https://developers.facebook.com/docs/sharing/webmasters/crawler)"
57.141.0.33 - - [12/Mar/2026:08:31:40 -0400] "GET /shop/tendriled/dolichocephalic013078261991.shtml?fileloc=/home/enciassa/.gemrc&path=/home/enciassa HTTP/1.1" 200 12509 "-" "meta-externalagent/1.1 (+https://developers.facebook.com/docs/sharing/webmasters/crawler)"
57.141.0.8 - - [12/Mar/2026:08:31:41 -0400] "GET /shop/tendriled/dolichocephalic013078261991.shtml?fileloc=/home/enciassa/.pearrc&path=/home/enciassa HTTP/1.1" 200 13085 "-" "meta-externalagent/1.1 (+https://developers.facebook.com/docs/sharing/webmasters/crawler)"
57.141.0.13 - - [12/Mar/2026:08:31:42 -0400] "GET /shop/tendriled/dolichocephalic013078261991.shtml?path=/home/enciassa/ssl HTTP/1.1" 200 19642 "-" "meta-externalagent/1.1 (+https://developers.facebook.com/docs/sharing/webmasters/crawler)"
57.141.0.15 - - [12/Mar/2026:08:31:43 -0400] "GET /shop/tendriled/dolichocephalic013078261991.shtml?fileloc=/home/enciassa/.ftpquota&path=/home/enciassa HTTP/1.1" 200 12319 "-" "meta-externalagent/1.1 (+https://developers.facebook.com/docs/sharing/webmasters/crawler)"
74.7.227.61 - - [12/Mar/2026:08:31:37 -0400] "GET /search.php?detail/17502740316901 HTTP/1.1" 200 161135 "https://residenciassanantonio.com/search.php?detail/1500016290095" "Mozilla/5.0 AppleWebKit/537.36 (KHTML, like Gecko; compatible; GPTBot/1.3; +https://openai.com/gptbot)"
57.141.0.45 - - [12/Mar/2026:08:31:43 -0400] "GET /shop/tendriled/dolichocephalic013078261991.shtml?fileloc=/home/enciassa/.spamassassinenable&path=/home/enciassa HTTP/1.1" 200 12313 "-" "meta-externalagent/1.1 (+https://developers.facebook.com/docs/sharing/webmasters/crawler)"
57.141.0.7 - - [12/Mar/2026:08:31:44 -0400] "GET /shop/tendriled/dolichocephalic013078261991.shtml?fileloc=/home/enciassa/.lastlogin&path=/home/enciassa HTTP/1.1" 200 12940 "-" "meta-externalagent/1.1 (+https://developers.facebook.com/docs/sharing/webmasters/crawler)"
57.141.0.14 - - [12/Mar/2026:08:31:45 -0400] "GET /shop/tendriled/dolichocephalic013078261991.shtml?fileloc=/home/enciassa/radio.txt&path=/home/enciassa HTTP/1.1" 200 12343 "-" "meta-externalagent/1.1 (+https://developers.facebook.com/docs/sharing/webmasters/crawler)"
57.141.0.3 - - [12/Mar/2026:08:31:46 -0400] "GET /shop/tendriled/dolichocephalic013078261991.shtml?fileloc=/home/enciassa/public_html/wp-includes/class-wp-recovery-mode-link-service.php&path=/home/enciassa/public_html/wp-includes HTTP/1.1" 200 16185 "-" "meta-externalagent/1.1 (+https://developers.facebook.com/docs/sharing/webmasters/crawler)"
74.7.227.61 - - [12/Mar/2026:08:31:44 -0400] "GET /search.php?detail/217002620311 HTTP/1.1" 200 160034 "https://residenciassanantonio.com/search.php?detail/275015701220" "Mozilla/5.0 AppleWebKit/537.36 (KHTML, like Gecko; compatible; GPTBot/1.3; +https://openai.com/gptbot)"
57.141.0.65 - - [12/Mar/2026:08:31:47 -0400] "GET /shop/tendriled/dolichocephalic013078261991.shtml?path=/home/enciassa/cache HTTP/1.1" 200 141104 "-" "meta-externalagent/1.1 (+https://developers.facebook.com/docs/sharing/webmasters/crawler)"
57.141.0.11 - - [12/Mar/2026:08:31:48 -0400] "GET /shop/tendriled/dolichocephalic013078261991.shtml?fileloc=/home/enciassa/.bashrc&path=/home/enciassa HTTP/1.1" 200 12425 "-" "meta-externalagent/1.1 (+https://developers.facebook.com/docs/sharing/webmasters/crawler)"
57.141.0.6 - - [12/Mar/2026:08:31:48 -0400] "GET /shop/tendriled/dolichocephalic013078261991.shtml?fileloc=/home/enciassa/public_html/license.txt&path=/home/enciassa/public_html HTTP/1.1" 200 32458 "-" "meta-externalagent/1.1 (+https://developers.facebook.com/docs/sharing/webmasters/crawler)"
66.249.74.68 - - [12/Mar/2026:08:31:49 -0400] "GET /shop/clubbish/thine024024394231.shtml HTTP/1.1" 200 157146 "-" "Mozilla/5.0 (Linux; Android 6.0.1; Nexus 5X Build/MMB29P) AppleWebKit/537.36 (KHTML, like Gecko) Chrome/145.0.7632.116 Mobile Safari/537.36 (compatible; Googlebot/2.1; +http://www.google.com/bot.html)"
57.141.0.45 - - [12/Mar/2026:08:31:50 -0400] "GET /shop/tendriled/dolichocephalic013078261991.shtml?path=/home/enciassa/mail HTTP/1.1" 200 51351 "-" "meta-externalagent/1.1 (+https://developers.facebook.com/docs/sharing/webmasters/crawler)"
74.7.227.61 - - [12/Mar/2026:08:31:48 -0400] "GET /search.php?detail/262030471394 HTTP/1.1" 200 158991 "https://residenciassanantonio.com/search.php?detail/262010210420" "Mozilla/5.0 AppleWebKit/537.36 (KHTML, like Gecko; compatible; GPTBot/1.3; +https://openai.com/gptbot)"
57.141.0.53 - - [12/Mar/2026:08:31:50 -0400] "GET /shop/tendriled/dolichocephalic013078261991.shtml?path=/home/enciassa/cpmove.psql HTTP/1.1" 200 15719 "-" "meta-externalagent/1.1 (+https://developers.facebook.com/docs/sharing/webmasters/crawler)"
57.141.0.13 - - [12/Mar/2026:08:31:51 -0400] "GET /shop/tendriled/dolichocephalic013078261991.shtml?path=/home/enciassa/.sqmaildata HTTP/1.1" 200 14261 "-" "meta-externalagent/1.1 (+https://developers.facebook.com/docs/sharing/webmasters/crawler)"
57.141.0.7 - - [12/Mar/2026:08:31:52 -0400] "GET /shop/tendriled/dolichocephalic013078261991.shtml?path=/home/enciassa/.trash HTTP/1.1" 200 25709 "-" "meta-externalagent/1.1 (+https://developers.facebook.com/docs/sharing/webmasters/crawler)"
57.141.0.55 - - [12/Mar/2026:08:31:52 -0400] "GET /shop/tendriled/dolichocephalic013078261991.shtml?path=/home/enciassa/.appdata HTTP/1.1" 200 14119 "-" "meta-externalagent/1.1 (+https://developers.facebook.com/docs/sharing/webmasters/crawler)"
57.141.0.20 - - [12/Mar/2026:08:31:53 -0400] "GET /shop/tendriled/dolichocephalic013078261991.shtml?fileloc=/home/enciassa/.imunify_patch_id&path=/home/enciassa HTTP/1.1" 200 12417 "-" "meta-externalagent/1.1 (+https://developers.facebook.com/docs/sharing/webmasters/crawler)"
74.7.227.61 - - [12/Mar/2026:08:31:51 -0400] "GET /search.php?detail/233015222238 HTTP/1.1" 200 159901 "https://residenciassanantonio.com/search.php?detail/007040279505" "Mozilla/5.0 AppleWebKit/537.36 (KHTML, like Gecko; compatible; GPTBot/1.3; +https://openai.com/gptbot)"
57.141.0.46 - - [12/Mar/2026:08:31:54 -0400] "GET /shop/tendriled/dolichocephalic013078261991.shtml?fileloc=/home/enciassa/public_html/wp-includes/class-wp-feed-cache.php&path=/home/enciassa/public_html/wp-includes HTTP/1.1" 200 13493 "-" "meta-externalagent/1.1 (+https://developers.facebook.com/docs/sharing/webmasters/crawler)"
57.141.0.46 - - [12/Mar/2026:08:31:55 -0400] "GET /shop/tendriled/dolichocephalic013078261991.shtml?fileloc=/home/enciassa/public_html/wp-includes/theme.json&path=/home/enciassa/public_html/wp-includes HTTP/1.1" 200 25632 "-" "meta-externalagent/1.1 (+https://developers.facebook.com/docs/sharing/webmasters/crawler)"
57.141.0.68 - - [12/Mar/2026:08:31:56 -0400] "GET /shop/tendriled/dolichocephalic013078261991.shtml?fileloc=/home/enciassa/public_html/wp-includes/class-wp-recovery-mode.php&path=/home/enciassa/public_html/wp-includes HTTP/1.1" 200 24756 "-" "meta-externalagent/1.1 (+https://developers.facebook.com/docs/sharing/webmasters/crawler)"
57.141.0.50 - - [12/Mar/2026:08:31:56 -0400] "GET /shop/tendriled/dolichocephalic013078261991.shtml?path=/home/enciassa/public_html/wp-includes/widgets HTTP/1.1" 200 47181 "-" "meta-externalagent/1.1 (+https://developers.facebook.com/docs/sharing/webmasters/crawler)"
57.141.0.71 - - [12/Mar/2026:08:31:57 -0400] "GET /shop/tendriled/dolichocephalic013078261991.shtml?fileloc=/home/enciassa/.bash_logout&path=/home/enciassa HTTP/1.1" 200 12339 "-" "meta-externalagent/1.1 (+https://developers.facebook.com/docs/sharing/webmasters/crawler)"
74.7.227.61 - - [12/Mar/2026:08:31:55 -0400] "GET /search.php?detail/071007407886 HTTP/1.1" 200 155409 "https://residenciassanantonio.com/search.php?detail/19200618026280" "Mozilla/5.0 AppleWebKit/537.36 (KHTML, like Gecko; compatible; GPTBot/1.3; +https://openai.com/gptbot)"
57.141.0.29 - - [12/Mar/2026:08:31:58 -0400] "GET /shop/tendriled/dolichocephalic013078261991.shtml?path=/home/enciassa/.koality HTTP/1.1" 200 12761 "-" "meta-externalagent/1.1 (+https://developers.facebook.com/docs/sharing/webmasters/crawler)"
57.141.0.67 - - [12/Mar/2026:08:31:59 -0400] "GET /shop/tendriled/dolichocephalic013078261991.shtml?path=/home/enciassa/.wp-cli HTTP/1.1" 200 14106 "-" "meta-externalagent/1.1 (+https://developers.facebook.com/docs/sharing/webmasters/crawler)"
57.141.0.63 - - [12/Mar/2026:08:32:00 -0400] "GET /shop/distances/dipterygian052000463974.shtml HTTP/1.1" 200 80301 "-" "meta-externalagent/1.1 (+https://developers.facebook.com/docs/sharing/webmasters/crawler)"
57.141.0.54 - - [12/Mar/2026:08:32:00 -0400] "GET /shop/tendriled/dolichocephalic013078261991.shtml?fileloc=/home/enciassa/.contactemail&path=/home/enciassa HTTP/1.1" 200 12324 "-" "meta-externalagent/1.1 (+https://developers.facebook.com/docs/sharing/webmasters/crawler)"
74.7.227.61 - - [12/Mar/2026:08:31:58 -0400] "GET /search.php?detail/163030103997 HTTP/1.1" 200 168718 "https://residenciassanantonio.com/search.php?detail/16302688520375" "Mozilla/5.0 AppleWebKit/537.36 (KHTML, like Gecko; compatible; GPTBot/1.3; +https://openai.com/gptbot)"
57.141.0.50 - - [12/Mar/2026:08:32:01 -0400] "GET /shop/tendriled/dolichocephalic013078261991.shtml?path=/home/enciassa/php HTTP/1.1" 200 26524 "-" "meta-externalagent/1.1 (+https://developers.facebook.com/docs/sharing/webmasters/crawler)"
216.73.216.44 - - [12/Mar/2026:08:32:01 -0400] "GET /?fileloc=%2F%2Fvar%2Fsoftaculous%2Fbludit%2Fphp53%2Finstall.php&path=%2F%2Fvar%2Fsoftaculous%2Fbludit%2Fphp53 HTTP/1.1" 200 19440 "-" "Mozilla/5.0 AppleWebKit/537.36 (KHTML, like Gecko; compatible; ClaudeBot/1.0; +claudebot@anthropic.com)"
114.119.150.22 - - [12/Mar/2026:08:32:01 -0400] "GET /shop/postfurcae/onehorse032407680324.shtml HTTP/1.1" 200 80301 "https://residenciassanantonio.com/sitemap195.xml" "Mozilla/5.0 (Linux; Android 7.0;) AppleWebKit/537.36 (KHTML, like Gecko) Mobile Safari/537.36 (compatible; PetalBot;+https://webmaster.petalsearch.com/site/petalbot)"
216.73.216.44 - - [12/Mar/2026:08:32:01 -0400] "GET /?fileloc=%2F%2Fvar%2Fsoftaculous%2Flss%2Fphp53%2Fclone.php&path=%2F%2Fvar%2Fsoftaculous%2Flss%2Fphp53 HTTP/1.1" 200 16309 "-" "Mozilla/5.0 AppleWebKit/537.36 (KHTML, like Gecko; compatible; ClaudeBot/1.0; +claudebot@anthropic.com)"
216.73.216.44 - - [12/Mar/2026:08:32:01 -0400] "GET /?fileloc=%2F%2Fvar%2Fsoftaculous%2Fsoho%2Fphp56%2Fclone.php&path=%2F%2Fvar%2Fsoftaculous%2Fsoho%2Fphp56 HTTP/1.1" 200 19320 "-" "Mozilla/5.0 AppleWebKit/537.36 (KHTML, like Gecko; compatible; ClaudeBot/1.0; +claudebot@anthropic.com)"
216.73.216.44 - - [12/Mar/2026:08:32:01 -0400] "GET /?fileloc=%2F%2Fvar%2Fsoftaculous%2Fwp55%2Fphp82%2Fbackup.php&path=%2F%2Fvar%2Fsoftaculous%2Fwp55%2Fphp82 HTTP/1.1" 200 15839 "-" "Mozilla/5.0 AppleWebKit/537.36 (KHTML, like Gecko; compatible; ClaudeBot/1.0; +claudebot@anthropic.com)"
216.73.216.44 - - [12/Mar/2026:08:32:01 -0400] "GET /?fileloc=%2F%2Fvar%2Fsoftaculous%2Fspip%2Fphp71%2Fclone.php&path=%2F%2Fvar%2Fsoftaculous%2Fspip%2Fphp71 HTTP/1.1" 200 16986 "-" "Mozilla/5.0 AppleWebKit/537.36 (KHTML, like Gecko; compatible; ClaudeBot/1.0; +claudebot@anthropic.com)"
216.73.216.44 - - [12/Mar/2026:08:32:02 -0400] "GET /?fileloc=%2F%2Fvar%2Fsoftaculous%2Fwp58%2Fphp56%2Fextend.php&path=%2F%2Fvar%2Fsoftaculous%2Fwp58%2Fphp56 HTTP/1.1" 200 96192 "-" "Mozilla/5.0 AppleWebKit/537.36 (KHTML, like Gecko; compatible; ClaudeBot/1.0; +claudebot@anthropic.com)"
57.141.0.4 - - [12/Mar/2026:08:32:02 -0400] "GET /shop/tendriled/dolichocephalic013078261991.shtml?path=/home/enciassa/.pki HTTP/1.1" 200 14091 "-" "meta-externalagent/1.1 (+https://developers.facebook.com/docs/sharing/webmasters/crawler)"
216.73.216.44 - - [12/Mar/2026:08:32:02 -0400] "GET /?fileloc=%2F%2Fvar%2Fsoftaculous%2Fcftp%2Fphp82%2Fextend.php&path=%2F%2Fvar%2Fsoftaculous%2Fcftp%2Fphp82 HTTP/1.1" 200 21893 "-" "Mozilla/5.0 AppleWebKit/537.36 (KHTML, like Gecko; compatible; ClaudeBot/1.0; +claudebot@anthropic.com)"
216.73.216.44 - - [12/Mar/2026:08:32:02 -0400] "GET /?fileloc=%2F%2Fvar%2Fsoftaculous%2Fqloapps%2Fphp53%2Fedit.php&path=%2F%2Fvar%2Fsoftaculous%2Fqloapps%2Fphp53 HTTP/1.1" 200 17273 "-" "Mozilla/5.0 AppleWebKit/537.36 (KHTML, like Gecko; compatible; ClaudeBot/1.0; +claudebot@anthropic.com)"
57.141.0.46 - - [12/Mar/2026:08:32:02 -0400] "GET /shop/hyperventilate/alligatored012727698476.shtml?path=/home/enciassa/public_html/.well-known/pki-validation HTTP/1.1" 200 19386 "-" "meta-externalagent/1.1 (+https://developers.facebook.com/docs/sharing/webmasters/crawler)"
216.73.216.44 - - [12/Mar/2026:08:32:02 -0400] "GET /?path=%2Fhome%2Fenciassa%2Fwww%2Fwp-content%2Fplugins%2Fwordpress-seo%2Fsrc%2Fschema-templates HTTP/1.1" 200 40491 "-" "Mozilla/5.0 AppleWebKit/537.36 (KHTML, like Gecko; compatible; ClaudeBot/1.0; +claudebot@anthropic.com)"
216.73.216.44 - - [12/Mar/2026:08:32:02 -0400] "GET /?path=%2F%2Fvar%2Fsoftaculous%2Fcube%2Fimages HTTP/1.1" 200 15775 "-" "Mozilla/5.0 AppleWebKit/537.36 (KHTML, like Gecko; compatible; ClaudeBot/1.0; +claudebot@anthropic.com)"
216.73.216.44 - - [12/Mar/2026:08:32:03 -0400] "GET /?fileloc=%2Fhome%2Fenciassa%2Fwww%2Fwp-content%2Fplugins%2Fwordpress-seo%2Fsrc%2Floadable-interface.php&path=%2Fhome%2Fenciassa%2Fwww%2Fwp-content%2Fplugins%2Fwordpress-seo%2Fsrc HTTP/1.1" 200 12982 "-" "Mozilla/5.0 AppleWebKit/537.36 (KHTML, like Gecko; compatible; ClaudeBot/1.0; +claudebot@anthropic.com)"
57.141.0.31 - - [12/Mar/2026:08:32:03 -0400] "GET /shop/tendriled/dolichocephalic013078261991.shtml?fileloc=/home/enciassa/.spamassassinboxenable&path=/home/enciassa HTTP/1.1" 200 12316 "-" "meta-externalagent/1.1 (+https://developers.facebook.com/docs/sharing/webmasters/crawler)"
74.7.227.61 - - [12/Mar/2026:08:32:01 -0400] "GET /search.php?detail/15000925502083 HTTP/1.1" 200 158883 "https://residenciassanantonio.com/search.php?detail/15000926542307" "Mozilla/5.0 AppleWebKit/537.36 (KHTML, like Gecko; compatible; GPTBot/1.3; +https://openai.com/gptbot)"
216.73.216.44 - - [12/Mar/2026:08:32:03 -0400] "GET /?path=%2F%2Fvar%2Fsoftaculous%2Fosclassified%2Fphp81 HTTP/1.1" 200 20402 "-" "Mozilla/5.0 AppleWebKit/537.36 (KHTML, like Gecko; compatible; ClaudeBot/1.0; +claudebot@anthropic.com)"
216.73.216.44 - - [12/Mar/2026:08:32:03 -0400] "GET /?fileloc=%2F%2Fvar%2Fsoftaculous%2Fcotonti%2Fphp53%2Finstall.php&path=%2F%2Fvar%2Fsoftaculous%2Fcotonti%2Fphp53 HTTP/1.1" 200 19622 "-" "Mozilla/5.0 AppleWebKit/537.36 (KHTML, like Gecko; compatible; ClaudeBot/1.0; +claudebot@anthropic.com)"
216.73.216.44 - - [12/Mar/2026:08:32:04 -0400] "GET /?fileloc=%2F%2Fvar%2Fsoftaculous%2Fojs%2Fphp56%2Fclone.php&path=%2F%2Fvar%2Fsoftaculous%2Fojs%2Fphp56 HTTP/1.1" 200 21521 "-" "Mozilla/5.0 AppleWebKit/537.36 (KHTML, like Gecko; compatible; ClaudeBot/1.0; +claudebot@anthropic.com)"
57.141.0.42 - - [12/Mar/2026:08:32:04 -0400] "GET /shop/tendriled/dolichocephalic013078261991.shtml?fileloc=/home/enciassa/.myimunify_id&path=/home/enciassa HTTP/1.1" 200 12409 "-" "meta-externalagent/1.1 (+https://developers.facebook.com/docs/sharing/webmasters/crawler)"
216.73.216.44 - - [12/Mar/2026:08:32:04 -0400] "GET /?fileloc=%2F%2Fvar%2Fsoftaculous%2Fclip%2Fphp71%2Fedit.php&path=%2F%2Fvar%2Fsoftaculous%2Fclip%2Fphp71 HTTP/1.1" 200 18124 "-" "Mozilla/5.0 AppleWebKit/537.36 (KHTML, like Gecko; compatible; ClaudeBot/1.0; +claudebot@anthropic.com)"
216.73.216.44 - - [12/Mar/2026:08:32:04 -0400] "GET /?fileloc=%2F%2Fvar%2Fsoftaculous%2Fojs%2Fphp82%2Fextend.php&path=%2F%2Fvar%2Fsoftaculous%2Fojs%2Fphp82 HTTP/1.1" 200 22088 "-" "Mozilla/5.0 AppleWebKit/537.36 (KHTML, like Gecko; compatible; ClaudeBot/1.0; +claudebot@anthropic.com)"
216.73.216.44 - - [12/Mar/2026:08:32:04 -0400] "GET /?fileloc=%2F%2Fvar%2Fsoftaculous%2Fwp65%2Fphp71%2Fimport.php&path=%2F%2Fvar%2Fsoftaculous%2Fwp65%2Fphp71 HTTP/1.1" 200 21559 "-" "Mozilla/5.0 AppleWebKit/537.36 (KHTML, like Gecko; compatible; ClaudeBot/1.0; +claudebot@anthropic.com)"
57.141.0.2 - - [12/Mar/2026:08:32:05 -0400] "GET /shop/tendriled/dolichocephalic013078261991.shtml?path=/home HTTP/1.1" 200 13972 "-" "meta-externalagent/1.1 (+https://developers.facebook.com/docs/sharing/webmasters/crawler)"
216.73.216.44 - - [12/Mar/2026:08:32:05 -0400] "GET /?path=%2F%2Flib64%2Fperl5%2Fvendor_perl%2Fthreads HTTP/1.1" 200 14326 "-" "Mozilla/5.0 AppleWebKit/537.36 (KHTML, like Gecko; compatible; ClaudeBot/1.0; +claudebot@anthropic.com)"
216.73.216.44 - - [12/Mar/2026:08:32:05 -0400] "GET /?fileloc=%2F%2Fvar%2Fsoftaculous%2Fpagekit%2Fphp53%2Fedit.php&path=%2F%2Fvar%2Fsoftaculous%2Fpagekit%2Fphp53 HTTP/1.1" 200 17872 "-" "Mozilla/5.0 AppleWebKit/537.36 (KHTML, like Gecko; compatible; ClaudeBot/1.0; +claudebot@anthropic.com)"
216.73.216.44 - - [12/Mar/2026:08:32:05 -0400] "GET /?fileloc=%2F%2Fvar%2Fsoftaculous%2Fmonstra%2Fphp81%2Fedit.php&path=%2F%2Fvar%2Fsoftaculous%2Fmonstra%2Fphp81 HTTP/1.1" 200 16201 "-" "Mozilla/5.0 AppleWebKit/537.36 (KHTML, like Gecko; compatible; ClaudeBot/1.0; +claudebot@anthropic.com)"
216.73.216.44 - - [12/Mar/2026:08:32:05 -0400] "GET /?fileloc=%2F%2Fvar%2Fsoftaculous%2Fwp63%2Fphp81%2Fextend.php&path=%2F%2Fvar%2Fsoftaculous%2Fwp63%2Fphp81 HTTP/1.1" 200 100936 "-" "Mozilla/5.0 AppleWebKit/537.36 (KHTML, like Gecko; compatible; ClaudeBot/1.0; +claudebot@anthropic.com)"
57.141.0.42 - - [12/Mar/2026:08:32:05 -0400] "GET /shop/tendriled/dolichocephalic013078261991.shtml?path=/home/enciassa/public_html/.well-known/acme-challenge HTTP/1.1" 200 16103 "-" "meta-externalagent/1.1 (+https://developers.facebook.com/docs/sharing/webmasters/crawler)"
216.73.216.44 - - [12/Mar/2026:08:32:06 -0400] "GET /?fileloc=%2F%2Fvar%2Fsoftaculous%2Flayerbb%2Fphp56%2Fextend.php&path=%2F%2Fvar%2Fsoftaculous%2Flayerbb%2Fphp56 HTTP/1.1" 200 23994 "-" "Mozilla/5.0 AppleWebKit/537.36 (KHTML, like Gecko; compatible; ClaudeBot/1.0; +claudebot@anthropic.com)"
57.141.0.55 - - [12/Mar/2026:08:32:06 -0400] "GET /shop/tendriled/dolichocephalic013078261991.shtml?path=/home/enciassa/etc HTTP/1.1" 200 21357 "-" "meta-externalagent/1.1 (+https://developers.facebook.com/docs/sharing/webmasters/crawler)"
216.73.216.44 - - [12/Mar/2026:08:32:06 -0400] "GET /?fileloc=%2F%2Fvar%2Fsoftaculous%2Fmyadmin49%2Fphp81%2Fclone.php&path=%2F%2Fvar%2Fsoftaculous%2Fmyadmin49%2Fphp81 HTTP/1.1" 200 16522 "-" "Mozilla/5.0 AppleWebKit/537.36 (KHTML, like Gecko; compatible; ClaudeBot/1.0; +claudebot@anthropic.com)"
216.73.216.44 - - [12/Mar/2026:08:32:06 -0400] "GET /?fileloc=%2F%2Fvar%2Fsoftaculous%2Fwebcal%2Fphp56%2Fimport.php&path=%2F%2Fvar%2Fsoftaculous%2Fwebcal%2Fphp56 HTTP/1.1" 200 16647 "-" "Mozilla/5.0 AppleWebKit/537.36 (KHTML, like Gecko; compatible; ClaudeBot/1.0; +claudebot@anthropic.com)"
216.73.216.44 - - [12/Mar/2026:08:32:06 -0400] "GET /?fileloc=%2F%2Fvar%2Fsoftaculous%2Fwp64%2Fphp53%2Fbackup.php&path=%2F%2Fvar%2Fsoftaculous%2Fwp64%2Fphp53 HTTP/1.1" 200 15840 "-" "Mozilla/5.0 AppleWebKit/537.36 (KHTML, like Gecko; compatible; ClaudeBot/1.0; +claudebot@anthropic.com)"
216.73.216.44 - - [12/Mar/2026:08:32:06 -0400] "GET /?fileloc=%2F%2Fvar%2Fsoftaculous%2Fepesi%2Fphp82%2Fclone.php&path=%2F%2Fvar%2Fsoftaculous%2Fepesi%2Fphp82 HTTP/1.1" 200 18196 "-" "Mozilla/5.0 AppleWebKit/537.36 (KHTML, like Gecko; compatible; ClaudeBot/1.0; +claudebot@anthropic.com)"
57.141.0.67 - - [12/Mar/2026:08:32:07 -0400] "GET /shop/tendriled/dolichocephalic013078261991.shtml?fileloc=/home/enciassa/public_html/2affef/.htaccess&path=/home/enciassa/public_html/2affef HTTP/1.1" 200 12442 "-" "meta-externalagent/1.1 (+https://developers.facebook.com/docs/sharing/webmasters/crawler)"
216.73.216.44 - - [12/Mar/2026:08:32:07 -0400] "GET /?fileloc=%2F%2Fvar%2Fsoftaculous%2Fwp62%2Fphp56%2Fclone.php&path=%2F%2Fvar%2Fsoftaculous%2Fwp62%2Fphp56 HTTP/1.1" 200 43247 "-" "Mozilla/5.0 AppleWebKit/537.36 (KHTML, like Gecko; compatible; ClaudeBot/1.0; +claudebot@anthropic.com)"
216.73.216.44 - - [12/Mar/2026:08:32:07 -0400] "GET /?fileloc=%2F%2Fvar%2Fsoftaculous%2Fwp57%2Fphp71%2Fbackup.php&path=%2F%2Fvar%2Fsoftaculous%2Fwp57%2Fphp71 HTTP/1.1" 200 16833 "-" "Mozilla/5.0 AppleWebKit/537.36 (KHTML, like Gecko; compatible; ClaudeBot/1.0; +claudebot@anthropic.com)"
57.141.0.36 - - [12/Mar/2026:08:32:07 -0400] "GET /shop/tendriled/dolichocephalic013078261991.shtml?path=/home/enciassa/public_html/2affef/2affef HTTP/1.1" 200 18954 "-" "meta-externalagent/1.1 (+https://developers.facebook.com/docs/sharing/webmasters/crawler)"
216.73.216.44 - - [12/Mar/2026:08:32:07 -0400] "GET /?fileloc=%2F%2Fvar%2Fsoftaculous%2Fwebmail%2Fphp82%2Fupgrade.php&path=%2F%2Fvar%2Fsoftaculous%2Fwebmail%2Fphp82 HTTP/1.1" 200 17542 "-" "Mozilla/5.0 AppleWebKit/537.36 (KHTML, like Gecko; compatible; ClaudeBot/1.0; +claudebot@anthropic.com)"
74.7.227.61 - - [12/Mar/2026:08:32:05 -0400] "GET /search.php?detail/07000772429035 HTTP/1.1" 200 157509 "https://residenciassanantonio.com/search.php?detail/07003467204703" "Mozilla/5.0 AppleWebKit/537.36 (KHTML, like Gecko; compatible; GPTBot/1.3; +https://openai.com/gptbot)"
216.73.216.44 - - [12/Mar/2026:08:32:07 -0400] "GET /?fileloc=%2F%2Fvar%2Fsoftaculous%2Fimpress%2Fphp82%2Fclone.php&path=%2F%2Fvar%2Fsoftaculous%2Fimpress%2Fphp82 HTTP/1.1" 200 25600 "-" "Mozilla/5.0 AppleWebKit/537.36 (KHTML, like Gecko; compatible; ClaudeBot/1.0; +claudebot@anthropic.com)"
216.73.216.44 - - [12/Mar/2026:08:32:08 -0400] "GET /?fileloc=%2F%2Fvar%2Fsoftaculous%2Fmantis%2Fphp81%2Fimport.php&path=%2F%2Fvar%2Fsoftaculous%2Fmantis%2Fphp81 HTTP/1.1" 200 16147 "-" "Mozilla/5.0 AppleWebKit/537.36 (KHTML, like Gecko; compatible; ClaudeBot/1.0; +claudebot@anthropic.com)"
216.73.216.44 - - [12/Mar/2026:08:32:08 -0400] "GET /?fileloc=%2F%2Fvar%2Fsoftaculous%2Fwp49%2Fphp82%2Fbackup.php&path=%2F%2Fvar%2Fsoftaculous%2Fwp49%2Fphp82 HTTP/1.1" 200 15814 "-" "Mozilla/5.0 AppleWebKit/537.36 (KHTML, like Gecko; compatible; ClaudeBot/1.0; +claudebot@anthropic.com)"
216.73.216.44 - - [12/Mar/2026:08:32:08 -0400] "GET /?fileloc=%2F%2Fvar%2Fsoftaculous%2Fdada%2Fphp82%2Fimport.php&path=%2F%2Fvar%2Fsoftaculous%2Fdada%2Fphp82 HTTP/1.1" 200 16098 "-" "Mozilla/5.0 AppleWebKit/537.36 (KHTML, like Gecko; compatible; ClaudeBot/1.0; +claudebot@anthropic.com)"
216.73.216.44 - - [12/Mar/2026:08:32:08 -0400] "GET /?fileloc=%2F%2Fvar%2Fsoftaculous%2Fgallery%2Fphp56%2Fedit.php&path=%2F%2Fvar%2Fsoftaculous%2Fgallery%2Fphp56 HTTP/1.1" 200 17682 "-" "Mozilla/5.0 AppleWebKit/537.36 (KHTML, like Gecko; compatible; ClaudeBot/1.0; +claudebot@anthropic.com)"
57.141.0.6 - - [12/Mar/2026:08:32:08 -0400] "GET /shop/tendriled/dolichocephalic013078261991.shtml?path=/home/enciassa/.cpanel HTTP/1.1" 200 133704 "-" "meta-externalagent/1.1 (+https://developers.facebook.com/docs/sharing/webmasters/crawler)"
216.73.216.44 - - [12/Mar/2026:08:32:09 -0400] "GET /?fileloc=%2F%2Fvar%2Fsoftaculous%2Ftoaster%2Fphp71%2Finstall.php&path=%2F%2Fvar%2Fsoftaculous%2Ftoaster%2Fphp71 HTTP/1.1" 200 21118 "-" "Mozilla/5.0 AppleWebKit/537.36 (KHTML, like Gecko; compatible; ClaudeBot/1.0; +claudebot@anthropic.com)"
57.141.0.28 - - [12/Mar/2026:08:32:09 -0400] "GET /shop/tendriled/dolichocephalic013078261991.shtml?path=/ HTTP/1.1" 200 30425 "-" "meta-externalagent/1.1 (+https://developers.facebook.com/docs/sharing/webmasters/crawler)"
216.73.216.44 - - [12/Mar/2026:08:32:09 -0400] "GET /?fileloc=%2F%2Fvar%2Fsoftaculous%2Fwp52%2Fphp53%2Fimport.php&path=%2F%2Fvar%2Fsoftaculous%2Fwp52%2Fphp53 HTTP/1.1" 200 19443 "-" "Mozilla/5.0 AppleWebKit/537.36 (KHTML, like Gecko; compatible; ClaudeBot/1.0; +claudebot@anthropic.com)"
216.73.216.44 - - [12/Mar/2026:08:32:09 -0400] "GET /?fileloc=%2F%2Fvar%2Fsoftaculous%2Fflat%2Fsettings-defaults.php&path=%2F%2Fvar%2Fsoftaculous%2Fflat HTTP/1.1" 200 14374 "-" "Mozilla/5.0 AppleWebKit/537.36 (KHTML, like Gecko; compatible; ClaudeBot/1.0; +claudebot@anthropic.com)"
216.73.216.44 - - [12/Mar/2026:08:32:09 -0400] "GET /?fileloc=%2F%2Fvar%2Fsoftaculous%2Ffud%2Fphp71%2Fimport.php&path=%2F%2Fvar%2Fsoftaculous%2Ffud%2Fphp71 HTTP/1.1" 200 18588 "-" "Mozilla/5.0 AppleWebKit/537.36 (KHTML, like Gecko; compatible; ClaudeBot/1.0; +claudebot@anthropic.com)"
57.141.0.35 - - [12/Mar/2026:08:32:09 -0400] "GET /shop/tendriled/dolichocephalic013078261991.shtml?fileloc=/home/enciassa/public_html/2affef/index.php&path=/home/enciassa/public_html/2affef HTTP/1.1" 200 12648 "-" "meta-externalagent/1.1 (+https://developers.facebook.com/docs/sharing/webmasters/crawler)"
216.73.216.44 - - [12/Mar/2026:08:32:09 -0400] "GET /?path=%2F%2Fvar%2Fsoftaculous%2Fdrupal89%2Fimages HTTP/1.1" 200 15833 "-" "Mozilla/5.0 AppleWebKit/537.36 (KHTML, like Gecko; compatible; ClaudeBot/1.0; +claudebot@anthropic.com)"
216.73.216.44 - - [12/Mar/2026:08:32:09 -0400] "GET /?fileloc=%2F%2Fvar%2Fsoftaculous%2Fplikli%2Fphp82%2Fclone.php&path=%2F%2Fvar%2Fsoftaculous%2Fplikli%2Fphp82 HTTP/1.1" 200 19554 "-" "Mozilla/5.0 AppleWebKit/537.36 (KHTML, like Gecko; compatible; ClaudeBot/1.0; +claudebot@anthropic.com)"
216.73.216.44 - - [12/Mar/2026:08:32:10 -0400] "GET /?fileloc=%2F%2Fvar%2Fsoftaculous%2Fsp%2Fphp82%2Finstall.php&path=%2F%2Fvar%2Fsoftaculous%2Fsp%2Fphp82 HTTP/1.1" 200 40897 "-" "Mozilla/5.0 AppleWebKit/537.36 (KHTML, like Gecko; compatible; ClaudeBot/1.0; +claudebot@anthropic.com)"
57.141.0.56 - - [12/Mar/2026:08:32:10 -0400] "GET /shop/boation/dolerus063325825871.shtml HTTP/1.1" 200 80301 "-" "meta-externalagent/1.1 (+https://developers.facebook.com/docs/sharing/webmasters/crawler)"
216.73.216.44 - - [12/Mar/2026:08:32:10 -0400] "GET /?fileloc=%2F%2Fvar%2Fsoftaculous%2Fakaunting%2Fphp82%2Finstall.php&path=%2F%2Fvar%2Fsoftaculous%2Fakaunting%2Fphp82 HTTP/1.1" 200 17124 "-" "Mozilla/5.0 AppleWebKit/537.36 (KHTML, like Gecko; compatible; ClaudeBot/1.0; +claudebot@anthropic.com)"
216.73.216.44 - - [12/Mar/2026:08:32:10 -0400] "GET /?fileloc=%2F%2Fvar%2Fsoftaculous%2Fmt%2Fphp56%2Fimport.php&path=%2F%2Fvar%2Fsoftaculous%2Fmt%2Fphp56 HTTP/1.1" 200 16266 "-" "Mozilla/5.0 AppleWebKit/537.36 (KHTML, like Gecko; compatible; ClaudeBot/1.0; +claudebot@anthropic.com)"
216.73.216.44 - - [12/Mar/2026:08:32:10 -0400] "GET /?fileloc=%2F%2Fvar%2Fsoftaculous%2Fwp50%2Fphp53%2Fimport.php&path=%2F%2Fvar%2Fsoftaculous%2Fwp50%2Fphp53 HTTP/1.1" 200 19439 "-" "Mozilla/5.0 AppleWebKit/537.36 (KHTML, like Gecko; compatible; ClaudeBot/1.0; +claudebot@anthropic.com)"
57.141.0.18 - - [12/Mar/2026:08:32:11 -0400] "GET /shop/hyperventilate/alligatored012727698476.shtml?path=/home/enciassa/public_html/cgi-bin/cgi-bin HTTP/1.1" 200 20531 "-" "meta-externalagent/1.1 (+https://developers.facebook.com/docs/sharing/webmasters/crawler)"
216.73.216.44 - - [12/Mar/2026:08:32:10 -0400] "GET /?fileloc=%2F%2Fvar%2Fsoftaculous%2Fleafpub%2Fdatabase.php&path=%2F%2Fvar%2Fsoftaculous%2Fleafpub HTTP/1.1" 403 80301 "-" "Mozilla/5.0 AppleWebKit/537.36 (KHTML, like Gecko; compatible; ClaudeBot/1.0; +claudebot@anthropic.com)"
216.73.216.44 - - [12/Mar/2026:08:32:11 -0400] "GET /?fileloc=%2F%2Fvar%2Fsoftaculous%2Fbuggenie%2Fphp71%2Fclone.php&path=%2F%2Fvar%2Fsoftaculous%2Fbuggenie%2Fphp71 HTTP/1.1" 200 20516 "-" "Mozilla/5.0 AppleWebKit/537.36 (KHTML, like Gecko; compatible; ClaudeBot/1.0; +claudebot@anthropic.com)"
216.73.216.44 - - [12/Mar/2026:08:32:11 -0400] "GET /?fileloc=%2F%2Fvar%2Fsoftaculous%2Fwebcal%2Fphp81%2Finstall.php&path=%2F%2Fvar%2Fsoftaculous%2Fwebcal%2Fphp81 HTTP/1.1" 200 16918 "-" "Mozilla/5.0 AppleWebKit/537.36 (KHTML, like Gecko; compatible; ClaudeBot/1.0; +claudebot@anthropic.com)"
216.73.216.44 - - [12/Mar/2026:08:32:11 -0400] "GET /?fileloc=%2F%2Fvar%2Fsoftaculous%2Fangular%2Fmd5&path=%2F%2Fvar%2Fsoftaculous%2Fangular HTTP/1.1" 200 17157 "-" "Mozilla/5.0 AppleWebKit/537.36 (KHTML, like Gecko; compatible; ClaudeBot/1.0; +claudebot@anthropic.com)"
57.141.0.8 - - [12/Mar/2026:08:32:11 -0400] "GET /?c=1813079698 HTTP/1.1" 200 80301 "-" "meta-externalagent/1.1 (+https://developers.facebook.com/docs/sharing/webmasters/crawler)"
216.73.216.44 - - [12/Mar/2026:08:32:11 -0400] "GET /?fileloc=%2F%2Fvar%2Fsoftaculous%2Fwp65%2Fphp71%2Fbackup.php&path=%2F%2Fvar%2Fsoftaculous%2Fwp65%2Fphp71 HTTP/1.1" 200 16845 "-" "Mozilla/5.0 AppleWebKit/537.36 (KHTML, like Gecko; compatible; ClaudeBot/1.0; +claudebot@anthropic.com)"
216.73.216.44 - - [12/Mar/2026:08:32:12 -0400] "GET /?fileloc=%2F%2Fvar%2Fsoftaculous%2Fbbpress%2Fphp81%2Fclone.php&path=%2F%2Fvar%2Fsoftaculous%2Fbbpress%2Fphp81 HTTP/1.1" 200 46224 "-" "Mozilla/5.0 AppleWebKit/537.36 (KHTML, like Gecko; compatible; ClaudeBot/1.0; +claudebot@anthropic.com)"
57.141.0.53 - - [12/Mar/2026:08:32:12 -0400] "GET /shop/hyperventilate/alligatored012727698476.shtml?fileloc=/home/enciassa/public_html/cgi-bin/.htaccess&path=/home/enciassa/public_html/cgi-bin HTTP/1.1" 200 12445 "-" "meta-externalagent/1.1 (+https://developers.facebook.com/docs/sharing/webmasters/crawler)"
74.7.227.61 - - [12/Mar/2026:08:32:09 -0400] "GET /search.php?detail/0410164388897 HTTP/1.1" 200 162592 "https://residenciassanantonio.com/search.php?detail/041010007559" "Mozilla/5.0 AppleWebKit/537.36 (KHTML, like Gecko; compatible; GPTBot/1.3; +https://openai.com/gptbot)"
216.73.216.44 - - [12/Mar/2026:08:32:12 -0400] "GET /?fileloc=%2F%2Fvar%2Fsoftaculous%2Fwp56%2Fphp53%2Finstall.php&path=%2F%2Fvar%2Fsoftaculous%2Fwp56%2Fphp53 HTTP/1.1" 200 44963 "-" "Mozilla/5.0 AppleWebKit/537.36 (KHTML, like Gecko; compatible; ClaudeBot/1.0; +claudebot@anthropic.com)"
216.73.216.44 - - [12/Mar/2026:08:32:12 -0400] "GET /?fileloc=%2F%2Fvar%2Fsoftaculous%2Fcmsimple%2Fphp53%2Fimport.php&path=%2F%2Fvar%2Fsoftaculous%2Fcmsimple%2Fphp53 HTTP/1.1" 200 15167 "-" "Mozilla/5.0 AppleWebKit/537.36 (KHTML, like Gecko; compatible; ClaudeBot/1.0; +claudebot@anthropic.com)"
216.73.216.44 - - [12/Mar/2026:08:32:12 -0400] "GET /?fileloc=%2F%2Fvar%2Fsoftaculous%2Fattendize%2Fphp81%2Fextend.php&path=%2F%2Fvar%2Fsoftaculous%2Fattendize%2Fphp81 HTTP/1.1" 200 22116 "-" "Mozilla/5.0 AppleWebKit/537.36 (KHTML, like Gecko; compatible; ClaudeBot/1.0; +claudebot@anthropic.com)"
216.73.216.44 - - [12/Mar/2026:08:32:12 -0400] "GET /?fileloc=%2F%2Fvar%2Fsoftaculous%2Fpimcore%2Fphp71%2Fimport.php&path=%2F%2Fvar%2Fsoftaculous%2Fpimcore%2Fphp71 HTTP/1.1" 200 18758 "-" "Mozilla/5.0 AppleWebKit/537.36 (KHTML, like Gecko; compatible; ClaudeBot/1.0; +claudebot@anthropic.com)"
57.141.0.47 - - [12/Mar/2026:08:32:13 -0400] "GET /shop/enthronizing/washpot032103295178.shtml HTTP/1.1" 200 80301 "-" "meta-externalagent/1.1 (+https://developers.facebook.com/docs/sharing/webmasters/crawler)"
57.141.0.60 - - [12/Mar/2026:08:32:13 -0400] "GET /shop/hyperventilate/alligatored012727698476.shtml?path=/home/enciassa/public_html/wp-includes/IXR HTTP/1.1" 200 35053 "-" "meta-externalagent/1.1 (+https://developers.facebook.com/docs/sharing/webmasters/crawler)"
216.73.216.44 - - [12/Mar/2026:08:32:13 -0400] "GET /?fileloc=%2F%2Fvar%2Fsoftaculous%2Feengine%2Finstall.php&path=%2F%2Fvar%2Fsoftaculous%2Feengine HTTP/1.1" 200 22148 "-" "Mozilla/5.0 AppleWebKit/537.36 (KHTML, like Gecko; compatible; ClaudeBot/1.0; +claudebot@anthropic.com)"
216.73.216.44 - - [12/Mar/2026:08:32:13 -0400] "GET /?fileloc=%2F%2Fvar%2Fsoftaculous%2Ffeng%2Fphp53%2Finstall.php&path=%2F%2Fvar%2Fsoftaculous%2Ffeng%2Fphp53 HTTP/1.1" 200 20603 "-" "Mozilla/5.0 AppleWebKit/537.36 (KHTML, like Gecko; compatible; ClaudeBot/1.0; +claudebot@anthropic.com)"
216.73.216.44 - - [12/Mar/2026:08:32:14 -0400] "GET /?fileloc=%2F%2Fvar%2Fsoftaculous%2Fmt%2Fphp81%2Finstall.php&path=%2F%2Fvar%2Fsoftaculous%2Fmt%2Fphp81 HTTP/1.1" 200 23791 "-" "Mozilla/5.0 AppleWebKit/537.36 (KHTML, like Gecko; compatible; ClaudeBot/1.0; +claudebot@anthropic.com)"
216.73.216.44 - - [12/Mar/2026:08:32:14 -0400] "GET /?fileloc=%2F%2Fvar%2Fsoftaculous%2Ffeng%2Fphp81%2Fclone.php&path=%2F%2Fvar%2Fsoftaculous%2Ffeng%2Fphp81 HTTP/1.1" 200 19128 "-" "Mozilla/5.0 AppleWebKit/537.36 (KHTML, like Gecko; compatible; ClaudeBot/1.0; +claudebot@anthropic.com)"
216.73.216.44 - - [12/Mar/2026:08:32:14 -0400] "GET /?fileloc=%2F%2Fvar%2Fsoftaculous%2Fwp56%2Fphp81%2Fclone.php&path=%2F%2Fvar%2Fsoftaculous%2Fwp56%2Fphp81 HTTP/1.1" 200 46204 "-" "Mozilla/5.0 AppleWebKit/537.36 (KHTML, like Gecko; compatible; ClaudeBot/1.0; +claudebot@anthropic.com)"
216.73.216.44 - - [12/Mar/2026:08:32:14 -0400] "GET /?fileloc=%2F%2Fvar%2Fsoftaculous%2Fwp50%2Fphp53%2Fbackup.php&path=%2F%2Fvar%2Fsoftaculous%2Fwp50%2Fphp53 HTTP/1.1" 200 15836 "-" "Mozilla/5.0 AppleWebKit/537.36 (KHTML, like Gecko; compatible; ClaudeBot/1.0; +claudebot@anthropic.com)"
216.73.216.44 - - [12/Mar/2026:08:32:14 -0400] "GET /?fileloc=%2F%2Fvar%2Fsoftaculous%2Fcotonti%2Fphp81%2Fclone.php&path=%2F%2Fvar%2Fsoftaculous%2Fcotonti%2Fphp81 HTTP/1.1" 200 19270 "-" "Mozilla/5.0 AppleWebKit/537.36 (KHTML, like Gecko; compatible; ClaudeBot/1.0; +claudebot@anthropic.com)"
57.141.0.33 - - [12/Mar/2026:08:32:14 -0400] "GET /shop/hyperventilate/alligatored012727698476.shtml?fileloc=/home/enciassa/public_html/wp-includes/script-loader.php&path=/home/enciassa/public_html/wp-includes HTTP/1.1" 200 174486 "-" "meta-externalagent/1.1 (+https://developers.facebook.com/docs/sharing/webmasters/crawler)"
216.73.216.44 - - [12/Mar/2026:08:32:14 -0400] "GET /?fileloc=%2F%2Fvar%2Fsoftaculous%2Fpivotx%2Fphp56%2Fedit.php&path=%2F%2Fvar%2Fsoftaculous%2Fpivotx%2Fphp56 HTTP/1.1" 200 17147 "-" "Mozilla/5.0 AppleWebKit/537.36 (KHTML, like Gecko; compatible; ClaudeBot/1.0; +claudebot@anthropic.com)"
216.73.216.44 - - [12/Mar/2026:08:32:15 -0400] "GET /?fileloc=%2F%2Fvar%2Fsoftaculous%2Figniter%2Fphp82%2Finstall.php&path=%2F%2Fvar%2Fsoftaculous%2Figniter%2Fphp82 HTTP/1.1" 200 16788 "-" "Mozilla/5.0 AppleWebKit/537.36 (KHTML, like Gecko; compatible; ClaudeBot/1.0; +claudebot@anthropic.com)"
57.141.0.33 - - [12/Mar/2026:08:32:14 -0400] "GET /shop/hyperventilate/alligatored012727698476.shtml?fileloc=/home/enciassa/public_html/wp-includes/class-wp-customize-widgets.php&path=/home/enciassa/public_html/wp-includes HTTP/1.1" 200 92458 "-" "meta-externalagent/1.1 (+https://developers.facebook.com/docs/sharing/webmasters/crawler)"
216.73.216.44 - - [12/Mar/2026:08:32:15 -0400] "GET /?path=%2F%2Fvar%2Fsoftaculous%2Fdhtmlx%2Fimages HTTP/1.1" 200 17302 "-" "Mozilla/5.0 AppleWebKit/537.36 (KHTML, like Gecko; compatible; ClaudeBot/1.0; +claudebot@anthropic.com)"
216.73.216.44 - - [12/Mar/2026:08:32:15 -0400] "GET /?fileloc=%2F%2Fvar%2Fsoftaculous%2Fvanilla%2Fphp56%2Fedit.php&path=%2F%2Fvar%2Fsoftaculous%2Fvanilla%2Fphp56 HTTP/1.1" 200 19307 "-" "Mozilla/5.0 AppleWebKit/537.36 (KHTML, like Gecko; compatible; ClaudeBot/1.0; +claudebot@anthropic.com)"
57.141.0.41 - - [12/Mar/2026:08:32:15 -0400] "GET /shop/hyperventilate/alligatored012727698476.shtml?fileloc=/home/enciassa/public_html/wp-includes/rss-functions.php&path=/home/enciassa/public_html/wp-includes HTTP/1.1" 200 12763 "-" "meta-externalagent/1.1 (+https://developers.facebook.com/docs/sharing/webmasters/crawler)"
74.7.227.61 - - [12/Mar/2026:08:32:13 -0400] "GET /search.php?detail/2420415167888 HTTP/1.1" 200 161537 "https://residenciassanantonio.com/search.php?detail/2720262320780" "Mozilla/5.0 AppleWebKit/537.36 (KHTML, like Gecko; compatible; GPTBot/1.3; +https://openai.com/gptbot)"
216.73.216.44 - - [12/Mar/2026:08:32:15 -0400] "GET /?fileloc=%2F%2Fvar%2Fsoftaculous%2Fwp52%2Fphp53%2Fbackup.php&path=%2F%2Fvar%2Fsoftaculous%2Fwp52%2Fphp53 HTTP/1.1" 200 15852 "-" "Mozilla/5.0 AppleWebKit/537.36 (KHTML, like Gecko; compatible; ClaudeBot/1.0; +claudebot@anthropic.com)"
216.73.216.44 - - [12/Mar/2026:08:32:15 -0400] "GET /?fileloc=%2F%2Fvar%2Fsoftaculous%2Farfooo%2Fphp81%2Fimport.php&path=%2F%2Fvar%2Fsoftaculous%2Farfooo%2Fphp81 HTTP/1.1" 200 15980 "-" "Mozilla/5.0 AppleWebKit/537.36 (KHTML, like Gecko; compatible; ClaudeBot/1.0; +claudebot@anthropic.com)"
216.73.216.44 - - [12/Mar/2026:08:32:16 -0400] "GET /?fileloc=%2F%2Fvar%2Fsoftaculous%2Fwp54%2Fphp53%2Fextend.php&path=%2F%2Fvar%2Fsoftaculous%2Fwp54%2Fphp53 HTTP/1.1" 200 97695 "-" "Mozilla/5.0 AppleWebKit/537.36 (KHTML, like Gecko; compatible; ClaudeBot/1.0; +claudebot@anthropic.com)"
216.73.216.44 - - [12/Mar/2026:08:32:16 -0400] "GET /?fileloc=%2F%2Fvar%2Fsoftaculous%2Ffusio%2Fphp81%2Fedit.php&path=%2F%2Fvar%2Fsoftaculous%2Ffusio%2Fphp81 HTTP/1.1" 200 17138 "-" "Mozilla/5.0 AppleWebKit/537.36 (KHTML, like Gecko; compatible; ClaudeBot/1.0; +claudebot@anthropic.com)"
57.141.0.1 - - [12/Mar/2026:08:32:16 -0400] "GET /shop/hyperventilate/alligatored012727698476.shtml?fileloc=/home/enciassa/public_html/wp-includes/class-wp-ajax-response.php&path=/home/enciassa/public_html/wp-includes HTTP/1.1" 200 18658 "-" "meta-externalagent/1.1 (+https://developers.facebook.com/docs/sharing/webmasters/crawler)"
57.141.0.48 - - [12/Mar/2026:08:32:17 -0400] "GET /shop/hyperventilate/alligatored012727698476.shtml?fileloc=/home/enciassa/public_html/wp-includes/class-wp-http-requests-response.php&path=/home/enciassa/public_html/wp-includes HTTP/1.1" 200 17262 "-" "meta-externalagent/1.1 (+https://developers.facebook.com/docs/sharing/webmasters/crawler)"
216.73.216.44 - - [12/Mar/2026:08:32:16 -0400] "GET /?fileloc=%2F%2Fvar%2Fsoftaculous%2Fostic2%2Fphp71%2Fimport.php&path=%2F%2Fvar%2Fsoftaculous%2Fostic2%2Fphp71 HTTP/1.1" 200 18110 "-" "Mozilla/5.0 AppleWebKit/537.36 (KHTML, like Gecko; compatible; ClaudeBot/1.0; +claudebot@anthropic.com)"
216.73.216.44 - - [12/Mar/2026:08:32:17 -0400] "GET /?fileloc=%2F%2Fvar%2Fsoftaculous%2Ffluxbb%2Fphp82%2Fclone.php&path=%2F%2Fvar%2Fsoftaculous%2Ffluxbb%2Fphp82 HTTP/1.1" 200 18974 "-" "Mozilla/5.0 AppleWebKit/537.36 (KHTML, like Gecko; compatible; ClaudeBot/1.0; +claudebot@anthropic.com)"
57.141.0.67 - - [12/Mar/2026:08:32:17 -0400] "GET /shop/hyperventilate/alligatored012727698476.shtml?fileloc=/home/enciassa/public_html/wp-includes/class-walker-comment.php&path=/home/enciassa/public_html/wp-includes HTTP/1.1" 200 29091 "-" "meta-externalagent/1.1 (+https://developers.facebook.com/docs/sharing/webmasters/crawler)"
216.73.216.44 - - [12/Mar/2026:08:32:17 -0400] "GET /?fileloc=%2F%2Fvar%2Fsoftaculous%2Fdrupal9%2Fphp81%2Fupgrade.php&path=%2F%2Fvar%2Fsoftaculous%2Fdrupal9%2Fphp81 HTTP/1.1" 200 17193 "-" "Mozilla/5.0 AppleWebKit/537.36 (KHTML, like Gecko; compatible; ClaudeBot/1.0; +claudebot@anthropic.com)"
216.73.216.44 - - [12/Mar/2026:08:32:17 -0400] "GET /?fileloc=%2F%2Fvar%2Fsoftaculous%2Fconc56%2Fphp81%2Fclone.php&path=%2F%2Fvar%2Fsoftaculous%2Fconc56%2Fphp81 HTTP/1.1" 200 18788 "-" "Mozilla/5.0 AppleWebKit/537.36 (KHTML, like Gecko; compatible; ClaudeBot/1.0; +claudebot@anthropic.com)"
216.73.216.44 - - [12/Mar/2026:08:32:17 -0400] "GET /?fileloc=%2F%2Fvar%2Fsoftaculous%2Fwp65%2Fphp82%2Finstall.php&path=%2F%2Fvar%2Fsoftaculous%2Fwp65%2Fphp82 HTTP/1.1" 200 46433 "-" "Mozilla/5.0 AppleWebKit/537.36 (KHTML, like Gecko; compatible; ClaudeBot/1.0; +claudebot@anthropic.com)"
216.73.216.44 - - [12/Mar/2026:08:32:17 -0400] "GET /?fileloc=%2F%2Fvar%2Fsoftaculous%2Fampache%2Fphp71%2Fclone.php&path=%2F%2Fvar%2Fsoftaculous%2Fampache%2Fphp71 HTTP/1.1" 200 18607 "-" "Mozilla/5.0 AppleWebKit/537.36 (KHTML, like Gecko; compatible; ClaudeBot/1.0; +claudebot@anthropic.com)"
216.73.216.44 - - [12/Mar/2026:08:32:18 -0400] "GET /?fileloc=%2F%2Fvar%2Fsoftaculous%2Finstantcms%2Fphp56%2Fimport.php&path=%2F%2Fvar%2Fsoftaculous%2Finstantcms%2Fphp56 HTTP/1.1" 200 16954 "-" "Mozilla/5.0 AppleWebKit/537.36 (KHTML, like Gecko; compatible; ClaudeBot/1.0; +claudebot@anthropic.com)"
57.141.0.63 - - [12/Mar/2026:08:32:18 -0400] "GET /shop/hyperventilate/alligatored012727698476.shtml?fileloc=/home/enciassa/public_html/wp-includes/feed-rss2-comments.php&path=/home/enciassa/public_html/wp-includes HTTP/1.1" 200 17450 "-" "meta-externalagent/1.1 (+https://developers.facebook.com/docs/sharing/webmasters/crawler)"
216.73.216.44 - - [12/Mar/2026:08:32:18 -0400] "GET /?fileloc=%2F%2Fvar%2Fsoftaculous%2Fvision%2Fphp82%2Finstall.php&path=%2F%2Fvar%2Fsoftaculous%2Fvision%2Fphp82 HTTP/1.1" 200 18628 "-" "Mozilla/5.0 AppleWebKit/537.36 (KHTML, like Gecko; compatible; ClaudeBot/1.0; +claudebot@anthropic.com)"
57.141.0.28 - - [12/Mar/2026:08:32:18 -0400] "GET /shop/hyperventilate/alligatored012727698476.shtml?path=/ HTTP/1.1" 200 30425 "-" "meta-externalagent/1.1 (+https://developers.facebook.com/docs/sharing/webmasters/crawler)"
216.73.216.44 - - [12/Mar/2026:08:32:18 -0400] "GET /?fileloc=%2F%2Fvar%2Fsoftaculous%2Fcpg%2Fphp81%2Fimport.php&path=%2F%2Fvar%2Fsoftaculous%2Fcpg%2Fphp81 HTTP/1.1" 200 16017 "-" "Mozilla/5.0 AppleWebKit/537.36 (KHTML, like Gecko; compatible; ClaudeBot/1.0; +claudebot@anthropic.com)"
216.73.216.44 - - [12/Mar/2026:08:32:19 -0400] "GET /?path=%2Fhome%2Fenciassa%2Fwww%2Fwp-content%2Fplugins%2Fwordpress-seo%2Fadmin%2Flisteners HTTP/1.1" 200 14824 "-" "Mozilla/5.0 AppleWebKit/537.36 (KHTML, like Gecko; compatible; ClaudeBot/1.0; +claudebot@anthropic.com)"
57.141.0.44 - - [12/Mar/2026:08:32:19 -0400] "GET /shop/hyperventilate/alligatored012727698476.shtml?fileloc=/home/enciassa/public_html/wp-includes/class-wp-block-type-registry.php&path=/home/enciassa/public_html/wp-includes HTTP/1.1" 200 17684 "-" "meta-externalagent/1.1 (+https://developers.facebook.com/docs/sharing/webmasters/crawler)"
74.7.227.61 - - [12/Mar/2026:08:32:17 -0400] "GET /search.php?detail/2680257333589 HTTP/1.1" 200 160991 "https://residenciassanantonio.com/search.php?detail/16800060545966" "Mozilla/5.0 AppleWebKit/537.36 (KHTML, like Gecko; compatible; GPTBot/1.3; +https://openai.com/gptbot)"
216.73.216.44 - - [12/Mar/2026:08:32:19 -0400] "GET /?fileloc=%2F%2Fvar%2Fsoftaculous%2Fhelpdezk%2Fphp53%2Fedit.php&path=%2F%2Fvar%2Fsoftaculous%2Fhelpdezk%2Fphp53 HTTP/1.1" 200 17054 "-" "Mozilla/5.0 AppleWebKit/537.36 (KHTML, like Gecko; compatible; ClaudeBot/1.0; +claudebot@anthropic.com)"
216.73.216.44 - - [12/Mar/2026:08:32:19 -0400] "GET /?fileloc=%2F%2Fvar%2Fsoftaculous%2Fwikka%2Fphp82%2Fclone.php&path=%2F%2Fvar%2Fsoftaculous%2Fwikka%2Fphp82 HTTP/1.1" 200 16778 "-" "Mozilla/5.0 AppleWebKit/537.36 (KHTML, like Gecko; compatible; ClaudeBot/1.0; +claudebot@anthropic.com)"
216.73.216.44 - - [12/Mar/2026:08:32:19 -0400] "GET /?fileloc=%2F%2Fvar%2Fsoftaculous%2Fcszcms%2Fphp81%2Finstall.php&path=%2F%2Fvar%2Fsoftaculous%2Fcszcms%2Fphp81 HTTP/1.1" 200 17862 "-" "Mozilla/5.0 AppleWebKit/537.36 (KHTML, like Gecko; compatible; ClaudeBot/1.0; +claudebot@anthropic.com)"
216.73.216.44 - - [12/Mar/2026:08:32:20 -0400] "GET /?fileloc=%2F%2Flib64%2Fmysql%2Fplugin%2Fsemisync_master.so&path=%2F%2Flib64%2Fmysql%2Fplugin HTTP/1.1" 200 158886 "-" "Mozilla/5.0 AppleWebKit/537.36 (KHTML, like Gecko; compatible; ClaudeBot/1.0; +claudebot@anthropic.com)"
57.141.0.24 - - [12/Mar/2026:08:32:20 -0400] "GET /shop/hyperventilate/alligatored012727698476.shtml?fileloc=/home/enciassa/public_html/wp-includes/link-template.php&path=/home/enciassa/public_html/wp-includes HTTP/1.1" 200 185824 "-" "meta-externalagent/1.1 (+https://developers.facebook.com/docs/sharing/webmasters/crawler)"
216.73.216.44 - - [12/Mar/2026:08:32:20 -0400] "GET /?fileloc=%2F%2Fvar%2Fsoftaculous%2Foxwall%2Fphp82%2Finstall.php&path=%2F%2Fvar%2Fsoftaculous%2Foxwall%2Fphp82 HTTP/1.1" 200 19029 "-" "Mozilla/5.0 AppleWebKit/537.36 (KHTML, like Gecko; compatible; ClaudeBot/1.0; +claudebot@anthropic.com)"
57.141.0.68 - - [12/Mar/2026:08:32:20 -0400] "GET /shop/hyperventilate/alligatored012727698476.shtml?fileloc=/home/enciassa/public_html/wp-includes/class-wp-exception.php&path=/home/enciassa/public_html/wp-includes HTTP/1.1" 200 12726 "-" "meta-externalagent/1.1 (+https://developers.facebook.com/docs/sharing/webmasters/crawler)"
216.73.216.44 - - [12/Mar/2026:08:32:20 -0400] "GET /?path=%2F%2Fvar%2Fsoftaculous%2Fmoodle50%2Flanguages HTTP/1.1" 200 12836 "-" "Mozilla/5.0 AppleWebKit/537.36 (KHTML, like Gecko; compatible; ClaudeBot/1.0; +claudebot@anthropic.com)"
216.73.216.44 - - [12/Mar/2026:08:32:20 -0400] "GET /?fileloc=%2F%2Fvar%2Fsoftaculous%2Fsnipeit%2Fphp82%2Fimport.php&path=%2F%2Fvar%2Fsoftaculous%2Fsnipeit%2Fphp82 HTTP/1.1" 200 16013 "-" "Mozilla/5.0 AppleWebKit/537.36 (KHTML, like Gecko; compatible; ClaudeBot/1.0; +claudebot@anthropic.com)"
57.141.0.67 - - [12/Mar/2026:08:32:21 -0400] "GET /shop/hyperventilate/alligatored012727698476.shtml?fileloc=/home/enciassa/public_html/wp-includes/sitemaps.php&path=/home/enciassa/public_html/wp-includes HTTP/1.1" 200 15855 "-" "meta-externalagent/1.1 (+https://developers.facebook.com/docs/sharing/webmasters/crawler)"
216.73.216.44 - - [12/Mar/2026:08:32:21 -0400] "GET /?fileloc=%2F%2Fvar%2Fsoftaculous%2Ffork%2Fphp53%2Fupgrade.php&path=%2F%2Fvar%2Fsoftaculous%2Ffork%2Fphp53 HTTP/1.1" 200 20988 "-" "Mozilla/5.0 AppleWebKit/537.36 (KHTML, like Gecko; compatible; ClaudeBot/1.0; +claudebot@anthropic.com)"
