216.73.216.44 - - [12/Mar/2026:08:28:48 -0400] "GET /?path=%2F%2Fvar%2Fsoftaculous%2Fshopware%2Fphp81 HTTP/1.1" 200 20315 "-" "Mozilla/5.0 AppleWebKit/537.36 (KHTML, like Gecko; compatible; ClaudeBot/1.0; +claudebot@anthropic.com)"
216.73.216.44 - - [12/Mar/2026:08:28:48 -0400] "GET /?path=%2F%2Fvar%2Fsoftaculous%2Fsmarty%2Fphp81 HTTP/1.1" 200 14316 "-" "Mozilla/5.0 AppleWebKit/537.36 (KHTML, like Gecko; compatible; ClaudeBot/1.0; +claudebot@anthropic.com)"
57.141.0.22 - - [12/Mar/2026:08:28:48 -0400] "GET /shop/gibbeting/guardfish061887047133.shtml?fileloc=/home/enciassa/public_html/wp-admin/freedoms.php&path=/home/enciassa/public_html/wp-admin HTTP/1.1" 200 18572 "-" "meta-externalagent/1.1 (+https://developers.facebook.com/docs/sharing/webmasters/crawler)"
216.73.216.44 - - [12/Mar/2026:08:28:48 -0400] "GET /?fileloc=%2F%2Fvar%2Fsoftaculous%2Fchamilo%2Fphp82%2Fedit.php&path=%2F%2Fvar%2Fsoftaculous%2Fchamilo%2Fphp82 HTTP/1.1" 200 16951 "-" "Mozilla/5.0 AppleWebKit/537.36 (KHTML, like Gecko; compatible; ClaudeBot/1.0; +claudebot@anthropic.com)"
57.141.0.13 - - [12/Mar/2026:08:28:48 -0400] "GET /shop/tendriled/dolichocephalic013078261991.shtml?fileloc=/home/enciassa/public_html/wp-includes/category-template.php&path=/home/enciassa/public_html/wp-includes HTTP/1.1" 200 76265 "-" "meta-externalagent/1.1 (+https://developers.facebook.com/docs/sharing/webmasters/crawler)"
216.73.216.44 - - [12/Mar/2026:08:28:48 -0400] "GET /?path=%2F%2Fvar%2Fsoftaculous%2Fdoku%2Fphp71 HTTP/1.1" 200 20223 "-" "Mozilla/5.0 AppleWebKit/537.36 (KHTML, like Gecko; compatible; ClaudeBot/1.0; +claudebot@anthropic.com)"
57.141.0.24 - - [12/Mar/2026:08:28:49 -0400] "GET /shop/hyperventilate/alligatored012727698476.shtml?fileloc=/home/enciassa/public_html/2affef/index.php&path=/home/enciassa/public_html/2affef HTTP/1.1" 200 12648 "-" "meta-externalagent/1.1 (+https://developers.facebook.com/docs/sharing/webmasters/crawler)"
216.73.216.44 - - [12/Mar/2026:08:28:49 -0400] "GET /?path=%2F%2Fvar%2Fsoftaculous%2Fzend%2Fphp82 HTTP/1.1" 200 15784 "-" "Mozilla/5.0 AppleWebKit/537.36 (KHTML, like Gecko; compatible; ClaudeBot/1.0; +claudebot@anthropic.com)"
216.73.216.44 - - [12/Mar/2026:08:28:49 -0400] "GET /?path=%2F%2Fvar%2Fsoftaculous%2Focart2%2Fphp71 HTTP/1.1" 200 20269 "-" "Mozilla/5.0 AppleWebKit/537.36 (KHTML, like Gecko; compatible; ClaudeBot/1.0; +claudebot@anthropic.com)"
74.7.227.61 - - [12/Mar/2026:08:28:47 -0400] "GET /search.php?detail/11204499969207 HTTP/1.1" 200 164029 "https://residenciassanantonio.com/search.php?detail/1500016423689" "Mozilla/5.0 AppleWebKit/537.36 (KHTML, like Gecko; compatible; GPTBot/1.3; +https://openai.com/gptbot)"
216.73.216.44 - - [12/Mar/2026:08:28:49 -0400] "GET /?path=%2F%2Fvar%2Fsoftaculous%2Fdojo%2Fphp81 HTTP/1.1" 200 14302 "-" "Mozilla/5.0 AppleWebKit/537.36 (KHTML, like Gecko; compatible; ClaudeBot/1.0; +claudebot@anthropic.com)"
216.73.216.44 - - [12/Mar/2026:08:28:49 -0400] "GET /?fileloc=%2Fhome%2Fenciassa%2Fpublic_html%2Fwp-includes%2FRequests%2Fsrc%2FException%2FHttp%2FStatus403.php&path=%2Fhome%2Fenciassa%2Fpublic_html%2Fwp-includes%2FRequests%2Fsrc%2FException%2FHttp HTTP/1.1" 200 13290 "-" "Mozilla/5.0 AppleWebKit/537.36 (KHTML, like Gecko; compatible; ClaudeBot/1.0; +claudebot@anthropic.com)"
216.73.216.44 - - [12/Mar/2026:08:28:49 -0400] "GET /?fileloc=%2F%2Fvar%2Fsoftaculous%2Fpaste%2Fphp53%2Finstall.php&path=%2F%2Fvar%2Fsoftaculous%2Fpaste%2Fphp53 HTTP/1.1" 200 17126 "-" "Mozilla/5.0 AppleWebKit/537.36 (KHTML, like Gecko; compatible; ClaudeBot/1.0; +claudebot@anthropic.com)"
57.141.0.34 - - [12/Mar/2026:08:28:49 -0400] "GET /shop/tendriled/dolichocephalic013078261991.shtml?fileloc=/home/enciassa/public_html/wp-includes/template.php&path=/home/enciassa/public_html/wp-includes HTTP/1.1" 200 38069 "-" "meta-externalagent/1.1 (+https://developers.facebook.com/docs/sharing/webmasters/crawler)"
216.73.216.44 - - [12/Mar/2026:08:28:50 -0400] "GET /?path=%2F%2Fvar%2Fsoftaculous%2Fkoken%2Fphp56 HTTP/1.1" 200 18754 "-" "Mozilla/5.0 AppleWebKit/537.36 (KHTML, like Gecko; compatible; ClaudeBot/1.0; +claudebot@anthropic.com)"
216.73.216.44 - - [12/Mar/2026:08:28:50 -0400] "GET /?fileloc=%2F%2Fvar%2Fsoftaculous%2Feengine%2Fphp82%2Fextend.php&path=%2F%2Fvar%2Fsoftaculous%2Feengine%2Fphp82 HTTP/1.1" 200 24657 "-" "Mozilla/5.0 AppleWebKit/537.36 (KHTML, like Gecko; compatible; ClaudeBot/1.0; +claudebot@anthropic.com)"
57.141.0.10 - - [12/Mar/2026:08:28:50 -0400] "GET /shop/gibbeting/guardfish061887047133.shtml?fileloc=/home/enciassa/public_html/wp-admin/update-core.php&path=/home/enciassa/public_html/wp-admin HTTP/1.1" 200 69882 "-" "meta-externalagent/1.1 (+https://developers.facebook.com/docs/sharing/webmasters/crawler)"
216.73.216.44 - - [12/Mar/2026:08:28:50 -0400] "GET /?path=%2F%2Fvar%2Fsoftaculous%2Fpresta8%2Fphp71 HTTP/1.1" 200 20290 "-" "Mozilla/5.0 AppleWebKit/537.36 (KHTML, like Gecko; compatible; ClaudeBot/1.0; +claudebot@anthropic.com)"
216.73.216.44 - - [12/Mar/2026:08:28:50 -0400] "GET /?fileloc=%2F%2Fvar%2Fsoftaculous%2Fdrupalcms%2Fphp53%2Fimport.php&path=%2F%2Fvar%2Fsoftaculous%2Fdrupalcms%2Fphp53 HTTP/1.1" 200 16363 "-" "Mozilla/5.0 AppleWebKit/537.36 (KHTML, like Gecko; compatible; ClaudeBot/1.0; +claudebot@anthropic.com)"
57.141.0.36 - - [12/Mar/2026:08:28:50 -0400] "GET /shop/tendriled/dolichocephalic013078261991.shtml?fileloc=/home/enciassa/public_html/wp-includes/capabilities.php&path=/home/enciassa/public_html/wp-includes HTTP/1.1" 200 59784 "-" "meta-externalagent/1.1 (+https://developers.facebook.com/docs/sharing/webmasters/crawler)"
216.73.216.44 - - [12/Mar/2026:08:28:51 -0400] "GET /?path=%2F%2Fvar%2Fsoftaculous%2Felgg2%2Fphp82 HTTP/1.1" 200 21732 "-" "Mozilla/5.0 AppleWebKit/537.36 (KHTML, like Gecko; compatible; ClaudeBot/1.0; +claudebot@anthropic.com)"
216.73.216.44 - - [12/Mar/2026:08:28:51 -0400] "GET /?fileloc=%2F%2Fvar%2Fsoftaculous%2Freaderself%2Fdatabase.php&path=%2F%2Fvar%2Fsoftaculous%2Freaderself HTTP/1.1" 200 16846 "-" "Mozilla/5.0 AppleWebKit/537.36 (KHTML, like Gecko; compatible; ClaudeBot/1.0; +claudebot@anthropic.com)"
216.73.216.44 - - [12/Mar/2026:08:28:51 -0400] "GET /?fileloc=%2F%2Fvar%2Fsoftaculous%2Fpmwiki%2Fphp71%2Fclone.php&path=%2F%2Fvar%2Fsoftaculous%2Fpmwiki%2Fphp71 HTTP/1.1" 200 16285 "-" "Mozilla/5.0 AppleWebKit/537.36 (KHTML, like Gecko; compatible; ClaudeBot/1.0; +claudebot@anthropic.com)"
216.73.216.44 - - [12/Mar/2026:08:28:51 -0400] "GET /?fileloc=%2F%2Fvar%2Fsoftaculous%2Fdrupal%2Fphp53%2Fedit.php&path=%2F%2Fvar%2Fsoftaculous%2Fdrupal%2Fphp53 HTTP/1.1" 200 17196 "-" "Mozilla/5.0 AppleWebKit/537.36 (KHTML, like Gecko; compatible; ClaudeBot/1.0; +claudebot@anthropic.com)"
57.141.0.12 - - [12/Mar/2026:08:28:51 -0400] "GET /shop/gibbeting/guardfish061887047133.shtml?path=/home/enciassa/public_html/2affef/2affef HTTP/1.1" 200 18954 "-" "meta-externalagent/1.1 (+https://developers.facebook.com/docs/sharing/webmasters/crawler)"
216.73.216.44 - - [12/Mar/2026:08:28:51 -0400] "GET /?path=%2F%2Fvar%2Fsoftaculous%2Falegro%2Fphp71 HTTP/1.1" 200 20268 "-" "Mozilla/5.0 AppleWebKit/537.36 (KHTML, like Gecko; compatible; ClaudeBot/1.0; +claudebot@anthropic.com)"
57.141.0.41 - - [12/Mar/2026:08:28:51 -0400] "GET /shop/tendriled/dolichocephalic013078261991.shtml?fileloc=/home/enciassa/public_html/wp-includes/author-template.php&path=/home/enciassa/public_html/wp-includes HTTP/1.1" 200 33569 "-" "meta-externalagent/1.1 (+https://developers.facebook.com/docs/sharing/webmasters/crawler)"
216.73.216.44 - - [12/Mar/2026:08:28:51 -0400] "GET /?fileloc=%2F%2Fvar%2Fsoftaculous%2Fflat%2Fphp56%2Fclone.php&path=%2F%2Fvar%2Fsoftaculous%2Fflat%2Fphp56 HTTP/1.1" 403 80301 "-" "Mozilla/5.0 AppleWebKit/537.36 (KHTML, like Gecko; compatible; ClaudeBot/1.0; +claudebot@anthropic.com)"
57.141.0.56 - - [12/Mar/2026:08:28:52 -0400] "GET /shop/hyperventilate/alligatored012727698476.shtml?fileloc=/home/enciassa/public_html/2929a/.htaccess&path=/home/enciassa/public_html/2929a HTTP/1.1" 200 12439 "-" "meta-externalagent/1.1 (+https://developers.facebook.com/docs/sharing/webmasters/crawler)"
216.73.216.44 - - [12/Mar/2026:08:28:52 -0400] "GET /?path=%2F%2Fvar%2Fsoftaculous%2Fpresta%2Fphp56 HTTP/1.1" 200 20270 "-" "Mozilla/5.0 AppleWebKit/537.36 (KHTML, like Gecko; compatible; ClaudeBot/1.0; +claudebot@anthropic.com)"
216.73.216.44 - - [12/Mar/2026:08:28:52 -0400] "GET /?path=%2F%2Fvar%2Fsoftaculous%2Fxms%2Fphp82 HTTP/1.1" 200 17242 "-" "Mozilla/5.0 AppleWebKit/537.36 (KHTML, like Gecko; compatible; ClaudeBot/1.0; +claudebot@anthropic.com)"
216.73.216.44 - - [12/Mar/2026:08:28:52 -0400] "GET /?path=%2F%2Fvar%2Fsoftaculous%2Fe107%2Fphp71 HTTP/1.1" 200 21706 "-" "Mozilla/5.0 AppleWebKit/537.36 (KHTML, like Gecko; compatible; ClaudeBot/1.0; +claudebot@anthropic.com)"
216.73.216.44 - - [12/Mar/2026:08:28:52 -0400] "GET /?path=%2F%2Fvar%2Fsoftaculous%2Fpivotx%2Fphp81 HTTP/1.1" 200 18781 "-" "Mozilla/5.0 AppleWebKit/537.36 (KHTML, like Gecko; compatible; ClaudeBot/1.0; +claudebot@anthropic.com)"
57.141.0.49 - - [12/Mar/2026:08:28:52 -0400] "GET /shop/hyperventilate/alligatored012727698476.shtml?fileloc=/home/enciassa/public_html/images/.htaccess&path=/home/enciassa/public_html/images HTTP/1.1" 200 12442 "-" "meta-externalagent/1.1 (+https://developers.facebook.com/docs/sharing/webmasters/crawler)"
216.73.216.44 - - [12/Mar/2026:08:28:52 -0400] "GET /?path=%2F%2Flib%2Ftuned%2Faws HTTP/1.1" 200 14171 "-" "Mozilla/5.0 AppleWebKit/537.36 (KHTML, like Gecko; compatible; ClaudeBot/1.0; +claudebot@anthropic.com)"
74.7.227.61 - - [12/Mar/2026:08:28:50 -0400] "GET /search.php?detail/04303155919987 HTTP/1.1" 200 155853 "https://residenciassanantonio.com/search.php?detail/043040005804" "Mozilla/5.0 AppleWebKit/537.36 (KHTML, like Gecko; compatible; GPTBot/1.3; +https://openai.com/gptbot)"
216.73.216.44 - - [12/Mar/2026:08:28:53 -0400] "GET /?path=%2F%2Fvar%2Fsoftaculous%2Fvanilla%2Fphp81 HTTP/1.1" 200 21783 "-" "Mozilla/5.0 AppleWebKit/537.36 (KHTML, like Gecko; compatible; ClaudeBot/1.0; +claudebot@anthropic.com)"
57.141.0.51 - - [12/Mar/2026:08:28:53 -0400] "GET /shop/tendriled/dolichocephalic013078261991.shtml?fileloc=/home/enciassa/public_html/wp-includes/widgets.php&path=/home/enciassa/public_html/wp-includes HTTP/1.1" 200 89986 "-" "meta-externalagent/1.1 (+https://developers.facebook.com/docs/sharing/webmasters/crawler)"
216.73.216.44 - - [12/Mar/2026:08:28:53 -0400] "GET /?fileloc=%2F%2Fvar%2Fsoftaculous%2Funmark%2Fphp71%2Fimport.php&path=%2F%2Fvar%2Fsoftaculous%2Funmark%2Fphp71 HTTP/1.1" 200 16979 "-" "Mozilla/5.0 AppleWebKit/537.36 (KHTML, like Gecko; compatible; ClaudeBot/1.0; +claudebot@anthropic.com)"
216.73.216.44 - - [12/Mar/2026:08:28:53 -0400] "GET /?fileloc=%2F%2Fvar%2Fsoftaculous%2Fbootstrap%2Fphp82%2Fclone.php&path=%2F%2Fvar%2Fsoftaculous%2Fbootstrap%2Fphp82 HTTP/1.1" 200 15837 "-" "Mozilla/5.0 AppleWebKit/537.36 (KHTML, like Gecko; compatible; ClaudeBot/1.0; +claudebot@anthropic.com)"
216.73.216.44 - - [12/Mar/2026:08:28:53 -0400] "GET /?fileloc=%2F%2Fvar%2Fsoftaculous%2Fftools%2Fphp71%2Fclone.php&path=%2F%2Fvar%2Fsoftaculous%2Fftools%2Fphp71 HTTP/1.1" 403 80301 "-" "Mozilla/5.0 AppleWebKit/537.36 (KHTML, like Gecko; compatible; ClaudeBot/1.0; +claudebot@anthropic.com)"
216.73.216.44 - - [12/Mar/2026:08:28:54 -0400] "GET /?path=%2F%2Flib64%2Fperl5%2Fauto%2FHash%2FUtil HTTP/1.1" 200 15698 "-" "Mozilla/5.0 AppleWebKit/537.36 (KHTML, like Gecko; compatible; ClaudeBot/1.0; +claudebot@anthropic.com)"
216.73.216.44 - - [12/Mar/2026:08:28:54 -0400] "GET /?path=%2F%2Fvar%2Fsoftaculous%2Fpagekit%2Fphp56 HTTP/1.1" 200 21786 "-" "Mozilla/5.0 AppleWebKit/537.36 (KHTML, like Gecko; compatible; ClaudeBot/1.0; +claudebot@anthropic.com)"
57.141.0.20 - - [12/Mar/2026:08:28:54 -0400] "GET /shop/tendriled/dolichocephalic013078261991.shtml?fileloc=/home/enciassa/public_html/wp-includes/blocks.php&path=/home/enciassa/public_html/wp-includes HTTP/1.1" 200 134404 "-" "meta-externalagent/1.1 (+https://developers.facebook.com/docs/sharing/webmasters/crawler)"
216.73.216.44 - - [12/Mar/2026:08:28:54 -0400] "GET /?path=%2F%2Fvar%2Fsoftaculous%2Foctober%2Fphp71 HTTP/1.1" 200 20287 "-" "Mozilla/5.0 AppleWebKit/537.36 (KHTML, like Gecko; compatible; ClaudeBot/1.0; +claudebot@anthropic.com)"
57.141.0.17 - - [12/Mar/2026:08:28:54 -0400] "GET /shop/tendriled/dolichocephalic013078261991.shtml?path=/home/enciassa/public_html/wp-includes/sodium_compat HTTP/1.1" 200 29970 "-" "meta-externalagent/1.1 (+https://developers.facebook.com/docs/sharing/webmasters/crawler)"
216.73.216.44 - - [12/Mar/2026:08:28:54 -0400] "GET /?fileloc=%2F%2Fvar%2Fsoftaculous%2Fpaste%2Fphp71%2Fimport.php&path=%2F%2Fvar%2Fsoftaculous%2Fpaste%2Fphp71 HTTP/1.1" 200 17656 "-" "Mozilla/5.0 AppleWebKit/537.36 (KHTML, like Gecko; compatible; ClaudeBot/1.0; +claudebot@anthropic.com)"
216.73.216.44 - - [12/Mar/2026:08:28:54 -0400] "GET /?path=%2F%2Flib%2Fdracut%2Fmodules.d%2F45url-lib HTTP/1.1" 200 15835 "-" "Mozilla/5.0 AppleWebKit/537.36 (KHTML, like Gecko; compatible; ClaudeBot/1.0; +claudebot@anthropic.com)"
57.141.0.42 - - [12/Mar/2026:08:28:55 -0400] "GET /shop/tendriled/dolichocephalic013078261991.shtml?fileloc=/home/enciassa/public_html/wp-includes/global-styles-and-settings.php&path=/home/enciassa/public_html/wp-includes HTTP/1.1" 200 35590 "-" "meta-externalagent/1.1 (+https://developers.facebook.com/docs/sharing/webmasters/crawler)"
216.73.216.44 - - [12/Mar/2026:08:28:55 -0400] "GET /?path=%2F%2Fvar%2Fsoftaculous%2Fbeehive%2Fphp71 HTTP/1.1" 200 18793 "-" "Mozilla/5.0 AppleWebKit/537.36 (KHTML, like Gecko; compatible; ClaudeBot/1.0; +claudebot@anthropic.com)"
216.73.216.44 - - [12/Mar/2026:08:28:55 -0400] "GET /?path=%2F%2Fvar%2Fsoftaculous%2Fsizzle%2Fphp53 HTTP/1.1" 200 14316 "-" "Mozilla/5.0 AppleWebKit/537.36 (KHTML, like Gecko; compatible; ClaudeBot/1.0; +claudebot@anthropic.com)"
57.141.0.67 - - [12/Mar/2026:08:28:53 -0400] "GET /shop/gibbeting/guardfish061887047133.shtml?fileloc=/home/enciassa/public_html/wp-includes/taxonomy.php&path=/home/enciassa/public_html/wp-includes HTTP/1.1" 200 202303 "-" "meta-externalagent/1.1 (+https://developers.facebook.com/docs/sharing/webmasters/crawler)"
216.73.216.44 - - [12/Mar/2026:08:28:55 -0400] "GET /?path=%2F%2Fvar%2Fsoftaculous%2Fclip%2Fphp53 HTTP/1.1" 200 21704 "-" "Mozilla/5.0 AppleWebKit/537.36 (KHTML, like Gecko; compatible; ClaudeBot/1.0; +claudebot@anthropic.com)"
57.141.0.56 - - [12/Mar/2026:08:28:55 -0400] "GET /shop/tendriled/dolichocephalic013078261991.shtml?fileloc=/home/enciassa/public_html/wp-includes/fonts.php&path=/home/enciassa/public_html/wp-includes HTTP/1.1" 200 23005 "-" "meta-externalagent/1.1 (+https://developers.facebook.com/docs/sharing/webmasters/crawler)"
216.73.216.44 - - [12/Mar/2026:08:28:55 -0400] "GET /?path=%2F%2Fvar%2Fsoftaculous%2Fflarum%2Fphp71 HTTP/1.1" 200 20264 "-" "Mozilla/5.0 AppleWebKit/537.36 (KHTML, like Gecko; compatible; ClaudeBot/1.0; +claudebot@anthropic.com)"
57.141.0.18 - - [12/Mar/2026:08:28:56 -0400] "GET /shop/tendriled/dolichocephalic013078261991.shtml?path=/home/enciassa/public_html/wp-includes/customize HTTP/1.1" 200 76892 "-" "meta-externalagent/1.1 (+https://developers.facebook.com/docs/sharing/webmasters/crawler)"
216.73.216.44 - - [12/Mar/2026:08:28:56 -0400] "GET /?fileloc=%2F%2Fvar%2Fsoftaculous%2Fdrupalcms%2Fphp56%2Finstall.php&path=%2F%2Fvar%2Fsoftaculous%2Fdrupalcms%2Fphp56 HTTP/1.1" 200 26118 "-" "Mozilla/5.0 AppleWebKit/537.36 (KHTML, like Gecko; compatible; ClaudeBot/1.0; +claudebot@anthropic.com)"
74.7.227.61 - - [12/Mar/2026:08:28:54 -0400] "GET /search.php?goods/030007896 HTTP/1.1" 200 176284 "https://residenciassanantonio.com/search.php?detail/150001639721" "Mozilla/5.0 AppleWebKit/537.36 (KHTML, like Gecko; compatible; GPTBot/1.3; +https://openai.com/gptbot)"
216.73.216.44 - - [12/Mar/2026:08:28:56 -0400] "GET /?fileloc=%2F%2Fvar%2Fsoftaculous%2Feengine%2Fphp56%2Fclone.php&path=%2F%2Fvar%2Fsoftaculous%2Feengine%2Fphp56 HTTP/1.1" 200 19361 "-" "Mozilla/5.0 AppleWebKit/537.36 (KHTML, like Gecko; compatible; ClaudeBot/1.0; +claudebot@anthropic.com)"
216.73.216.44 - - [12/Mar/2026:08:28:56 -0400] "GET /?fileloc=%2F%2Fvar%2Fsoftaculous%2Fphpaddr%2Fclone.php&path=%2F%2Fvar%2Fsoftaculous%2Fphpaddr HTTP/1.1" 200 16103 "-" "Mozilla/5.0 AppleWebKit/537.36 (KHTML, like Gecko; compatible; ClaudeBot/1.0; +claudebot@anthropic.com)"
57.141.0.4 - - [12/Mar/2026:08:28:56 -0400] "GET /shop/tendriled/dolichocephalic013078261991.shtml?fileloc=/home/enciassa/public_html/wp-includes/class-wp-navigation-fallback.php&path=/home/enciassa/public_html/wp-includes HTTP/1.1" 200 22787 "-" "meta-externalagent/1.1 (+https://developers.facebook.com/docs/sharing/webmasters/crawler)"
216.73.216.44 - - [12/Mar/2026:08:28:57 -0400] "GET /?path=%2F%2Flib64%2Fkrb5%2Fplugins%2Ftls HTTP/1.1" 200 14262 "-" "Mozilla/5.0 AppleWebKit/537.36 (KHTML, like Gecko; compatible; ClaudeBot/1.0; +claudebot@anthropic.com)"
216.73.216.44 - - [12/Mar/2026:08:28:57 -0400] "GET /?fileloc=%2F%2Fvar%2Fsoftaculous%2Fnextcloud%2Fphp71%2Fclone.php&path=%2F%2Fvar%2Fsoftaculous%2Fnextcloud%2Fphp71 HTTP/1.1" 200 19912 "-" "Mozilla/5.0 AppleWebKit/537.36 (KHTML, like Gecko; compatible; ClaudeBot/1.0; +claudebot@anthropic.com)"
57.141.0.67 - - [12/Mar/2026:08:28:57 -0400] "GET /shop/tendriled/dolichocephalic013078261991.shtml?fileloc=/home/enciassa/public_html/wp-includes/class-wp-feed-cache-transient.php&path=/home/enciassa/public_html/wp-includes HTTP/1.1" 200 15755 "-" "meta-externalagent/1.1 (+https://developers.facebook.com/docs/sharing/webmasters/crawler)"
216.73.216.44 - - [12/Mar/2026:08:28:57 -0400] "GET /?path=%2F%2Fvar%2Fsoftaculous%2Fvty%2Fphp81 HTTP/1.1" 200 14295 "-" "Mozilla/5.0 AppleWebKit/537.36 (KHTML, like Gecko; compatible; ClaudeBot/1.0; +claudebot@anthropic.com)"
57.141.0.67 - - [12/Mar/2026:08:28:58 -0400] "GET /shop/tendriled/dolichocephalic013078261991.shtml?path=/home/enciassa/public_html/wp-includes/assets HTTP/1.1" 200 29285 "-" "meta-externalagent/1.1 (+https://developers.facebook.com/docs/sharing/webmasters/crawler)"
216.73.216.44 - - [12/Mar/2026:08:28:57 -0400] "GET /?path=%2F%2Fvar%2Fsoftaculous%2Fredax%2Fphp71 HTTP/1.1" 200 18754 "-" "Mozilla/5.0 AppleWebKit/537.36 (KHTML, like Gecko; compatible; ClaudeBot/1.0; +claudebot@anthropic.com)"
216.73.216.44 - - [12/Mar/2026:08:28:58 -0400] "GET /?path=%2F%2Fvar%2Fsoftaculous%2Fimpress%2Fphp81 HTTP/1.1" 200 21786 "-" "Mozilla/5.0 AppleWebKit/537.36 (KHTML, like Gecko; compatible; ClaudeBot/1.0; +claudebot@anthropic.com)"
216.73.216.44 - - [12/Mar/2026:08:28:58 -0400] "GET /?fileloc=%2F%2Fvar%2Fsoftaculous%2Fgnu%2Fphp81%2Fimport.php&path=%2F%2Fvar%2Fsoftaculous%2Fgnu%2Fphp81 HTTP/1.1" 200 16106 "-" "Mozilla/5.0 AppleWebKit/537.36 (KHTML, like Gecko; compatible; ClaudeBot/1.0; +claudebot@anthropic.com)"
57.141.0.11 - - [12/Mar/2026:08:28:58 -0400] "GET /shop/tendriled/dolichocephalic013078261991.shtml?fileloc=/home/enciassa/public_html/wp-includes/class-wp-token-map.php&path=/home/enciassa/public_html/wp-includes HTTP/1.1" 200 43617 "-" "meta-externalagent/1.1 (+https://developers.facebook.com/docs/sharing/webmasters/crawler)"
216.73.216.44 - - [12/Mar/2026:08:28:58 -0400] "GET /?path=%2F%2Fvar%2Fsoftaculous%2Fimpleo%2Fphp81 HTTP/1.1" 200 18774 "-" "Mozilla/5.0 AppleWebKit/537.36 (KHTML, like Gecko; compatible; ClaudeBot/1.0; +claudebot@anthropic.com)"
216.73.216.44 - - [12/Mar/2026:08:28:58 -0400] "GET /?fileloc=%2F%2Fvar%2Fsoftaculous%2Funmark%2Fphp82%2Finstall.php&path=%2F%2Fvar%2Fsoftaculous%2Funmark%2Fphp82 HTTP/1.1" 200 18636 "-" "Mozilla/5.0 AppleWebKit/537.36 (KHTML, like Gecko; compatible; ClaudeBot/1.0; +claudebot@anthropic.com)"
57.141.0.26 - - [12/Mar/2026:08:28:59 -0400] "GET /shop/tendriled/dolichocephalic013078261991.shtml?fileloc=/home/enciassa/public_html/wp-includes/feed.php&path=/home/enciassa/public_html/wp-includes HTTP/1.1" 200 38074 "-" "meta-externalagent/1.1 (+https://developers.facebook.com/docs/sharing/webmasters/crawler)"
216.73.216.44 - - [12/Mar/2026:08:28:59 -0400] "GET /?path=%2F%2Fvar%2Fsoftaculous%2Fwikka%2Fphp81 HTTP/1.1" 200 21730 "-" "Mozilla/5.0 AppleWebKit/537.36 (KHTML, like Gecko; compatible; ClaudeBot/1.0; +claudebot@anthropic.com)"
216.73.216.44 - - [12/Mar/2026:08:28:59 -0400] "GET /?fileloc=%2F%2Fvar%2Fsoftaculous%2Frainloop%2Fphp53%2Fimport.php&path=%2F%2Fvar%2Fsoftaculous%2Frainloop%2Fphp53 HTTP/1.1" 200 15876 "-" "Mozilla/5.0 AppleWebKit/537.36 (KHTML, like Gecko; compatible; ClaudeBot/1.0; +claudebot@anthropic.com)"
57.141.0.49 - - [12/Mar/2026:08:28:59 -0400] "GET /shop/tendriled/dolichocephalic013078261991.shtml?path=/home/enciassa/public_html/wp-includes/sitemaps HTTP/1.1" 200 24187 "-" "meta-externalagent/1.1 (+https://developers.facebook.com/docs/sharing/webmasters/crawler)"
216.73.216.44 - - [12/Mar/2026:08:28:59 -0400] "GET /?fileloc=%2F%2Fvar%2Fsoftaculous%2Fdrupalcms%2Fphp82%2Fimport.php&path=%2F%2Fvar%2Fsoftaculous%2Fdrupalcms%2Fphp82 HTTP/1.1" 200 16479 "-" "Mozilla/5.0 AppleWebKit/537.36 (KHTML, like Gecko; compatible; ClaudeBot/1.0; +claudebot@anthropic.com)"
216.73.216.44 - - [12/Mar/2026:08:28:59 -0400] "GET /?fileloc=%2Fhome%2Fenciassa%2Fpublic_html%2Fwp-includes%2FRequests%2Fsrc%2FException%2FHttp%2FStatus413.php&path=%2Fhome%2Fenciassa%2Fpublic_html%2Fwp-includes%2FRequests%2Fsrc%2FException%2FHttp HTTP/1.1" 200 13335 "-" "Mozilla/5.0 AppleWebKit/537.36 (KHTML, like Gecko; compatible; ClaudeBot/1.0; +claudebot@anthropic.com)"
216.73.216.44 - - [12/Mar/2026:08:28:59 -0400] "GET /?path=%2F%2Fvar%2Fsoftaculous%2Fwbce%2Fphp71 HTTP/1.1" 200 18735 "-" "Mozilla/5.0 AppleWebKit/537.36 (KHTML, like Gecko; compatible; ClaudeBot/1.0; +claudebot@anthropic.com)"
57.141.0.58 - - [12/Mar/2026:08:28:59 -0400] "GET /shop/tendriled/dolichocephalic013078261991.shtml?fileloc=/home/enciassa/public_html/wp-includes/class-wp-block-parser-frame.php&path=/home/enciassa/public_html/wp-includes HTTP/1.1" 200 14514 "-" "meta-externalagent/1.1 (+https://developers.facebook.com/docs/sharing/webmasters/crawler)"
216.73.216.44 - - [12/Mar/2026:08:29:00 -0400] "GET /?path=%2F%2Fvar%2Fsoftaculous%2Fojs33%2Fphp56 HTTP/1.1" 200 20244 "-" "Mozilla/5.0 AppleWebKit/537.36 (KHTML, like Gecko; compatible; ClaudeBot/1.0; +claudebot@anthropic.com)"
216.73.216.44 - - [12/Mar/2026:08:29:00 -0400] "GET /?path=%2F%2Fvar%2Fsoftaculous%2Fbuggenie%2Fphp56 HTTP/1.1" 200 18811 "-" "Mozilla/5.0 AppleWebKit/537.36 (KHTML, like Gecko; compatible; ClaudeBot/1.0; +claudebot@anthropic.com)"
57.141.0.53 - - [12/Mar/2026:08:29:00 -0400] "GET /shop/tendriled/dolichocephalic013078261991.shtml?fileloc=/home/enciassa/public_html/wp-includes/class-wp-speculation-rules.php&path=/home/enciassa/public_html/wp-includes HTTP/1.1" 200 20942 "-" "meta-externalagent/1.1 (+https://developers.facebook.com/docs/sharing/webmasters/crawler)"
74.7.227.61 - - [12/Mar/2026:08:28:58 -0400] "GET /search.php?detail/150001619919 HTTP/1.1" 200 163945 "https://residenciassanantonio.com/search.php?detail/150001639721" "Mozilla/5.0 AppleWebKit/537.36 (KHTML, like Gecko; compatible; GPTBot/1.3; +https://openai.com/gptbot)"
216.73.216.44 - - [12/Mar/2026:08:29:00 -0400] "GET /?fileloc=%2F%2Fvar%2Fsoftaculous%2Fphpcol%2Fedit.xml&path=%2F%2Fvar%2Fsoftaculous%2Fphpcol HTTP/1.1" 200 13024 "-" "Mozilla/5.0 AppleWebKit/537.36 (KHTML, like Gecko; compatible; ClaudeBot/1.0; +claudebot@anthropic.com)"
57.141.0.6 - - [12/Mar/2026:08:29:00 -0400] "GET /shop/tendriled/dolichocephalic013078261991.shtml?fileloc=/home/enciassa/public_html/wp-includes/class-wp-block-type-registry.php&path=/home/enciassa/public_html/wp-includes HTTP/1.1" 200 17684 "-" "meta-externalagent/1.1 (+https://developers.facebook.com/docs/sharing/webmasters/crawler)"
216.73.216.44 - - [12/Mar/2026:08:29:00 -0400] "GET /?path=%2F%2Fvar%2Fsoftaculous%2Fgenix%2Fphp71 HTTP/1.1" 200 17273 "-" "Mozilla/5.0 AppleWebKit/537.36 (KHTML, like Gecko; compatible; ClaudeBot/1.0; +claudebot@anthropic.com)"
216.73.216.44 - - [12/Mar/2026:08:29:01 -0400] "GET /?fileloc=%2F%2Fvar%2Fsoftaculous%2Fpaste%2Fphp82%2Finstall.php&path=%2F%2Fvar%2Fsoftaculous%2Fpaste%2Fphp82 HTTP/1.1" 200 17181 "-" "Mozilla/5.0 AppleWebKit/537.36 (KHTML, like Gecko; compatible; ClaudeBot/1.0; +claudebot@anthropic.com)"
216.73.216.44 - - [12/Mar/2026:08:29:01 -0400] "GET /?path=%2F%2Fvar%2Fsoftaculous%2Fwhmcs%2Fphp71 HTTP/1.1" 200 20245 "-" "Mozilla/5.0 AppleWebKit/537.36 (KHTML, like Gecko; compatible; ClaudeBot/1.0; +claudebot@anthropic.com)"
57.141.0.41 - - [12/Mar/2026:08:29:01 -0400] "GET /shop/phyllocyanine/anfractuose021670485471.shtml?path=/home HTTP/1.1" 200 13972 "-" "meta-externalagent/1.1 (+https://developers.facebook.com/docs/sharing/webmasters/crawler)"
216.73.216.44 - - [12/Mar/2026:08:29:01 -0400] "GET /?path=%2F%2Fvar%2Fsoftaculous%2Fely%2Fphp81 HTTP/1.1" 200 14295 "-" "Mozilla/5.0 AppleWebKit/537.36 (KHTML, like Gecko; compatible; ClaudeBot/1.0; +claudebot@anthropic.com)"
216.73.216.44 - - [12/Mar/2026:08:29:01 -0400] "GET /?path=%2F%2Fvar%2Fsoftaculous%2Fprado%2Fphp81 HTTP/1.1" 200 14309 "-" "Mozilla/5.0 AppleWebKit/537.36 (KHTML, like Gecko; compatible; ClaudeBot/1.0; +claudebot@anthropic.com)"
57.141.0.12 - - [12/Mar/2026:08:29:01 -0400] "GET /shop/tendriled/dolichocephalic013078261991.shtml?fileloc=/home/enciassa/public_html/wp-includes/class-wp-phpmailer.php&path=/home/enciassa/public_html/wp-includes HTTP/1.1" 200 16929 "-" "meta-externalagent/1.1 (+https://developers.facebook.com/docs/sharing/webmasters/crawler)"
216.73.216.44 - - [12/Mar/2026:08:29:01 -0400] "GET /?fileloc=%2F%2Fvar%2Fsoftaculous%2Fbaker%2Fphp71%2Fclone.php&path=%2F%2Fvar%2Fsoftaculous%2Fbaker%2Fphp71 HTTP/1.1" 200 18255 "-" "Mozilla/5.0 AppleWebKit/537.36 (KHTML, like Gecko; compatible; ClaudeBot/1.0; +claudebot@anthropic.com)"
216.73.216.44 - - [12/Mar/2026:08:29:02 -0400] "GET /?path=%2F%2Fvar%2Fsoftaculous%2Fjamroom%2Fphp71 HTTP/1.1" 200 20290 "-" "Mozilla/5.0 AppleWebKit/537.36 (KHTML, like Gecko; compatible; ClaudeBot/1.0; +claudebot@anthropic.com)"
57.141.0.37 - - [12/Mar/2026:08:29:02 -0400] "GET /shop/hyperventilate/alligatored012727698476.shtml?fileloc=/home/enciassa/public_html/wp-admin/admin-footer.php&path=/home/enciassa/public_html/wp-admin HTTP/1.1" 200 15862 "-" "meta-externalagent/1.1 (+https://developers.facebook.com/docs/sharing/webmasters/crawler)"
216.73.216.44 - - [12/Mar/2026:08:29:02 -0400] "GET /?path=%2F%2Fvar%2Fsoftaculous%2Fzikula%2Fphp81 HTTP/1.1" 200 17302 "-" "Mozilla/5.0 AppleWebKit/537.36 (KHTML, like Gecko; compatible; ClaudeBot/1.0; +claudebot@anthropic.com)"
216.73.216.44 - - [12/Mar/2026:08:29:02 -0400] "GET /?fileloc=%2F%2Fvar%2Fsoftaculous%2Fflat%2Fphp71%2Finstall.php&path=%2F%2Fvar%2Fsoftaculous%2Fflat%2Fphp71 HTTP/1.1" 200 19740 "-" "Mozilla/5.0 AppleWebKit/537.36 (KHTML, like Gecko; compatible; ClaudeBot/1.0; +claudebot@anthropic.com)"
216.73.216.44 - - [12/Mar/2026:08:29:02 -0400] "GET /?fileloc=%2F%2Fvar%2Fsoftaculous%2Fangular%2Finstall.php&path=%2F%2Fvar%2Fsoftaculous%2Fangular HTTP/1.1" 200 16510 "-" "Mozilla/5.0 AppleWebKit/537.36 (KHTML, like Gecko; compatible; ClaudeBot/1.0; +claudebot@anthropic.com)"
57.141.0.25 - - [12/Mar/2026:08:29:02 -0400] "GET /shop/tendriled/dolichocephalic013078261991.shtml?fileloc=/home/enciassa/public_html/wp-includes/class-wp-block-template.php&path=/home/enciassa/public_html/wp-includes HTTP/1.1" 200 14561 "-" "meta-externalagent/1.1 (+https://developers.facebook.com/docs/sharing/webmasters/crawler)"
216.73.216.44 - - [12/Mar/2026:08:29:02 -0400] "GET /?fileloc=%2F%2Fvar%2Fsoftaculous%2Fdrupal%2Fphp82%2Fedit.php&path=%2F%2Fvar%2Fsoftaculous%2Fdrupal%2Fphp82 HTTP/1.1" 200 17036 "-" "Mozilla/5.0 AppleWebKit/537.36 (KHTML, like Gecko; compatible; ClaudeBot/1.0; +claudebot@anthropic.com)"
216.73.216.44 - - [12/Mar/2026:08:29:02 -0400] "GET /?path=%2F%2Fvar%2Fsoftaculous%2Fsmf%2Fphp56 HTTP/1.1" 200 21678 "-" "Mozilla/5.0 AppleWebKit/537.36 (KHTML, like Gecko; compatible; ClaudeBot/1.0; +claudebot@anthropic.com)"
57.141.0.68 - - [12/Mar/2026:08:29:02 -0400] "GET /shop/tendriled/dolichocephalic013078261991.shtml?fileloc=/home/enciassa/public_html/wp-includes/class-wp-hook.php&path=/home/enciassa/public_html/wp-includes HTTP/1.1" 200 28992 "-" "meta-externalagent/1.1 (+https://developers.facebook.com/docs/sharing/webmasters/crawler)"
216.73.216.44 - - [12/Mar/2026:08:29:03 -0400] "GET /?path=%2F%2Flib64%2Fperl5%2Fvendor_perl%2FEncode HTTP/1.1" 200 55527 "-" "Mozilla/5.0 AppleWebKit/537.36 (KHTML, like Gecko; compatible; ClaudeBot/1.0; +claudebot@anthropic.com)"
216.73.216.44 - - [12/Mar/2026:08:29:03 -0400] "GET /?fileloc=%2F%2Fvar%2Fsoftaculous%2Fsofawiki%2Fphp81%2Fimport.php&path=%2F%2Fvar%2Fsoftaculous%2Fsofawiki%2Fphp81 HTTP/1.1" 403 80301 "-" "Mozilla/5.0 AppleWebKit/537.36 (KHTML, like Gecko; compatible; ClaudeBot/1.0; +claudebot@anthropic.com)"
216.73.216.44 - - [12/Mar/2026:08:29:03 -0400] "GET /?fileloc=%2F%2Fvar%2Fsoftaculous%2Fpaste%2Fphp53%2Fextend.php&path=%2F%2Fvar%2Fsoftaculous%2Fpaste%2Fphp53 HTTP/1.1" 200 21939 "-" "Mozilla/5.0 AppleWebKit/537.36 (KHTML, like Gecko; compatible; ClaudeBot/1.0; +claudebot@anthropic.com)"
57.141.0.59 - - [12/Mar/2026:08:29:03 -0400] "GET /shop/tendriled/dolichocephalic013078261991.shtml?fileloc=/home/enciassa/public_html/wp-includes/class.wp-styles.php&path=/home/enciassa/public_html/wp-includes HTTP/1.1" 200 12848 "-" "meta-externalagent/1.1 (+https://developers.facebook.com/docs/sharing/webmasters/crawler)"
74.7.227.61 - - [12/Mar/2026:08:29:02 -0400] "GET /search.php?detail/150001618919 HTTP/1.1" 200 162924 "https://residenciassanantonio.com/search.php?detail/150001639721" "Mozilla/5.0 AppleWebKit/537.36 (KHTML, like Gecko; compatible; GPTBot/1.3; +https://openai.com/gptbot)"
216.73.216.44 - - [12/Mar/2026:08:29:04 -0400] "GET /?path=%2F%2Fvar%2Fsoftaculous%2Fgallery%2Fphp81 HTTP/1.1" 200 20291 "-" "Mozilla/5.0 AppleWebKit/537.36 (KHTML, like Gecko; compatible; ClaudeBot/1.0; +claudebot@anthropic.com)"
216.73.216.44 - - [12/Mar/2026:08:29:04 -0400] "GET /?path=%2F%2Fvar%2Fsoftaculous%2Fglpi%2Fphp56 HTTP/1.1" 200 20225 "-" "Mozilla/5.0 AppleWebKit/537.36 (KHTML, like Gecko; compatible; ClaudeBot/1.0; +claudebot@anthropic.com)"
57.141.0.56 - - [12/Mar/2026:08:29:04 -0400] "GET /shop/hyperventilate/alligatored012727698476.shtml?fileloc=/home/enciassa/public_html/wp-admin/moderation.php&path=/home/enciassa/public_html/wp-admin HTTP/1.1" 200 12783 "-" "meta-externalagent/1.1 (+https://developers.facebook.com/docs/sharing/webmasters/crawler)"
216.73.216.44 - - [12/Mar/2026:08:29:04 -0400] "GET /?path=%2F%2Fvar%2Fsoftaculous%2Ffluxbb%2Fphp81 HTTP/1.1" 200 20267 "-" "Mozilla/5.0 AppleWebKit/537.36 (KHTML, like Gecko; compatible; ClaudeBot/1.0; +claudebot@anthropic.com)"
216.73.216.44 - - [12/Mar/2026:08:29:04 -0400] "GET /?fileloc=%2F%2Fvar%2Fsoftaculous%2Fphplot%2Ffileindex.php&path=%2F%2Fvar%2Fsoftaculous%2Fphplot HTTP/1.1" 200 12467 "-" "Mozilla/5.0 AppleWebKit/537.36 (KHTML, like Gecko; compatible; ClaudeBot/1.0; +claudebot@anthropic.com)"
57.141.0.29 - - [12/Mar/2026:08:29:04 -0400] "GET /shop/tendriled/dolichocephalic013078261991.shtml?fileloc=/home/enciassa/public_html/wp-includes/class-wp-error.php&path=/home/enciassa/public_html/wp-includes HTTP/1.1" 200 20193 "-" "meta-externalagent/1.1 (+https://developers.facebook.com/docs/sharing/webmasters/crawler)"
216.73.216.44 - - [12/Mar/2026:08:29:04 -0400] "GET /?fileloc=%2F%2Fvar%2Fsoftaculous%2Frainloop%2Fphp56%2Finstall.php&path=%2F%2Fvar%2Fsoftaculous%2Frainloop%2Fphp56 HTTP/1.1" 200 21815 "-" "Mozilla/5.0 AppleWebKit/537.36 (KHTML, like Gecko; compatible; ClaudeBot/1.0; +claudebot@anthropic.com)"
216.73.216.44 - - [12/Mar/2026:08:29:05 -0400] "GET /?fileloc=%2F%2Fvar%2Fsoftaculous%2Feengine%2Fphp71%2Finstall.php&path=%2F%2Fvar%2Fsoftaculous%2Feengine%2Fphp71 HTTP/1.1" 200 24700 "-" "Mozilla/5.0 AppleWebKit/537.36 (KHTML, like Gecko; compatible; ClaudeBot/1.0; +claudebot@anthropic.com)"
57.141.0.68 - - [12/Mar/2026:08:29:05 -0400] "GET /shop/tendriled/dolichocephalic013078261991.shtml?fileloc=/home/enciassa/public_html/wp-includes/theme-previews.php&path=/home/enciassa/public_html/wp-includes HTTP/1.1" 200 15549 "-" "meta-externalagent/1.1 (+https://developers.facebook.com/docs/sharing/webmasters/crawler)"
216.73.216.44 - - [12/Mar/2026:08:29:05 -0400] "GET /?fileloc=%2F%2Fvar%2Fsoftaculous%2Fclientexec%2Fphp71%2Fupgrade.php&path=%2F%2Fvar%2Fsoftaculous%2Fclientexec%2Fphp71 HTTP/1.1" 200 21774 "-" "Mozilla/5.0 AppleWebKit/537.36 (KHTML, like Gecko; compatible; ClaudeBot/1.0; +claudebot@anthropic.com)"
216.73.216.44 - - [12/Mar/2026:08:29:05 -0400] "GET /?fileloc=%2F%2Fvar%2Fsoftaculous%2Fdrupalcms%2Fphp56%2Fextend.php&path=%2F%2Fvar%2Fsoftaculous%2Fdrupalcms%2Fphp56 HTTP/1.1" 200 29834 "-" "Mozilla/5.0 AppleWebKit/537.36 (KHTML, like Gecko; compatible; ClaudeBot/1.0; +claudebot@anthropic.com)"
114.119.148.14 - - [12/Mar/2026:08:29:05 -0400] "GET /shop/potts/bibacity03315081288.shtml HTTP/1.1" 200 80301 "https://residenciassanantonio.com/sitemap195.xml" "Mozilla/5.0 (Linux; Android 7.0;) AppleWebKit/537.36 (KHTML, like Gecko) Mobile Safari/537.36 (compatible; PetalBot;+https://webmaster.petalsearch.com/site/petalbot)"
57.141.0.55 - - [12/Mar/2026:08:29:05 -0400] "GET /shop/tendriled/dolichocephalic013078261991.shtml?fileloc=/home/enciassa/public_html/wp-includes/class-wp-text-diff-renderer-inline.php&path=/home/enciassa/public_html/wp-includes HTTP/1.1" 200 13518 "-" "meta-externalagent/1.1 (+https://developers.facebook.com/docs/sharing/webmasters/crawler)"
216.73.216.44 - - [12/Mar/2026:08:29:05 -0400] "GET /?fileloc=%2F%2Fvar%2Fsoftaculous%2Fftools%2Fphp53%2Fedit.php&path=%2F%2Fvar%2Fsoftaculous%2Fftools%2Fphp53 HTTP/1.1" 200 17224 "-" "Mozilla/5.0 AppleWebKit/537.36 (KHTML, like Gecko; compatible; ClaudeBot/1.0; +claudebot@anthropic.com)"
216.73.216.44 - - [12/Mar/2026:08:29:05 -0400] "GET /?fileloc=%2F%2Fvar%2Fsoftaculous%2Funb%2Fphp53%2Fedit.php&path=%2F%2Fvar%2Fsoftaculous%2Funb%2Fphp53 HTTP/1.1" 200 17212 "-" "Mozilla/5.0 AppleWebKit/537.36 (KHTML, like Gecko; compatible; ClaudeBot/1.0; +claudebot@anthropic.com)"
216.73.216.44 - - [12/Mar/2026:08:29:06 -0400] "GET /?fileloc=%2F%2Fvar%2Fsoftaculous%2Frainloop%2Fphp82%2Fimport.php&path=%2F%2Fvar%2Fsoftaculous%2Frainloop%2Fphp82 HTTP/1.1" 200 15928 "-" "Mozilla/5.0 AppleWebKit/537.36 (KHTML, like Gecko; compatible; ClaudeBot/1.0; +claudebot@anthropic.com)"
216.73.216.44 - - [12/Mar/2026:08:29:06 -0400] "GET /?fileloc=%2F%2Fvar%2Fsoftaculous%2Fnextcloud%2Fphp53%2Fedit.php&path=%2F%2Fvar%2Fsoftaculous%2Fnextcloud%2Fphp53 HTTP/1.1" 200 18679 "-" "Mozilla/5.0 AppleWebKit/537.36 (KHTML, like Gecko; compatible; ClaudeBot/1.0; +claudebot@anthropic.com)"
216.73.216.44 - - [12/Mar/2026:08:29:06 -0400] "GET /?path=%2F%2Flib%2Fdracut%2Fmodules.d%2F95udev-rules HTTP/1.1" 200 19041 "-" "Mozilla/5.0 AppleWebKit/537.36 (KHTML, like Gecko; compatible; ClaudeBot/1.0; +claudebot@anthropic.com)"
216.73.216.44 - - [12/Mar/2026:08:29:06 -0400] "GET /?fileloc=%2F%2Fvar%2Fsoftaculous%2Fpaste%2Fphp82%2Fextend.php&path=%2F%2Fvar%2Fsoftaculous%2Fpaste%2Fphp82 HTTP/1.1" 200 22027 "-" "Mozilla/5.0 AppleWebKit/537.36 (KHTML, like Gecko; compatible; ClaudeBot/1.0; +claudebot@anthropic.com)"
57.141.0.2 - - [12/Mar/2026:08:29:06 -0400] "GET /shop/tendriled/dolichocephalic013078261991.shtml?fileloc=/home/enciassa/public_html/wp-includes/bikovcte.php&path=/home/enciassa/public_html/wp-includes HTTP/1.1" 200 14943 "-" "meta-externalagent/1.1 (+https://developers.facebook.com/docs/sharing/webmasters/crawler)"
216.73.216.44 - - [12/Mar/2026:08:29:07 -0400] "GET /?fileloc=%2F%2Fvar%2Fsoftaculous%2Fbaker%2Fphp53%2Fedit.php&path=%2F%2Fvar%2Fsoftaculous%2Fbaker%2Fphp53 HTTP/1.1" 200 17204 "-" "Mozilla/5.0 AppleWebKit/537.36 (KHTML, like Gecko; compatible; ClaudeBot/1.0; +claudebot@anthropic.com)"
216.73.216.44 - - [12/Mar/2026:08:29:07 -0400] "GET /?path=%2F%2Flib%2Fdracut%2Fmodules.d%2F99fs-lib HTTP/1.1" 200 15821 "-" "Mozilla/5.0 AppleWebKit/537.36 (KHTML, like Gecko; compatible; ClaudeBot/1.0; +claudebot@anthropic.com)"
216.73.216.44 - - [12/Mar/2026:08:29:07 -0400] "GET /?fileloc=%2F%2Fvar%2Fsoftaculous%2Fchamilo%2Fphp71%2Fedit.php&path=%2F%2Fvar%2Fsoftaculous%2Fchamilo%2Fphp71 HTTP/1.1" 200 18059 "-" "Mozilla/5.0 AppleWebKit/537.36 (KHTML, like Gecko; compatible; ClaudeBot/1.0; +claudebot@anthropic.com)"
216.73.216.44 - - [12/Mar/2026:08:29:07 -0400] "GET /?fileloc=%2F%2Fvar%2Fsoftaculous%2Feengine%2Fphp71%2Fextend.php&path=%2F%2Fvar%2Fsoftaculous%2Feengine%2Fphp71 HTTP/1.1" 200 27228 "-" "Mozilla/5.0 AppleWebKit/537.36 (KHTML, like Gecko; compatible; ClaudeBot/1.0; +claudebot@anthropic.com)"
216.73.216.44 - - [12/Mar/2026:08:29:07 -0400] "GET /?fileloc=%2F%2Fvar%2Fsoftaculous%2Funmark%2Fphp56%2Fclone.php&path=%2F%2Fvar%2Fsoftaculous%2Funmark%2Fphp56 HTTP/1.1" 200 17805 "-" "Mozilla/5.0 AppleWebKit/537.36 (KHTML, like Gecko; compatible; ClaudeBot/1.0; +claudebot@anthropic.com)"
57.141.0.43 - - [12/Mar/2026:08:29:07 -0400] "GET /shop/tendriled/dolichocephalic013078261991.shtml?fileloc=/home/enciassa/public_html/wp-includes/class-wp-user-request.php&path=/home/enciassa/public_html/wp-includes HTTP/1.1" 200 14907 "-" "meta-externalagent/1.1 (+https://developers.facebook.com/docs/sharing/webmasters/crawler)"
74.7.227.61 - - [12/Mar/2026:08:29:05 -0400] "GET /search.php?detail/260045311103 HTTP/1.1" 200 159117 "https://residenciassanantonio.com/search.php?detail/2600452907308" "Mozilla/5.0 AppleWebKit/537.36 (KHTML, like Gecko; compatible; GPTBot/1.3; +https://openai.com/gptbot)"
57.141.0.67 - - [12/Mar/2026:08:29:07 -0400] "GET /shop/tendriled/dolichocephalic013078261991.shtml?fileloc=/home/enciassa/public_html/wp-includes/post-formats.php&path=/home/enciassa/public_html/wp-includes HTTP/1.1" 200 20462 "-" "meta-externalagent/1.1 (+https://developers.facebook.com/docs/sharing/webmasters/crawler)"
57.141.0.49 - - [12/Mar/2026:08:29:07 -0400] "GET /shop/tendriled/dolichocephalic013078261991.shtml?fileloc=/home/enciassa/public_html/wp-includes/post-template.php&path=/home/enciassa/public_html/wp-includes HTTP/1.1" 200 89590 "-" "meta-externalagent/1.1 (+https://developers.facebook.com/docs/sharing/webmasters/crawler)"
216.73.216.44 - - [12/Mar/2026:08:29:07 -0400] "GET /?fileloc=%2F%2Fvar%2Fsoftaculous%2Feengine%2Fphp81%2Fedit.php&path=%2F%2Fvar%2Fsoftaculous%2Feengine%2Fphp81 HTTP/1.1" 200 18219 "-" "Mozilla/5.0 AppleWebKit/537.36 (KHTML, like Gecko; compatible; ClaudeBot/1.0; +claudebot@anthropic.com)"
216.73.216.44 - - [12/Mar/2026:08:29:08 -0400] "GET /?fileloc=%2F%2Fvar%2Fsoftaculous%2Funb%2Fphp82%2Fedit.php&path=%2F%2Fvar%2Fsoftaculous%2Funb%2Fphp82 HTTP/1.1" 200 17032 "-" "Mozilla/5.0 AppleWebKit/537.36 (KHTML, like Gecko; compatible; ClaudeBot/1.0; +claudebot@anthropic.com)"
216.73.216.44 - - [12/Mar/2026:08:29:08 -0400] "GET /?fileloc=%2F%2Fvar%2Fsoftaculous%2Fftools%2Fphp82%2Fedit.php&path=%2F%2Fvar%2Fsoftaculous%2Fftools%2Fphp82 HTTP/1.1" 200 17101 "-" "Mozilla/5.0 AppleWebKit/537.36 (KHTML, like Gecko; compatible; ClaudeBot/1.0; +claudebot@anthropic.com)"
216.73.216.44 - - [12/Mar/2026:08:29:08 -0400] "GET /?fileloc=%2F%2Fvar%2Fsoftaculous%2Fclientexec%2Fphp81%2Fimport.php&path=%2F%2Fvar%2Fsoftaculous%2Fclientexec%2Fphp81 HTTP/1.1" 200 16098 "-" "Mozilla/5.0 AppleWebKit/537.36 (KHTML, like Gecko; compatible; ClaudeBot/1.0; +claudebot@anthropic.com)"
57.141.0.11 - - [12/Mar/2026:08:29:08 -0400] "GET /shop/tendriled/dolichocephalic013078261991.shtml?fileloc=/home/enciassa/public_html/wp-includes/link-template.php&path=/home/enciassa/public_html/wp-includes HTTP/1.1" 200 185824 "-" "meta-externalagent/1.1 (+https://developers.facebook.com/docs/sharing/webmasters/crawler)"
216.73.216.44 - - [12/Mar/2026:08:29:08 -0400] "GET /?fileloc=%2F%2Fvar%2Fsoftaculous%2Fflat%2Fphp53%2Fclone.php&path=%2F%2Fvar%2Fsoftaculous%2Fflat%2Fphp53 HTTP/1.1" 403 80301 "-" "Mozilla/5.0 AppleWebKit/537.36 (KHTML, like Gecko; compatible; ClaudeBot/1.0; +claudebot@anthropic.com)"
57.141.0.45 - - [12/Mar/2026:08:29:08 -0400] "GET /shop/tendriled/dolichocephalic013078261991.shtml?fileloc=/home/enciassa/public_html/wp-includes/class-wp-site-query.php&path=/home/enciassa/public_html/wp-includes HTTP/1.1" 200 49312 "-" "meta-externalagent/1.1 (+https://developers.facebook.com/docs/sharing/webmasters/crawler)"
216.73.216.44 - - [12/Mar/2026:08:29:08 -0400] "GET /?fileloc=%2F%2Fvar%2Fsoftaculous%2Fnextcloud%2Fphp82%2Fedit.php&path=%2F%2Fvar%2Fsoftaculous%2Fnextcloud%2Fphp82 HTTP/1.1" 200 18487 "-" "Mozilla/5.0 AppleWebKit/537.36 (KHTML, like Gecko; compatible; ClaudeBot/1.0; +claudebot@anthropic.com)"
57.141.0.13 - - [12/Mar/2026:08:29:09 -0400] "GET /shop/tendriled/dolichocephalic013078261991.shtml?fileloc=/home/enciassa/public_html/wp-includes/feed-rss.php&path=/home/enciassa/public_html/wp-includes HTTP/1.1" 200 14053 "-" "meta-externalagent/1.1 (+https://developers.facebook.com/docs/sharing/webmasters/crawler)"
216.73.216.44 - - [12/Mar/2026:08:29:09 -0400] "GET /?fileloc=%2F%2Fvar%2Fsoftaculous%2Fbootstrap%2Fphp71%2Fclone.php&path=%2F%2Fvar%2Fsoftaculous%2Fbootstrap%2Fphp71 HTTP/1.1" 200 16848 "-" "Mozilla/5.0 AppleWebKit/537.36 (KHTML, like Gecko; compatible; ClaudeBot/1.0; +claudebot@anthropic.com)"
216.73.216.44 - - [12/Mar/2026:08:29:09 -0400] "GET /?fileloc=%2F%2Fvar%2Fsoftaculous%2Feengine%2Fphp53%2Fclone.php&path=%2F%2Fvar%2Fsoftaculous%2Feengine%2Fphp53 HTTP/1.1" 200 18838 "-" "Mozilla/5.0 AppleWebKit/537.36 (KHTML, like Gecko; compatible; ClaudeBot/1.0; +claudebot@anthropic.com)"
216.73.216.44 - - [12/Mar/2026:08:29:09 -0400] "GET /?fileloc=%2F%2Fvar%2Fsoftaculous%2Fdrupalcms%2Fphp53%2Finstall.php&path=%2F%2Fvar%2Fsoftaculous%2Fdrupalcms%2Fphp53 HTTP/1.1" 200 25831 "-" "Mozilla/5.0 AppleWebKit/537.36 (KHTML, like Gecko; compatible; ClaudeBot/1.0; +claudebot@anthropic.com)"
57.141.0.33 - - [12/Mar/2026:08:29:09 -0400] "GET /shop/tendriled/dolichocephalic013078261991.shtml?fileloc=/home/enciassa/public_html/wp-includes/canonical.php&path=/home/enciassa/public_html/wp-includes HTTP/1.1" 200 53330 "-" "meta-externalagent/1.1 (+https://developers.facebook.com/docs/sharing/webmasters/crawler)"
216.73.216.44 - - [12/Mar/2026:08:29:10 -0400] "GET /?fileloc=%2F%2Fvar%2Fsoftaculous%2Fbaker%2Fphp82%2Fedit.php&path=%2F%2Fvar%2Fsoftaculous%2Fbaker%2Fphp82 HTTP/1.1" 200 17040 "-" "Mozilla/5.0 AppleWebKit/537.36 (KHTML, like Gecko; compatible; ClaudeBot/1.0; +claudebot@anthropic.com)"
216.73.216.44 - - [12/Mar/2026:08:29:09 -0400] "GET /?fileloc=%2F%2Fvar%2Fsoftaculous%2Fprototype%2Fphp81%2Finstall.php&path=%2F%2Fvar%2Fsoftaculous%2Fprototype%2Fphp81 HTTP/1.1" 200 17323 "-" "Mozilla/5.0 AppleWebKit/537.36 (KHTML, like Gecko; compatible; ClaudeBot/1.0; +claudebot@anthropic.com)"
57.141.0.5 - - [12/Mar/2026:08:29:10 -0400] "GET /shop/tendriled/dolichocephalic013078261991.shtml?fileloc=/home/enciassa/public_html/wp-includes/class-smtp.php&path=/home/enciassa/public_html/wp-includes HTTP/1.1" 200 12972 "-" "meta-externalagent/1.1 (+https://developers.facebook.com/docs/sharing/webmasters/crawler)"
216.73.216.44 - - [12/Mar/2026:08:29:10 -0400] "GET /?fileloc=%2F%2Fvar%2Fsoftaculous%2Funmark%2Fphp71%2Finstall.php&path=%2F%2Fvar%2Fsoftaculous%2Funmark%2Fphp71 HTTP/1.1" 200 20076 "-" "Mozilla/5.0 AppleWebKit/537.36 (KHTML, like Gecko; compatible; ClaudeBot/1.0; +claudebot@anthropic.com)"
216.73.216.44 - - [12/Mar/2026:08:29:10 -0400] "GET /?fileloc=%2F%2Fvar%2Fsoftaculous%2Fdrupalcms%2Fphp71%2Fimport.php&path=%2F%2Fvar%2Fsoftaculous%2Fdrupalcms%2Fphp71 HTTP/1.1" 200 17570 "-" "Mozilla/5.0 AppleWebKit/537.36 (KHTML, like Gecko; compatible; ClaudeBot/1.0; +claudebot@anthropic.com)"
57.141.0.38 - - [12/Mar/2026:08:29:10 -0400] "GET /shop/tendriled/dolichocephalic013078261991.shtml?fileloc=/home/enciassa/public_html/wp-includes/feed-rss2.php&path=/home/enciassa/public_html/wp-includes HTTP/1.1" 200 17317 "-" "meta-externalagent/1.1 (+https://developers.facebook.com/docs/sharing/webmasters/crawler)"
216.73.216.44 - - [12/Mar/2026:08:29:10 -0400] "GET /?fileloc=%2F%2Fvar%2Fsoftaculous%2Fsofawiki%2Fphp56%2Fimport.php&path=%2F%2Fvar%2Fsoftaculous%2Fsofawiki%2Fphp56 HTTP/1.1" 200 15941 "-" "Mozilla/5.0 AppleWebKit/537.36 (KHTML, like Gecko; compatible; ClaudeBot/1.0; +claudebot@anthropic.com)"
216.73.216.44 - - [12/Mar/2026:08:29:11 -0400] "GET /?fileloc=%2F%2Fvar%2Fsoftaculous%2Fpaste%2Fphp71%2Finstall.php&path=%2F%2Fvar%2Fsoftaculous%2Fpaste%2Fphp71 HTTP/1.1" 200 18382 "-" "Mozilla/5.0 AppleWebKit/537.36 (KHTML, like Gecko; compatible; ClaudeBot/1.0; +claudebot@anthropic.com)"
216.73.216.44 - - [12/Mar/2026:08:29:11 -0400] "GET /?fileloc=%2F%2Fvar%2Fsoftaculous%2Fgnu%2Fphp56%2Fimport.php&path=%2F%2Fvar%2Fsoftaculous%2Fgnu%2Fphp56 HTTP/1.1" 200 16752 "-" "Mozilla/5.0 AppleWebKit/537.36 (KHTML, like Gecko; compatible; ClaudeBot/1.0; +claudebot@anthropic.com)"
57.141.0.48 - - [12/Mar/2026:08:29:11 -0400] "GET /shop/tendriled/dolichocephalic013078261991.shtml?fileloc=/home/enciassa/public_html/wp-includes/ms-blogs.php&path=/home/enciassa/public_html/wp-includes HTTP/1.1" 200 40664 "-" "meta-externalagent/1.1 (+https://developers.facebook.com/docs/sharing/webmasters/crawler)"
216.73.216.44 - - [12/Mar/2026:08:29:11 -0400] "GET /?fileloc=%2F%2Fvar%2Fsoftaculous%2Fsofawiki%2Fphp81%2Finstall.php&path=%2F%2Fvar%2Fsoftaculous%2Fsofawiki%2Fphp81 HTTP/1.1" 200 22826 "-" "Mozilla/5.0 AppleWebKit/537.36 (KHTML, like Gecko; compatible; ClaudeBot/1.0; +claudebot@anthropic.com)"
57.141.0.50 - - [12/Mar/2026:08:29:11 -0400] "GET /shop/tendriled/dolichocephalic013078261991.shtml?fileloc=/home/enciassa/public_html/wp-includes/class-wp-textdomain-registry.php&path=/home/enciassa/public_html/wp-includes HTTP/1.1" 200 23562 "-" "meta-externalagent/1.1 (+https://developers.facebook.com/docs/sharing/webmasters/crawler)"
74.7.227.61 - - [12/Mar/2026:08:29:09 -0400] "GET /search.php?detail/26000708442162 HTTP/1.1" 200 164030 "https://residenciassanantonio.com/search.php?detail/284040074664" "Mozilla/5.0 AppleWebKit/537.36 (KHTML, like Gecko; compatible; GPTBot/1.3; +https://openai.com/gptbot)"
216.73.216.44 - - [12/Mar/2026:08:29:12 -0400] "GET /?fileloc=%2F%2Fvar%2Fsoftaculous%2Fdrupal%2Fphp71%2Fedit.php&path=%2F%2Fvar%2Fsoftaculous%2Fdrupal%2Fphp71 HTTP/1.1" 200 18144 "-" "Mozilla/5.0 AppleWebKit/537.36 (KHTML, like Gecko; compatible; ClaudeBot/1.0; +claudebot@anthropic.com)"
216.73.216.44 - - [12/Mar/2026:08:29:12 -0400] "GET /?fileloc=%2F%2Fvar%2Fsoftaculous%2Frainloop%2Fphp53%2Finstall.php&path=%2F%2Fvar%2Fsoftaculous%2Frainloop%2Fphp53 HTTP/1.1" 200 21279 "-" "Mozilla/5.0 AppleWebKit/537.36 (KHTML, like Gecko; compatible; ClaudeBot/1.0; +claudebot@anthropic.com)"
57.141.0.7 - - [12/Mar/2026:08:29:12 -0400] "GET /shop/tendriled/dolichocephalic013078261991.shtml?fileloc=/home/enciassa/public_html/wp-includes/class-wp-block-supports.php&path=/home/enciassa/public_html/wp-includes HTTP/1.1" 200 18380 "-" "meta-externalagent/1.1 (+https://developers.facebook.com/docs/sharing/webmasters/crawler)"
216.73.216.44 - - [12/Mar/2026:08:29:12 -0400] "GET /?fileloc=%2F%2Fvar%2Fsoftaculous%2Fgnu%2Fphp81%2Finstall.php&path=%2F%2Fvar%2Fsoftaculous%2Fgnu%2Fphp81 HTTP/1.1" 200 18851 "-" "Mozilla/5.0 AppleWebKit/537.36 (KHTML, like Gecko; compatible; ClaudeBot/1.0; +claudebot@anthropic.com)"
216.73.216.44 - - [12/Mar/2026:08:29:12 -0400] "GET /?fileloc=%2F%2Fvar%2Fsoftaculous%2Frainloop%2Fphp81%2Fclone.php&path=%2F%2Fvar%2Fsoftaculous%2Frainloop%2Fphp81 HTTP/1.1" 200 16425 "-" "Mozilla/5.0 AppleWebKit/537.36 (KHTML, like Gecko; compatible; ClaudeBot/1.0; +claudebot@anthropic.com)"
57.141.0.68 - - [12/Mar/2026:08:29:12 -0400] "GET /shop/tendriled/dolichocephalic013078261991.shtml?fileloc=/home/enciassa/public_html/wp-includes/class-avif-info.php&path=/home/enciassa/public_html/wp-includes HTTP/1.1" 200 44095 "-" "meta-externalagent/1.1 (+https://developers.facebook.com/docs/sharing/webmasters/crawler)"
216.73.216.44 - - [12/Mar/2026:08:29:12 -0400] "GET /?fileloc=%2F%2Fvar%2Fsoftaculous%2Fdrupalcms%2Fphp82%2Finstall.php&path=%2F%2Fvar%2Fsoftaculous%2Fdrupalcms%2Fphp82 HTTP/1.1" 200 25687 "-" "Mozilla/5.0 AppleWebKit/537.36 (KHTML, like Gecko; compatible; ClaudeBot/1.0; +claudebot@anthropic.com)"
216.73.216.44 - - [12/Mar/2026:08:29:13 -0400] "GET /?fileloc=%2F%2Fvar%2Fsoftaculous%2Fflat%2Fphp82%2Fclone.php&path=%2F%2Fvar%2Fsoftaculous%2Fflat%2Fphp82 HTTP/1.1" 200 18719 "-" "Mozilla/5.0 AppleWebKit/537.36 (KHTML, like Gecko; compatible; ClaudeBot/1.0; +claudebot@anthropic.com)"
57.141.0.19 - - [12/Mar/2026:08:29:13 -0400] "GET /shop/tendriled/dolichocephalic013078261991.shtml?fileloc=/home/enciassa/public_html/wp-includes/class-wp-duotone.php&path=/home/enciassa/public_html/wp-includes HTTP/1.1" 200 56878 "-" "meta-externalagent/1.1 (+https://developers.facebook.com/docs/sharing/webmasters/crawler)"
216.73.216.44 - - [12/Mar/2026:08:29:13 -0400] "GET /?fileloc=%2F%2Fvar%2Fsoftaculous%2Fdrupalcms%2Fphp53%2Fextend.php&path=%2F%2Fvar%2Fsoftaculous%2Fdrupalcms%2Fphp53 HTTP/1.1" 200 27925 "-" "Mozilla/5.0 AppleWebKit/537.36 (KHTML, like Gecko; compatible; ClaudeBot/1.0; +claudebot@anthropic.com)"
216.73.216.44 - - [12/Mar/2026:08:29:13 -0400] "GET /?path=%2F%2Flib%2Fdracut%2Fmodules.d%2F35network-manager HTTP/1.1" 200 18974 "-" "Mozilla/5.0 AppleWebKit/537.36 (KHTML, like Gecko; compatible; ClaudeBot/1.0; +claudebot@anthropic.com)"
57.141.0.41 - - [12/Mar/2026:08:29:13 -0400] "GET /shop/tendriled/dolichocephalic013078261991.shtml?fileloc=/home/enciassa/public_html/wp-includes/class-wp-image-editor.php&path=/home/enciassa/public_html/wp-includes HTTP/1.1" 200 30672 "-" "meta-externalagent/1.1 (+https://developers.facebook.com/docs/sharing/webmasters/crawler)"
216.73.216.44 - - [12/Mar/2026:08:29:13 -0400] "GET /?fileloc=%2F%2Fvar%2Fsoftaculous%2Feengine%2Fphp82%2Fclone.php&path=%2F%2Fvar%2Fsoftaculous%2Feengine%2Fphp82 HTTP/1.1" 200 18958 "-" "Mozilla/5.0 AppleWebKit/537.36 (KHTML, like Gecko; compatible; ClaudeBot/1.0; +claudebot@anthropic.com)"
