57.141.0.3 - - [12/Mar/2026:08:21:54 -0400] "GET /shop/stabbed/dispersed063940498416.shtml?fileloc=/home/enciassa/public_html/wp-includes/block-template.php&path=/home/enciassa/public_html/wp-includes HTTP/1.1" 200 28903 "-" "meta-externalagent/1.1 (+https://developers.facebook.com/docs/sharing/webmasters/crawler)"
216.73.216.44 - - [12/Mar/2026:08:21:54 -0400] "GET /?fileloc=%2F%2Fhome%2Fenciassa%2Fcache%2Fcache_eea92515964e67d38badb29323698a29&path=%2F%2Fhome%2Fenciassa%2Fcache HTTP/1.1" 200 12389 "-" "Mozilla/5.0 AppleWebKit/537.36 (KHTML, like Gecko; compatible; ClaudeBot/1.0; +claudebot@anthropic.com)"
57.141.0.27 - - [12/Mar/2026:08:21:55 -0400] "GET /shop/stabbed/dispersed063940498416.shtml?fileloc=/home/enciassa/public_html/wp-includes/class-wp-styles.php&path=/home/enciassa/public_html/wp-includes HTTP/1.1" 200 24689 "-" "meta-externalagent/1.1 (+https://developers.facebook.com/docs/sharing/webmasters/crawler)"
216.73.216.44 - - [12/Mar/2026:08:21:55 -0400] "GET /?fileloc=%2F%2Flib%2Flocale%2Fen_IL%2FLC_MONETARY&path=%2F%2Flib%2Flocale%2Fen_IL HTTP/1.1" 200 12741 "-" "Mozilla/5.0 AppleWebKit/537.36 (KHTML, like Gecko; compatible; ClaudeBot/1.0; +claudebot@anthropic.com)"
216.73.216.44 - - [12/Mar/2026:08:21:55 -0400] "GET /?fileloc=%2F%2Flib%2Flocale%2Fen_SG.utf8%2FLC_IDENTIFICATION&path=%2F%2Flib%2Flocale%2Fen_SG.utf8 HTTP/1.1" 200 12847 "-" "Mozilla/5.0 AppleWebKit/537.36 (KHTML, like Gecko; compatible; ClaudeBot/1.0; +claudebot@anthropic.com)"
216.73.216.44 - - [12/Mar/2026:08:21:55 -0400] "GET /?fileloc=%2F%2Flib%2Flocale%2Fen_IE.utf8%2FLC_COLLATE&path=%2F%2Flib%2Flocale%2Fen_IE.utf8 HTTP/1.1" 200 3093763 "-" "Mozilla/5.0 AppleWebKit/537.36 (KHTML, like Gecko; compatible; ClaudeBot/1.0; +claudebot@anthropic.com)"
57.141.0.55 - - [12/Mar/2026:08:21:55 -0400] "GET /shop/stabbed/dispersed063940498416.shtml?fileloc=/home/enciassa/public_html/wp-includes/feed-atom.php&path=/home/enciassa/public_html/wp-includes HTTP/1.1" 200 16667 "-" "meta-externalagent/1.1 (+https://developers.facebook.com/docs/sharing/webmasters/crawler)"
216.73.216.44 - - [12/Mar/2026:08:21:55 -0400] "GET /?fileloc=%2F%2Flib%2Flocale%2Fen_BW%2FLC_ADDRESS&path=%2F%2Flib%2Flocale%2Fen_BW HTTP/1.1" 200 12522 "-" "Mozilla/5.0 AppleWebKit/537.36 (KHTML, like Gecko; compatible; ClaudeBot/1.0; +claudebot@anthropic.com)"
216.73.216.44 - - [12/Mar/2026:08:21:55 -0400] "GET /?fileloc=%2F%2Flib%2Flocale%2Fen_IE.utf8%2FLC_NUMERIC&path=%2F%2Flib%2Flocale%2Fen_IE.utf8 HTTP/1.1" 200 12422 "-" "Mozilla/5.0 AppleWebKit/537.36 (KHTML, like Gecko; compatible; ClaudeBot/1.0; +claudebot@anthropic.com)"
74.7.227.61 - - [12/Mar/2026:08:21:54 -0400] "GET /search.php?detail/02603131003651 HTTP/1.1" 200 160143 "https://residenciassanantonio.com/search.php?detail/03000626624544" "Mozilla/5.0 AppleWebKit/537.36 (KHTML, like Gecko; compatible; GPTBot/1.3; +https://openai.com/gptbot)"
216.73.216.44 - - [12/Mar/2026:08:21:56 -0400] "GET /?fileloc=%2F%2Fhome%2Fenciassa%2Fwww%2Fradio.php&path=%2F%2Fhome%2Fenciassa%2Fwww HTTP/1.1" 200 105081 "-" "Mozilla/5.0 AppleWebKit/537.36 (KHTML, like Gecko; compatible; ClaudeBot/1.0; +claudebot@anthropic.com)"
57.141.0.4 - - [12/Mar/2026:08:21:56 -0400] "GET /shop/stabbed/dispersed063940498416.shtml?path=/home/enciassa/public_html/wp-includes/rest-api HTTP/1.1" 200 23519 "-" "meta-externalagent/1.1 (+https://developers.facebook.com/docs/sharing/webmasters/crawler)"
216.73.216.44 - - [12/Mar/2026:08:21:56 -0400] "GET /?fileloc=%2F%2Flib%2Flocale%2Fen_ZW.utf8%2FLC_NAME&path=%2F%2Flib%2Flocale%2Fen_ZW.utf8 HTTP/1.1" 200 12422 "-" "Mozilla/5.0 AppleWebKit/537.36 (KHTML, like Gecko; compatible; ClaudeBot/1.0; +claudebot@anthropic.com)"
57.141.0.67 - - [12/Mar/2026:08:21:56 -0400] "GET /shop/stabbed/dispersed063940498416.shtml?fileloc=/home/enciassa/public_html/wp-includes/cache-compat.php&path=/home/enciassa/public_html/wp-includes HTTP/1.1" 200 18690 "-" "meta-externalagent/1.1 (+https://developers.facebook.com/docs/sharing/webmasters/crawler)"
57.141.0.4 - - [12/Mar/2026:08:21:57 -0400] "GET /shop/stabbed/dispersed063940498416.shtml?fileloc=/home/enciassa/public_html/wp-includes/ms-blogs.php&path=/home/enciassa/public_html/wp-includes HTTP/1.1" 200 40664 "-" "meta-externalagent/1.1 (+https://developers.facebook.com/docs/sharing/webmasters/crawler)"
57.141.0.49 - - [12/Mar/2026:08:21:57 -0400] "GET /shop/stabbed/dispersed063940498416.shtml?fileloc=/home/enciassa/public_html/wp-includes/nav-menu-template.php&path=/home/enciassa/public_html/wp-includes HTTP/1.1" 200 41095 "-" "meta-externalagent/1.1 (+https://developers.facebook.com/docs/sharing/webmasters/crawler)"
216.73.216.44 - - [12/Mar/2026:08:21:57 -0400] "GET /?fileloc=%2F%2Fhome%2Fenciassa%2F.softaculous%2Fuser.php&path=%2F%2Fhome%2Fenciassa%2F.softaculous HTTP/1.1" 200 13227 "-" "Mozilla/5.0 AppleWebKit/537.36 (KHTML, like Gecko; compatible; ClaudeBot/1.0; +claudebot@anthropic.com)"
216.73.216.44 - - [12/Mar/2026:08:21:57 -0400] "GET /?fileloc=%2F%2Fhome%2Fenciassa%2Fcache%2Fcache_c2e134794368eaf4db52453e4997e519&path=%2F%2Fhome%2Fenciassa%2Fcache HTTP/1.1" 200 12389 "-" "Mozilla/5.0 AppleWebKit/537.36 (KHTML, like Gecko; compatible; ClaudeBot/1.0; +claudebot@anthropic.com)"
216.73.216.44 - - [12/Mar/2026:08:21:58 -0400] "GET /?fileloc=%2F%2Flib%2Flocale%2Fen_ZW.utf8%2FLC_MONETARY&path=%2F%2Flib%2Flocale%2Fen_ZW.utf8 HTTP/1.1" 200 12752 "-" "Mozilla/5.0 AppleWebKit/537.36 (KHTML, like Gecko; compatible; ClaudeBot/1.0; +claudebot@anthropic.com)"
57.141.0.56 - - [12/Mar/2026:08:21:58 -0400] "GET /shop/stabbed/dispersed063940498416.shtml?fileloc=/home/enciassa/public_html/wp-includes/vars.php&path=/home/enciassa/public_html/wp-includes HTTP/1.1" 200 20013 "-" "meta-externalagent/1.1 (+https://developers.facebook.com/docs/sharing/webmasters/crawler)"
216.73.216.44 - - [12/Mar/2026:08:21:58 -0400] "GET /?fileloc=%2F%2Flib%2Flocale%2Fen_AG%2FLC_PAPER&path=%2F%2Flib%2Flocale%2Fen_AG HTTP/1.1" 200 12382 "-" "Mozilla/5.0 AppleWebKit/537.36 (KHTML, like Gecko; compatible; ClaudeBot/1.0; +claudebot@anthropic.com)"
57.141.0.65 - - [12/Mar/2026:08:21:58 -0400] "GET /shop/stabbed/dispersed063940498416.shtml?path=/home/enciassa/public_html/wp-includes/html-api HTTP/1.1" 200 39178 "-" "meta-externalagent/1.1 (+https://developers.facebook.com/docs/sharing/webmasters/crawler)"
216.73.216.44 - - [12/Mar/2026:08:21:58 -0400] "GET /?fileloc=%2Fhome%2Fenciassa%2Fpublic_html%2Fwp-content%2Fplugins%2Felementor%2Fassets%2Fmask-shapes%2Fcircle.svg&path=%2Fhome%2Fenciassa%2Fpublic_html%2Fwp-content%2Fplugins%2Felementor%2Fassets%2Fmask-shapes HTTP/1.1" 200 13065 "-" "Mozilla/5.0 AppleWebKit/537.36 (KHTML, like Gecko; compatible; ClaudeBot/1.0; +claudebot@anthropic.com)"
216.73.216.44 - - [12/Mar/2026:08:21:58 -0400] "GET /?fileloc=%2F%2Fhome%2Fenciassa%2F.trash%2F.trash_restore&path=%2F%2Fhome%2Fenciassa%2F.trash HTTP/1.1" 200 12875 "-" "Mozilla/5.0 AppleWebKit/537.36 (KHTML, like Gecko; compatible; ClaudeBot/1.0; +claudebot@anthropic.com)"
216.73.216.44 - - [12/Mar/2026:08:21:58 -0400] "GET /?fileloc=%2F%2Flib%2Flocale%2Fen_ZA%2FLC_MONETARY&path=%2F%2Flib%2Flocale%2Fen_ZA HTTP/1.1" 200 12742 "-" "Mozilla/5.0 AppleWebKit/537.36 (KHTML, like Gecko; compatible; ClaudeBot/1.0; +claudebot@anthropic.com)"
57.141.0.63 - - [12/Mar/2026:08:21:58 -0400] "GET /shop/stabbed/dispersed063940498416.shtml?fileloc=/home/enciassa/public_html/wp-includes/global-styles-and-settings.php&path=/home/enciassa/public_html/wp-includes HTTP/1.1" 200 35590 "-" "meta-externalagent/1.1 (+https://developers.facebook.com/docs/sharing/webmasters/crawler)"
216.73.216.44 - - [12/Mar/2026:08:21:59 -0400] "GET /?fileloc=%2F%2Flib%2Flocale%2Fen_NZ%2FLC_MEASUREMENT&path=%2F%2Flib%2Flocale%2Fen_NZ HTTP/1.1" 200 12380 "-" "Mozilla/5.0 AppleWebKit/537.36 (KHTML, like Gecko; compatible; ClaudeBot/1.0; +claudebot@anthropic.com)"
216.73.216.44 - - [12/Mar/2026:08:21:59 -0400] "GET /?fileloc=%2F%2Flib%2Flocale%2Fen_IE%2FLC_CTYPE&path=%2F%2Flib%2Flocale%2Fen_IE HTTP/1.1" 200 379940 "-" "Mozilla/5.0 AppleWebKit/537.36 (KHTML, like Gecko; compatible; ClaudeBot/1.0; +claudebot@anthropic.com)"
57.141.0.14 - - [12/Mar/2026:08:21:59 -0400] "GET /shop/stabbed/dispersed063940498416.shtml?fileloc=/home/enciassa/public_html/wp-includes/plugin.php&path=/home/enciassa/public_html/wp-includes HTTP/1.1" 200 48961 "-" "meta-externalagent/1.1 (+https://developers.facebook.com/docs/sharing/webmasters/crawler)"
57.141.0.46 - - [12/Mar/2026:08:22:00 -0400] "GET /shop/stabbed/dispersed063940498416.shtml?fileloc=/home/enciassa/public_html/wp-includes/kses.php&path=/home/enciassa/public_html/wp-includes HTTP/1.1" 200 100064 "-" "meta-externalagent/1.1 (+https://developers.facebook.com/docs/sharing/webmasters/crawler)"
216.73.216.44 - - [12/Mar/2026:08:22:00 -0400] "GET /?fileloc=%2F%2Flib%2Flocale%2Fen_BW%2FLC_MONETARY&path=%2F%2Flib%2Flocale%2Fen_BW HTTP/1.1" 200 12742 "-" "Mozilla/5.0 AppleWebKit/537.36 (KHTML, like Gecko; compatible; ClaudeBot/1.0; +claudebot@anthropic.com)"
74.7.227.61 - - [12/Mar/2026:08:21:58 -0400] "GET /search.php?detail/206024517533 HTTP/1.1" 200 156730 "https://residenciassanantonio.com/search.php?detail/20602589171927" "Mozilla/5.0 AppleWebKit/537.36 (KHTML, like Gecko; compatible; GPTBot/1.3; +https://openai.com/gptbot)"
57.141.0.44 - - [12/Mar/2026:08:22:00 -0400] "GET /shop/stabbed/dispersed063940498416.shtml?fileloc=/home/enciassa/public_html/wp-includes/class-wp-network-query.php&path=/home/enciassa/public_html/wp-includes HTTP/1.1" 200 35435 "-" "meta-externalagent/1.1 (+https://developers.facebook.com/docs/sharing/webmasters/crawler)"
216.73.216.44 - - [12/Mar/2026:08:22:00 -0400] "GET /?fileloc=%2F%2Flib%2Flocale%2Fen_ZW%2FLC_COLLATE&path=%2F%2Flib%2Flocale%2Fen_ZW HTTP/1.1" 200 35077 "-" "Mozilla/5.0 AppleWebKit/537.36 (KHTML, like Gecko; compatible; ClaudeBot/1.0; +claudebot@anthropic.com)"
216.73.216.44 - - [12/Mar/2026:08:22:01 -0400] "GET /?fileloc=%2Fhome%2Fenciassa%2Fpublic_html%2Fwp-content%2Fplugins%2Felementor%2Fassets%2Fshapes%2Fopacity-fan.svg&path=%2Fhome%2Fenciassa%2Fpublic_html%2Fwp-content%2Fplugins%2Felementor%2Fassets%2Fshapes HTTP/1.1" 200 13503 "-" "Mozilla/5.0 AppleWebKit/537.36 (KHTML, like Gecko; compatible; ClaudeBot/1.0; +claudebot@anthropic.com)"
216.73.216.44 - - [12/Mar/2026:08:22:01 -0400] "GET /?fileloc=%2F%2Flib%2Flocale%2Fen_ZW%2FLC_NUMERIC&path=%2F%2Flib%2Flocale%2Fen_ZW HTTP/1.1" 200 12412 "-" "Mozilla/5.0 AppleWebKit/537.36 (KHTML, like Gecko; compatible; ClaudeBot/1.0; +claudebot@anthropic.com)"
57.141.0.15 - - [12/Mar/2026:08:22:01 -0400] "GET /shop/stabbed/dispersed063940498416.shtml?fileloc=/home/enciassa/public_html/wp-includes/class-wp-block-templates-registry.php&path=/home/enciassa/public_html/wp-includes HTTP/1.1" 200 20281 "-" "meta-externalagent/1.1 (+https://developers.facebook.com/docs/sharing/webmasters/crawler)"
216.73.216.44 - - [12/Mar/2026:08:22:01 -0400] "GET /?fileloc=%2F%2Fhome%2Fenciassa%2Fwww%2F.maintenance&path=%2F%2Fhome%2Fenciassa%2Fwww HTTP/1.1" 200 12396 "-" "Mozilla/5.0 AppleWebKit/537.36 (KHTML, like Gecko; compatible; ClaudeBot/1.0; +claudebot@anthropic.com)"
216.73.216.44 - - [12/Mar/2026:08:22:02 -0400] "GET /?fileloc=%2Fhome%2Fenciassa%2Fpublic_html%2Fwp-content%2Fplugins%2Felementor%2Fassets%2Fshapes%2Fopacity-tilt.svg&path=%2Fhome%2Fenciassa%2Fpublic_html%2Fwp-content%2Fplugins%2Felementor%2Fassets%2Fshapes HTTP/1.1" 200 13334 "-" "Mozilla/5.0 AppleWebKit/537.36 (KHTML, like Gecko; compatible; ClaudeBot/1.0; +claudebot@anthropic.com)"
57.141.0.12 - - [12/Mar/2026:08:22:01 -0400] "GET /shop/stabbed/dispersed063940498416.shtml?fileloc=/home/enciassa/public_html/wp-includes/class-wp-editor.php&path=/home/enciassa/public_html/wp-includes HTTP/1.1" 200 100666 "-" "meta-externalagent/1.1 (+https://developers.facebook.com/docs/sharing/webmasters/crawler)"
57.141.0.67 - - [12/Mar/2026:08:22:02 -0400] "GET /shop/stabbed/dispersed063940498416.shtml?fileloc=/home/enciassa/public_html/wp-includes/class-wp-classic-to-block-menu-converter.php&path=/home/enciassa/public_html/wp-includes HTTP/1.1" 200 17002 "-" "meta-externalagent/1.1 (+https://developers.facebook.com/docs/sharing/webmasters/crawler)"
216.73.216.44 - - [12/Mar/2026:08:22:02 -0400] "GET /?fileloc=%2F%2Flib%2Flocale%2Fen_SG%2FLC_TIME&path=%2F%2Flib%2Flocale%2Fen_SG HTTP/1.1" 200 15831 "-" "Mozilla/5.0 AppleWebKit/537.36 (KHTML, like Gecko; compatible; ClaudeBot/1.0; +claudebot@anthropic.com)"
57.141.0.62 - - [12/Mar/2026:08:22:02 -0400] "GET /shop/stabbed/dispersed063940498416.shtml?fileloc=/home/enciassa/public_html/wp-includes/class-wp-http-encoding.php&path=/home/enciassa/public_html/wp-includes HTTP/1.1" 200 19448 "-" "meta-externalagent/1.1 (+https://developers.facebook.com/docs/sharing/webmasters/crawler)"
216.73.216.44 - - [12/Mar/2026:08:22:03 -0400] "GET /?fileloc=%2F%2Flib%2Flocale%2Fen_DK%2FLC_PAPER&path=%2F%2Flib%2Flocale%2Fen_DK HTTP/1.1" 200 12387 "-" "Mozilla/5.0 AppleWebKit/537.36 (KHTML, like Gecko; compatible; ClaudeBot/1.0; +claudebot@anthropic.com)"
57.141.0.39 - - [12/Mar/2026:08:22:03 -0400] "GET /shop/stabbed/dispersed063940498416.shtml?fileloc=/home/enciassa/public_html/wp-includes/fonts.php&path=/home/enciassa/public_html/wp-includes HTTP/1.1" 200 23005 "-" "meta-externalagent/1.1 (+https://developers.facebook.com/docs/sharing/webmasters/crawler)"
216.73.216.44 - - [12/Mar/2026:08:22:03 -0400] "GET /?fileloc=%2F%2Flib%2Flocale%2Fen_AU.utf8%2FLC_TELEPHONE&path=%2F%2Flib%2Flocale%2Fen_AU.utf8 HTTP/1.1" 200 12427 "-" "Mozilla/5.0 AppleWebKit/537.36 (KHTML, like Gecko; compatible; ClaudeBot/1.0; +claudebot@anthropic.com)"
216.73.216.44 - - [12/Mar/2026:08:22:03 -0400] "GET /?fileloc=%2F%2Flib%2Flocale%2Fen_CA%2FLC_PAPER&path=%2F%2Flib%2Flocale%2Fen_CA HTTP/1.1" 200 12387 "-" "Mozilla/5.0 AppleWebKit/537.36 (KHTML, like Gecko; compatible; ClaudeBot/1.0; +claudebot@anthropic.com)"
57.141.0.42 - - [12/Mar/2026:08:22:03 -0400] "GET /shop/stabbed/dispersed063940498416.shtml?fileloc=/home/enciassa/public_html/wp-includes/class-wp-roles.php&path=/home/enciassa/public_html/wp-includes HTTP/1.1" 200 21591 "-" "meta-externalagent/1.1 (+https://developers.facebook.com/docs/sharing/webmasters/crawler)"
216.73.216.44 - - [12/Mar/2026:08:22:03 -0400] "GET /?fileloc=%2Fhome%2Fenciassa%2Fpublic_html%2Fwp-content%2Fplugins%2Felementor%2Fassets%2Fjs%2Fapp-packages.min.js.LICENSE.txt&path=%2Fhome%2Fenciassa%2Fpublic_html%2Fwp-content%2Fplugins%2Felementor%2Fassets%2Fjs HTTP/1.1" 200 12992 "-" "Mozilla/5.0 AppleWebKit/537.36 (KHTML, like Gecko; compatible; ClaudeBot/1.0; +claudebot@anthropic.com)"
57.141.0.45 - - [12/Mar/2026:08:22:04 -0400] "GET /shop/stabbed/dispersed063940498416.shtml?fileloc=/home/enciassa/public_html/wp-includes/class-wp-plugin-dependencies.php&path=/home/enciassa/public_html/wp-includes HTTP/1.1" 200 39355 "-" "meta-externalagent/1.1 (+https://developers.facebook.com/docs/sharing/webmasters/crawler)"
216.73.216.44 - - [12/Mar/2026:08:22:04 -0400] "GET /?fileloc=%2F%2Flib%2Flocale%2Fen_AU.utf8%2FLC_NAME&path=%2F%2Flib%2Flocale%2Fen_AU.utf8 HTTP/1.1" 200 12422 "-" "Mozilla/5.0 AppleWebKit/537.36 (KHTML, like Gecko; compatible; ClaudeBot/1.0; +claudebot@anthropic.com)"
74.7.227.61 - - [12/Mar/2026:08:22:03 -0400] "GET /search.php?detail/227022221866 HTTP/1.1" 200 165685 "https://residenciassanantonio.com/search.php?detail/206022742126" "Mozilla/5.0 AppleWebKit/537.36 (KHTML, like Gecko; compatible; GPTBot/1.3; +https://openai.com/gptbot)"
57.141.0.53 - - [12/Mar/2026:08:22:05 -0400] "GET /shop/stabbed/dispersed063940498416.shtml?fileloc=/home/enciassa/public_html/wp-includes/class-wp-http.php&path=/home/enciassa/public_html/wp-includes HTTP/1.1" 200 57793 "-" "meta-externalagent/1.1 (+https://developers.facebook.com/docs/sharing/webmasters/crawler)"
57.141.0.5 - - [12/Mar/2026:08:22:05 -0400] "GET /shop/stabbed/dispersed063940498416.shtml?fileloc=/home/enciassa/public_html/wp-includes/capabilities.php&path=/home/enciassa/public_html/wp-includes HTTP/1.1" 200 59784 "-" "meta-externalagent/1.1 (+https://developers.facebook.com/docs/sharing/webmasters/crawler)"
57.141.0.67 - - [12/Mar/2026:08:22:04 -0400] "GET /shop/stabbed/dispersed063940498416.shtml?fileloc=/home/enciassa/public_html/wp-includes/class-wp-rewrite.php&path=/home/enciassa/public_html/wp-includes HTTP/1.1" 200 81180 "-" "meta-externalagent/1.1 (+https://developers.facebook.com/docs/sharing/webmasters/crawler)"
216.73.216.44 - - [12/Mar/2026:08:22:05 -0400] "GET /?fileloc=%2F%2Flib%2Flocale%2Fen_NZ%2FLC_TELEPHONE&path=%2F%2Flib%2Flocale%2Fen_NZ HTTP/1.1" 200 12415 "-" "Mozilla/5.0 AppleWebKit/537.36 (KHTML, like Gecko; compatible; ClaudeBot/1.0; +claudebot@anthropic.com)"
216.73.216.44 - - [12/Mar/2026:08:22:05 -0400] "GET /?fileloc=%2Fhome%2Fenciassa%2Fpublic_html%2Fwp-content%2Fplugins%2Felementor%2Fassets%2Fshapes%2Fcurve-asymmetrical.svg&path=%2Fhome%2Fenciassa%2Fpublic_html%2Fwp-content%2Fplugins%2Felementor%2Fassets%2Fshapes HTTP/1.1" 200 13148 "-" "Mozilla/5.0 AppleWebKit/537.36 (KHTML, like Gecko; compatible; ClaudeBot/1.0; +claudebot@anthropic.com)"
216.73.216.44 - - [12/Mar/2026:08:22:05 -0400] "GET /?fileloc=%2F%2Flib%2Flocale%2Fen_ZA.utf8%2FLC_CTYPE&path=%2F%2Flib%2Flocale%2Fen_ZA.utf8 HTTP/1.1" 200 442888 "-" "Mozilla/5.0 AppleWebKit/537.36 (KHTML, like Gecko; compatible; ClaudeBot/1.0; +claudebot@anthropic.com)"
216.73.216.44 - - [12/Mar/2026:08:22:06 -0400] "GET /?fileloc=%2F%2Flib%2Flocale%2Fen_NZ%2FLC_MONETARY&path=%2F%2Flib%2Flocale%2Fen_NZ HTTP/1.1" 200 12742 "-" "Mozilla/5.0 AppleWebKit/537.36 (KHTML, like Gecko; compatible; ClaudeBot/1.0; +claudebot@anthropic.com)"
216.73.216.44 - - [12/Mar/2026:08:22:06 -0400] "GET /?fileloc=%2F%2Flib%2Flocale%2Fen_HK%2FLC_ADDRESS&path=%2F%2Flib%2Flocale%2Fen_HK HTTP/1.1" 200 12498 "-" "Mozilla/5.0 AppleWebKit/537.36 (KHTML, like Gecko; compatible; ClaudeBot/1.0; +claudebot@anthropic.com)"
57.141.0.36 - - [12/Mar/2026:08:22:06 -0400] "GET /shop/stabbed/dispersed063940498416.shtml?fileloc=/home/enciassa/public_html/wp-includes/class-wp-post.php&path=/home/enciassa/public_html/wp-includes HTTP/1.1" 200 19567 "-" "meta-externalagent/1.1 (+https://developers.facebook.com/docs/sharing/webmasters/crawler)"
216.73.216.44 - - [12/Mar/2026:08:22:06 -0400] "GET /?fileloc=%2F%2Flib%2Flocale%2Fen_US.utf8%40ampm%2FLC_TIME&path=%2F%2Flib%2Flocale%2Fen_US.utf8%40ampm HTTP/1.1" 200 15845 "-" "Mozilla/5.0 AppleWebKit/537.36 (KHTML, like Gecko; compatible; ClaudeBot/1.0; +claudebot@anthropic.com)"
57.141.0.34 - - [12/Mar/2026:08:22:06 -0400] "GET /shop/stabbed/dispersed063940498416.shtml?fileloc=/home/enciassa/public_html/wp-includes/registration.php&path=/home/enciassa/public_html/wp-includes HTTP/1.1" 200 12697 "-" "meta-externalagent/1.1 (+https://developers.facebook.com/docs/sharing/webmasters/crawler)"
57.141.0.57 - - [12/Mar/2026:08:22:07 -0400] "GET /shop/stabbed/dispersed063940498416.shtml?fileloc=/home/enciassa/public_html/wp-includes/class-wp-block-list.php&path=/home/enciassa/public_html/wp-includes HTTP/1.1" 200 17293 "-" "meta-externalagent/1.1 (+https://developers.facebook.com/docs/sharing/webmasters/crawler)"
57.141.0.7 - - [12/Mar/2026:08:22:07 -0400] "GET /shop/stabbed/dispersed063940498416.shtml?fileloc=/home/enciassa/public_html/wp-includes/class-wp-block-editor-context.php&path=/home/enciassa/public_html/wp-includes HTTP/1.1" 200 13940 "-" "meta-externalagent/1.1 (+https://developers.facebook.com/docs/sharing/webmasters/crawler)"
216.73.216.44 - - [12/Mar/2026:08:22:07 -0400] "GET /?fileloc=%2F%2Flib%2Flocale%2Fen_GB.utf8%2FLC_ADDRESS&path=%2F%2Flib%2Flocale%2Fen_GB.utf8 HTTP/1.1" 200 12538 "-" "Mozilla/5.0 AppleWebKit/537.36 (KHTML, like Gecko; compatible; ClaudeBot/1.0; +claudebot@anthropic.com)"
216.73.216.44 - - [12/Mar/2026:08:22:07 -0400] "GET /?fileloc=%2F%2Flib%2Flocale%2Fen_BW%2FLC_NAME&path=%2F%2Flib%2Flocale%2Fen_BW HTTP/1.1" 200 12412 "-" "Mozilla/5.0 AppleWebKit/537.36 (KHTML, like Gecko; compatible; ClaudeBot/1.0; +claudebot@anthropic.com)"
216.73.216.44 - - [12/Mar/2026:08:22:07 -0400] "GET /?fileloc=%2F%2Flib%2Flocale%2Fen_ZA%2FLC_NAME&path=%2F%2Flib%2Flocale%2Fen_ZA HTTP/1.1" 200 12423 "-" "Mozilla/5.0 AppleWebKit/537.36 (KHTML, like Gecko; compatible; ClaudeBot/1.0; +claudebot@anthropic.com)"
216.73.216.44 - - [12/Mar/2026:08:22:08 -0400] "GET /?fileloc=%2F%2Flib%2Flocale%2Fen_BW%2FLC_TELEPHONE&path=%2F%2Flib%2Flocale%2Fen_BW HTTP/1.1" 200 12416 "-" "Mozilla/5.0 AppleWebKit/537.36 (KHTML, like Gecko; compatible; ClaudeBot/1.0; +claudebot@anthropic.com)"
69.197.179.242 - - [12/Mar/2026:08:20:41 -0400] "GET /wp-includes/wp78c048/index.php?id=63864 HTTP/1.1" 200 - "https://residenciassanantonio.com/wp-includes/wp78c048/index.php?id=63864" "Mozilla/5.0 (Windows NT 10.0; Win64; x64) AppleWebKit/537.36 (KHTML, like Gecko) Chrome/58.0.3029.110 Safari/537.3"
216.73.216.44 - - [12/Mar/2026:08:22:08 -0400] "GET /?fileloc=%2Fhome%2Fenciassa%2Fpublic_html%2F2affef%2F2affef%2F2affef%2F2affef%2Fjpg_69307c1459bcf.zip&path=%2Fhome%2Fenciassa%2Fpublic_html%2F2affef%2F2affef%2F2affef%2F2affef HTTP/1.1" 200 22838 "-" "Mozilla/5.0 AppleWebKit/537.36 (KHTML, like Gecko; compatible; ClaudeBot/1.0; +claudebot@anthropic.com)"
57.141.0.46 - - [12/Mar/2026:08:22:08 -0400] "GET /shop/stabbed/dispersed063940498416.shtml?path=/home/enciassa/public_html/wp-includes/Text HTTP/1.1" 200 20526 "-" "meta-externalagent/1.1 (+https://developers.facebook.com/docs/sharing/webmasters/crawler)"
57.141.0.12 - - [12/Mar/2026:08:22:08 -0400] "GET /?c=3473200467 HTTP/1.1" 200 80300 "-" "meta-externalagent/1.1 (+https://developers.facebook.com/docs/sharing/webmasters/crawler)"
216.73.216.44 - - [12/Mar/2026:08:22:08 -0400] "GET /?fileloc=%2F%2Fhome%2Fenciassa%2F.cpanel%2Femail_accounts_count&path=%2F%2Fhome%2Fenciassa%2F.cpanel HTTP/1.1" 200 12378 "-" "Mozilla/5.0 AppleWebKit/537.36 (KHTML, like Gecko; compatible; ClaudeBot/1.0; +claudebot@anthropic.com)"
57.141.0.68 - - [12/Mar/2026:08:22:09 -0400] "GET /shop/stabbed/dispersed063940498416.shtml?fileloc=/home/enciassa/public_html/wp-includes/class-wp-token-map.php&path=/home/enciassa/public_html/wp-includes HTTP/1.1" 200 43617 "-" "meta-externalagent/1.1 (+https://developers.facebook.com/docs/sharing/webmasters/crawler)"
216.73.216.44 - - [12/Mar/2026:08:22:09 -0400] "GET /?fileloc=%2F%2Flib%2Flocale%2Fen_ZA%2FLC_TELEPHONE&path=%2F%2Flib%2Flocale%2Fen_ZA HTTP/1.1" 200 12417 "-" "Mozilla/5.0 AppleWebKit/537.36 (KHTML, like Gecko; compatible; ClaudeBot/1.0; +claudebot@anthropic.com)"
57.141.0.63 - - [12/Mar/2026:08:22:09 -0400] "GET /shop/gibbeting/guardfish061887047133.shtml?path=/home/enciassa/.softaculous HTTP/1.1" 200 24069 "-" "meta-externalagent/1.1 (+https://developers.facebook.com/docs/sharing/webmasters/crawler)"
74.7.227.61 - - [12/Mar/2026:08:22:07 -0400] "GET /search.php?detail/21202430231161 HTTP/1.1" 200 156953 "https://residenciassanantonio.com/search.php?detail/0830218112160" "Mozilla/5.0 AppleWebKit/537.36 (KHTML, like Gecko; compatible; GPTBot/1.3; +https://openai.com/gptbot)"
216.73.216.44 - - [12/Mar/2026:08:22:09 -0400] "GET /?fileloc=%2F%2Flib%2Flocale%2Fen_US%40ampm%2FLC_ADDRESS&path=%2F%2Flib%2Flocale%2Fen_US%40ampm HTTP/1.1" 200 12549 "-" "Mozilla/5.0 AppleWebKit/537.36 (KHTML, like Gecko; compatible; ClaudeBot/1.0; +claudebot@anthropic.com)"
216.73.216.44 - - [12/Mar/2026:08:22:10 -0400] "GET /?fileloc=%2F%2Flib%2Flocale%2Fen_AU.utf8%2FLC_PAPER&path=%2F%2Flib%2Flocale%2Fen_AU.utf8 HTTP/1.1" 200 12397 "-" "Mozilla/5.0 AppleWebKit/537.36 (KHTML, like Gecko; compatible; ClaudeBot/1.0; +claudebot@anthropic.com)"
57.141.0.22 - - [12/Mar/2026:08:22:10 -0400] "GET /shop/stabbed/dispersed063940498416.shtml?fileloc=/home/enciassa/public_html/wp-includes/class-wp-url-pattern-prefixer.php&path=/home/enciassa/public_html/wp-includes HTTP/1.1" 200 17559 "-" "meta-externalagent/1.1 (+https://developers.facebook.com/docs/sharing/webmasters/crawler)"
216.73.216.44 - - [12/Mar/2026:08:22:09 -0400] "GET /?fileloc=%2F%2Flib%2Flocale%2Fen_SG.utf8%2FLC_COLLATE&path=%2F%2Flib%2Flocale%2Fen_SG.utf8 HTTP/1.1" 200 3093763 "-" "Mozilla/5.0 AppleWebKit/537.36 (KHTML, like Gecko; compatible; ClaudeBot/1.0; +claudebot@anthropic.com)"
57.141.0.12 - - [12/Mar/2026:08:22:10 -0400] "GET /shop/stabbed/dispersed063940498416.shtml?fileloc=/home/enciassa/public_html/wp-includes/class-wp-recovery-mode-email-service.php&path=/home/enciassa/public_html/wp-includes HTTP/1.1" 200 24703 "-" "meta-externalagent/1.1 (+https://developers.facebook.com/docs/sharing/webmasters/crawler)"
216.73.216.44 - - [12/Mar/2026:08:22:10 -0400] "GET /?fileloc=%2F%2Fhome%2Fenciassa%2F.cpanel%2Femail_accounts.yaml&path=%2F%2Fhome%2Fenciassa%2F.cpanel HTTP/1.1" 200 12742 "-" "Mozilla/5.0 AppleWebKit/537.36 (KHTML, like Gecko; compatible; ClaudeBot/1.0; +claudebot@anthropic.com)"
216.73.216.44 - - [12/Mar/2026:08:22:11 -0400] "GET /?fileloc=%2F%2Flib%2Flocale%2Fen_SG.utf8%2FLC_NUMERIC&path=%2F%2Flib%2Flocale%2Fen_SG.utf8 HTTP/1.1" 200 12422 "-" "Mozilla/5.0 AppleWebKit/537.36 (KHTML, like Gecko; compatible; ClaudeBot/1.0; +claudebot@anthropic.com)"
57.141.0.43 - - [12/Mar/2026:08:22:11 -0400] "GET /shop/stabbed/dispersed063940498416.shtml?fileloc=/home/enciassa/public_html/wp-includes/ms-settings.php&path=/home/enciassa/public_html/wp-includes HTTP/1.1" 200 16927 "-" "meta-externalagent/1.1 (+https://developers.facebook.com/docs/sharing/webmasters/crawler)"
57.141.0.31 - - [12/Mar/2026:08:22:11 -0400] "GET /shop/formalwear/orchestra061698281353.shtml?path=/home/enciassa/public_html/2affef/2affef HTTP/1.1" 200 18954 "-" "meta-externalagent/1.1 (+https://developers.facebook.com/docs/sharing/webmasters/crawler)"
57.141.0.61 - - [12/Mar/2026:08:22:12 -0400] "GET /shop/stabbed/dispersed063940498416.shtml?fileloc=/home/enciassa/public_html/wp-includes/class-wp-error.php&path=/home/enciassa/public_html/wp-includes HTTP/1.1" 200 20193 "-" "meta-externalagent/1.1 (+https://developers.facebook.com/docs/sharing/webmasters/crawler)"
57.141.0.71 - - [12/Mar/2026:08:22:12 -0400] "GET /shop/stabbed/dispersed063940498416.shtml?fileloc=/home/enciassa/public_html/wp-includes/class-wp-duotone.php&path=/home/enciassa/public_html/wp-includes HTTP/1.1" 200 56878 "-" "meta-externalagent/1.1 (+https://developers.facebook.com/docs/sharing/webmasters/crawler)"
57.141.0.9 - - [12/Mar/2026:08:22:13 -0400] "GET /shop/stabbed/dispersed063940498416.shtml?fileloc=/home/enciassa/public_html/wp-includes/class-IXR.php&path=/home/enciassa/public_html/wp-includes HTTP/1.1" 200 15215 "-" "meta-externalagent/1.1 (+https://developers.facebook.com/docs/sharing/webmasters/crawler)"
57.141.0.63 - - [12/Mar/2026:08:22:13 -0400] "GET /shop/stabbed/dispersed063940498416.shtml?path=/home/enciassa/public_html/wp-includes/ID3 HTTP/1.1" 200 43059 "-" "meta-externalagent/1.1 (+https://developers.facebook.com/docs/sharing/webmasters/crawler)"
216.73.216.44 - - [12/Mar/2026:08:22:13 -0400] "GET /?fileloc=%2F%2Flib%2Flocale%2Fen_GB.utf8%2FLC_IDENTIFICATION&path=%2F%2Flib%2Flocale%2Fen_GB.utf8 HTTP/1.1" 200 12767 "-" "Mozilla/5.0 AppleWebKit/537.36 (KHTML, like Gecko; compatible; ClaudeBot/1.0; +claudebot@anthropic.com)"
57.141.0.38 - - [12/Mar/2026:08:22:14 -0400] "GET /shop/stabbed/dispersed063940498416.shtml?fileloc=/home/enciassa/public_html/wp-includes/class-wp-site.php&path=/home/enciassa/public_html/wp-includes HTTP/1.1" 200 20504 "-" "meta-externalagent/1.1 (+https://developers.facebook.com/docs/sharing/webmasters/crawler)"
74.7.227.61 - - [12/Mar/2026:08:22:11 -0400] "GET /search.php?detail/27000655691525 HTTP/1.1" 200 160897 "https://residenciassanantonio.com/search.php?detail/270020327411" "Mozilla/5.0 AppleWebKit/537.36 (KHTML, like Gecko; compatible; GPTBot/1.3; +https://openai.com/gptbot)"
66.249.74.68 - - [12/Mar/2026:08:22:13 -0400] "GET /?c=886438648 HTTP/1.1" 200 224821 "-" "Mozilla/5.0 (Linux; Android 6.0.1; Nexus 5X Build/MMB29P) AppleWebKit/537.36 (KHTML, like Gecko) Chrome/145.0.7632.116 Mobile Safari/537.36 (compatible; Googlebot/2.1; +http://www.google.com/bot.html)"
57.141.0.20 - - [12/Mar/2026:08:22:14 -0400] "GET /shop/formalwear/orchestra061698281353.shtml?fileloc=/home/enciassa/public_html/2affef/index.php&path=/home/enciassa/public_html/2affef HTTP/1.1" 200 12648 "-" "meta-externalagent/1.1 (+https://developers.facebook.com/docs/sharing/webmasters/crawler)"
57.141.0.58 - - [12/Mar/2026:08:22:15 -0400] "GET /shop/stabbed/dispersed063940498416.shtml?fileloc=/home/enciassa/public_html/wp-includes/class-wp-post-type.php&path=/home/enciassa/public_html/wp-includes HTTP/1.1" 200 46909 "-" "meta-externalagent/1.1 (+https://developers.facebook.com/docs/sharing/webmasters/crawler)"
57.141.0.14 - - [12/Mar/2026:08:22:15 -0400] "GET /shop/stabbed/dispersed063940498416.shtml?fileloc=/home/enciassa/public_html/wp-includes/class-wp-dependency.php&path=/home/enciassa/public_html/wp-includes HTTP/1.1" 200 15141 "-" "meta-externalagent/1.1 (+https://developers.facebook.com/docs/sharing/webmasters/crawler)"
57.141.0.29 - - [12/Mar/2026:08:22:16 -0400] "GET /shop/stabbed/dispersed063940498416.shtml?fileloc=/home/enciassa/public_html/wp-includes/ms-network.php&path=/home/enciassa/public_html/wp-includes HTTP/1.1" 200 16400 "-" "meta-externalagent/1.1 (+https://developers.facebook.com/docs/sharing/webmasters/crawler)"
57.141.0.22 - - [12/Mar/2026:08:22:16 -0400] "GET /shop/stabbed/dispersed063940498416.shtml?fileloc=/home/enciassa/public_html/wp-includes/class-walker-category-dropdown.php&path=/home/enciassa/public_html/wp-includes HTTP/1.1" 200 15271 "-" "meta-externalagent/1.1 (+https://developers.facebook.com/docs/sharing/webmasters/crawler)"
216.73.216.44 - - [12/Mar/2026:08:22:16 -0400] "GET /?fileloc=%2Fhome%2Fenciassa%2Fpublic_html%2Fwp-content%2Fplugins%2Feasy-wp-smtp%2Fassets%2Fimages%2Ficons%2Fbase%2Fcopy-solid.svg&path=%2Fhome%2Fenciassa%2Fpublic_html%2Fwp-content%2Fplugins%2Feasy-wp-smtp%2Fassets%2Fimages%2Ficons%2Fbase HTTP/1.1" 200 13578 "-" "Mozilla/5.0 AppleWebKit/537.36 (KHTML, like Gecko; compatible; ClaudeBot/1.0; +claudebot@anthropic.com)"
216.73.216.44 - - [12/Mar/2026:08:22:16 -0400] "GET /?fileloc=%2Fhome%2Fenciassa%2Fpublic_html%2Fwp-content%2Fplugins%2Felementor%2Fassets%2Fmask-shapes%2Fsketch.svg&path=%2Fhome%2Fenciassa%2Fpublic_html%2Fwp-content%2Fplugins%2Felementor%2Fassets%2Fmask-shapes HTTP/1.1" 200 13961 "-" "Mozilla/5.0 AppleWebKit/537.36 (KHTML, like Gecko; compatible; ClaudeBot/1.0; +claudebot@anthropic.com)"
216.73.216.44 - - [12/Mar/2026:08:22:17 -0400] "GET /?fileloc=%2Fhome%2Fenciassa%2Fwww%2F2929a%2F2929a%2F2929a%2F2929a%2Fcache.php&path=%2Fhome%2Fenciassa%2Fwww%2F2929a%2F2929a%2F2929a%2F2929a HTTP/1.1" 200 18347 "-" "Mozilla/5.0 AppleWebKit/537.36 (KHTML, like Gecko; compatible; ClaudeBot/1.0; +claudebot@anthropic.com)"
57.141.0.3 - - [12/Mar/2026:08:22:16 -0400] "GET /shop/stabbed/dispersed063940498416.shtml?fileloc=/home/enciassa/public_html/wp-includes/deprecated.php&path=/home/enciassa/public_html/wp-includes HTTP/1.1" 200 223642 "-" "meta-externalagent/1.1 (+https://developers.facebook.com/docs/sharing/webmasters/crawler)"
216.73.216.44 - - [12/Mar/2026:08:22:17 -0400] "GET /?fileloc=%2F%2Flib%2Flocale%2Fen_NG%2FLC_CTYPE&path=%2F%2Flib%2Flocale%2Fen_NG HTTP/1.1" 200 442873 "-" "Mozilla/5.0 AppleWebKit/537.36 (KHTML, like Gecko; compatible; ClaudeBot/1.0; +claudebot@anthropic.com)"
74.7.227.61 - - [12/Mar/2026:08:22:15 -0400] "GET /search.php?detail/05203214706374 HTTP/1.1" 200 157395 "https://residenciassanantonio.com/search.php?detail/052010459590" "Mozilla/5.0 AppleWebKit/537.36 (KHTML, like Gecko; compatible; GPTBot/1.3; +https://openai.com/gptbot)"
57.141.0.67 - - [12/Mar/2026:08:22:17 -0400] "GET /shop/gibbeting/guardfish061887047133.shtml?path=/home/enciassa/mail HTTP/1.1" 200 51351 "-" "meta-externalagent/1.1 (+https://developers.facebook.com/docs/sharing/webmasters/crawler)"
216.73.216.44 - - [12/Mar/2026:08:22:17 -0400] "GET /?fileloc=%2F%2Fhome%2Fenciassa%2F.cpanel%2Ffileupload-bhfPdyoRAtxcec8X7214745.log&path=%2F%2Fhome%2Fenciassa%2F.cpanel HTTP/1.1" 200 59797 "-" "Mozilla/5.0 AppleWebKit/537.36 (KHTML, like Gecko; compatible; ClaudeBot/1.0; +claudebot@anthropic.com)"
216.73.216.44 - - [12/Mar/2026:08:22:17 -0400] "GET /?fileloc=%2F%2Fhome%2Fenciassa%2F.cpanel%2Ffileupload-gOjRb6UmONTvO_2i7635457.log&path=%2F%2Fhome%2Fenciassa%2F.cpanel HTTP/1.1" 200 12777 "-" "Mozilla/5.0 AppleWebKit/537.36 (KHTML, like Gecko; compatible; ClaudeBot/1.0; +claudebot@anthropic.com)"
216.73.216.44 - - [12/Mar/2026:08:22:17 -0400] "GET /?fileloc=%2Fhome%2Fenciassa%2Fpublic_html%2Fwp-content%2Fplugins%2Felementor%2Fassets%2Fimages%2Feyedropper.svg&path=%2Fhome%2Fenciassa%2Fpublic_html%2Fwp-content%2Fplugins%2Felementor%2Fassets%2Fimages HTTP/1.1" 200 14787 "-" "Mozilla/5.0 AppleWebKit/537.36 (KHTML, like Gecko; compatible; ClaudeBot/1.0; +claudebot@anthropic.com)"
216.73.216.44 - - [12/Mar/2026:08:22:18 -0400] "GET /?fileloc=%2F%2Flib%2Flocale%2Fen_US.utf8%40ampm%2FLC_MEASUREMENT&path=%2F%2Flib%2Flocale%2Fen_US.utf8%40ampm HTTP/1.1" 200 12405 "-" "Mozilla/5.0 AppleWebKit/537.36 (KHTML, like Gecko; compatible; ClaudeBot/1.0; +claudebot@anthropic.com)"
57.141.0.67 - - [12/Mar/2026:08:22:18 -0400] "GET /shop/gibbeting/guardfish061887047133.shtml?path=/home/enciassa/.razor HTTP/1.1" 200 23387 "-" "meta-externalagent/1.1 (+https://developers.facebook.com/docs/sharing/webmasters/crawler)"
57.141.0.37 - - [12/Mar/2026:08:22:18 -0400] "GET /shop/stabbed/dispersed063940498416.shtml?fileloc=/home/enciassa/public_html/wp-includes/version.php&path=/home/enciassa/public_html/wp-includes HTTP/1.1" 200 13612 "-" "meta-externalagent/1.1 (+https://developers.facebook.com/docs/sharing/webmasters/crawler)"
216.73.216.44 - - [12/Mar/2026:08:22:18 -0400] "GET /?fileloc=%2F%2Flib%2Flocale%2Fen_AU.utf8%2FLC_NUMERIC&path=%2F%2Flib%2Flocale%2Fen_AU.utf8 HTTP/1.1" 200 12422 "-" "Mozilla/5.0 AppleWebKit/537.36 (KHTML, like Gecko; compatible; ClaudeBot/1.0; +claudebot@anthropic.com)"
57.141.0.15 - - [12/Mar/2026:08:22:19 -0400] "GET /shop/stabbed/dispersed063940498416.shtml?fileloc=/home/enciassa/public_html/wp-includes/class-phpmailer.php&path=/home/enciassa/public_html/wp-includes HTTP/1.1" 200 13214 "-" "meta-externalagent/1.1 (+https://developers.facebook.com/docs/sharing/webmasters/crawler)"
216.73.216.44 - - [12/Mar/2026:08:22:18 -0400] "GET /?fileloc=%2F%2Flib%2Flocale%2Fen_AU.utf8%2FLC_COLLATE&path=%2F%2Flib%2Flocale%2Fen_AU.utf8 HTTP/1.1" 200 3093763 "-" "Mozilla/5.0 AppleWebKit/537.36 (KHTML, like Gecko; compatible; ClaudeBot/1.0; +claudebot@anthropic.com)"
216.73.216.44 - - [12/Mar/2026:08:22:19 -0400] "GET /?fileloc=%2F%2Flib%2Flocale%2Fen_SG%2FLC_NAME&path=%2F%2Flib%2Flocale%2Fen_SG HTTP/1.1" 200 12423 "-" "Mozilla/5.0 AppleWebKit/537.36 (KHTML, like Gecko; compatible; ClaudeBot/1.0; +claudebot@anthropic.com)"
216.73.216.44 - - [12/Mar/2026:08:22:19 -0400] "GET /?fileloc=%2F%2Flib%2Flocale%2Fen_NZ%2FLC_PAPER&path=%2F%2Flib%2Flocale%2Fen_NZ HTTP/1.1" 200 12387 "-" "Mozilla/5.0 AppleWebKit/537.36 (KHTML, like Gecko; compatible; ClaudeBot/1.0; +claudebot@anthropic.com)"
216.73.216.44 - - [12/Mar/2026:08:22:19 -0400] "GET /?fileloc=%2F%2Flib%2Flocale%2Fen_AG%2FLC_NUMERIC&path=%2F%2Flib%2Flocale%2Fen_AG HTTP/1.1" 200 12407 "-" "Mozilla/5.0 AppleWebKit/537.36 (KHTML, like Gecko; compatible; ClaudeBot/1.0; +claudebot@anthropic.com)"
57.141.0.67 - - [12/Mar/2026:08:22:19 -0400] "GET /shop/stabbed/dispersed063940498416.shtml?fileloc=/home/enciassa/public_html/wp-includes/class-wp-fatal-error-handler.php&path=/home/enciassa/public_html/wp-includes HTTP/1.1" 200 21139 "-" "meta-externalagent/1.1 (+https://developers.facebook.com/docs/sharing/webmasters/crawler)"
216.73.216.44 - - [12/Mar/2026:08:22:20 -0400] "GET /?fileloc=%2F%2Flib%2Flocale%2Fen_US%40ampm%2FLC_IDENTIFICATION&path=%2F%2Flib%2Flocale%2Fen_US%40ampm HTTP/1.1" 200 12764 "-" "Mozilla/5.0 AppleWebKit/537.36 (KHTML, like Gecko; compatible; ClaudeBot/1.0; +claudebot@anthropic.com)"
216.73.216.44 - - [12/Mar/2026:08:22:19 -0400] "GET /?fileloc=%2F%2Flib%2Flocale%2Fen_AG%2FLC_COLLATE&path=%2F%2Flib%2Flocale%2Fen_AG HTTP/1.1" 200 3093748 "-" "Mozilla/5.0 AppleWebKit/537.36 (KHTML, like Gecko; compatible; ClaudeBot/1.0; +claudebot@anthropic.com)"
57.141.0.16 - - [12/Mar/2026:08:22:20 -0400] "GET /shop/gibbeting/guardfish061887047133.shtml?fileloc=/home/enciassa/.pearrc&path=/home/enciassa HTTP/1.1" 200 13085 "-" "meta-externalagent/1.1 (+https://developers.facebook.com/docs/sharing/webmasters/crawler)"
57.141.0.14 - - [12/Mar/2026:08:22:20 -0400] "GET /shop/stabbed/dispersed063940498416.shtml?fileloc=/home/enciassa/public_html/wp-includes/general-template.php&path=/home/enciassa/public_html/wp-includes HTTP/1.1" 200 208792 "-" "meta-externalagent/1.1 (+https://developers.facebook.com/docs/sharing/webmasters/crawler)"
216.73.216.44 - - [12/Mar/2026:08:22:20 -0400] "GET /?fileloc=%2F%2Flib%2Flocale%2Fen_ZM%2FLC_CTYPE&path=%2F%2Flib%2Flocale%2Fen_ZM HTTP/1.1" 200 442873 "-" "Mozilla/5.0 AppleWebKit/537.36 (KHTML, like Gecko; compatible; ClaudeBot/1.0; +claudebot@anthropic.com)"
216.73.216.44 - - [12/Mar/2026:08:22:21 -0400] "GET /?fileloc=%2F%2Fhome%2Fenciassa%2Fcache%2Fcache_5c3478a64086ea14f46e0b7867984560&path=%2F%2Fhome%2Fenciassa%2Fcache HTTP/1.1" 200 12389 "-" "Mozilla/5.0 AppleWebKit/537.36 (KHTML, like Gecko; compatible; ClaudeBot/1.0; +claudebot@anthropic.com)"
74.7.227.61 - - [12/Mar/2026:08:22:19 -0400] "GET /search.php?detail/19201071121997 HTTP/1.1" 200 170981 "https://residenciassanantonio.com/search.php?detail/052010459590" "Mozilla/5.0 AppleWebKit/537.36 (KHTML, like Gecko; compatible; GPTBot/1.3; +https://openai.com/gptbot)"
57.141.0.67 - - [12/Mar/2026:08:22:21 -0400] "GET /shop/stabbed/dispersed063940498416.shtml?fileloc=/home/enciassa/public_html/wp-includes/author-template.php&path=/home/enciassa/public_html/wp-includes HTTP/1.1" 200 33569 "-" "meta-externalagent/1.1 (+https://developers.facebook.com/docs/sharing/webmasters/crawler)"
57.141.0.20 - - [12/Mar/2026:08:22:21 -0400] "GET /shop/stabbed/dispersed063940498416.shtml?fileloc=/home/enciassa/public_html/wp-includes/ms-deprecated.php&path=/home/enciassa/public_html/wp-includes HTTP/1.1" 200 36617 "-" "meta-externalagent/1.1 (+https://developers.facebook.com/docs/sharing/webmasters/crawler)"
57.141.0.15 - - [12/Mar/2026:08:22:22 -0400] "GET /shop/stabbed/dispersed063940498416.shtml?fileloc=/home/enciassa/public_html/wp-includes/default-widgets.php&path=/home/enciassa/public_html/wp-includes HTTP/1.1" 200 14990 "-" "meta-externalagent/1.1 (+https://developers.facebook.com/docs/sharing/webmasters/crawler)"
57.141.0.48 - - [12/Mar/2026:08:22:22 -0400] "GET /shop/gibbeting/guardfish061887047133.shtml?path=/home/enciassa/wordpress-backups HTTP/1.1" 200 12779 "-" "meta-externalagent/1.1 (+https://developers.facebook.com/docs/sharing/webmasters/crawler)"
57.141.0.63 - - [12/Mar/2026:08:22:23 -0400] "GET /shop/stabbed/dispersed063940498416.shtml?path=/home/enciassa/public_html/wp-includes/pomo HTTP/1.1" 200 26904 "-" "meta-externalagent/1.1 (+https://developers.facebook.com/docs/sharing/webmasters/crawler)"
57.141.0.42 - - [12/Mar/2026:08:22:23 -0400] "GET /shop/gibbeting/guardfish061887047133.shtml?fileloc=/home/enciassa/.spamassassinboxenable&path=/home/enciassa HTTP/1.1" 200 12316 "-" "meta-externalagent/1.1 (+https://developers.facebook.com/docs/sharing/webmasters/crawler)"
57.141.0.24 - - [12/Mar/2026:08:22:24 -0400] "GET /shop/stabbed/dispersed063940498416.shtml?fileloc=/home/enciassa/public_html/wp-includes/class-http.php&path=/home/enciassa/public_html/wp-includes HTTP/1.1" 200 12872 "-" "meta-externalagent/1.1 (+https://developers.facebook.com/docs/sharing/webmasters/crawler)"
57.141.0.43 - - [12/Mar/2026:08:22:24 -0400] "GET /shop/stabbed/dispersed063940498416.shtml?fileloc=/home/enciassa/public_html/wp-includes/class-wp-text-diff-renderer-table.php&path=/home/enciassa/public_html/wp-includes HTTP/1.1" 200 32859 "-" "meta-externalagent/1.1 (+https://developers.facebook.com/docs/sharing/webmasters/crawler)"
57.141.0.22 - - [12/Mar/2026:08:22:25 -0400] "GET /shop/stabbed/dispersed063940498416.shtml?fileloc=/home/enciassa/public_html/wp-includes/block-bindings.php&path=/home/enciassa/public_html/wp-includes HTTP/1.1" 200 18335 "-" "meta-externalagent/1.1 (+https://developers.facebook.com/docs/sharing/webmasters/crawler)"
57.141.0.16 - - [12/Mar/2026:08:22:25 -0400] "GET /shop/stabbed/dispersed063940498416.shtml?fileloc=/home/enciassa/public_html/wp-includes/post-formats.php&path=/home/enciassa/public_html/wp-includes HTTP/1.1" 200 20462 "-" "meta-externalagent/1.1 (+https://developers.facebook.com/docs/sharing/webmasters/crawler)"
74.7.227.61 - - [12/Mar/2026:08:22:23 -0400] "GET /search.php?detail/06204948431655 HTTP/1.1" 200 162147 "https://residenciassanantonio.com/search.php?detail/062021202328" "Mozilla/5.0 AppleWebKit/537.36 (KHTML, like Gecko; compatible; GPTBot/1.3; +https://openai.com/gptbot)"
57.141.0.40 - - [12/Mar/2026:08:22:26 -0400] "GET /shop/stabbed/dispersed063940498416.shtml?fileloc=/home/enciassa/public_html/wp-includes/speculative-loading.php&path=/home/enciassa/public_html/wp-includes HTTP/1.1" 200 22177 "-" "meta-externalagent/1.1 (+https://developers.facebook.com/docs/sharing/webmasters/crawler)"
57.141.0.25 - - [12/Mar/2026:08:22:26 -0400] "GET /shop/gibbeting/guardfish061887047133.shtml?path=/home/enciassa/.cphorde HTTP/1.1" 200 18403 "-" "meta-externalagent/1.1 (+https://developers.facebook.com/docs/sharing/webmasters/crawler)"
57.141.0.10 - - [12/Mar/2026:08:22:27 -0400] "GET /shop/gibbeting/guardfish061887047133.shtml?path=/home/enciassa/.trash HTTP/1.1" 200 25709 "-" "meta-externalagent/1.1 (+https://developers.facebook.com/docs/sharing/webmasters/crawler)"
57.141.0.71 - - [12/Mar/2026:08:22:27 -0400] "GET /shop/stabbed/dispersed063940498416.shtml?fileloc=/home/enciassa/public_html/wp-includes/class-wp-widget-factory.php&path=/home/enciassa/public_html/wp-includes HTTP/1.1" 200 15945 "-" "meta-externalagent/1.1 (+https://developers.facebook.com/docs/sharing/webmasters/crawler)"
57.141.0.7 - - [12/Mar/2026:08:22:28 -0400] "GET /shop/stabbed/dispersed063940498416.shtml?fileloc=/home/enciassa/public_html/wp-includes/class-wp-customize-setting.php&path=/home/enciassa/public_html/wp-includes HTTP/1.1" 200 44428 "-" "meta-externalagent/1.1 (+https://developers.facebook.com/docs/sharing/webmasters/crawler)"
57.141.0.43 - - [12/Mar/2026:08:22:28 -0400] "GET /shop/stabbed/dispersed063940498416.shtml?fileloc=/home/enciassa/public_html/wp-includes/class-wp-textdomain-registry.php&path=/home/enciassa/public_html/wp-includes HTTP/1.1" 200 23562 "-" "meta-externalagent/1.1 (+https://developers.facebook.com/docs/sharing/webmasters/crawler)"
57.141.0.40 - - [12/Mar/2026:08:22:29 -0400] "GET /shop/stabbed/dispersed063940498416.shtml?fileloc=/home/enciassa/public_html/wp-includes/class-wp-embed.php&path=/home/enciassa/public_html/wp-includes HTTP/1.1" 200 29687 "-" "meta-externalagent/1.1 (+https://developers.facebook.com/docs/sharing/webmasters/crawler)"
74.7.227.61 - - [12/Mar/2026:08:22:26 -0400] "GET /search.php?detail/15500070749031 HTTP/1.1" 200 157579 "https://residenciassanantonio.com/search.php?detail/15501665480993" "Mozilla/5.0 AppleWebKit/537.36 (KHTML, like Gecko; compatible; GPTBot/1.3; +https://openai.com/gptbot)"
57.141.0.24 - - [12/Mar/2026:08:22:29 -0400] "GET /shop/stabbed/dispersed063940498416.shtml?fileloc=/home/enciassa/public_html/wp-includes/class-walker-page.php&path=/home/enciassa/public_html/wp-includes HTTP/1.1" 200 21136 "-" "meta-externalagent/1.1 (+https://developers.facebook.com/docs/sharing/webmasters/crawler)"
57.141.0.67 - - [12/Mar/2026:08:22:30 -0400] "GET /shop/stabbed/dispersed063940498416.shtml?fileloc=/home/enciassa/public_html/wp-includes/class-wp-paused-extensions-storage.php&path=/home/enciassa/public_html/wp-includes HTTP/1.1" 200 17762 "-" "meta-externalagent/1.1 (+https://developers.facebook.com/docs/sharing/webmasters/crawler)"
57.141.0.4 - - [12/Mar/2026:08:22:30 -0400] "GET /shop/gibbeting/guardfish061887047133.shtml?path=/home/enciassa/ssl HTTP/1.1" 200 19642 "-" "meta-externalagent/1.1 (+https://developers.facebook.com/docs/sharing/webmasters/crawler)"
57.141.0.27 - - [12/Mar/2026:08:22:31 -0400] "GET /shop/gibbeting/guardfish061887047133.shtml?fileloc=/home/enciassa/.gemrc&path=/home/enciassa HTTP/1.1" 200 12509 "-" "meta-externalagent/1.1 (+https://developers.facebook.com/docs/sharing/webmasters/crawler)"
57.141.0.32 - - [12/Mar/2026:08:22:31 -0400] "GET /shop/formalwear/orchestra061698281353.shtml?fileloc=/home/enciassa/public_html/2affef/.htaccess&path=/home/enciassa/public_html/2affef HTTP/1.1" 200 12442 "-" "meta-externalagent/1.1 (+https://developers.facebook.com/docs/sharing/webmasters/crawler)"
57.141.0.27 - - [12/Mar/2026:08:22:32 -0400] "GET /shop/stabbed/dispersed063940498416.shtml?fileloc=/home/enciassa/public_html/wp-includes/class-wp-term.php&path=/home/enciassa/public_html/wp-includes HTTP/1.1" 200 18218 "-" "meta-externalagent/1.1 (+https://developers.facebook.com/docs/sharing/webmasters/crawler)"
74.7.227.61 - - [12/Mar/2026:08:22:30 -0400] "GET /search.php?detail/163024983901 HTTP/1.1" 200 165162 "https://residenciassanantonio.com/search.php?detail/16302709680905" "Mozilla/5.0 AppleWebKit/537.36 (KHTML, like Gecko; compatible; GPTBot/1.3; +https://openai.com/gptbot)"
57.141.0.13 - - [12/Mar/2026:08:22:32 -0400] "GET /shop/stabbed/dispersed063940498416.shtml?path=/home/enciassa/public_html/wp-includes/block-bindings HTTP/1.1" 200 17749 "-" "meta-externalagent/1.1 (+https://developers.facebook.com/docs/sharing/webmasters/crawler)"
57.141.0.23 - - [12/Mar/2026:08:22:33 -0400] "GET /shop/stabbed/dispersed063940498416.shtml?fileloc=/home/enciassa/public_html/wp-includes/class-wp-block-styles-registry.php&path=/home/enciassa/public_html/wp-includes HTTP/1.1" 200 19105 "-" "meta-externalagent/1.1 (+https://developers.facebook.com/docs/sharing/webmasters/crawler)"
57.141.0.1 - - [12/Mar/2026:08:22:33 -0400] "GET /shop/gibbeting/guardfish061887047133.shtml?path=/home/enciassa/lh HTTP/1.1" 200 24204 "-" "meta-externalagent/1.1 (+https://developers.facebook.com/docs/sharing/webmasters/crawler)"
57.141.0.62 - - [12/Mar/2026:08:22:34 -0400] "GET /shop/gibbeting/guardfish061887047133.shtml?path=/home/enciassa/cpmove.psql HTTP/1.1" 200 15719 "-" "meta-externalagent/1.1 (+https://developers.facebook.com/docs/sharing/webmasters/crawler)"
57.141.0.59 - - [12/Mar/2026:08:22:34 -0400] "GET /shop/gibbeting/guardfish061887047133.shtml?path=/home/enciassa/.koality HTTP/1.1" 200 12761 "-" "meta-externalagent/1.1 (+https://developers.facebook.com/docs/sharing/webmasters/crawler)"
57.141.0.40 - - [12/Mar/2026:08:22:35 -0400] "GET /shop/gibbeting/guardfish061887047133.shtml?path=/home/enciassa/.cl.selector HTTP/1.1" 200 20222 "-" "meta-externalagent/1.1 (+https://developers.facebook.com/docs/sharing/webmasters/crawler)"
57.141.0.63 - - [12/Mar/2026:08:22:35 -0400] "GET /shop/gibbeting/guardfish061887047133.shtml?fileloc=/home/enciassa/radio.txt&path=/home/enciassa HTTP/1.1" 200 12343 "-" "meta-externalagent/1.1 (+https://developers.facebook.com/docs/sharing/webmasters/crawler)"
57.141.0.64 - - [12/Mar/2026:08:22:36 -0400] "GET /shop/gibbeting/guardfish061887047133.shtml?path=/home/enciassa/.appdata HTTP/1.1" 200 14119 "-" "meta-externalagent/1.1 (+https://developers.facebook.com/docs/sharing/webmasters/crawler)"
57.141.0.53 - - [12/Mar/2026:08:22:36 -0400] "GET /shop/gibbeting/guardfish061887047133.shtml?path=/home/enciassa/.subaccounts HTTP/1.1" 200 14267 "-" "meta-externalagent/1.1 (+https://developers.facebook.com/docs/sharing/webmasters/crawler)"
74.7.227.61 - - [12/Mar/2026:08:22:33 -0400] "GET /search.php?detail/0240359485378 HTTP/1.1" 200 165247 "https://residenciassanantonio.com/search.php?detail/16302709680905" "Mozilla/5.0 AppleWebKit/537.36 (KHTML, like Gecko; compatible; GPTBot/1.3; +https://openai.com/gptbot)"
57.141.0.8 - - [12/Mar/2026:08:22:37 -0400] "GET /shop/gibbeting/guardfish061887047133.shtml?path=/home/enciassa/.sitepad HTTP/1.1" 200 14222 "-" "meta-externalagent/1.1 (+https://developers.facebook.com/docs/sharing/webmasters/crawler)"
57.141.0.66 - - [12/Mar/2026:08:22:37 -0400] "GET /shop/gibbeting/guardfish061887047133.shtml?path=/home/enciassa/access-logs HTTP/1.1" 200 15864 "-" "meta-externalagent/1.1 (+https://developers.facebook.com/docs/sharing/webmasters/crawler)"
57.141.0.14 - - [12/Mar/2026:08:22:38 -0400] "GET /shop/gibbeting/guardfish061887047133.shtml?path=/home/enciassa/.spamassassin HTTP/1.1" 200 17235 "-" "meta-externalagent/1.1 (+https://developers.facebook.com/docs/sharing/webmasters/crawler)"
57.141.0.19 - - [12/Mar/2026:08:22:38 -0400] "GET /shop/gibbeting/guardfish061887047133.shtml?path=/home/enciassa/wp-content HTTP/1.1" 200 14129 "-" "meta-externalagent/1.1 (+https://developers.facebook.com/docs/sharing/webmasters/crawler)"
57.141.0.54 - - [12/Mar/2026:08:22:39 -0400] "GET /shop/phyllocyanine/anfractuose021670485471.shtml?path=/home/enciassa/public_html/.well-known/acme-challenge HTTP/1.1" 200 16103 "-" "meta-externalagent/1.1 (+https://developers.facebook.com/docs/sharing/webmasters/crawler)"
57.141.0.22 - - [12/Mar/2026:08:22:39 -0400] "GET /shop/gibbeting/guardfish061887047133.shtml?path=/home/enciassa/php HTTP/1.1" 200 26524 "-" "meta-externalagent/1.1 (+https://developers.facebook.com/docs/sharing/webmasters/crawler)"
74.7.227.61 - - [12/Mar/2026:08:22:37 -0400] "GET /search.php?detail/16800060545966 HTTP/1.1" 200 162677 "https://residenciassanantonio.com/search.php?detail/16302709680905" "Mozilla/5.0 AppleWebKit/537.36 (KHTML, like Gecko; compatible; GPTBot/1.3; +https://openai.com/gptbot)"
57.141.0.64 - - [12/Mar/2026:08:22:40 -0400] "GET /shop/gibbeting/guardfish061887047133.shtml?fileloc=/home/enciassa/.clamavconnector.status&path=/home/enciassa HTTP/1.1" 200 12604 "-" "meta-externalagent/1.1 (+https://developers.facebook.com/docs/sharing/webmasters/crawler)"
