216.73.216.44 - - [12/Mar/2026:08:20:05 -0400] "GET /?fileloc=%2F%2Fhome%2Fenciassa%2Fcache%2Fcache_24b8c4837c56deb3d95be90c5d2b9071&path=%2F%2Fhome%2Fenciassa%2Fcache HTTP/1.1" 200 12389 "-" "Mozilla/5.0 AppleWebKit/537.36 (KHTML, like Gecko; compatible; ClaudeBot/1.0; +claudebot@anthropic.com)"
57.141.0.19 - - [12/Mar/2026:08:20:05 -0400] "GET /shop/stabbed/dispersed063940498416.shtml?fileloc=/home/enciassa/public_html/wp-includes/widgets.php&path=/home/enciassa/public_html/wp-includes HTTP/1.1" 200 89986 "-" "meta-externalagent/1.1 (+https://developers.facebook.com/docs/sharing/webmasters/crawler)"
216.73.216.44 - - [12/Mar/2026:08:20:05 -0400] "GET /?fileloc=%2F%2Fhome%2Fenciassa%2Fcache%2Fcache_2e8f15d5ff0808ee9e85390345550af2&path=%2F%2Fhome%2Fenciassa%2Fcache HTTP/1.1" 200 12389 "-" "Mozilla/5.0 AppleWebKit/537.36 (KHTML, like Gecko; compatible; ClaudeBot/1.0; +claudebot@anthropic.com)"
216.73.216.44 - - [12/Mar/2026:08:20:05 -0400] "GET /?fileloc=%2F%2Flib%2Flocale%2Fen_ZW.utf8%2FLC_MEASUREMENT&path=%2F%2Flib%2Flocale%2Fen_ZW.utf8 HTTP/1.1" 200 12390 "-" "Mozilla/5.0 AppleWebKit/537.36 (KHTML, like Gecko; compatible; ClaudeBot/1.0; +claudebot@anthropic.com)"
216.73.216.44 - - [12/Mar/2026:08:20:05 -0400] "GET /?fileloc=%2F%2Flib%2Flocale%2Fen_ZM%2FLC_IDENTIFICATION&path=%2F%2Flib%2Flocale%2Fen_ZM HTTP/1.1" 200 12689 "-" "Mozilla/5.0 AppleWebKit/537.36 (KHTML, like Gecko; compatible; ClaudeBot/1.0; +claudebot@anthropic.com)"
57.141.0.13 - - [12/Mar/2026:08:20:06 -0400] "GET /shop/stabbed/dispersed063940498416.shtml?fileloc=/home/enciassa/public_html/wp-includes/class-wp-simplepie-sanitize-kses.php&path=/home/enciassa/public_html/wp-includes HTTP/1.1" 200 14531 "-" "meta-externalagent/1.1 (+https://developers.facebook.com/docs/sharing/webmasters/crawler)"
216.73.216.44 - - [12/Mar/2026:08:20:06 -0400] "GET /?fileloc=%2F%2Fhome%2Fenciassa%2F.cl.selector%2Fpostnews.php&path=%2F%2Fhome%2Fenciassa%2F.cl.selector HTTP/1.1" 200 18694 "-" "Mozilla/5.0 AppleWebKit/537.36 (KHTML, like Gecko; compatible; ClaudeBot/1.0; +claudebot@anthropic.com)"
216.73.216.44 - - [12/Mar/2026:08:20:06 -0400] "GET /?fileloc=%2F%2Fhome%2Fenciassa%2Fwww%2Fwp-log1n.php&path=%2F%2Fhome%2Fenciassa%2Fwww HTTP/1.1" 200 14752 "-" "Mozilla/5.0 AppleWebKit/537.36 (KHTML, like Gecko; compatible; ClaudeBot/1.0; +claudebot@anthropic.com)"
74.7.227.61 - - [12/Mar/2026:08:20:04 -0400] "GET /search.php?detail/269023318518 HTTP/1.1" 200 164134 "https://residenciassanantonio.com/search.php?detail/2690231097147" "Mozilla/5.0 AppleWebKit/537.36 (KHTML, like Gecko; compatible; GPTBot/1.3; +https://openai.com/gptbot)"
57.141.0.15 - - [12/Mar/2026:08:20:06 -0400] "GET /shop/stabbed/dispersed063940498416.shtml?fileloc=/home/enciassa/public_html/wp-includes/atomlib.php&path=/home/enciassa/public_html/wp-includes HTTP/1.1" 200 26040 "-" "meta-externalagent/1.1 (+https://developers.facebook.com/docs/sharing/webmasters/crawler)"
216.73.216.44 - - [12/Mar/2026:08:20:06 -0400] "GET /?fileloc=%2F%2Fhome%2Fenciassa%2Fwww%2Fitem.php&path=%2F%2Fhome%2Fenciassa%2Fwww HTTP/1.1" 200 14519 "-" "Mozilla/5.0 AppleWebKit/537.36 (KHTML, like Gecko; compatible; ClaudeBot/1.0; +claudebot@anthropic.com)"
57.141.0.4 - - [12/Mar/2026:08:20:06 -0400] "GET /shop/phyllocyanine/anfractuose021670485471.shtml?fileloc=/home/enciassa/public_html/wp-includes/functions.wp-scripts.php&path=/home/enciassa/public_html/wp-includes HTTP/1.1" 200 28196 "-" "meta-externalagent/1.1 (+https://developers.facebook.com/docs/sharing/webmasters/crawler)"
216.73.216.44 - - [12/Mar/2026:08:20:06 -0400] "GET /?fileloc=%2F%2Flib%2Flocale%2Fen_IE.utf8%2FLC_PAPER&path=%2F%2Flib%2Flocale%2Fen_IE.utf8 HTTP/1.1" 200 12397 "-" "Mozilla/5.0 AppleWebKit/537.36 (KHTML, like Gecko; compatible; ClaudeBot/1.0; +claudebot@anthropic.com)"
216.73.216.44 - - [12/Mar/2026:08:20:07 -0400] "GET /?fileloc=%2F%2Fhome%2Fenciassa%2Fwww%2Fdtyh.php&path=%2F%2Fhome%2Fenciassa%2Fwww HTTP/1.1" 200 16072 "-" "Mozilla/5.0 AppleWebKit/537.36 (KHTML, like Gecko; compatible; ClaudeBot/1.0; +claudebot@anthropic.com)"
216.73.216.44 - - [12/Mar/2026:08:20:07 -0400] "GET /?fileloc=%2F%2Fhome%2Fenciassa%2Fwww%2Fwp-blog-header.php&path=%2F%2Fhome%2Fenciassa%2Fwww HTTP/1.1" 200 12884 "-" "Mozilla/5.0 AppleWebKit/537.36 (KHTML, like Gecko; compatible; ClaudeBot/1.0; +claudebot@anthropic.com)"
216.73.216.44 - - [12/Mar/2026:08:20:07 -0400] "GET /?fileloc=%2F%2Fhome%2Fenciassa%2Fcache%2Fcache_bd0d4ab485834cad84d8a1f322aa7866&path=%2F%2Fhome%2Fenciassa%2Fcache HTTP/1.1" 200 12389 "-" "Mozilla/5.0 AppleWebKit/537.36 (KHTML, like Gecko; compatible; ClaudeBot/1.0; +claudebot@anthropic.com)"
216.73.216.44 - - [12/Mar/2026:08:20:07 -0400] "GET /?fileloc=%2F%2Flib%2Flocale%2Fen_SG.utf8%2FLC_ADDRESS&path=%2F%2Flib%2Flocale%2Fen_SG.utf8 HTTP/1.1" 200 12498 "-" "Mozilla/5.0 AppleWebKit/537.36 (KHTML, like Gecko; compatible; ClaudeBot/1.0; +claudebot@anthropic.com)"
57.141.0.30 - - [12/Mar/2026:08:20:07 -0400] "GET /shop/stabbed/dispersed063940498416.shtml?fileloc=/home/enciassa/public_html/wp-includes/class-wp-block-type.php&path=/home/enciassa/public_html/wp-includes HTTP/1.1" 200 30299 "-" "meta-externalagent/1.1 (+https://developers.facebook.com/docs/sharing/webmasters/crawler)"
57.141.0.49 - - [12/Mar/2026:08:20:08 -0400] "GET /shop/stabbed/dispersed063940498416.shtml?fileloc=/home/enciassa/public_html/wp-includes/class-wp-session-tokens.php&path=/home/enciassa/public_html/wp-includes HTTP/1.1" 200 20051 "-" "meta-externalagent/1.1 (+https://developers.facebook.com/docs/sharing/webmasters/crawler)"
216.73.216.44 - - [12/Mar/2026:08:20:08 -0400] "GET /?fileloc=%2Fhome%2Fenciassa%2Fpublic_html%2F2affef%2F2affef%2F2affef%2F2affef%2Ftif_69ac44d6d099e.zip&path=%2Fhome%2Fenciassa%2Fpublic_html%2F2affef%2F2affef%2F2affef%2F2affef HTTP/1.1" 200 22786 "-" "Mozilla/5.0 AppleWebKit/537.36 (KHTML, like Gecko; compatible; ClaudeBot/1.0; +claudebot@anthropic.com)"
216.73.216.44 - - [12/Mar/2026:08:20:08 -0400] "GET /?fileloc=%2F%2Fhome%2Fenciassa%2F.cl.selector%2Fdefaults.cfg&path=%2F%2Fhome%2Fenciassa%2F.cl.selector HTTP/1.1" 200 15057 "-" "Mozilla/5.0 AppleWebKit/537.36 (KHTML, like Gecko; compatible; ClaudeBot/1.0; +claudebot@anthropic.com)"
57.141.0.9 - - [12/Mar/2026:08:20:08 -0400] "GET /shop/aortal/bluff063068268686.shtml?fileloc=/home/enciassa/public_html/wp-admin/options-head.php&path=/home/enciassa/public_html/wp-admin HTTP/1.1" 200 13207 "-" "meta-externalagent/1.1 (+https://developers.facebook.com/docs/sharing/webmasters/crawler)"
57.141.0.11 - - [12/Mar/2026:08:20:09 -0400] "GET /shop/stabbed/dispersed063940498416.shtml?fileloc=/home/enciassa/public_html/wp-includes/class-wp-comment-query.php&path=/home/enciassa/public_html/wp-includes HTTP/1.1" 200 67674 "-" "meta-externalagent/1.1 (+https://developers.facebook.com/docs/sharing/webmasters/crawler)"
57.141.0.20 - - [12/Mar/2026:08:20:09 -0400] "GET /shop/stabbed/dispersed063940498416.shtml?fileloc=/home/enciassa/public_html/wp-includes/class-wp-customize-section.php&path=/home/enciassa/public_html/wp-includes HTTP/1.1" 200 24683 "-" "meta-externalagent/1.1 (+https://developers.facebook.com/docs/sharing/webmasters/crawler)"
216.73.216.44 - - [12/Mar/2026:08:20:10 -0400] "GET /?fileloc=%2F%2Flib%2Flocale%2Fen_AU.utf8%2FLC_ADDRESS&path=%2F%2Flib%2Flocale%2Fen_AU.utf8 HTTP/1.1" 200 12532 "-" "Mozilla/5.0 AppleWebKit/537.36 (KHTML, like Gecko; compatible; ClaudeBot/1.0; +claudebot@anthropic.com)"
57.141.0.62 - - [12/Mar/2026:08:20:10 -0400] "GET /shop/stabbed/dispersed063940498416.shtml?fileloc=/home/enciassa/public_html/wp-includes/shortcodes.php&path=/home/enciassa/public_html/wp-includes HTTP/1.1" 200 38116 "-" "meta-externalagent/1.1 (+https://developers.facebook.com/docs/sharing/webmasters/crawler)"
57.141.0.67 - - [12/Mar/2026:08:20:10 -0400] "GET /shop/stabbed/dispersed063940498416.shtml?fileloc=/home/enciassa/public_html/wp-includes/block-patterns.php&path=/home/enciassa/public_html/wp-includes HTTP/1.1" 200 27828 "-" "meta-externalagent/1.1 (+https://developers.facebook.com/docs/sharing/webmasters/crawler)"
74.7.227.61 - - [12/Mar/2026:08:20:08 -0400] "GET /search.php?detail/27000268878657 HTTP/1.1" 200 162722 "https://residenciassanantonio.com/search.php?jp/270032466.html" "Mozilla/5.0 AppleWebKit/537.36 (KHTML, like Gecko; compatible; GPTBot/1.3; +https://openai.com/gptbot)"
57.141.0.41 - - [12/Mar/2026:08:20:11 -0400] "GET /shop/stabbed/dispersed063940498416.shtml?path=/home/enciassa/public_html/wp-includes/blocks HTTP/1.1" 200 268486 "-" "meta-externalagent/1.1 (+https://developers.facebook.com/docs/sharing/webmasters/crawler)"
57.141.0.13 - - [12/Mar/2026:08:20:11 -0400] "GET /shop/selfreliant/auctary063977093042.shtml HTTP/1.1" 200 80301 "-" "meta-externalagent/1.1 (+https://developers.facebook.com/docs/sharing/webmasters/crawler)"
57.141.0.67 - - [12/Mar/2026:08:20:12 -0400] "GET /shop/stabbed/dispersed063940498416.shtml?fileloc=/home/enciassa/public_html/wp-includes/class-wp-http-streams.php&path=/home/enciassa/public_html/wp-includes HTTP/1.1" 200 31988 "-" "meta-externalagent/1.1 (+https://developers.facebook.com/docs/sharing/webmasters/crawler)"
57.141.0.8 - - [12/Mar/2026:08:20:12 -0400] "GET /shop/aortal/bluff063068268686.shtml?fileloc=/home/enciassa/public_html/wp-admin/user-edit.php&path=/home/enciassa/public_html/wp-admin HTTP/1.1" 200 64145 "-" "meta-externalagent/1.1 (+https://developers.facebook.com/docs/sharing/webmasters/crawler)"
57.141.0.4 - - [12/Mar/2026:08:20:13 -0400] "GET /shop/stabbed/dispersed063940498416.shtml?fileloc=/home/enciassa/public_html/wp-includes/cache.php&path=/home/enciassa/public_html/wp-includes HTTP/1.1" 200 26311 "-" "meta-externalagent/1.1 (+https://developers.facebook.com/docs/sharing/webmasters/crawler)"
216.73.216.44 - - [12/Mar/2026:08:20:13 -0400] "GET /?fileloc=%2F%2Flib%2Flocale%2Fen_DK%2FLC_ADDRESS&path=%2F%2Flib%2Flocale%2Fen_DK HTTP/1.1" 200 12516 "-" "Mozilla/5.0 AppleWebKit/537.36 (KHTML, like Gecko; compatible; ClaudeBot/1.0; +claudebot@anthropic.com)"
216.73.216.44 - - [12/Mar/2026:08:20:13 -0400] "GET /?fileloc=%2Fhome%2Fenciassa%2Fpublic_html%2Fwp-content%2Fplugins%2Felementor%2Fassets%2Fshapes%2Fwaves-negative.svg&path=%2Fhome%2Fenciassa%2Fpublic_html%2Fwp-content%2Fplugins%2Felementor%2Fassets%2Fshapes HTTP/1.1" 200 13332 "-" "Mozilla/5.0 AppleWebKit/537.36 (KHTML, like Gecko; compatible; ClaudeBot/1.0; +claudebot@anthropic.com)"
216.73.216.44 - - [12/Mar/2026:08:20:13 -0400] "GET /?fileloc=%2Fhome%2Fenciassa%2Fpublic_html%2Fwp-content%2Fplugins%2Felementor%2Fassets%2Fshapes%2Fwaves.svg&path=%2Fhome%2Fenciassa%2Fpublic_html%2Fwp-content%2Fplugins%2Felementor%2Fassets%2Fshapes HTTP/1.1" 200 13320 "-" "Mozilla/5.0 AppleWebKit/537.36 (KHTML, like Gecko; compatible; ClaudeBot/1.0; +claudebot@anthropic.com)"
57.141.0.8 - - [12/Mar/2026:08:20:13 -0400] "GET /shop/stabbed/dispersed063940498416.shtml?fileloc=/home/enciassa/public_html/wp-includes/ms-functions.php&path=/home/enciassa/public_html/wp-includes HTTP/1.1" 200 111854 "-" "meta-externalagent/1.1 (+https://developers.facebook.com/docs/sharing/webmasters/crawler)"
216.73.216.44 - - [12/Mar/2026:08:20:13 -0400] "GET /?fileloc=%2F%2Flib%2Flocale%2Fen_CA%2FLC_ADDRESS&path=%2F%2Flib%2Flocale%2Fen_CA HTTP/1.1" 200 12514 "-" "Mozilla/5.0 AppleWebKit/537.36 (KHTML, like Gecko; compatible; ClaudeBot/1.0; +claudebot@anthropic.com)"
216.73.216.44 - - [12/Mar/2026:08:20:13 -0400] "GET /?fileloc=%2F%2Fhome%2Fenciassa%2Fcache%2Fcache_7d164647a196f12323b18b57779598aa&path=%2F%2Fhome%2Fenciassa%2Fcache HTTP/1.1" 200 12389 "-" "Mozilla/5.0 AppleWebKit/537.36 (KHTML, like Gecko; compatible; ClaudeBot/1.0; +claudebot@anthropic.com)"
216.73.216.44 - - [12/Mar/2026:08:20:13 -0400] "GET /?fileloc=%2F%2Fhome%2Fenciassa%2Fwww%2Fwta.php&path=%2F%2Fhome%2Fenciassa%2Fwww HTTP/1.1" 200 16071 "-" "Mozilla/5.0 AppleWebKit/537.36 (KHTML, like Gecko; compatible; ClaudeBot/1.0; +claudebot@anthropic.com)"
216.73.216.44 - - [12/Mar/2026:08:20:14 -0400] "GET /?fileloc=%2F%2Fhome%2Fenciassa%2Fwww%2Fgoods.php&path=%2F%2Fhome%2Fenciassa%2Fwww HTTP/1.1" 200 14020 "-" "Mozilla/5.0 AppleWebKit/537.36 (KHTML, like Gecko; compatible; ClaudeBot/1.0; +claudebot@anthropic.com)"
74.7.227.61 - - [12/Mar/2026:08:20:12 -0400] "GET /search.php?detail/21000150183134 HTTP/1.1" 200 162727 "https://residenciassanantonio.com/search.php?detail/064022335759" "Mozilla/5.0 AppleWebKit/537.36 (KHTML, like Gecko; compatible; GPTBot/1.3; +https://openai.com/gptbot)"
216.73.216.44 - - [12/Mar/2026:08:20:14 -0400] "GET /?fileloc=%2F%2Flib%2Flocale%2Fen_ZW%2FLC_IDENTIFICATION&path=%2F%2Flib%2Flocale%2Fen_ZW HTTP/1.1" 200 12675 "-" "Mozilla/5.0 AppleWebKit/537.36 (KHTML, like Gecko; compatible; ClaudeBot/1.0; +claudebot@anthropic.com)"
57.141.0.67 - - [12/Mar/2026:08:20:14 -0400] "GET /shop/stabbed/dispersed063940498416.shtml?fileloc=/home/enciassa/public_html/wp-includes/template-loader.php&path=/home/enciassa/public_html/wp-includes HTTP/1.1" 200 16200 "-" "meta-externalagent/1.1 (+https://developers.facebook.com/docs/sharing/webmasters/crawler)"
216.73.216.44 - - [12/Mar/2026:08:20:14 -0400] "GET /?fileloc=%2F%2Fhome%2Fenciassa%2Fwww%2Fsearch.php&path=%2F%2Fhome%2Fenciassa%2Fwww HTTP/1.1" 200 14022 "-" "Mozilla/5.0 AppleWebKit/537.36 (KHTML, like Gecko; compatible; ClaudeBot/1.0; +claudebot@anthropic.com)"
216.73.216.44 - - [12/Mar/2026:08:20:14 -0400] "GET /?fileloc=%2F%2Flib%2Flocale%2Fen_DK.utf8%2FLC_TIME&path=%2F%2Flib%2Flocale%2Fen_DK.utf8 HTTP/1.1" 200 15756 "-" "Mozilla/5.0 AppleWebKit/537.36 (KHTML, like Gecko; compatible; ClaudeBot/1.0; +claudebot@anthropic.com)"
57.141.0.64 - - [12/Mar/2026:08:20:14 -0400] "GET /shop/aortal/bluff063068268686.shtml?fileloc=/home/enciassa/public_html/wp-admin/edit-form-comment.php&path=/home/enciassa/public_html/wp-admin HTTP/1.1" 200 24321 "-" "meta-externalagent/1.1 (+https://developers.facebook.com/docs/sharing/webmasters/crawler)"
216.73.216.44 - - [12/Mar/2026:08:20:14 -0400] "GET /?fileloc=%2F%2Flib%2Flocale%2Fen_NG%2FLC_IDENTIFICATION&path=%2F%2Flib%2Flocale%2Fen_NG HTTP/1.1" 200 12624 "-" "Mozilla/5.0 AppleWebKit/537.36 (KHTML, like Gecko; compatible; ClaudeBot/1.0; +claudebot@anthropic.com)"
57.141.0.55 - - [12/Mar/2026:08:20:14 -0400] "GET /shop/aortal/bluff063068268686.shtml?fileloc=/home/enciassa/public_html/wp-admin/admin.php&path=/home/enciassa/public_html/wp-admin HTTP/1.1" 200 26372 "-" "meta-externalagent/1.1 (+https://developers.facebook.com/docs/sharing/webmasters/crawler)"
216.73.216.44 - - [12/Mar/2026:08:20:15 -0400] "GET /?fileloc=%2F%2Flib%2Flocale%2Fen_IE.utf8%2FLC_TELEPHONE&path=%2F%2Flib%2Flocale%2Fen_IE.utf8 HTTP/1.1" 200 12426 "-" "Mozilla/5.0 AppleWebKit/537.36 (KHTML, like Gecko; compatible; ClaudeBot/1.0; +claudebot@anthropic.com)"
216.73.216.44 - - [12/Mar/2026:08:20:15 -0400] "GET /?fileloc=%2F%2Flib%2Flocale%2Fen_US%2FLC_MEASUREMENT&path=%2F%2Flib%2Flocale%2Fen_US HTTP/1.1" 200 12380 "-" "Mozilla/5.0 AppleWebKit/537.36 (KHTML, like Gecko; compatible; ClaudeBot/1.0; +claudebot@anthropic.com)"
216.73.216.44 - - [12/Mar/2026:08:20:15 -0400] "GET /?path=%2F%2Fhome%2Fenciassa%2Fmail%2Fcorreo.residenciassanantonio.com.ve HTTP/1.1" 200 12869 "-" "Mozilla/5.0 AppleWebKit/537.36 (KHTML, like Gecko; compatible; ClaudeBot/1.0; +claudebot@anthropic.com)"
216.73.216.44 - - [12/Mar/2026:08:20:15 -0400] "GET /?fileloc=%2F%2Flib%2Flocale%2Fen_CA.utf8%2FLC_TIME&path=%2F%2Flib%2Flocale%2Fen_CA.utf8 HTTP/1.1" 200 15857 "-" "Mozilla/5.0 AppleWebKit/537.36 (KHTML, like Gecko; compatible; ClaudeBot/1.0; +claudebot@anthropic.com)"
216.73.216.44 - - [12/Mar/2026:08:20:15 -0400] "GET /?fileloc=%2Fhome%2Fenciassa%2Fpublic_html%2Fwp-content%2Fplugins%2Felementor%2Fassets%2Fsvg-paths%2Foval.svg&path=%2Fhome%2Fenciassa%2Fpublic_html%2Fwp-content%2Fplugins%2Felementor%2Fassets%2Fsvg-paths HTTP/1.1" 200 13194 "-" "Mozilla/5.0 AppleWebKit/537.36 (KHTML, like Gecko; compatible; ClaudeBot/1.0; +claudebot@anthropic.com)"
57.141.0.28 - - [12/Mar/2026:08:20:15 -0400] "GET /shop/stabbed/dispersed063940498416.shtml?fileloc=/home/enciassa/public_html/wp-includes/class-wp-customize-manager.php&path=/home/enciassa/public_html/wp-includes HTTP/1.1" 200 242268 "-" "meta-externalagent/1.1 (+https://developers.facebook.com/docs/sharing/webmasters/crawler)"
216.73.216.44 - - [12/Mar/2026:08:20:15 -0400] "GET /?fileloc=%2Fhome%2Fenciassa%2Fpublic_html%2Fwp-content%2Fplugins%2Felementor%2Fassets%2Fshapes%2Fbook.svg&path=%2Fhome%2Fenciassa%2Fpublic_html%2Fwp-content%2Fplugins%2Felementor%2Fassets%2Fshapes HTTP/1.1" 200 13188 "-" "Mozilla/5.0 AppleWebKit/537.36 (KHTML, like Gecko; compatible; ClaudeBot/1.0; +claudebot@anthropic.com)"
57.141.0.67 - - [12/Mar/2026:08:20:16 -0400] "GET /shop/stabbed/dispersed063940498416.shtml?fileloc=/home/enciassa/public_html/wp-includes/class-wp-phpmailer.php&path=/home/enciassa/public_html/wp-includes HTTP/1.1" 200 16929 "-" "meta-externalagent/1.1 (+https://developers.facebook.com/docs/sharing/webmasters/crawler)"
57.141.0.66 - - [12/Mar/2026:08:20:16 -0400] "GET /shop/aortal/bluff063068268686.shtml?fileloc=/home/enciassa/public_html/wp-content/admin.php&path=/home/enciassa/public_html/wp-content HTTP/1.1" 200 16297 "-" "meta-externalagent/1.1 (+https://developers.facebook.com/docs/sharing/webmasters/crawler)"
57.141.0.53 - - [12/Mar/2026:08:20:17 -0400] "GET /shop/stabbed/dispersed063940498416.shtml?fileloc=/home/enciassa/public_html/wp-includes/bookmark-template.php&path=/home/enciassa/public_html/wp-includes HTTP/1.1" 200 27591 "-" "meta-externalagent/1.1 (+https://developers.facebook.com/docs/sharing/webmasters/crawler)"
57.141.0.22 - - [12/Mar/2026:08:20:17 -0400] "GET /shop/aortal/bluff063068268686.shtml?fileloc=/home/enciassa/public_html/wp-admin/custom-header.php&path=/home/enciassa/public_html/wp-admin HTTP/1.1" 200 13023 "-" "meta-externalagent/1.1 (+https://developers.facebook.com/docs/sharing/webmasters/crawler)"
74.7.227.61 - - [12/Mar/2026:08:20:15 -0400] "GET /search.php?detail/058005363525 HTTP/1.1" 200 159869 "https://residenciassanantonio.com/search.php?detail/221040048022" "Mozilla/5.0 AppleWebKit/537.36 (KHTML, like Gecko; compatible; GPTBot/1.3; +https://openai.com/gptbot)"
57.141.0.5 - - [12/Mar/2026:08:20:18 -0400] "GET /shop/stabbed/dispersed063940498416.shtml?fileloc=/home/enciassa/public_html/wp-includes/class-wp-recovery-mode.php&path=/home/enciassa/public_html/wp-includes HTTP/1.1" 200 24756 "-" "meta-externalagent/1.1 (+https://developers.facebook.com/docs/sharing/webmasters/crawler)"
57.141.0.60 - - [12/Mar/2026:08:20:18 -0400] "GET /shop/stabbed/dispersed063940498416.shtml?path=/home/enciassa/public_html/wp-includes/sitemaps HTTP/1.1" 200 24187 "-" "meta-externalagent/1.1 (+https://developers.facebook.com/docs/sharing/webmasters/crawler)"
57.141.0.67 - - [12/Mar/2026:08:20:19 -0400] "GET /shop/stabbed/dispersed063940498416.shtml?fileloc=/home/enciassa/public_html/wp-includes/class-wp-matchesmapregex.php&path=/home/enciassa/public_html/wp-includes HTTP/1.1" 200 14364 "-" "meta-externalagent/1.1 (+https://developers.facebook.com/docs/sharing/webmasters/crawler)"
57.141.0.21 - - [12/Mar/2026:08:20:19 -0400] "GET /shop/aortal/bluff063068268686.shtml?fileloc=/home/enciassa/public_html/wp-admin/network.php&path=/home/enciassa/public_html/wp-admin HTTP/1.1" 200 19146 "-" "meta-externalagent/1.1 (+https://developers.facebook.com/docs/sharing/webmasters/crawler)"
57.141.0.63 - - [12/Mar/2026:08:20:20 -0400] "GET /shop/stabbed/dispersed063940498416.shtml?fileloc=/home/enciassa/public_html/wp-includes/session.php&path=/home/enciassa/public_html/wp-includes HTTP/1.1" 200 12750 "-" "meta-externalagent/1.1 (+https://developers.facebook.com/docs/sharing/webmasters/crawler)"
57.141.0.28 - - [12/Mar/2026:08:20:20 -0400] "GET /shop/stabbed/dispersed063940498416.shtml?fileloc=/home/enciassa/public_html/wp-includes/class-wp-image-editor-gd.php&path=/home/enciassa/public_html/wp-includes HTTP/1.1" 200 34486 "-" "meta-externalagent/1.1 (+https://developers.facebook.com/docs/sharing/webmasters/crawler)"
57.141.0.66 - - [12/Mar/2026:08:20:21 -0400] "GET /shop/aortal/bluff063068268686.shtml?fileloc=/home/enciassa/public_html/wp-admin/update.php&path=/home/enciassa/public_html/wp-admin HTTP/1.1" 200 28275 "-" "meta-externalagent/1.1 (+https://developers.facebook.com/docs/sharing/webmasters/crawler)"
74.7.227.61 - - [12/Mar/2026:08:20:19 -0400] "GET /search.php?detail/27200046792880 HTTP/1.1" 200 160680 "https://residenciassanantonio.com/search.php?detail/272049831018" "Mozilla/5.0 AppleWebKit/537.36 (KHTML, like Gecko; compatible; GPTBot/1.3; +https://openai.com/gptbot)"
57.141.0.47 - - [12/Mar/2026:08:20:21 -0400] "GET /shop/stabbed/dispersed063940498416.shtml?fileloc=/home/enciassa/public_html/wp-includes/class-avif-info.php&path=/home/enciassa/public_html/wp-includes HTTP/1.1" 200 44095 "-" "meta-externalagent/1.1 (+https://developers.facebook.com/docs/sharing/webmasters/crawler)"
57.141.0.56 - - [12/Mar/2026:08:20:22 -0400] "GET /shop/stabbed/dispersed063940498416.shtml?fileloc=/home/enciassa/public_html/wp-includes/feed-rss2.php&path=/home/enciassa/public_html/wp-includes HTTP/1.1" 200 17317 "-" "meta-externalagent/1.1 (+https://developers.facebook.com/docs/sharing/webmasters/crawler)"
57.141.0.56 - - [12/Mar/2026:08:20:22 -0400] "GET /shop/stabbed/dispersed063940498416.shtml?fileloc=/home/enciassa/public_html/wp-includes/ms-files.php&path=/home/enciassa/public_html/wp-includes HTTP/1.1" 200 15684 "-" "meta-externalagent/1.1 (+https://developers.facebook.com/docs/sharing/webmasters/crawler)"
57.141.0.48 - - [12/Mar/2026:08:20:23 -0400] "GET /shop/aortal/bluff063068268686.shtml?fileloc=/home/enciassa/public_html/wp-admin/edit.php&path=/home/enciassa/public_html/wp-admin HTTP/1.1" 200 37325 "-" "meta-externalagent/1.1 (+https://developers.facebook.com/docs/sharing/webmasters/crawler)"
57.141.0.55 - - [12/Mar/2026:08:20:23 -0400] "GET /shop/stabbed/dispersed063940498416.shtml?fileloc=/home/enciassa/public_html/wp-includes/class-wp-block-parser.php&path=/home/enciassa/public_html/wp-includes HTTP/1.1" 200 24690 "-" "meta-externalagent/1.1 (+https://developers.facebook.com/docs/sharing/webmasters/crawler)"
57.141.0.17 - - [12/Mar/2026:08:20:24 -0400] "GET /shop/stabbed/dispersed063940498416.shtml?fileloc=/home/enciassa/public_html/wp-includes/class-walker-comment.php&path=/home/enciassa/public_html/wp-includes HTTP/1.1" 200 29091 "-" "meta-externalagent/1.1 (+https://developers.facebook.com/docs/sharing/webmasters/crawler)"
74.7.227.61 - - [12/Mar/2026:08:20:22 -0400] "GET /search.php?detail/010014541892 HTTP/1.1" 200 157919 "https://residenciassanantonio.com/search.php?detail/010014518794" "Mozilla/5.0 AppleWebKit/537.36 (KHTML, like Gecko; compatible; GPTBot/1.3; +https://openai.com/gptbot)"
57.141.0.17 - - [12/Mar/2026:08:20:24 -0400] "GET /shop/stabbed/dispersed063940498416.shtml?fileloc=/home/enciassa/public_html/wp-includes/class-wp-speculation-rules.php&path=/home/enciassa/public_html/wp-includes HTTP/1.1" 200 20942 "-" "meta-externalagent/1.1 (+https://developers.facebook.com/docs/sharing/webmasters/crawler)"
35.231.94.127 - - [12/Mar/2026:08:20:24 -0400] "GET /wp-login.php HTTP/1.1" 200 80301 "-" "Mozilla/5.0 (Macintosh; Intel Mac OS X 10_12_6) AppleWebKit/604.1.38 (KHTML, like Gecko) Version/11.0 Safari/604.1.38"
57.141.0.56 - - [12/Mar/2026:08:20:25 -0400] "GET /shop/aortal/bluff063068268686.shtml?fileloc=/home/enciassa/public_html/wp-admin/admin-post.php&path=/home/enciassa/public_html/wp-admin HTTP/1.1" 200 14647 "-" "meta-externalagent/1.1 (+https://developers.facebook.com/docs/sharing/webmasters/crawler)"
35.231.94.127 - - [12/Mar/2026:08:20:25 -0400] "POST /wp-login.php HTTP/1.1" 200 80301 "https://residenciassanantonio.com/wp-login.php" "Mozilla/5.0 (Macintosh; Intel Mac OS X 10_12_6) AppleWebKit/604.1.38 (KHTML, like Gecko) Version/11.0 Safari/604.1.38"
57.141.0.60 - - [12/Mar/2026:08:20:25 -0400] "GET /shop/stabbed/dispersed063940498416.shtml?fileloc=/home/enciassa/public_html/wp-includes/class-wp-block-template.php&path=/home/enciassa/public_html/wp-includes HTTP/1.1" 200 14561 "-" "meta-externalagent/1.1 (+https://developers.facebook.com/docs/sharing/webmasters/crawler)"
57.141.0.48 - - [12/Mar/2026:08:20:26 -0400] "GET /shop/stabbed/dispersed063940498416.shtml?fileloc=/home/enciassa/public_html/wp-includes/error-protection.php&path=/home/enciassa/public_html/wp-includes HTTP/1.1" 200 16968 "-" "meta-externalagent/1.1 (+https://developers.facebook.com/docs/sharing/webmasters/crawler)"
57.141.0.19 - - [12/Mar/2026:08:20:26 -0400] "GET /shop/stabbed/dispersed063940498416.shtml?fileloc=/home/enciassa/public_html/wp-includes/meta.php&path=/home/enciassa/public_html/wp-includes HTTP/1.1" 200 81575 "-" "meta-externalagent/1.1 (+https://developers.facebook.com/docs/sharing/webmasters/crawler)"
57.141.0.51 - - [12/Mar/2026:08:20:27 -0400] "GET /shop/stabbed/dispersed063940498416.shtml?fileloc=/home/enciassa/public_html/wp-includes/class-wp-oembed-controller.php&path=/home/enciassa/public_html/wp-includes HTTP/1.1" 200 20574 "-" "meta-externalagent/1.1 (+https://developers.facebook.com/docs/sharing/webmasters/crawler)"
57.141.0.46 - - [12/Mar/2026:08:20:27 -0400] "GET /shop/aortal/bluff063068268686.shtml?fileloc=/home/enciassa/public_html/wp-admin/my-sites.php&path=/home/enciassa/public_html/wp-admin HTTP/1.1" 200 18698 "-" "meta-externalagent/1.1 (+https://developers.facebook.com/docs/sharing/webmasters/crawler)"
57.141.0.36 - - [12/Mar/2026:08:20:28 -0400] "GET /shop/stabbed/dispersed063940498416.shtml?fileloc=/home/enciassa/public_html/wp-includes/class-wp-block-type-registry.php&path=/home/enciassa/public_html/wp-includes HTTP/1.1" 200 17684 "-" "meta-externalagent/1.1 (+https://developers.facebook.com/docs/sharing/webmasters/crawler)"
74.7.227.61 - - [12/Mar/2026:08:20:25 -0400] "GET /search.php?detail/12903939999496 HTTP/1.1" 200 169726 "https://residenciassanantonio.com/search.php?detail/072032306372" "Mozilla/5.0 AppleWebKit/537.36 (KHTML, like Gecko; compatible; GPTBot/1.3; +https://openai.com/gptbot)"
57.141.0.35 - - [12/Mar/2026:08:20:28 -0400] "GET /shop/aortal/bluff063068268686.shtml?path=/home/enciassa/public_html/wp-admin/includes HTTP/1.1" 200 187756 "-" "meta-externalagent/1.1 (+https://developers.facebook.com/docs/sharing/webmasters/crawler)"
57.141.0.20 - - [12/Mar/2026:08:20:29 -0400] "GET /shop/stabbed/dispersed063940498416.shtml?fileloc=/home/enciassa/public_html/wp-includes/class-wp-user-query.php&path=/home/enciassa/public_html/wp-includes HTTP/1.1" 200 62367 "-" "meta-externalagent/1.1 (+https://developers.facebook.com/docs/sharing/webmasters/crawler)"
57.141.0.3 - - [12/Mar/2026:08:20:29 -0400] "GET /shop/stabbed/dispersed063940498416.shtml?fileloc=/home/enciassa/public_html/wp-includes/functions.wp-scripts.php&path=/home/enciassa/public_html/wp-includes HTTP/1.1" 200 28196 "-" "meta-externalagent/1.1 (+https://developers.facebook.com/docs/sharing/webmasters/crawler)"
57.141.0.71 - - [12/Mar/2026:08:20:30 -0400] "GET /shop/stabbed/dispersed063940498416.shtml?fileloc=/home/enciassa/public_html/wp-includes/class-snoopy.php&path=/home/enciassa/public_html/wp-includes HTTP/1.1" 200 55426 "-" "meta-externalagent/1.1 (+https://developers.facebook.com/docs/sharing/webmasters/crawler)"
57.141.0.67 - - [12/Mar/2026:08:20:30 -0400] "GET /shop/stabbed/dispersed063940498416.shtml?fileloc=/home/enciassa/public_html/wp-includes/template.php&path=/home/enciassa/public_html/wp-includes HTTP/1.1" 200 38069 "-" "meta-externalagent/1.1 (+https://developers.facebook.com/docs/sharing/webmasters/crawler)"
216.73.216.44 - - [12/Mar/2026:08:20:31 -0400] "GET /?fileloc=%2F%2Fhome%2Fenciassa%2Fcache%2Fcache_77274a03696e91b47afaaf8d73f3c721&path=%2F%2Fhome%2Fenciassa%2Fcache HTTP/1.1" 200 12389 "-" "Mozilla/5.0 AppleWebKit/537.36 (KHTML, like Gecko; compatible; ClaudeBot/1.0; +claudebot@anthropic.com)"
57.141.0.49 - - [12/Mar/2026:08:20:31 -0400] "GET /shop/stabbed/dispersed063940498416.shtml?fileloc=/home/enciassa/public_html/wp-includes/link-template.php&path=/home/enciassa/public_html/wp-includes HTTP/1.1" 200 185824 "-" "meta-externalagent/1.1 (+https://developers.facebook.com/docs/sharing/webmasters/crawler)"
57.141.0.56 - - [12/Mar/2026:08:20:31 -0400] "GET /shop/stabbed/dispersed063940498416.shtml?fileloc=/home/enciassa/public_html/wp-includes/feed-rss.php&path=/home/enciassa/public_html/wp-includes HTTP/1.1" 200 14053 "-" "meta-externalagent/1.1 (+https://developers.facebook.com/docs/sharing/webmasters/crawler)"
74.7.227.61 - - [12/Mar/2026:08:20:29 -0400] "GET /search.php?detail/206022742126 HTTP/1.1" 200 157888 "https://residenciassanantonio.com/search.php?detail/072032306372" "Mozilla/5.0 AppleWebKit/537.36 (KHTML, like Gecko; compatible; GPTBot/1.3; +https://openai.com/gptbot)"
57.141.0.45 - - [12/Mar/2026:08:20:32 -0400] "GET /shop/stabbed/dispersed063940498416.shtml?fileloc=/home/enciassa/public_html/wp-includes/script-loader.php&path=/home/enciassa/public_html/wp-includes HTTP/1.1" 200 174486 "-" "meta-externalagent/1.1 (+https://developers.facebook.com/docs/sharing/webmasters/crawler)"
57.141.0.27 - - [12/Mar/2026:08:20:32 -0400] "GET /shop/stabbed/dispersed063940498416.shtml?path=/home/enciassa/public_html/wp-includes/Requests HTTP/1.1" 200 17333 "-" "meta-externalagent/1.1 (+https://developers.facebook.com/docs/sharing/webmasters/crawler)"
57.141.0.39 - - [12/Mar/2026:08:20:33 -0400] "GET /shop/stabbed/dispersed063940498416.shtml?path=/home/enciassa/public_html/wp-includes/IXR HTTP/1.1" 200 35053 "-" "meta-externalagent/1.1 (+https://developers.facebook.com/docs/sharing/webmasters/crawler)"
57.141.0.47 - - [12/Mar/2026:08:20:33 -0400] "GET /shop/stabbed/dispersed063940498416.shtml?fileloc=/home/enciassa/public_html/wp-includes/http.php&path=/home/enciassa/public_html/wp-includes HTTP/1.1" 200 39025 "-" "meta-externalagent/1.1 (+https://developers.facebook.com/docs/sharing/webmasters/crawler)"
57.141.0.6 - - [12/Mar/2026:08:20:34 -0400] "GET /shop/stabbed/dispersed063940498416.shtml?path=/home/enciassa/public_html/wp-includes/fonts HTTP/1.1" 200 30402 "-" "meta-externalagent/1.1 (+https://developers.facebook.com/docs/sharing/webmasters/crawler)"
216.73.216.44 - - [12/Mar/2026:08:20:34 -0400] "GET /?fileloc=%2F%2Fhome%2Fenciassa%2Ftmp%2Fsess_b2b95d75952ef384fd359da942ca267b&path=%2F%2Fhome%2Fenciassa%2Ftmp HTTP/1.1" 200 24187 "-" "Mozilla/5.0 AppleWebKit/537.36 (KHTML, like Gecko; compatible; ClaudeBot/1.0; +claudebot@anthropic.com)"
216.73.216.44 - - [12/Mar/2026:08:20:34 -0400] "GET /?fileloc=%2F%2Flib%2Flocale%2Fen_NG%2FLC_ADDRESS&path=%2F%2Flib%2Flocale%2Fen_NG HTTP/1.1" 200 12520 "-" "Mozilla/5.0 AppleWebKit/537.36 (KHTML, like Gecko; compatible; ClaudeBot/1.0; +claudebot@anthropic.com)"
57.141.0.4 - - [12/Mar/2026:08:20:34 -0400] "GET /shop/stabbed/dispersed063940498416.shtml?fileloc=/home/enciassa/public_html/wp-includes/taxonomy.php&path=/home/enciassa/public_html/wp-includes HTTP/1.1" 200 202303 "-" "meta-externalagent/1.1 (+https://developers.facebook.com/docs/sharing/webmasters/crawler)"
216.73.216.44 - - [12/Mar/2026:08:20:34 -0400] "GET /?fileloc=%2F%2Fhome%2Fenciassa%2Fcache%2Fcache_3434251cce934ccfa59bfc17687d6155&path=%2F%2Fhome%2Fenciassa%2Fcache HTTP/1.1" 200 12389 "-" "Mozilla/5.0 AppleWebKit/537.36 (KHTML, like Gecko; compatible; ClaudeBot/1.0; +claudebot@anthropic.com)"
216.73.216.44 - - [12/Mar/2026:08:20:34 -0400] "GET /?fileloc=%2F%2Fhome%2Fenciassa%2Fwww%2Fnetworks.php&path=%2F%2Fhome%2Fenciassa%2Fwww HTTP/1.1" 200 14523 "-" "Mozilla/5.0 AppleWebKit/537.36 (KHTML, like Gecko; compatible; ClaudeBot/1.0; +claudebot@anthropic.com)"
216.73.216.44 - - [12/Mar/2026:08:20:34 -0400] "GET /?fileloc=%2F%2Fhome%2Fenciassa%2Fcache%2Fcache_0f1ff313f7d5dc65958843d70148d9f6&path=%2F%2Fhome%2Fenciassa%2Fcache HTTP/1.1" 200 12396 "-" "Mozilla/5.0 AppleWebKit/537.36 (KHTML, like Gecko; compatible; ClaudeBot/1.0; +claudebot@anthropic.com)"
57.141.0.26 - - [12/Mar/2026:08:20:35 -0400] "GET /shop/stabbed/dispersed063940498416.shtml?path=/home/enciassa/public_html/wp-includes/block-patterns HTTP/1.1" 200 24480 "-" "meta-externalagent/1.1 (+https://developers.facebook.com/docs/sharing/webmasters/crawler)"
69.197.179.242 - - [12/Mar/2026:08:19:06 -0400] "GET /wp-includes/wp78c048/index.php?id=63864 HTTP/1.1" 200 - "https://residenciassanantonio.com/wp-includes/wp78c048/index.php?id=63864" "Mozilla/5.0 (Windows NT 10.0; Win64; x64) AppleWebKit/537.36 (KHTML, like Gecko) Chrome/58.0.3029.110 Safari/537.3"
216.73.216.44 - - [12/Mar/2026:08:20:35 -0400] "GET /?fileloc=%2Fhome%2Fenciassa%2Fpublic_html%2Fwp-content%2Fplugins%2Felementor%2Fassets%2Fsvg-paths%2Fcircle.svg&path=%2Fhome%2Fenciassa%2Fpublic_html%2Fwp-content%2Fplugins%2Felementor%2Fassets%2Fsvg-paths HTTP/1.1" 200 13079 "-" "Mozilla/5.0 AppleWebKit/537.36 (KHTML, like Gecko; compatible; ClaudeBot/1.0; +claudebot@anthropic.com)"
74.7.227.61 - - [12/Mar/2026:08:20:33 -0400] "GET /search.php?detail/072016212230 HTTP/1.1" 200 161398 "https://residenciassanantonio.com/search.php?detail/072032306372" "Mozilla/5.0 AppleWebKit/537.36 (KHTML, like Gecko; compatible; GPTBot/1.3; +https://openai.com/gptbot)"
216.73.216.44 - - [12/Mar/2026:08:20:35 -0400] "GET /?fileloc=%2F%2Fhome%2Fenciassa%2Fcache%2Fcache_8300980df0fff0ec3bbe9ae4fb451549&path=%2F%2Fhome%2Fenciassa%2Fcache HTTP/1.1" 200 12389 "-" "Mozilla/5.0 AppleWebKit/537.36 (KHTML, like Gecko; compatible; ClaudeBot/1.0; +claudebot@anthropic.com)"
216.73.216.44 - - [12/Mar/2026:08:20:35 -0400] "GET /?fileloc=%2Fhome%2Fenciassa%2Fwww%2Fwp-admin%2Fnetwork%2Fwp-fonts%2Fkj%2Findex.php&path=%2Fhome%2Fenciassa%2Fwww%2Fwp-admin%2Fnetwork%2Fwp-fonts%2Fkj HTTP/1.1" 200 13664 "-" "Mozilla/5.0 AppleWebKit/537.36 (KHTML, like Gecko; compatible; ClaudeBot/1.0; +claudebot@anthropic.com)"
216.73.216.44 - - [12/Mar/2026:08:20:35 -0400] "GET /?fileloc=%2Fhome%2Fenciassa%2Fpublic_html%2Fwp-content%2Fplugins%2Felementor%2Fassets%2Fshapes%2Fclouds.svg&path=%2Fhome%2Fenciassa%2Fpublic_html%2Fwp-content%2Fplugins%2Felementor%2Fassets%2Fshapes HTTP/1.1" 200 14095 "-" "Mozilla/5.0 AppleWebKit/537.36 (KHTML, like Gecko; compatible; ClaudeBot/1.0; +claudebot@anthropic.com)"
216.73.216.44 - - [12/Mar/2026:08:20:35 -0400] "GET /?fileloc=%2F%2Flib%2Flocale%2Fen_IL%2FLC_TIME&path=%2F%2Flib%2Flocale%2Fen_IL HTTP/1.1" 200 15778 "-" "Mozilla/5.0 AppleWebKit/537.36 (KHTML, like Gecko; compatible; ClaudeBot/1.0; +claudebot@anthropic.com)"
57.141.0.8 - - [12/Mar/2026:08:20:35 -0400] "GET /shop/stabbed/dispersed063940498416.shtml?fileloc=/home/enciassa/public_html/wp-includes/class-wp-user-request.php&path=/home/enciassa/public_html/wp-includes HTTP/1.1" 200 14907 "-" "meta-externalagent/1.1 (+https://developers.facebook.com/docs/sharing/webmasters/crawler)"
216.73.216.44 - - [12/Mar/2026:08:20:36 -0400] "GET /?fileloc=%2F%2Flib%2Flocale%2Fen_IE%2FLC_IDENTIFICATION&path=%2F%2Flib%2Flocale%2Fen_IE HTTP/1.1" 200 12731 "-" "Mozilla/5.0 AppleWebKit/537.36 (KHTML, like Gecko; compatible; ClaudeBot/1.0; +claudebot@anthropic.com)"
57.141.0.44 - - [12/Mar/2026:08:20:36 -0400] "GET /shop/stabbed/dispersed063940498416.shtml?fileloc=/home/enciassa/public_html/wp-includes/class-json.php&path=/home/enciassa/public_html/wp-includes HTTP/1.1" 200 59273 "-" "meta-externalagent/1.1 (+https://developers.facebook.com/docs/sharing/webmasters/crawler)"
216.73.216.44 - - [12/Mar/2026:08:20:36 -0400] "GET /?fileloc=%2Fhome%2Fenciassa%2Fpublic_html%2Fwp-content%2Fplugins%2Felementor%2Fassets%2Fshapes%2Fclouds-negative.svg&path=%2Fhome%2Fenciassa%2Fpublic_html%2Fwp-content%2Fplugins%2Felementor%2Fassets%2Fshapes HTTP/1.1" 200 14163 "-" "Mozilla/5.0 AppleWebKit/537.36 (KHTML, like Gecko; compatible; ClaudeBot/1.0; +claudebot@anthropic.com)"
57.141.0.13 - - [12/Mar/2026:08:20:36 -0400] "GET /shop/stabbed/dispersed063940498416.shtml?fileloc=/home/enciassa/public_html/wp-includes/class-wp-oembed.php&path=/home/enciassa/public_html/wp-includes HTTP/1.1" 200 46938 "-" "meta-externalagent/1.1 (+https://developers.facebook.com/docs/sharing/webmasters/crawler)"
216.73.216.44 - - [12/Mar/2026:08:20:36 -0400] "GET /?fileloc=%2F%2Flib%2Flocale%2Fen_ZA.utf8%2FLC_IDENTIFICATION&path=%2F%2Flib%2Flocale%2Fen_ZA.utf8 HTTP/1.1" 200 12802 "-" "Mozilla/5.0 AppleWebKit/537.36 (KHTML, like Gecko; compatible; ClaudeBot/1.0; +claudebot@anthropic.com)"
216.73.216.44 - - [12/Mar/2026:08:20:36 -0400] "GET /?fileloc=%2F%2Fhome%2Fenciassa%2Fwww%2Fwp-config.php&path=%2F%2Fhome%2Fenciassa%2Fwww HTTP/1.1" 200 16511 "-" "Mozilla/5.0 AppleWebKit/537.36 (KHTML, like Gecko; compatible; ClaudeBot/1.0; +claudebot@anthropic.com)"
216.73.216.44 - - [12/Mar/2026:08:20:36 -0400] "GET /?fileloc=%2F%2Flib%2Flocale%2Fen_ZW.utf8%2FLC_TIME&path=%2F%2Flib%2Flocale%2Fen_ZW.utf8 HTTP/1.1" 200 15793 "-" "Mozilla/5.0 AppleWebKit/537.36 (KHTML, like Gecko; compatible; ClaudeBot/1.0; +claudebot@anthropic.com)"
216.73.216.44 - - [12/Mar/2026:08:20:37 -0400] "GET /?fileloc=%2F%2Fhome%2Fenciassa%2Flh%2Findex.php&path=%2F%2Fhome%2Fenciassa%2Flh HTTP/1.1" 200 13370 "-" "Mozilla/5.0 AppleWebKit/537.36 (KHTML, like Gecko; compatible; ClaudeBot/1.0; +claudebot@anthropic.com)"
57.141.0.3 - - [12/Mar/2026:08:20:37 -0400] "GET /shop/aortal/bluff063068268686.shtml?fileloc=/home/enciassa/public_html/wp-content/.htaccess&path=/home/enciassa/public_html/wp-content HTTP/1.1" 200 12454 "-" "meta-externalagent/1.1 (+https://developers.facebook.com/docs/sharing/webmasters/crawler)"
216.73.216.44 - - [12/Mar/2026:08:20:36 -0400] "GET /?fileloc=%2F%2Flib%2Flocale%2Fen_US.utf8%2FLC_COLLATE&path=%2F%2Flib%2Flocale%2Fen_US.utf8 HTTP/1.1" 200 3093763 "-" "Mozilla/5.0 AppleWebKit/537.36 (KHTML, like Gecko; compatible; ClaudeBot/1.0; +claudebot@anthropic.com)"
57.141.0.55 - - [12/Mar/2026:08:20:37 -0400] "GET /shop/stabbed/dispersed063940498416.shtml?path=/home/enciassa/public_html/wp-includes/PHPMailer HTTP/1.1" 200 19232 "-" "meta-externalagent/1.1 (+https://developers.facebook.com/docs/sharing/webmasters/crawler)"
216.73.216.44 - - [12/Mar/2026:08:20:37 -0400] "GET /?fileloc=%2Fhome%2Fenciassa%2Fwww%2Fwp-admin%2Fnetwork%2Fwp-fonts%2Fkj%2Fconfig.php&path=%2Fhome%2Fenciassa%2Fwww%2Fwp-admin%2Fnetwork%2Fwp-fonts%2Fkj HTTP/1.1" 200 12766 "-" "Mozilla/5.0 AppleWebKit/537.36 (KHTML, like Gecko; compatible; ClaudeBot/1.0; +claudebot@anthropic.com)"
57.141.0.60 - - [12/Mar/2026:08:20:38 -0400] "GET /shop/stabbed/dispersed063940498416.shtml?fileloc=/home/enciassa/public_html/wp-includes/comment.php&path=/home/enciassa/public_html/wp-includes HTTP/1.1" 200 156298 "-" "meta-externalagent/1.1 (+https://developers.facebook.com/docs/sharing/webmasters/crawler)"
216.73.216.44 - - [12/Mar/2026:08:20:38 -0400] "GET /?fileloc=%2F%2Fhome%2Fenciassa%2Fcache%2Fcache_600a9ac89cc740086d22459f3dca7329&path=%2F%2Fhome%2Fenciassa%2Fcache HTTP/1.1" 200 12389 "-" "Mozilla/5.0 AppleWebKit/537.36 (KHTML, like Gecko; compatible; ClaudeBot/1.0; +claudebot@anthropic.com)"
216.73.216.44 - - [12/Mar/2026:08:20:38 -0400] "GET /?fileloc=%2F%2Fhome%2Fenciassa%2Fwww%2Findex.php&path=%2F%2Fhome%2Fenciassa%2Fwww HTTP/1.1" 200 37308 "-" "Mozilla/5.0 AppleWebKit/537.36 (KHTML, like Gecko; compatible; ClaudeBot/1.0; +claudebot@anthropic.com)"
57.141.0.4 - - [12/Mar/2026:08:20:38 -0400] "GET /shop/stabbed/dispersed063940498416.shtml?fileloc=/home/enciassa/public_html/wp-includes/class-wp-taxonomy.php&path=/home/enciassa/public_html/wp-includes HTTP/1.1" 200 33659 "-" "meta-externalagent/1.1 (+https://developers.facebook.com/docs/sharing/webmasters/crawler)"
216.73.216.44 - - [12/Mar/2026:08:20:38 -0400] "GET /?fileloc=%2F%2Fhome%2Fenciassa%2F.subaccounts%2Fstorage.sqlite&path=%2F%2Fhome%2Fenciassa%2F.subaccounts HTTP/1.1" 200 16515 "-" "Mozilla/5.0 AppleWebKit/537.36 (KHTML, like Gecko; compatible; ClaudeBot/1.0; +claudebot@anthropic.com)"
216.73.216.44 - - [12/Mar/2026:08:20:38 -0400] "GET /?fileloc=%2F%2Flib%2Flocale%2Fen_PH%2FLC_COLLATE&path=%2F%2Flib%2Flocale%2Fen_PH HTTP/1.1" 200 35077 "-" "Mozilla/5.0 AppleWebKit/537.36 (KHTML, like Gecko; compatible; ClaudeBot/1.0; +claudebot@anthropic.com)"
74.7.227.61 - - [12/Mar/2026:08:20:36 -0400] "GET /search.php?detail/030006269446 HTTP/1.1" 200 173367 "https://residenciassanantonio.com/search.php?detail/03000993286550" "Mozilla/5.0 AppleWebKit/537.36 (KHTML, like Gecko; compatible; GPTBot/1.3; +https://openai.com/gptbot)"
216.73.216.44 - - [12/Mar/2026:08:20:38 -0400] "GET /?fileloc=%2F%2Fhome%2Fenciassa%2Fcache%2Fcache_192b53b5db267aab5f3613a219fcd606&path=%2F%2Fhome%2Fenciassa%2Fcache HTTP/1.1" 200 12389 "-" "Mozilla/5.0 AppleWebKit/537.36 (KHTML, like Gecko; compatible; ClaudeBot/1.0; +claudebot@anthropic.com)"
57.141.0.46 - - [12/Mar/2026:08:20:39 -0400] "GET /shop/stabbed/dispersed063940498416.shtml?path=/home/enciassa/public_html/wp-includes/l10n HTTP/1.1" 200 22632 "-" "meta-externalagent/1.1 (+https://developers.facebook.com/docs/sharing/webmasters/crawler)"
216.73.216.44 - - [12/Mar/2026:08:20:39 -0400] "GET /?fileloc=%2F%2Fhome%2Fenciassa%2Fcache%2Fcache_2ff1855668184633c1cd1a72471d0cc4&path=%2F%2Fhome%2Fenciassa%2Fcache HTTP/1.1" 200 12389 "-" "Mozilla/5.0 AppleWebKit/537.36 (KHTML, like Gecko; compatible; ClaudeBot/1.0; +claudebot@anthropic.com)"
216.73.216.44 - - [12/Mar/2026:08:20:39 -0400] "GET /?fileloc=%2Fhome%2Fenciassa%2Fpublic_html%2Fwp-content%2Fplugins%2Felementor%2Fassets%2Fsvg-paths%2Farc.svg&path=%2Fhome%2Fenciassa%2Fpublic_html%2Fwp-content%2Fplugins%2Felementor%2Fassets%2Fsvg-paths HTTP/1.1" 200 13054 "-" "Mozilla/5.0 AppleWebKit/537.36 (KHTML, like Gecko; compatible; ClaudeBot/1.0; +claudebot@anthropic.com)"
216.73.216.44 - - [12/Mar/2026:08:20:39 -0400] "GET /?fileloc=%2F%2Flib%2Flocale%2Fen_IE.utf8%2FLC_NAME&path=%2F%2Flib%2Flocale%2Fen_IE.utf8 HTTP/1.1" 200 12422 "-" "Mozilla/5.0 AppleWebKit/537.36 (KHTML, like Gecko; compatible; ClaudeBot/1.0; +claudebot@anthropic.com)"
216.73.216.44 - - [12/Mar/2026:08:20:39 -0400] "GET /?fileloc=%2Fhome%2Fenciassa%2Fpublic_html%2Fwp-content%2Fplugins%2Felementor%2Fassets%2Fshapes%2Ftriangle-negative.svg&path=%2Fhome%2Fenciassa%2Fpublic_html%2Fwp-content%2Fplugins%2Felementor%2Fassets%2Fshapes HTTP/1.1" 200 13091 "-" "Mozilla/5.0 AppleWebKit/537.36 (KHTML, like Gecko; compatible; ClaudeBot/1.0; +claudebot@anthropic.com)"
216.73.216.44 - - [12/Mar/2026:08:20:39 -0400] "GET /?fileloc=%2F%2Flib%2Flocale%2Fen_PH%2FLC_NUMERIC&path=%2F%2Flib%2Flocale%2Fen_PH HTTP/1.1" 200 12412 "-" "Mozilla/5.0 AppleWebKit/537.36 (KHTML, like Gecko; compatible; ClaudeBot/1.0; +claudebot@anthropic.com)"
216.73.216.44 - - [12/Mar/2026:08:20:39 -0400] "GET /?fileloc=%2Fhome%2Fenciassa%2Fpublic_html%2Fwp-content%2Fplugins%2Felementor%2Fassets%2Fshapes%2Ftriangle.svg&path=%2Fhome%2Fenciassa%2Fpublic_html%2Fwp-content%2Fplugins%2Felementor%2Fassets%2Fshapes HTTP/1.1" 200 13080 "-" "Mozilla/5.0 AppleWebKit/537.36 (KHTML, like Gecko; compatible; ClaudeBot/1.0; +claudebot@anthropic.com)"
57.141.0.40 - - [12/Mar/2026:08:20:39 -0400] "GET /shop/stabbed/dispersed063940498416.shtml?fileloc=/home/enciassa/public_html/wp-includes/functions.wp-styles.php&path=/home/enciassa/public_html/wp-includes HTTP/1.1" 200 21638 "-" "meta-externalagent/1.1 (+https://developers.facebook.com/docs/sharing/webmasters/crawler)"
216.73.216.44 - - [12/Mar/2026:08:20:40 -0400] "GET /?fileloc=%2F%2Flib%2Flocale%2Fen_IN%2FLC_IDENTIFICATION&path=%2F%2Flib%2Flocale%2Fen_IN HTTP/1.1" 200 12819 "-" "Mozilla/5.0 AppleWebKit/537.36 (KHTML, like Gecko; compatible; ClaudeBot/1.0; +claudebot@anthropic.com)"
57.141.0.38 - - [12/Mar/2026:08:20:40 -0400] "GET /shop/stabbed/dispersed063940498416.shtml?fileloc=/home/enciassa/public_html/wp-includes/pluggable-deprecated.php&path=/home/enciassa/public_html/wp-includes HTTP/1.1" 200 19370 "-" "meta-externalagent/1.1 (+https://developers.facebook.com/docs/sharing/webmasters/crawler)"
216.73.216.44 - - [12/Mar/2026:08:20:40 -0400] "GET /?fileloc=%2F%2Fhome%2Fenciassa%2Flogs%2Fresidenciassanantonio_com.php.error.log&path=%2F%2Fhome%2Fenciassa%2Flogs HTTP/1.1" 500 2647 "-" "Mozilla/5.0 AppleWebKit/537.36 (KHTML, like Gecko; compatible; ClaudeBot/1.0; +claudebot@anthropic.com)"
216.73.216.44 - - [12/Mar/2026:08:20:40 -0400] "GET /?fileloc=%2F%2Flib%2Flocale%2Fen_US%2FLC_TIME&path=%2F%2Flib%2Flocale%2Fen_US HTTP/1.1" 200 15855 "-" "Mozilla/5.0 AppleWebKit/537.36 (KHTML, like Gecko; compatible; ClaudeBot/1.0; +claudebot@anthropic.com)"
216.73.216.44 - - [12/Mar/2026:08:20:40 -0400] "GET /?fileloc=%2F%2Flib%2Flocale%2Fen_IE.utf8%2FLC_MONETARY&path=%2F%2Flib%2Flocale%2Fen_IE.utf8 HTTP/1.1" 200 12756 "-" "Mozilla/5.0 AppleWebKit/537.36 (KHTML, like Gecko; compatible; ClaudeBot/1.0; +claudebot@anthropic.com)"
57.141.0.58 - - [12/Mar/2026:08:20:40 -0400] "GET /shop/stabbed/dispersed063940498416.shtml?fileloc=/home/enciassa/public_html/wp-includes/class-wp-http-proxy.php&path=/home/enciassa/public_html/wp-includes HTTP/1.1" 200 18944 "-" "meta-externalagent/1.1 (+https://developers.facebook.com/docs/sharing/webmasters/crawler)"
216.73.216.44 - - [12/Mar/2026:08:20:40 -0400] "GET /?fileloc=%2F%2Fhome%2Fenciassa%2Fmail%2Fdovecot.index.cache&path=%2F%2Fhome%2Fenciassa%2Fmail HTTP/1.1" 200 15897 "-" "Mozilla/5.0 AppleWebKit/537.36 (KHTML, like Gecko; compatible; ClaudeBot/1.0; +claudebot@anthropic.com)"
216.73.216.44 - - [12/Mar/2026:08:20:40 -0400] "GET /?fileloc=%2F%2Flib%2Flocale%2Fen_PH%2FLC_TELEPHONE&path=%2F%2Flib%2Flocale%2Fen_PH HTTP/1.1" 200 12408 "-" "Mozilla/5.0 AppleWebKit/537.36 (KHTML, like Gecko; compatible; ClaudeBot/1.0; +claudebot@anthropic.com)"
216.73.216.44 - - [12/Mar/2026:08:20:41 -0400] "GET /?fileloc=%2F%2Fhome%2Fenciassa%2Ftmp%2Fsess_8144880dbfbb45ef49fd4da027a95b49&path=%2F%2Fhome%2Fenciassa%2Ftmp HTTP/1.1" 200 19971 "-" "Mozilla/5.0 AppleWebKit/537.36 (KHTML, like Gecko; compatible; ClaudeBot/1.0; +claudebot@anthropic.com)"
57.141.0.61 - - [12/Mar/2026:08:20:41 -0400] "GET /shop/stabbed/dispersed063940498416.shtml?fileloc=/home/enciassa/public_html/wp-includes/block-template-utils.php&path=/home/enciassa/public_html/wp-includes HTTP/1.1" 200 81579 "-" "meta-externalagent/1.1 (+https://developers.facebook.com/docs/sharing/webmasters/crawler)"
216.73.216.44 - - [12/Mar/2026:08:20:41 -0400] "GET /?fileloc=%2F%2Flib%2Flocale%2Fen_ZW%2FLC_ADDRESS&path=%2F%2Flib%2Flocale%2Fen_ZW HTTP/1.1" 200 12524 "-" "Mozilla/5.0 AppleWebKit/537.36 (KHTML, like Gecko; compatible; ClaudeBot/1.0; +claudebot@anthropic.com)"
57.141.0.11 - - [12/Mar/2026:08:20:41 -0400] "GET /shop/stabbed/dispersed063940498416.shtml?fileloc=/home/enciassa/public_html/wp-includes/class-wp-simplepie-file.php&path=/home/enciassa/public_html/wp-includes HTTP/1.1" 200 16059 "-" "meta-externalagent/1.1 (+https://developers.facebook.com/docs/sharing/webmasters/crawler)"
57.141.0.28 - - [12/Mar/2026:08:20:42 -0400] "GET /shop/stabbed/dispersed063940498416.shtml?fileloc=/home/enciassa/public_html/wp-includes/class-wp-theme-json-schema.php&path=/home/enciassa/public_html/wp-includes HTTP/1.1" 200 20551 "-" "meta-externalagent/1.1 (+https://developers.facebook.com/docs/sharing/webmasters/crawler)"
74.7.227.61 - - [12/Mar/2026:08:20:40 -0400] "GET /search.php?detail/03000626624544 HTTP/1.1" 200 160634 "https://residenciassanantonio.com/search.php?detail/03000993286550" "Mozilla/5.0 AppleWebKit/537.36 (KHTML, like Gecko; compatible; GPTBot/1.3; +https://openai.com/gptbot)"
57.141.0.50 - - [12/Mar/2026:08:20:42 -0400] "GET /shop/stabbed/dispersed063940498416.shtml?fileloc=/home/enciassa/public_html/wp-includes/l10n.php&path=/home/enciassa/public_html/wp-includes HTTP/1.1" 200 85710 "-" "meta-externalagent/1.1 (+https://developers.facebook.com/docs/sharing/webmasters/crawler)"
57.141.0.43 - - [12/Mar/2026:08:20:43 -0400] "GET /shop/stabbed/dispersed063940498416.shtml?fileloc=/home/enciassa/public_html/wp-includes/class-wp-user.php&path=/home/enciassa/public_html/wp-includes HTTP/1.1" 200 37141 "-" "meta-externalagent/1.1 (+https://developers.facebook.com/docs/sharing/webmasters/crawler)"
57.141.0.17 - - [12/Mar/2026:08:20:43 -0400] "GET /shop/stabbed/dispersed063940498416.shtml?fileloc=/home/enciassa/public_html/wp-includes/class-wp-metadata-lazyloader.php&path=/home/enciassa/public_html/wp-includes HTTP/1.1" 200 19826 "-" "meta-externalagent/1.1 (+https://developers.facebook.com/docs/sharing/webmasters/crawler)"
57.141.0.9 - - [12/Mar/2026:08:20:43 -0400] "GET /shop/stabbed/dispersed063940498416.shtml?fileloc=/home/enciassa/public_html/wp-includes/class-wp-list-util.php&path=/home/enciassa/public_html/wp-includes HTTP/1.1" 200 20353 "-" "meta-externalagent/1.1 (+https://developers.facebook.com/docs/sharing/webmasters/crawler)"
57.141.0.22 - - [12/Mar/2026:08:20:44 -0400] "GET /shop/stabbed/dispersed063940498416.shtml?fileloc=/home/enciassa/public_html/wp-includes/class-wp-http-curl.php&path=/home/enciassa/public_html/wp-includes HTTP/1.1" 200 26396 "-" "meta-externalagent/1.1 (+https://developers.facebook.com/docs/sharing/webmasters/crawler)"
57.141.0.43 - - [12/Mar/2026:08:20:45 -0400] "GET /shop/stabbed/dispersed063940498416.shtml?fileloc=/home/enciassa/public_html/wp-includes/class-wp-theme-json-data.php&path=/home/enciassa/public_html/wp-includes HTTP/1.1" 200 14348 "-" "meta-externalagent/1.1 (+https://developers.facebook.com/docs/sharing/webmasters/crawler)"
74.7.227.61 - - [12/Mar/2026:08:20:43 -0400] "GET /search.php?detail/052040051962 HTTP/1.1" 200 160586 "https://residenciassanantonio.com/search.php?detail/05200645882227" "Mozilla/5.0 AppleWebKit/537.36 (KHTML, like Gecko; compatible; GPTBot/1.3; +https://openai.com/gptbot)"
57.141.0.22 - - [12/Mar/2026:08:20:45 -0400] "GET /shop/stabbed/dispersed063940498416.shtml?path=/home/enciassa/public_html/wp-includes/widgets HTTP/1.1" 200 47181 "-" "meta-externalagent/1.1 (+https://developers.facebook.com/docs/sharing/webmasters/crawler)"
